000
CDUS42 KRAH 172049
CLIGSO


CLIMATE REPORT
NATIONAL WEATHER SERVICE RALEIGH NC
447 PM EDT THU APR 17 2014


...................................

...THE PIEDMONT TRIAD INTL AIRPORT NC CLIMATE SUMMARY FOR APRIL 17 2014...
VALID TODAY AS OF 0400 PM LOCAL TIME.

CLIMATE NORMAL PERIOD 1981 TO 2010
CLIMATE RECORD PERIOD 1903 TO 2014


WEATHER ITEM   OBSERVED TIME   RECORD YEAR NORMAL DEPARTURE LAST
                VALUE   (LST)  VALUE       VALUE  FROM      YEAR
                                                  NORMAL
..................................................................
TEMPERATURE (F)
 TODAY
  MAXIMUM         61    435 PM  90    1967  71    -10       80
  MINIMUM         32    555 AM  29    1953  48    -16       58
                                      1949
                                      1904
  AVERAGE         47                        59    -12       69

PRECIPITATION (IN)
  TODAY            0.00          1.25 1910   0.12  -0.12     0.00
  MONTH TO DATE    3.56                      2.04   1.52     1.72
  SINCE MAR 1      7.92                      5.77   2.15     4.57
  SINCE JAN 1     14.14                     11.79   2.35    13.24

SNOWFALL (IN)
  TODAY            0.0           T    2001   0.0    0.0      0.0
  MONTH TO DATE    0.0                       0.1   -0.1       T
  SINCE MAR 1      4.7                       0.9    3.8       T
  SINCE JUL 1     15.3                       7.6    7.7      3.6
  SNOW DEPTH       0

DEGREE DAYS
 HEATING
  TODAY           18                         7     11        0
  MONTH TO DATE  112                       150    -38      110
  SINCE MAR 1    739                       620    119      751
  SINCE JUL 1   3716                      3475    241     3455

 COOLING
  TODAY            0                         1     -1        4
  MONTH TO DATE   15                        16     -1       29
  SINCE MAR 1     15                        21     -6       29
  SINCE JAN 1     15                        21     -6       29
..................................................................


WIND (MPH)
  HIGHEST WIND SPEED    15   HIGHEST WIND DIRECTION    NE (60)
  HIGHEST GUST SPEED    21   HIGHEST GUST DIRECTION    NE (60)
  AVERAGE WIND SPEED     6.8


SKY COVER
  POSSIBLE SUNSHINE  MM
  AVERAGE SKY COVER 0.5


WEATHER CONDITIONS
 THE FOLLOWING WEATHER WAS RECORDED TODAY.
  NO SIGNIFICANT WEATHER WAS OBSERVED.


RELATIVE HUMIDITY (PERCENT)
 HIGHEST    78           600 AM
 LOWEST     26           300 PM
 AVERAGE    52

..........................................................


THE PIEDMONT TRIAD INTL AIRPORT NC CLIMATE NORMALS FOR TOMORROW
                         NORMAL    RECORD    YEAR
 MAXIMUM TEMPERATURE (F)   71        90      1976
 MINIMUM TEMPERATURE (F)   48        30      1956
                                             1905


SUNRISE AND SUNSET
APRIL 17 2014.........SUNRISE   644 AM EDT   SUNSET   755 PM EDT
APRIL 18 2014.........SUNRISE   643 AM EDT   SUNSET   756 PM EDT


-  INDICATES NEGATIVE NUMBERS.
R  INDICATES RECORD WAS SET OR TIED.
MM INDICATES DATA IS MISSING.
T  INDICATES TRACE AMOUNT.




$$
