000
CDUS42 KRAH 200542
CLIGSO


CLIMATE REPORT
NATIONAL WEATHER SERVICE RALEIGH NC
141 AM EDT SAT SEP 20 2014


...................................

...THE PIEDMONT TRIAD INTL AIRPORT NC CLIMATE SUMMARY FOR SEPTEMBER 19 2014...

CLIMATE NORMAL PERIOD 1981 TO 2010
CLIMATE RECORD PERIOD 1903 TO 2014


WEATHER ITEM   OBSERVED TIME   RECORD YEAR NORMAL DEPARTURE LAST
                VALUE   (LST)  VALUE       VALUE  FROM      YEAR
                                                  NORMAL
..................................................................
TEMPERATURE (F)
 YESTERDAY
  MAXIMUM         77    212 PM  95    1915  79     -2       75
  MINIMUM         62   1159 PM  41    1984  59      3       58
  AVERAGE         70                        69      1       67

PRECIPITATION (IN)
  YESTERDAY        T             3.66 1928   0.14  -0.14     0.00
  MONTH TO DATE    2.54                      2.84  -0.30     1.42
  SINCE SEP 1      2.54                      2.84  -0.30     1.42
  SINCE JAN 1     28.42                     31.63  -3.21    39.81

DEGREE DAYS
 HEATING
  YESTERDAY        0                         1     -1        0
  MONTH TO DATE    0                         7     -7        2
  SINCE SEP 1      0                         7     -7        2
  SINCE JUL 1      0                         8     -8        4

 COOLING
  YESTERDAY        5                         5      0        2
  MONTH TO DATE  173                       143     30      153
  SINCE SEP 1    173                       143     30      153
  SINCE JAN 1   1426                      1405     21     1312
..................................................................


WIND (MPH)
  HIGHEST WIND SPEED    14   HIGHEST WIND DIRECTION    NE (50)
  HIGHEST GUST SPEED    16   HIGHEST GUST DIRECTION    NE (50)
  AVERAGE WIND SPEED     6.4


SKY COVER
  POSSIBLE SUNSHINE  MM
  AVERAGE SKY COVER 0.8


WEATHER CONDITIONS
 THE FOLLOWING WEATHER WAS RECORDED YESTERDAY.
  LIGHT RAIN


RELATIVE HUMIDITY (PERCENT)
 HIGHEST    93           800 PM
 LOWEST     61          1100 AM
 AVERAGE    77

..........................................................


THE PIEDMONT TRIAD INTL AIRPORT NC CLIMATE NORMALS FOR TODAY
                         NORMAL    RECORD    YEAR
 MAXIMUM TEMPERATURE (F)   78        94      1925
                                             1905
 MINIMUM TEMPERATURE (F)   59        39      1929


SUNRISE AND SUNSET
SEPTEMBER 20 2014.....SUNRISE   706 AM EDT   SUNSET   720 PM EDT
SEPTEMBER 21 2014.....SUNRISE   707 AM EDT   SUNSET   718 PM EDT


-  INDICATES NEGATIVE NUMBERS.
R  INDICATES RECORD WAS SET OR TIED.
MM INDICATES DATA IS MISSING.
T  INDICATES TRACE AMOUNT.




$$
