098
CDUS42 KRAH 252055
CLIGSO


CLIMATE REPORT
NATIONAL WEATHER SERVICE RALEIGH NC
454 PM EDT SUN SEP 25 2016


...................................

...THE PIEDMONT TRIAD INTL AIRPORT NC CLIMATE SUMMARY FOR SEPTEMBER 25 2016...
VALID TODAY AS OF 0450 PM LOCAL TIME.

CLIMATE NORMAL PERIOD 1981 TO 2010
CLIMATE RECORD PERIOD 1903 TO 2016


WEATHER ITEM   OBSERVED TIME   RECORD YEAR NORMAL DEPARTURE LAST
                VALUE   (LST)  VALUE       VALUE  FROM      YEAR
                                                  NORMAL
..................................................................
TEMPERATURE (F)
 TODAY
  MAXIMUM         74   1208 AM  95    1933  77     -3       66
  MINIMUM         69    942 AM  37    1983  57     12       60
  AVERAGE         72                        67      5       63

PRECIPITATION (IN)
  TODAY            0.00          2.11 2015   0.12  -0.12     2.11
  MONTH TO DATE    0.52                      3.58  -3.06     2.72
  SINCE SEP 1      0.52                      3.58  -3.06     2.72
  SINCE JAN 1     31.32                     32.37  -1.05    27.93

DEGREE DAYS
 HEATING
  TODAY            0                         2     -2        2
  MONTH TO DATE    0                        17    -17        6
  SINCE SEP 1      0                        17    -17        6
  SINCE JUL 1      0                        18    -18        6

 COOLING
  TODAY            7                         4      3        0
  MONTH TO DATE  298                       169    129      202
  SINCE SEP 1    298                       169    129      202
  SINCE JAN 1   1865                      1431    434     1716
..................................................................


WIND (MPH)
  HIGHEST WIND SPEED    13   HIGHEST WIND DIRECTION    NE (60)
  HIGHEST GUST SPEED    16   HIGHEST GUST DIRECTION    NE (40)
  AVERAGE WIND SPEED     7.0


SKY COVER
  POSSIBLE SUNSHINE  MM
  AVERAGE SKY COVER 0.9


WEATHER CONDITIONS
 THE FOLLOWING WEATHER WAS RECORDED TODAY.
  FOG


RELATIVE HUMIDITY (PERCENT)
 HIGHEST   100           500 AM
 LOWEST     79          1200 AM
 AVERAGE    90

..........................................................


THE PIEDMONT TRIAD INTL AIRPORT NC CLIMATE NORMALS FOR TOMORROW
                         NORMAL    RECORD    YEAR
 MAXIMUM TEMPERATURE (F)   76        93      1986
 MINIMUM TEMPERATURE (F)   56        37      1950


SUNRISE AND SUNSET
SEPTEMBER 25 2016.....SUNRISE   710 AM EDT   SUNSET   711 PM EDT
SEPTEMBER 26 2016.....SUNRISE   711 AM EDT   SUNSET   710 PM EDT


-  INDICATES NEGATIVE NUMBERS.
R  INDICATES RECORD WAS SET OR TIED.
MM INDICATES DATA IS MISSING.
T  INDICATES TRACE AMOUNT.




$$
