000
CDUS42 KRAH 302040
CLIGSO


CLIMATE REPORT
NATIONAL WEATHER SERVICE RALEIGH NC
439 PM EDT SAT JUL 30 2016


...................................

...THE PIEDMONT TRIAD INTL AIRPORT NC CLIMATE SUMMARY FOR JULY 30 2016...
VALID TODAY AS OF 0439 PM LOCAL TIME.

CLIMATE NORMAL PERIOD 1981 TO 2010
CLIMATE RECORD PERIOD 1903 TO 2016


WEATHER ITEM   OBSERVED TIME   RECORD YEAR NORMAL DEPARTURE LAST
                VALUE   (LST)  VALUE       VALUE  FROM      YEAR
                                                  NORMAL
..................................................................
TEMPERATURE (F)
 TODAY
  MAXIMUM         93    337 PM 100    1915  88      5       92
  MINIMUM         75    621 AM  56    1946  69      6       74
  AVERAGE         84                        78      6       83

PRECIPITATION (IN)
  TODAY            0.00          2.73 1936   0.16  -0.16     0.61
  MONTH TO DATE    4.77                      4.32   0.45     3.34
  SINCE JUN 1      6.55                      8.05  -1.50     5.40
  SINCE JAN 1     25.52                     24.75   0.77    18.36

DEGREE DAYS
 HEATING
  TODAY            0                         0      0        0
  MONTH TO DATE    0                         0      0        0
  SINCE JUN 1      0                         6     -6        3
  SINCE JUL 1      0                         0      0        0

 COOLING
  TODAY           19                        13      6       18
  MONTH TO DATE  502                       409     93      453
  SINCE JUN 1    869                       716    153      872
  SINCE JAN 1   1069                       875    194     1106
..................................................................


WIND (MPH)
  HIGHEST WIND SPEED    13   HIGHEST WIND DIRECTION     W (290)
  HIGHEST GUST SPEED    17   HIGHEST GUST DIRECTION     W (290)
  AVERAGE WIND SPEED     4.5


SKY COVER
  POSSIBLE SUNSHINE  MM
  AVERAGE SKY COVER 0.6


WEATHER CONDITIONS
 THE FOLLOWING WEATHER WAS RECORDED TODAY.
  NO SIGNIFICANT WEATHER WAS OBSERVED.


RELATIVE HUMIDITY (PERCENT)
 HIGHEST    87           500 AM
 LOWEST     41           300 PM
 AVERAGE    64

..........................................................


THE PIEDMONT TRIAD INTL AIRPORT NC CLIMATE NORMALS FOR TOMORROW
                         NORMAL    RECORD    YEAR
 MAXIMUM TEMPERATURE (F)   88       103      1915
 MINIMUM TEMPERATURE (F)   69        53      1914


SUNRISE AND SUNSET
JULY 30 2016..........SUNRISE   626 AM EDT   SUNSET   826 PM EDT
JULY 31 2016..........SUNRISE   627 AM EDT   SUNSET   825 PM EDT


-  INDICATES NEGATIVE NUMBERS.
R  INDICATES RECORD WAS SET OR TIED.
MM INDICATES DATA IS MISSING.
T  INDICATES TRACE AMOUNT.




$$
