000
CDUS42 KRAH 310646
CLIGSO


CLIMATE REPORT
NATIONAL WEATHER SERVICE RALEIGH NC
143 AM EST SAT JAN 31 2015


...................................

...THE PIEDMONT TRIAD INTL AIRPORT NC CLIMATE SUMMARY FOR JANUARY 30 2015...

CLIMATE NORMAL PERIOD 1981 TO 2010
CLIMATE RECORD PERIOD 1903 TO 2015


WEATHER ITEM   OBSERVED TIME   RECORD YEAR NORMAL DEPARTURE LAST
                VALUE   (LST)  VALUE       VALUE  FROM      YEAR
                                                  NORMAL
..................................................................
TEMPERATURE (F)
 YESTERDAY
  MAXIMUM         46    125 PM  78    2002  49     -3       35
  MINIMUM         26   1139 PM   4    1966  30     -4        7
                                      1934
  AVERAGE         36                        40     -4       21

PRECIPITATION (IN)
  YESTERDAY        0.00          0.90 1939   0.10  -0.10     0.00
  MONTH TO DATE    2.04                      2.96  -0.92     3.98
  SINCE DEC 1      4.25                      5.94  -1.69     9.17
  SINCE JAN 1      2.04                      2.96  -0.92     3.98

SNOWFALL (IN)
  YESTERDAY        0.0           4.2  2010   0.1   -0.1      0.0
  MONTH TO DATE    T                         3.3   -3.3      1.6
  SINCE DEC 1      T                         4.1   -4.1      1.6
  SINCE JUL 1      T                         4.2   -4.2      1.6
  SNOW DEPTH       0

DEGREE DAYS
 HEATING
  YESTERDAY       29                        25      4       44
  MONTH TO DATE  789                       777     12      937
  SINCE DEC 1   1440                      1511    -71     1573
  SINCE JUL 1   2190                      2191     -1     2307

 COOLING
  YESTERDAY        0                         0      0        0
  MONTH TO DATE    0                         0      0        0
  SINCE DEC 1      0                         1     -1        8
  SINCE JAN 1      0                         0      0        0
..................................................................


WIND (MPH)
  HIGHEST WIND SPEED    30   HIGHEST WIND DIRECTION    NW (330)
  HIGHEST GUST SPEED    44   HIGHEST GUST DIRECTION    NW (320)
  AVERAGE WIND SPEED    13.2


SKY COVER
  POSSIBLE SUNSHINE  MM
  AVERAGE SKY COVER 0.4


WEATHER CONDITIONS
 THE FOLLOWING WEATHER WAS RECORDED YESTERDAY.
  NO SIGNIFICANT WEATHER WAS OBSERVED.


RELATIVE HUMIDITY (PERCENT)
 HIGHEST    57           400 AM
 LOWEST     25           100 PM
 AVERAGE    41

..........................................................


THE PIEDMONT TRIAD INTL AIRPORT NC CLIMATE NORMALS FOR TODAY
                         NORMAL    RECORD    YEAR
 MAXIMUM TEMPERATURE (F)   50        74      1975
                                             1917
 MINIMUM TEMPERATURE (F)   30         3      1966


SUNRISE AND SUNSET
JANUARY 31 2015.......SUNRISE   722 AM EST   SUNSET   545 PM EST
FEBRUARY  1 2015......SUNRISE   721 AM EST   SUNSET   546 PM EST


-  INDICATES NEGATIVE NUMBERS.
R  INDICATES RECORD WAS SET OR TIED.
MM INDICATES DATA IS MISSING.
T  INDICATES TRACE AMOUNT.




$$
