000
CDUS42 KRAH 310042
CLIGSO


CLIMATE REPORT
NATIONAL WEATHER SERVICE RALEIGH NC
839 PM EDT THU JUL 30 2015


...................................

...THE PIEDMONT TRIAD INTL AIRPORT NC CLIMATE SUMMARY FOR JULY 30 2015...
VALID AS OF 0800 PM LOCAL TIME.

CLIMATE NORMAL PERIOD 1981 TO 2010
CLIMATE RECORD PERIOD 1903 TO 2015


WEATHER ITEM   OBSERVED TIME   RECORD YEAR NORMAL DEPARTURE LAST
                VALUE   (LST)  VALUE       VALUE  FROM      YEAR
                                                  NORMAL
..................................................................
TEMPERATURE (F)
 TODAY
  MAXIMUM         92    545 PM 100    1915  88      4       82
  MINIMUM         74    602 AM  56    1946  69      5       60
  AVERAGE         83                        78      5       71

PRECIPITATION (IN)
  TODAY            T             2.73 1936   0.16  -0.16     0.00
  MONTH TO DATE    2.73                      4.32  -1.59     2.25
  SINCE JUN 1      4.79                      8.05  -3.26     5.25
  SINCE JAN 1     17.75                     24.75  -7.00    22.74

DEGREE DAYS
 HEATING
  TODAY            0                         0      0        0
  MONTH TO DATE    0                         0      0        0
  SINCE JUN 1      3                         6     -3        0
  SINCE JUL 1      0                         0      0        0

 COOLING
  TODAY           18                        13      5        6
  MONTH TO DATE  453                       409     44      378
  SINCE JUN 1    872                       716    156      735
  SINCE JAN 1   1106                       875    231      932
..................................................................


WIND (MPH)
  RESULTANT WIND SPEED   2   RESULTANT WIND DIRECTION   W (260)
  HIGHEST WIND SPEED    17   HIGHEST WIND DIRECTION    NW (300)
  HIGHEST GUST SPEED    23   HIGHEST GUST DIRECTION    NW (330)
  AVERAGE WIND SPEED     3.1


SKY COVER
  POSSIBLE SUNSHINE  MM
  AVERAGE SKY COVER 0.8


WEATHER CONDITIONS
 THE FOLLOWING WEATHER WAS RECORDED TODAY.
  LIGHT RAIN
  FOG


RELATIVE HUMIDITY (PERCENT)
 HIGHEST   100           500 AM
 LOWEST     49          1200 PM
 AVERAGE    75

..........................................................


THE PIEDMONT TRIAD INTL AIRPORT NC CLIMATE NORMALS FOR TOMORROW
                         NORMAL    RECORD    YEAR
 MAXIMUM TEMPERATURE (F)   88       103      1915
 MINIMUM TEMPERATURE (F)   69        53      1914


SUNRISE AND SUNSET
JULY 30 2015..........SUNRISE   625 AM EDT   SUNSET   827 PM EDT
JULY 31 2015..........SUNRISE   626 AM EDT   SUNSET   826 PM EDT


-  INDICATES NEGATIVE NUMBERS.
R  INDICATES RECORD WAS SET OR TIED.
MM INDICATES DATA IS MISSING.
T  INDICATES TRACE AMOUNT.




$$
