000
CDUS42 KRAH 010758
CLIGSO


CLIMATE REPORT
NATIONAL WEATHER SERVICE RALEIGH NC
357 AM EDT MON SEP 1 2014


...................................

...THE PIEDMONT TRIAD INTL AIRPORT NC CLIMATE SUMMARY FOR AUGUST 31 2014...

CLIMATE NORMAL PERIOD 1981 TO 2010
CLIMATE RECORD PERIOD 1903 TO 2014


WEATHER ITEM   OBSERVED TIME   RECORD YEAR NORMAL DEPARTURE LAST
                VALUE   (LST)  VALUE       VALUE  FROM      YEAR
                                                  NORMAL
..................................................................
TEMPERATURE (F)
 YESTERDAY
  MAXIMUM         91    426 PM 101    1932  84      7       87
  MINIMUM         72    543 AM  47    1946  66      6       67
  AVERAGE         82                        75      7       77

PRECIPITATION (IN)
  YESTERDAY        0.00          2.63 1952   0.13  -0.13     0.02
  MONTH TO DATE    2.66                      3.88  -1.22     5.65
  SINCE JUN 1      8.39                     12.09  -3.70    20.04
  SINCE JAN 1     25.88                     28.79  -2.91    38.39

DEGREE DAYS
 HEATING
  YESTERDAY        0                         0      0        0
  MONTH TO DATE    0                         0      0        2
  SINCE JUN 1      0                         7     -7        2
  SINCE JUL 1      0                         1     -1        2

 COOLING
  YESTERDAY       17                        10      7       12
  MONTH TO DATE  315                       377    -62      310
  SINCE JUN 1   1056                      1103    -47     1009
  SINCE JAN 1   1253                      1262     -9     1159
..................................................................


WIND (MPH)
  HIGHEST WIND SPEED    15   HIGHEST WIND DIRECTION    SW (220)
  HIGHEST GUST SPEED    21   HIGHEST GUST DIRECTION     S (200)
  AVERAGE WIND SPEED     7.7


SKY COVER
  POSSIBLE SUNSHINE  MM
  AVERAGE SKY COVER 0.5


WEATHER CONDITIONS
 THE FOLLOWING WEATHER WAS RECORDED YESTERDAY.
  NO SIGNIFICANT WEATHER WAS OBSERVED.


RELATIVE HUMIDITY (PERCENT)
 HIGHEST   100           500 AM
 LOWEST     49           300 PM
 AVERAGE    75

..........................................................


THE PIEDMONT TRIAD INTL AIRPORT NC CLIMATE NORMALS FOR TODAY
                         NORMAL    RECORD    YEAR
 MAXIMUM TEMPERATURE (F)   84        99      1932
 MINIMUM TEMPERATURE (F)   66        48      1946


SUNRISE AND SUNSET
SEPTEMBER  1 2014.....SUNRISE   651 AM EDT   SUNSET   747 PM EDT
SEPTEMBER  2 2014.....SUNRISE   652 AM EDT   SUNSET   746 PM EDT


-  INDICATES NEGATIVE NUMBERS.
R  INDICATES RECORD WAS SET OR TIED.
MM INDICATES DATA IS MISSING.
T  INDICATES TRACE AMOUNT.




$$
