000
CDUS42 KRAH 262051
CLIGSO


CLIMATE REPORT
NATIONAL WEATHER SERVICE RALEIGH NC
449 PM EDT WED APR 26 2017


...................................

...THE PIEDMONT TRIAD INTL AIRPORT NC CLIMATE SUMMARY FOR APRIL 26 2017...
VALID TODAY AS OF 0449 PM LOCAL TIME.

CLIMATE NORMAL PERIOD 1981 TO 2010
CLIMATE RECORD PERIOD 1903 TO 2017


WEATHER ITEM   OBSERVED TIME   RECORD YEAR NORMAL DEPARTURE LAST
                VALUE   (LST)  VALUE       VALUE  FROM      YEAR
                                                  NORMAL
..................................................................
TEMPERATURE (F)
 TODAY
  MAXIMUM         80    343 PM  93    1925  73      7       84
  MINIMUM         53   1232 AM  31    1919  50      3       60
  AVERAGE         67                        62      5       72

PRECIPITATION (IN)
  TODAY            0.00          1.59 1978   0.12  -0.12     0.00
  MONTH TO DATE    5.62                      3.13   2.49     0.99
  SINCE MAR 1      8.18                      6.86   1.32     2.95
  SINCE JAN 1     13.79                     12.88   0.91     9.09

SNOWFALL (IN)
  TODAY            0.0           0.0    MM   0.0    0.0      0.0
  MONTH TO DATE    0.0                       0.1   -0.1      0.0
  SINCE MAR 1      T                         0.9   -0.9      0.0
  SINCE JUL 1      8.0                       7.6    0.4      4.5
  SNOW DEPTH       0

DEGREE DAYS
 HEATING
  TODAY            0                         5     -5        0
  MONTH TO DATE  116                       202    -86      182
  SINCE MAR 1    552                       672   -120      450
  SINCE JUL 1   2722                      3527   -805     2836

 COOLING
  TODAY            2                         2      0        7
  MONTH TO DATE   50                        29     21       27
  SINCE MAR 1     58                        34     24       53
  SINCE JAN 1     62                        34     28       53
..................................................................


WIND (MPH)
  HIGHEST WIND SPEED    14   HIGHEST WIND DIRECTION     W (270)
  HIGHEST GUST SPEED    19   HIGHEST GUST DIRECTION     W (250)
  AVERAGE WIND SPEED     4.8


SKY COVER
  POSSIBLE SUNSHINE  MM
  AVERAGE SKY COVER 0.7


WEATHER CONDITIONS
 THE FOLLOWING WEATHER WAS RECORDED TODAY.
  NO SIGNIFICANT WEATHER WAS OBSERVED.


RELATIVE HUMIDITY (PERCENT)
 HIGHEST   100          1200 AM
 LOWEST     58           300 PM
 AVERAGE    79

..........................................................


THE PIEDMONT TRIAD INTL AIRPORT NC CLIMATE NORMALS FOR TOMORROW
                         NORMAL    RECORD    YEAR
 MAXIMUM TEMPERATURE (F)   73        94      1915
 MINIMUM TEMPERATURE (F)   50        32      1930


SUNRISE AND SUNSET
APRIL 26 2017.........SUNRISE   632 AM EDT   SUNSET   803 PM EDT
APRIL 27 2017.........SUNRISE   631 AM EDT   SUNSET   804 PM EDT


-  INDICATES NEGATIVE NUMBERS.
R  INDICATES RECORD WAS SET OR TIED.
MM INDICATES DATA IS MISSING.
T  INDICATES TRACE AMOUNT.




$$
