000
CDUS42 KRAH 250050
CLIGSO


CLIMATE REPORT
NATIONAL WEATHER SERVICE RALEIGH NC
849 PM EDT WED AUG 24 2016


...................................

...THE PIEDMONT TRIAD INTL AIRPORT NC CLIMATE SUMMARY FOR AUGUST 24 2016...
VALID AS OF 0849 PM LOCAL TIME.

CLIMATE NORMAL PERIOD 1981 TO 2010
CLIMATE RECORD PERIOD 1903 TO 2016


WEATHER ITEM   OBSERVED TIME   RECORD YEAR NORMAL DEPARTURE LAST
                VALUE   (LST)  VALUE       VALUE  FROM      YEAR
                                                  NORMAL
..................................................................
TEMPERATURE (F)
 TODAY
  MAXIMUM         86    339 PM  98    1968  86      0       91
  MINIMUM         67    443 AM  51    1931  67      0       71
                                      1930
  AVERAGE         77                        76      1       81

PRECIPITATION (IN)
  TODAY            0.00          2.32 1939   0.14  -0.14      T
  MONTH TO DATE    4.57                      2.98   1.59     6.66
  SINCE JUN 1     11.43                     11.19   0.24    12.06
  SINCE JAN 1     30.40                     27.89   2.51    25.02

DEGREE DAYS
 HEATING
  TODAY            0                         0      0        0
  MONTH TO DATE    0                         0      0        0
  SINCE JUN 1      0                         6     -6        3
  SINCE JUL 1      0                         0      0        0

 COOLING
  TODAY           12                        11      1       16
  MONTH TO DATE  365                       302     63      324
  SINCE JUN 1   1254                      1028    226     1211
  SINCE JAN 1   1454                      1187    267     1445
..................................................................


WIND (MPH)
  HIGHEST WIND SPEED    10   HIGHEST WIND DIRECTION    SW (210)
  HIGHEST GUST SPEED    14   HIGHEST GUST DIRECTION    SE (140)
  AVERAGE WIND SPEED     6.2


SKY COVER
  POSSIBLE SUNSHINE  MM
  AVERAGE SKY COVER 0.7


WEATHER CONDITIONS
 THE FOLLOWING WEATHER WAS RECORDED TODAY.
  NO SIGNIFICANT WEATHER WAS OBSERVED.


RELATIVE HUMIDITY (PERCENT)
 HIGHEST    87           300 AM
 LOWEST     48           400 PM
 AVERAGE    68

..........................................................


THE PIEDMONT TRIAD INTL AIRPORT NC CLIMATE NORMALS FOR TOMORROW
                         NORMAL    RECORD    YEAR
 MAXIMUM TEMPERATURE (F)   85        98      1914
 MINIMUM TEMPERATURE (F)   67        50      1952


SUNRISE AND SUNSET
AUGUST 24 2016........SUNRISE   646 AM EDT   SUNSET   758 PM EDT
AUGUST 25 2016........SUNRISE   646 AM EDT   SUNSET   756 PM EDT


-  INDICATES NEGATIVE NUMBERS.
R  INDICATES RECORD WAS SET OR TIED.
MM INDICATES DATA IS MISSING.
T  INDICATES TRACE AMOUNT.




$$
