000
CDUS42 KGSP 250635
CLIGSP

CLIMATE REPORT
NATIONAL WEATHER SERVICE GREENVILLE-SPARTANBURG SC
234 AM EDT TUE APR 25 2017


...................................

...THE GREENVILLE-SPARTANBURG SC CLIMATE SUMMARY FOR APRIL 24 2017...

CLIMATE NORMAL PERIOD 1981 TO 2010
CLIMATE RECORD PERIOD 1884 TO 2017


WEATHER ITEM   OBSERVED TIME   RECORD YEAR NORMAL DEPARTURE LAST
                VALUE   (LST)  VALUE       VALUE  FROM      YEAR
                                                  NORMAL
..................................................................
TEMPERATURE (F)
 YESTERDAY
  MAXIMUM         56    856 PM  92    1925  75    -19       78
  MINIMUM         49    320 AM  31    1986  51     -2       49
                                      1903
  AVERAGE         53                        63    -10       64

PRECIPITATION (IN)
  YESTERDAY        1.64R         1.58 1964   0.12   1.52     0.00
  MONTH TO DATE    7.05                      2.70   4.35     1.41
  SINCE MAR 1     14.40                      7.22   7.18     3.10
  SINCE JAN 1     20.12                     15.01   5.11    11.36

SNOWFALL (IN)
  YESTERDAY        0.0           0.0    MM   0.0    0.0      0.0
  MONTH TO DATE    0.0                       0.0    0.0      0.0
  SINCE MAR 1      0.5                       0.9   -0.4       T
  SINCE JUL 1      3.6                       4.7   -1.1      2.6
  SNOW DEPTH       0

DEGREE DAYS
 HEATING
  YESTERDAY       12                         4      8        1
  MONTH TO DATE   75                       152    -77      141
  SINCE MAR 1    429                       536   -107      367
  SINCE JUL 1   2155                      2985   -830     2464

 COOLING
  YESTERDAY        0                         2     -2        0
  MONTH TO DATE   55                        29     26       16
  SINCE MAR 1     71                        37     34       42
  SINCE JAN 1     77                        37     40       42
..................................................................


WIND (MPH)
  HIGHEST WIND SPEED    23   HIGHEST WIND DIRECTION    NE (30)
  HIGHEST GUST SPEED    32   HIGHEST GUST DIRECTION     N (20)
  AVERAGE WIND SPEED    11.6


SKY COVER
  POSSIBLE SUNSHINE  MM
  AVERAGE SKY COVER 1.0


WEATHER CONDITIONS
 THE FOLLOWING WEATHER WAS RECORDED YESTERDAY.
  THUNDERSTORM
  HEAVY RAIN
  RAIN
  LIGHT RAIN
  FOG


RELATIVE HUMIDITY (PERCENT)
 HIGHEST    93           100 AM
 LOWEST     86           500 PM
 AVERAGE    90

..........................................................


THE GREENVILLE-SPARTANBURG SC CLIMATE NORMALS FOR TODAY
                         NORMAL    RECORD    YEAR
 MAXIMUM TEMPERATURE (F)   75        92      1960
 MINIMUM TEMPERATURE (F)   51        32      1903


SUNRISE AND SUNSET
APRIL 25 2017.........SUNRISE   645 AM EDT   SUNSET   810 PM EDT
APRIL 26 2017.........SUNRISE   643 AM EDT   SUNSET   810 PM EDT


-  INDICATES NEGATIVE NUMBERS.
R  INDICATES RECORD WAS SET OR TIED.
MM INDICATES DATA IS MISSING.
T  INDICATES TRACE AMOUNT.




$$
