000
CDUS42 KGSP 242140 RRA
CLIGSP

CLIMATE REPORT
NATIONAL WEATHER SERVICE GREENVILLE-SPARTANBURG SC
439 PM EST TUE JAN 24 2017


...................................

...THE GREENVILLE-SPARTANBURG SC CLIMATE SUMMARY FOR JANUARY 24 2017...
VALID TODAY AS OF 0400 PM LOCAL TIME.

CLIMATE NORMAL PERIOD 1981 TO 2010
CLIMATE RECORD PERIOD 1884 TO 2017


WEATHER ITEM   OBSERVED TIME   RECORD YEAR NORMAL DEPARTURE LAST
                VALUE   (LST)  VALUE       VALUE  FROM      YEAR
                                                  NORMAL
..................................................................
TEMPERATURE (F)
 TODAY
  MAXIMUM         67    331 PM  76    1967  53     14       50
  MINIMUM         40    759 AM   9    2014  32      8       19
                                      1963
  AVERAGE         54                        42     12       35

PRECIPITATION (IN)
  TODAY            0.00          2.49 2010   0.12  -0.12     0.00
  MONTH TO DATE    4.50                      2.97   1.53     3.50
  SINCE DEC 1      7.19                      7.08   0.11    13.58
  SINCE JAN 1      4.50                      2.97   1.53     3.50

SNOWFALL (IN)
  TODAY            0.0           3.8  1991   0.0    0.0      0.0
  MONTH TO DATE    3.1                       1.8    1.3      2.2
  SINCE DEC 1      3.1                       2.2    0.9      2.2
  SINCE JUL 1      3.1                       2.3    0.8      2.2
  SNOW DEPTH       0

DEGREE DAYS
 HEATING
  TODAY           11                        22    -11       30
  MONTH TO DATE  370                       551   -181      624
  SINCE DEC 1    966                      1201   -235      933
  SINCE JUL 1   1292                      1754   -462     1378

 COOLING
  TODAY            0                         0      0        0
  MONTH TO DATE    0                         0      0        0
  SINCE DEC 1      0                         1     -1       11
  SINCE JAN 1      0                         0      0        0
..................................................................


WIND (MPH)
  HIGHEST WIND SPEED    20   HIGHEST WIND DIRECTION     N (350)
  HIGHEST GUST SPEED    33   HIGHEST GUST DIRECTION     N (350)
  AVERAGE WIND SPEED     6.2


SKY COVER
  POSSIBLE SUNSHINE  MM
  AVERAGE SKY COVER 0.2


WEATHER CONDITIONS
 THE FOLLOWING WEATHER WAS RECORDED TODAY.
  NO SIGNIFICANT WEATHER WAS OBSERVED.


RELATIVE HUMIDITY (PERCENT)
 HIGHEST    89           500 AM
 LOWEST     37           200 PM
 AVERAGE    63

..........................................................


THE GREENVILLE-SPARTANBURG SC CLIMATE NORMALS FOR TOMORROW
                         NORMAL    RECORD    YEAR
 MAXIMUM TEMPERATURE (F)   53        74      1909
 MINIMUM TEMPERATURE (F)   32         9      1905


SUNRISE AND SUNSET
JANUARY 24 2017.......SUNRISE   732 AM EST   SUNSET   550 PM EST
JANUARY 25 2017.......SUNRISE   732 AM EST   SUNSET   551 PM EST


-  INDICATES NEGATIVE NUMBERS.
R  INDICATES RECORD WAS SET OR TIED.
MM INDICATES DATA IS MISSING.
T  INDICATES TRACE AMOUNT.

$$

PM
