000
CDUS42 KGSP 272147
CLIGSP

CLIMATE REPORT
NATIONAL WEATHER SERVICE GREENVILLE-SPARTANBURG SC
447 PM EST FRI FEB 27 2015


...................................

...THE GREENVILLE-SPARTANBURG SC CLIMATE SUMMARY FOR FEBRUARY 27 2015...
VALID TODAY AS OF 0445 PM LOCAL TIME.

CLIMATE NORMAL PERIOD 1981 TO 2010
CLIMATE RECORD PERIOD 1884 TO 2015


WEATHER ITEM   OBSERVED TIME   RECORD YEAR NORMAL DEPARTURE LAST
                VALUE   (LST)  VALUE       VALUE  FROM      YEAR
                                                  NORMAL
..................................................................
TEMPERATURE (F)
 TODAY
  MAXIMUM         53    420 PM  81    1996  60     -7       56
  MINIMUM         31    742 AM  12    1963  37     -6       27
  AVERAGE         42                        48     -6       42

PRECIPITATION (IN)
  TODAY            0.00          1.84 1899   0.15  -0.15     0.00
  MONTH TO DATE    3.46                      3.82  -0.36     3.08
  SINCE DEC 1     10.95                     11.75  -0.80    12.91
  SINCE JAN 1      7.32                      7.64  -0.32     6.24

SNOWFALL (IN)
  TODAY            0.0           1.0  1924   0.1   -0.1      0.0
                                      1967
                                      1966
  MONTH TO DATE    3.7                       1.0    2.7      6.3
  SINCE DEC 1      3.7                       3.7    0.0      7.1
  SINCE JUL 1      3.7                       3.8   -0.1      7.2
  SNOW DEPTH       T

DEGREE DAYS
 HEATING
  TODAY           23                        17      6       23
  MONTH TO DATE  709                       523    186      483
  SINCE DEC 1   1950                      1880     70     1930
  SINCE JUL 1   2587                      2433    154     2534

 COOLING
  TODAY            0                         0      0        0
  MONTH TO DATE    0                         0      0        0
  SINCE DEC 1      0                         1     -1        6
  SINCE JAN 1      0                         0      0        0
..................................................................


WIND (MPH)
  HIGHEST WIND SPEED    10   HIGHEST WIND DIRECTION    SW (240)
  HIGHEST GUST SPEED    14   HIGHEST GUST DIRECTION    SW (240)
  AVERAGE WIND SPEED     2.3


SKY COVER
  POSSIBLE SUNSHINE  MM
  AVERAGE SKY COVER 0.5


WEATHER CONDITIONS
 THE FOLLOWING WEATHER WAS RECORDED TODAY.
  FOG


RELATIVE HUMIDITY (PERCENT)
 HIGHEST    96           400 AM
 LOWEST     35           400 PM
 AVERAGE    66

..........................................................


THE GREENVILLE-SPARTANBURG SC CLIMATE NORMALS FOR TOMORROW
                         NORMAL    RECORD    YEAR
 MAXIMUM TEMPERATURE (F)   60        77      1961
 MINIMUM TEMPERATURE (F)   38        16      2002


SUNRISE AND SUNSET
FEBRUARY 27 2015......SUNRISE   701 AM EST   SUNSET   623 PM EST
FEBRUARY 28 2015......SUNRISE   700 AM EST   SUNSET   624 PM EST


-  INDICATES NEGATIVE NUMBERS.
R  INDICATES RECORD WAS SET OR TIED.
MM INDICATES DATA IS MISSING.
T  INDICATES TRACE AMOUNT.

$$

OUTLAW
