000
CDUS42 KGSP 300632
CLIGSP

CLIMATE REPORT
NATIONAL WEATHER SERVICE GREENVILLE-SPARTANBURG SC
229 AM EDT TUE SEP 30 2014


...................................

...THE GREENVILLE-SPARTANBURG SC CLIMATE SUMMARY FOR SEPTEMBER 29 2014...

CLIMATE NORMAL PERIOD 1981 TO 2010
CLIMATE RECORD PERIOD 1884 TO 2014


WEATHER ITEM   OBSERVED TIME   RECORD YEAR NORMAL DEPARTURE LAST
                VALUE   (LST)  VALUE       VALUE  FROM      YEAR
                                                  NORMAL
..................................................................
TEMPERATURE (F)
 YESTERDAY
  MAXIMUM         70    452 PM  96    1911  78     -8       74
  MINIMUM         63   1137 PM  39    1899  57      6       54
  AVERAGE         67                        67      0       64

PRECIPITATION (IN)
  YESTERDAY        0.14          3.25 1979   0.12   0.02     0.00
  MONTH TO DATE    3.68                      3.31   0.37     2.50
  SINCE SEP 1      3.68                      3.31   0.37     2.50
  SINCE JAN 1     38.64                     35.82   2.82    56.85

SNOWFALL (IN)
  YESTERDAY        0.0           0.0    MM   0.0    0.0      0.0
  MONTH TO DATE    0.0                       0.0    0.0      0.0
  SINCE SEP 1      0.0                       0.0    0.0      0.0
  SINCE JUL 1      0.0                       0.0    0.0      0.0
  SNOW DEPTH       0

DEGREE DAYS
 HEATING
  YESTERDAY        0                         2     -2        1
  MONTH TO DATE    6                        14     -8        1
  SINCE SEP 1      6                        14     -8        1
  SINCE JUL 1      6                        14     -8        1

 COOLING
  YESTERDAY        2                         4     -2        0
  MONTH TO DATE  236                       223     13      222
  SINCE SEP 1    236                       223     13      222
  SINCE JAN 1   1633                      1658    -25     1471
..................................................................


WIND (MPH)
  HIGHEST WIND SPEED     8   HIGHEST WIND DIRECTION     N (20)
  HIGHEST GUST SPEED    11   HIGHEST GUST DIRECTION     N (360)
  AVERAGE WIND SPEED     3.3


SKY COVER
  POSSIBLE SUNSHINE  MM
  AVERAGE SKY COVER 1.0


WEATHER CONDITIONS
 THE FOLLOWING WEATHER WAS RECORDED YESTERDAY.
  LIGHT RAIN
  FOG


RELATIVE HUMIDITY (PERCENT)
 HIGHEST   100           500 AM
 LOWEST     78           300 PM
 AVERAGE    89

..........................................................


THE GREENVILLE-SPARTANBURG SC CLIMATE NORMALS FOR TODAY
                         NORMAL    RECORD    YEAR
 MAXIMUM TEMPERATURE (F)   78        94      1933
 MINIMUM TEMPERATURE (F)   56        32      1888


SUNRISE AND SUNSET
SEPTEMBER 30 2014.....SUNRISE   723 AM EDT   SUNSET   714 PM EDT
OCTOBER  1 2014.......SUNRISE   724 AM EDT   SUNSET   713 PM EDT


-  INDICATES NEGATIVE NUMBERS.
R  INDICATES RECORD WAS SET OR TIED.
MM INDICATES DATA IS MISSING.
T  INDICATES TRACE AMOUNT.

$$
