726
CDUS42 KGSP 240637
CLIGSP

CLIMATE REPORT
NATIONAL WEATHER SERVICE GREENVILLE-SPARTANBURG SC
237 AM EDT TUE MAY 24 2016


...................................

...THE GREENVILLE-SPARTANBURG SC CLIMATE SUMMARY FOR MAY 23 2016...

CLIMATE NORMAL PERIOD 1981 TO 2010
CLIMATE RECORD PERIOD 1884 TO 2016


WEATHER ITEM   OBSERVED TIME   RECORD YEAR NORMAL DEPARTURE LAST
                VALUE   (LST)  VALUE       VALUE  FROM      YEAR
                                                  NORMAL
..................................................................
TEMPERATURE (F)
 YESTERDAY
  MAXIMUM         77    412 PM  97    1941  82     -5       79
  MINIMUM         54    548 AM  43    2002  59     -5       53
                                      1889
  AVERAGE         66                        71     -5       66

PRECIPITATION (IN)
  YESTERDAY        T             3.71 1916   0.12  -0.12     0.00
  MONTH TO DATE    4.77                      2.79   1.98     2.46
  SINCE MAR 1      8.78                     10.67  -1.89    10.73
  SINCE JAN 1     17.04                     18.46  -1.42    18.05

SNOWFALL (IN)
  YESTERDAY        0.0           0.0    MM   0.0    0.0      0.0
  MONTH TO DATE    0.0                       0.0    0.0      0.0
  SINCE MAR 1      T                         0.9   -0.9      0.0
  SINCE JUL 1      2.6                       4.7   -2.1      3.7
  SNOW DEPTH       0

DEGREE DAYS
 HEATING
  YESTERDAY        0                         1     -1        0
  MONTH TO DATE   34                        36     -2        8
  SINCE MAR 1    401                       593   -192      403
  SINCE JUL 1   2498                      3042   -544     3017

 COOLING
  YESTERDAY        1                         6     -5        1
  MONTH TO DATE   91                        94     -3      154
  SINCE MAR 1    176                       142     34      210
  SINCE JAN 1    176                       142     34      210
..................................................................


WIND (MPH)
  HIGHEST WIND SPEED    16   HIGHEST WIND DIRECTION     N (10)
  HIGHEST GUST SPEED    22   HIGHEST GUST DIRECTION     N (20)
  AVERAGE WIND SPEED     5.6


SKY COVER
  POSSIBLE SUNSHINE  MM
  AVERAGE SKY COVER 0.3


WEATHER CONDITIONS
 THE FOLLOWING WEATHER WAS RECORDED YESTERDAY.
  LIGHT RAIN


RELATIVE HUMIDITY (PERCENT)
 HIGHEST    86           200 AM
 LOWEST     38           100 PM
 AVERAGE    62

..........................................................


THE GREENVILLE-SPARTANBURG SC CLIMATE NORMALS FOR TODAY
                         NORMAL    RECORD    YEAR
 MAXIMUM TEMPERATURE (F)   82        94      1962
 MINIMUM TEMPERATURE (F)   60        41      1917


SUNRISE AND SUNSET
MAY 24 2016...........SUNRISE   619 AM EDT   SUNSET   832 PM EDT
MAY 25 2016...........SUNRISE   619 AM EDT   SUNSET   833 PM EDT


-  INDICATES NEGATIVE NUMBERS.
R  INDICATES RECORD WAS SET OR TIED.
MM INDICATES DATA IS MISSING.
T  INDICATES TRACE AMOUNT.

$$
