000
CDUS42 KGSP 202038 RRA
CLIGSP

CLIMATE REPORT
NATIONAL WEATHER SERVICE GREENVILLE-SPARTANBURG SC
435 PM EDT WED SEP 20 2017


...................................

...THE GREENVILLE-SPARTANBURG SC CLIMATE SUMMARY FOR SEPTEMBER 20 2017...
VALID TODAY AS OF 0430 PM LOCAL TIME.

CLIMATE NORMAL PERIOD 1981 TO 2010
CLIMATE RECORD PERIOD 1884 TO 2017


WEATHER ITEM   OBSERVED TIME   RECORD YEAR NORMAL DEPARTURE LAST
                VALUE   (LST)  VALUE       VALUE  FROM      YEAR
                                                  NORMAL
..................................................................
TEMPERATURE (F)
 TODAY
  MAXIMUM         89    333 PM  98    1925  81      8       91
  MINIMUM         67    707 AM  42    1889  60      7       67
  AVERAGE         78                        71      7       79

PRECIPITATION (IN)
  TODAY            0.00          2.71 1924   0.11  -0.11     0.00
  MONTH TO DATE    4.14                      2.31   1.83     0.73
  SINCE SEP 1      4.14                      2.31   1.83     0.73
  SINCE JAN 1     42.11                     34.82   7.29    28.96

SNOWFALL (IN)
  TODAY            0.0           0.0    MM   0.0    0.0      0.0
  MONTH TO DATE    0.0                       0.0    0.0      0.0
  SINCE SEP 1      0.0                       0.0    0.0      0.0
  SINCE JUL 1      0.0                       0.0    0.0      0.0
  SNOW DEPTH       0

DEGREE DAYS
 HEATING
  TODAY            0                         1     -1        0
  MONTH TO DATE   11                         3      8        0
  SINCE SEP 1     11                         3      8        0
  SINCE JUL 1     11                         3      8        0

 COOLING
  TODAY           13                         6      7       14
  MONTH TO DATE  114                       179    -65      266
  SINCE SEP 1    114                       179    -65      266
  SINCE JAN 1   1580                      1614    -34     1985
..................................................................


WIND (MPH)
  HIGHEST WIND SPEED     8   HIGHEST WIND DIRECTION     W (270)
  HIGHEST GUST SPEED    12   HIGHEST GUST DIRECTION     W (270)
  AVERAGE WIND SPEED     1.8


SKY COVER
  POSSIBLE SUNSHINE  MM
  AVERAGE SKY COVER 0.1


WEATHER CONDITIONS
 THE FOLLOWING WEATHER WAS RECORDED TODAY.
  FOG
  HAZE


RELATIVE HUMIDITY (PERCENT)
 HIGHEST   100           100 AM
 LOWEST     43           100 PM
 AVERAGE    72

..........................................................


THE GREENVILLE-SPARTANBURG SC CLIMATE NORMALS FOR TOMORROW
                         NORMAL    RECORD    YEAR
 MAXIMUM TEMPERATURE (F)   81        94      1940
 MINIMUM TEMPERATURE (F)   60        43      1901


SUNRISE AND SUNSET
SEPTEMBER 20 2017.....SUNRISE   716 AM EDT   SUNSET   728 PM EDT
SEPTEMBER 21 2017.....SUNRISE   716 AM EDT   SUNSET   727 PM EDT


-  INDICATES NEGATIVE NUMBERS.
R  INDICATES RECORD WAS SET OR TIED.
MM INDICATES DATA IS MISSING.
T  INDICATES TRACE AMOUNT.




$$
