000
CDUS45 KTFX 282327
CLIGTF


CLIMATE REPORT
NATIONAL WEATHER SERVICE GREAT FALLS MT
427 PM MST SAT FEB 28 2015


...................................

...THE GREAT FALLS MT CLIMATE SUMMARY FOR FEBRUARY 28 2015...
VALID TODAY AS OF 0400 PM LOCAL TIME.

CLIMATE NORMAL PERIOD 1981 TO 2010
CLIMATE RECORD PERIOD 1886 TO 2015


WEATHER ITEM   OBSERVED TIME   RECORD YEAR NORMAL DEPARTURE LAST
                VALUE   (LST)  VALUE       VALUE  FROM      YEAR
                                                  NORMAL
..................................................................
TEMPERATURE (F)
 TODAY
  MAXIMUM         24    352 PM  68    1992  41    -17       15
  MINIMUM         11    648 AM -18    1996  18     -7       -7
  AVERAGE         18                        30    -12        4

PRECIPITATION (IN)
  TODAY            0.01          0.64 1953   0.02  -0.01     0.08
  MONTH TO DATE    0.38                      0.47  -0.09     1.12
  SINCE OCT 1      4.34                      2.98   1.36     4.47
  SINCE JAN 1      1.39                      0.98   0.41     2.42

SNOWFALL (IN)
  TODAY            0.5           7.9  1953   0.3    0.2      2.5
  MONTH TO DATE    5.8                       8.2   -2.4     15.5
  SINCE DEC 1     38.9                      26.3   12.6     47.8
  SINCE JUL 1     56.3                      40.0   16.3     57.5
  SNOW DEPTH       T

DEGREE DAYS
 HEATING
  TODAY           47                        35     12       61
  MONTH TO DATE  945                      1055   -110     1403
  SINCE DEC 1   3248                      3536   -288     3854
  SINCE JUL 1   5137                      5505   -368     5654

 COOLING
  TODAY            0                         0      0        0
  MONTH TO DATE    0                         0      0        0
  SINCE DEC 1      0                         0      0        0
  SINCE JAN 1      0                         0      0        0
..................................................................


WIND (MPH)
  HIGHEST WIND SPEED    14   HIGHEST WIND DIRECTION     W (270)
  HIGHEST GUST SPEED    17   HIGHEST GUST DIRECTION     W (270)
  AVERAGE WIND SPEED     6.6


SKY COVER
  AVERAGE SKY COVER 0.8


WEATHER CONDITIONS
 THE FOLLOWING WEATHER WAS RECORDED TODAY.
  LIGHT SNOW
  FOG
  HAZE


RELATIVE HUMIDITY (PERCENT)
 HIGHEST    92           200 AM
 LOWEST     54           300 PM
 AVERAGE    73

..........................................................


THE GREAT FALLS MT CLIMATE NORMALS FOR TOMORROW
                         NORMAL    RECORD    YEAR
 MAXIMUM TEMPERATURE (F)   41        65      1968
 MINIMUM TEMPERATURE (F)   18       -22      1919
                                             1896


SUNRISE AND SUNSET
FEBRUARY 28 2015......SUNRISE   708 AM MST   SUNSET   609 PM MST
MARCH  1 2015.........SUNRISE   706 AM MST   SUNSET   610 PM MST


-  INDICATES NEGATIVE NUMBERS.
R  INDICATES RECORD WAS SET OR TIED.
MM INDICATES DATA IS MISSING.
T  INDICATES TRACE AMOUNT.




$$
