000
CDUS45 KTFX 231148
CLIGTF


CLIMATE REPORT
NATIONAL WEATHER SERVICE GREAT FALLS MT
448 AM MST SUN NOV 23 2014


...................................

...THE GREAT FALLS MT CLIMATE SUMMARY FOR NOVEMBER 22 2014...

CLIMATE NORMAL PERIOD 1981 TO 2010
CLIMATE RECORD PERIOD 1886 TO 2014


WEATHER ITEM   OBSERVED TIME   RECORD YEAR NORMAL DEPARTURE LAST
                VALUE   (LST)  VALUE       VALUE  FROM      YEAR
                                                  NORMAL
..................................................................
TEMPERATURE (F)
 YESTERDAY
  MAXIMUM         48    108 PM  73    1917  40      8       40
  MINIMUM         31   1103 PM -20    1985  21     10       17
  AVERAGE         40                        31      9       29

PRECIPITATION (IN)
  YESTERDAY        T             0.17 1952   0.02  -0.02     0.00
  MONTH TO DATE    0.63                      0.44   0.19     0.18
  SINCE OCT 1      1.10                      1.30  -0.20     1.11
  SINCE JAN 1     18.28                     14.05   4.23    10.84

SNOWFALL (IN)
  YESTERDAY        0.0           4.9  1993   0.3   -0.3      0.0
  MONTH TO DATE    6.3                       5.7    0.6      2.8
  SINCE SEP 1      7.4                      11.0   -3.6      9.7
  SINCE JUL 1      7.4                      11.3   -3.9      9.7
  SNOW DEPTH       0

DEGREE DAYS
 HEATING
  YESTERDAY       25                        34     -9       36
  MONTH TO DATE  804                       661    143      703
  SINCE SEP 1   1466                      1560    -94     1550
  SINCE JUL 1   1536                      1681   -145     1574

 COOLING
  YESTERDAY        0                         0      0        0
  MONTH TO DATE    0                         0      0        0
  SINCE SEP 1     26                        22      4       80
  SINCE JAN 1    350                       298     52      449
..................................................................


WIND (MPH)
  HIGHEST WIND SPEED    40   HIGHEST WIND DIRECTION     W (260)
  HIGHEST GUST SPEED    53   HIGHEST GUST DIRECTION     W (260)
  AVERAGE WIND SPEED    22.1


SKY COVER
  AVERAGE SKY COVER 0.2


WEATHER CONDITIONS
 THE FOLLOWING WEATHER WAS RECORDED YESTERDAY.
  LIGHT RAIN


RELATIVE HUMIDITY (PERCENT)
 HIGHEST    70           800 AM
 LOWEST     33           200 PM
 AVERAGE    52

..........................................................


THE GREAT FALLS MT CLIMATE NORMALS FOR TODAY
                         NORMAL    RECORD    YEAR
 MAXIMUM TEMPERATURE (F)   40        63      1942
                                             1917
 MINIMUM TEMPERATURE (F)   21       -25      1985


SUNRISE AND SUNSET
NOVEMBER 23 2014......SUNRISE   742 AM MST   SUNSET   442 PM MST
NOVEMBER 24 2014......SUNRISE   743 AM MST   SUNSET   441 PM MST


-  INDICATES NEGATIVE NUMBERS.
R  INDICATES RECORD WAS SET OR TIED.
MM INDICATES DATA IS MISSING.
T  INDICATES TRACE AMOUNT.




$$
