000
CDUS45 KTFX 281010
CLIGTF


CLIMATE REPORT
NATIONAL WEATHER SERVICE GREAT FALLS MT
408 AM MDT THU APR 28 2016


...................................

...THE GREAT FALLS MT CLIMATE SUMMARY FOR APRIL 27 2016...

CLIMATE NORMAL PERIOD 1981 TO 2010
CLIMATE RECORD PERIOD 1886 TO 2016


WEATHER ITEM   OBSERVED TIME   RECORD YEAR NORMAL DEPARTURE LAST
                VALUE   (LST)  VALUE       VALUE  FROM      YEAR
                                                  NORMAL
..................................................................
TEMPERATURE (F)
 YESTERDAY
  MAXIMUM         39    301 PM  85    1987  59    -20       64
  MINIMUM         33   1159 PM  17    1984  33      0       28
  AVERAGE         36                        46    -10       46

PRECIPITATION (IN)
  YESTERDAY        0.20          0.70 1989   0.05   0.15     0.00
  MONTH TO DATE    2.73                      1.26   1.47     0.89
  SINCE OCT 1      8.98                      5.15   3.83     5.33
  SINCE JAN 1      3.88                      3.15   0.73     2.38

SNOWFALL (IN)
  YESTERDAY        T            10.3  1989   0.3   -0.3      0.0
  MONTH TO DATE    7.1                       8.0   -0.9      0.8
  SINCE MAR 1      8.9                      19.9  -11.0      1.6
  SINCE JUL 1     46.8                      59.9  -13.1     57.9
  SNOW DEPTH       0

DEGREE DAYS
 HEATING
  YESTERDAY       29                        19     10       19
  MONTH TO DATE  481                       604   -123      591
  SINCE MAR 1   1263                      1557   -294     1247
  SINCE JUL 1   6201                      7062   -861     6385

 COOLING
  YESTERDAY        0                         0      0        0
  MONTH TO DATE    0                         0      0        0
  SINCE MAR 1      0                         0      0        0
  SINCE JAN 1      0                         0      0        0
..................................................................


WIND (MPH)
  HIGHEST WIND SPEED    16   HIGHEST WIND DIRECTION    NE (50)
  HIGHEST GUST SPEED    18   HIGHEST GUST DIRECTION    NE (50)
  AVERAGE WIND SPEED     9.2


SKY COVER
  AVERAGE SKY COVER 1.0


WEATHER CONDITIONS
 THE FOLLOWING WEATHER WAS RECORDED YESTERDAY.
  RAIN
  LIGHT RAIN
  SNOW
  LIGHT SNOW
  FOG


RELATIVE HUMIDITY (PERCENT)
 HIGHEST   100          1000 PM
 LOWEST     85          1000 AM
 AVERAGE    93

..........................................................


THE GREAT FALLS MT CLIMATE NORMALS FOR TODAY
                         NORMAL    RECORD    YEAR
 MAXIMUM TEMPERATURE (F)   60        87      1987
 MINIMUM TEMPERATURE (F)   33        13      1907


SUNRISE AND SUNSET
APRIL 28 2016.........SUNRISE   613 AM MDT   SUNSET   834 PM MDT
APRIL 29 2016.........SUNRISE   611 AM MDT   SUNSET   835 PM MDT


-  INDICATES NEGATIVE NUMBERS.
R  INDICATES RECORD WAS SET OR TIED.
MM INDICATES DATA IS MISSING.
T  INDICATES TRACE AMOUNT.




$$
