000
CDUS45 KTFX 170921
CLIGTF


CLIMATE REPORT
NATIONAL WEATHER SERVICE GREAT FALLS MT
320 AM MDT THU APR 17 2014


...................................

...THE GREAT FALLS MT CLIMATE SUMMARY FOR APRIL 16 2014...

CLIMATE NORMAL PERIOD 1981 TO 2010
CLIMATE RECORD PERIOD 1886 TO 2014


WEATHER ITEM   OBSERVED TIME   RECORD YEAR NORMAL DEPARTURE LAST
                VALUE   (LST)  VALUE       VALUE  FROM      YEAR
                                                  NORMAL
..................................................................
TEMPERATURE (F)
 YESTERDAY
  MAXIMUM         46    147 PM  82    1984  56    -10       31
  MINIMUM         31   1050 PM  10    1896  31      0       18
  AVERAGE         39                        43     -4       25

PRECIPITATION (IN)
  YESTERDAY        0.03          0.69 1927   0.05  -0.02     0.09
  MONTH TO DATE    0.49                      0.71  -0.22     0.54
  SINCE OCT 1      6.27                      4.60   1.67     5.16
  SINCE JAN 1      4.22                      2.60   1.62     1.82

SNOWFALL (IN)
  YESTERDAY        0.1           3.5  1922   0.3   -0.2      2.1
  MONTH TO DATE    2.4                       5.0   -2.6      7.8
  SINCE MAR 1     15.2                      16.9   -1.7     11.8
  SINCE JUL 1     72.7                      56.9   15.8     67.6
  SNOW DEPTH       T

DEGREE DAYS
 HEATING
  YESTERDAY       26                        22      4       40
  MONTH TO DATE  379                       382     -3      432
  SINCE MAR 1   1463                      1335    128     1324
  SINCE JUL 1   7117                      6840    277     6137

 COOLING
  YESTERDAY        0                         0      0        0
  MONTH TO DATE    0                         0      0        0
  SINCE MAR 1      0                         0      0        0
  SINCE JAN 1      0                         0      0        0
..................................................................


WIND (MPH)
  HIGHEST WIND SPEED    17   HIGHEST WIND DIRECTION    SW (210)
  HIGHEST GUST SPEED    20   HIGHEST GUST DIRECTION     S (200)
  AVERAGE WIND SPEED     7.2


SKY COVER
  AVERAGE SKY COVER 0.7


WEATHER CONDITIONS
 THE FOLLOWING WEATHER WAS RECORDED YESTERDAY.
  LIGHT RAIN
  LIGHT SNOW
  FOG


RELATIVE HUMIDITY (PERCENT)
 HIGHEST   100           100 AM
 LOWEST     53           100 PM
 AVERAGE    77

..........................................................


THE GREAT FALLS MT CLIMATE NORMALS FOR TODAY
                         NORMAL    RECORD    YEAR
 MAXIMUM TEMPERATURE (F)   56        82      1936
 MINIMUM TEMPERATURE (F)   31        12      1968
                                             1896


SUNRISE AND SUNSET
APRIL 17 2014.........SUNRISE   633 AM MDT   SUNSET   818 PM MDT
APRIL 18 2014.........SUNRISE   631 AM MDT   SUNSET   819 PM MDT


-  INDICATES NEGATIVE NUMBERS.
R  INDICATES RECORD WAS SET OR TIED.
MM INDICATES DATA IS MISSING.
T  INDICATES TRACE AMOUNT.




$$
