000
CDUS45 KTFX 290909
CLIGTF


CLIMATE REPORT
NATIONAL WEATHER SERVICE GREAT FALLS MT
307 AM MDT SAT APR 29 2017


...................................

...THE GREAT FALLS MT CLIMATE SUMMARY FOR APRIL 28 2017...

CLIMATE NORMAL PERIOD 1981 TO 2010
CLIMATE RECORD PERIOD 1886 TO 2017


WEATHER ITEM   OBSERVED TIME   RECORD YEAR NORMAL DEPARTURE LAST
                VALUE   (LST)  VALUE       VALUE  FROM      YEAR
                                                  NORMAL
..................................................................
TEMPERATURE (F)
 YESTERDAY
  MAXIMUM         48   1058 AM  87    1987  60    -12       43
  MINIMUM         31   1152 PM  13    1907  33     -2       32
  AVERAGE         40                        46     -6       38

PRECIPITATION (IN)
  YESTERDAY        0.09          0.73 1970   0.06   0.03     0.10
  MONTH TO DATE    3.58                      1.32   2.26     2.83
  SINCE OCT 1      8.34                      5.21   3.13     9.08
  SINCE JAN 1      5.41                      3.21   2.20     3.98

SNOWFALL (IN)
  YESTERDAY        T             8.1  2009   0.2   -0.2      0.1
  MONTH TO DATE    5.0                       8.2   -3.2      7.2
  SINCE MAR 1     10.6                      20.1   -9.5      9.0
  SINCE JUL 1     48.4                      60.1  -11.7     46.9
  SNOW DEPTH       0

DEGREE DAYS
 HEATING
  YESTERDAY       25                        19      6       27
  MONTH TO DATE  592                       623    -31      508
  SINCE MAR 1   1431                      1576   -145     1290
  SINCE JUL 1   7129                      7081     48     6228

 COOLING
  YESTERDAY        0                         0      0        0
  MONTH TO DATE    0                         0      0        0
  SINCE MAR 1      0                         0      0        0
  SINCE JAN 1      0                         0      0        0
..................................................................


WIND (MPH)
  HIGHEST WIND SPEED    18   HIGHEST WIND DIRECTION    NW (310)
  HIGHEST GUST SPEED    22   HIGHEST GUST DIRECTION    NW (310)
  AVERAGE WIND SPEED     5.8


SKY COVER
  AVERAGE SKY COVER 0.8


WEATHER CONDITIONS
 THE FOLLOWING WEATHER WAS RECORDED YESTERDAY.
  RAIN
  LIGHT RAIN
  FOG


RELATIVE HUMIDITY (PERCENT)
 HIGHEST    92          1200 AM
 LOWEST     65          1000 AM
 AVERAGE    79

..........................................................


THE GREAT FALLS MT CLIMATE NORMALS FOR TODAY
                         NORMAL    RECORD    YEAR
 MAXIMUM TEMPERATURE (F)   60        87      1939
 MINIMUM TEMPERATURE (F)   34        14      1954


SUNRISE AND SUNSET
APRIL 29 2017.........SUNRISE   611 AM MDT   SUNSET   835 PM MDT
APRIL 30 2017.........SUNRISE   610 AM MDT   SUNSET   836 PM MDT


-  INDICATES NEGATIVE NUMBERS.
R  INDICATES RECORD WAS SET OR TIED.
MM INDICATES DATA IS MISSING.
T  INDICATES TRACE AMOUNT.




$$
