000
CDGM40 PGUM 301845
CLIGUM


CLIMATE REPORT
NATIONAL WEATHER SERVICE TIYAN, GUAM
445 AM CHST SUN MAY 1 2016


...................................

...THE GUAM INTERNATIONAL AIRPORT GU CLIMATE SUMMARY FOR APRIL 30 2016...

CLIMATE NORMAL PERIOD 1981 TO 2010
CLIMATE RECORD PERIOD 1945 TO 2016


WEATHER ITEM   OBSERVED TIME   RECORD YEAR NORMAL DEPARTURE LAST
                VALUE   (LST)  VALUE       VALUE  FROM      YEAR
                                                  NORMAL
..................................................................
TEMPERATURE (F)
 YESTERDAY
  MAXIMUM         91    143 PM  92    2006  88      3       87
                                      1984
  MINIMUM         79    923 PM  72    1951  77      2       79
  AVERAGE         85                        82      3       83

PRECIPITATION (IN)
  YESTERDAY        0.01          2.89 2003   0.15  -0.14      T
  MONTH TO DATE    1.31                      3.58  -2.27     6.65
  SINCE MAR 1      2.94                      6.35  -3.41    10.74
  SINCE JAN 1      9.19                     15.84  -6.65    19.48

SNOWFALL (IN)
  YESTERDAY        0.0
  MONTH TO DATE    0.0
  SINCE MAR 1      0.0
  SINCE JUL 1      0.0
  SNOW DEPTH       0

DEGREE DAYS
 HEATING
  YESTERDAY        0                         0      0        0
  MONTH TO DATE    0                         0      0        0
  SINCE MAR 1      0                         0      0        0
  SINCE JUL 1      0                         0      0        0

 COOLING
  YESTERDAY       20                        17      3       18
  MONTH TO DATE  570                       507     63      508
  SINCE MAR 1   1088                       994     94     1012
  SINCE JAN 1   2060                      1884    176     1965
..................................................................


WIND (MPH)
  RESULTANT WIND SPEED   7   RESULTANT WIND DIRECTION   E (100)
  HIGHEST WIND SPEED    17   HIGHEST WIND DIRECTION    SE (120)
  HIGHEST GUST SPEED    22   HIGHEST GUST DIRECTION     E (110)
  AVERAGE WIND SPEED     7.6


SKY COVER
  POSSIBLE SUNSHINE  MM
  AVERAGE SKY COVER 0.4


WEATHER CONDITIONS
 THE FOLLOWING WEATHER WAS RECORDED YESTERDAY.
  LIGHT RAIN


RELATIVE HUMIDITY (PERCENT)
 HIGHEST    94           100 AM
 LOWEST     60           100 PM
 AVERAGE    77

..........................................................


THE GUAM INTERNATIONAL AIRPORT GU CLIMATE NORMALS FOR TODAY
                         NORMAL    RECORD    YEAR
 MAXIMUM TEMPERATURE (F)   88        91      2013
                                             1988
                                             1987
 MINIMUM TEMPERATURE (F)   77        72      1950


SUNRISE AND SUNSET
MAY  1 2016...........SUNRISE   600 AM CHST  SUNSET   636 PM CHST
MAY  2 2016...........SUNRISE   559 AM CHST  SUNSET   637 PM CHST


-  INDICATES NEGATIVE NUMBERS.
R  INDICATES RECORD WAS SET OR TIED.
MM INDICATES DATA IS MISSING.
T  INDICATES TRACE AMOUNT.




$$
