000
CDGM40 PGUM 250629
CLIGUM


CLIMATE REPORT
NATIONAL WEATHER SERVICE TIYAN, GUAM
427 PM CHST MON JUL 25 2016


...................................

...THE GUAM INTERNATIONAL AIRPORT GU CLIMATE SUMMARY FOR JULY 25 2016...
VALID TODAY AS OF 0400 PM LOCAL TIME.

CLIMATE NORMAL PERIOD 1981 TO 2010
CLIMATE RECORD PERIOD 1945 TO 2016


WEATHER ITEM   OBSERVED TIME   RECORD YEAR NORMAL DEPARTURE LAST
                VALUE   (LST)  VALUE       VALUE  FROM      YEAR
                                                  NORMAL
..................................................................
TEMPERATURE (F)
 TODAY
  MAXIMUM         89    340 PM  93    1984  87      2       86
  MINIMUM         81    616 AM  72    1968  76      5       77
  AVERAGE         85                        82      3       82

PRECIPITATION (IN)
  TODAY            0.01          1.99 1971   0.42  -0.41     0.01
  MONTH TO DATE    4.08                      9.51  -5.43    20.93
  SINCE JUN 1     11.81                     16.60  -4.79    26.25
  SINCE JAN 1     22.80                     36.74 -13.94    55.64

SNOWFALL (IN)
  TODAY            0.0
  MONTH TO DATE    0.0
  SINCE JUN 1      0.0
  SINCE JUL 1      0.0
  SNOW DEPTH       0

DEGREE DAYS
 HEATING
  TODAY            0
  MONTH TO DATE    0
  SINCE JUN 1      0
  SINCE JUL 1      0

 COOLING
  TODAY           20                        17      3       17
  MONTH TO DATE  481                       425     56      423
  SINCE JUN 1   1112                       954    158      971
  SINCE JAN 1   3798                      3382    416     3476
..................................................................


WIND (MPH)
  RESULTANT WIND SPEED   7   RESULTANT WIND DIRECTION   E (100)
  HIGHEST WIND SPEED    14   HIGHEST WIND DIRECTION     E (90)
  HIGHEST GUST SPEED    21   HIGHEST GUST DIRECTION     E (110)
  AVERAGE WIND SPEED     7.1


SKY COVER
  POSSIBLE SUNSHINE  MM
  AVERAGE SKY COVER 0.3


WEATHER CONDITIONS
 THE FOLLOWING WEATHER WAS RECORDED TODAY.
  NO SIGNIFICANT WEATHER WAS OBSERVED.


RELATIVE HUMIDITY (PERCENT)
 HIGHEST    88           100 AM
 LOWEST     64          1200 PM
 AVERAGE    76

..........................................................


THE GUAM INTERNATIONAL AIRPORT GU CLIMATE NORMALS FOR TOMORROW
                         NORMAL    RECORD    YEAR
 MAXIMUM TEMPERATURE (F)   87        94      1984
 MINIMUM TEMPERATURE (F)   76        72      1985


SUNRISE AND SUNSET
JULY 25 2016..........SUNRISE   604 AM CHST  SUNSET   650 PM CHST
JULY 26 2016..........SUNRISE   604 AM CHST  SUNSET   650 PM CHST


-  INDICATES NEGATIVE NUMBERS.
R  INDICATES RECORD WAS SET OR TIED.
MM INDICATES DATA IS MISSING.
T  INDICATES TRACE AMOUNT.




$$
