000
CDGM40 PGUM 310647
CLIGUM


CLIMATE REPORT
NATIONAL WEATHER SERVICE TIYAN, GUAM
437 PM CHST FRI OCT 31 2014


...................................

...THE GUAM INTERNATIONAL AIRPORT GU CLIMATE SUMMARY FOR OCTOBER 31 2014...
VALID TODAY AS OF 0400 PM LOCAL TIME.

CLIMATE NORMAL PERIOD 1981 TO 2010
CLIMATE RECORD PERIOD 1945 TO 2014


WEATHER ITEM   OBSERVED TIME   RECORD YEAR NORMAL DEPARTURE LAST
                VALUE   (LST)  VALUE       VALUE  FROM      YEAR
                                                  NORMAL
..................................................................
TEMPERATURE (F)
 TODAY
  MAXIMUM         87    134 PM  92    1966  87      0       90
  MINIMUM         78    147 AM  70    1986  77      1       78
  AVERAGE         83                        82      1       84

PRECIPITATION (IN)
  TODAY            0.03          1.67 1995   0.33  -0.30     0.22
  MONTH TO DATE   18.77                     11.80   6.97    22.66
  SINCE SEP 1     33.49                     25.97   7.52    54.91
  SINCE JAN 1    109.08                     82.49  26.59    94.13

SNOWFALL (IN)
  TODAY            0.0
  MONTH TO DATE    0.0
  SINCE SEP 1      0.0
  SINCE JUL 1      0.0
  SNOW DEPTH       0

DEGREE DAYS
 HEATING
  TODAY            0
  MONTH TO DATE    0
  SINCE SEP 1      0
  SINCE JUL 1      0

 COOLING
  TODAY           18                        17      1       19
  MONTH TO DATE  535                       516     19      519
  SINCE SEP 1   1066                      1009     57     1029
  SINCE JAN 1   5366                      4996    370     5542
..................................................................


WIND (MPH)
  RESULTANT WIND SPEED   9   RESULTANT WIND DIRECTION   E (110)
  HIGHEST WIND SPEED    21   HIGHEST WIND DIRECTION     E (80)
  HIGHEST GUST SPEED    25   HIGHEST GUST DIRECTION     E (80)
  AVERAGE WIND SPEED     9.6


SKY COVER
  POSSIBLE SUNSHINE  MM
  AVERAGE SKY COVER 0.5


WEATHER CONDITIONS
 THE FOLLOWING WEATHER WAS RECORDED TODAY.
  LIGHT RAIN


RELATIVE HUMIDITY (PERCENT)
 HIGHEST    97          1200 AM
 LOWEST     70          1200 PM
 AVERAGE    84

..........................................................


THE GUAM INTERNATIONAL AIRPORT GU CLIMATE NORMALS FOR TOMORROW
                         NORMAL    RECORD    YEAR
 MAXIMUM TEMPERATURE (F)   87        91      1962
 MINIMUM TEMPERATURE (F)   77        73      1951
                                             1950


SUNRISE AND SUNSET
OCTOBER 31 2014.......SUNRISE   615 AM CHST  SUNSET   554 PM CHST
NOVEMBER  1 2014......SUNRISE   615 AM CHST  SUNSET   554 PM CHST


-  INDICATES NEGATIVE NUMBERS.
R  INDICATES RECORD WAS SET OR TIED.
MM INDICATES DATA IS MISSING.
T  INDICATES TRACE AMOUNT.




$$
