000
CDUS44 KAMA 262139
CLIGUY


CLIMATE REPORT
NATIONAL WEATHER SERVICE AMARILLO TX
438 PM CDT FRI AUG 26 2016


...................................

...THE GUYMON CLIMATE SUMMARY FOR AUGUST 26 2016...
VALID TODAY AS OF 0400 PM LOCAL TIME.

CLIMATE NORMAL PERIOD 1981 TO 2010
CLIMATE RECORD PERIOD 1998 TO 2016


WEATHER ITEM   OBSERVED TIME   RECORD YEAR NORMAL DEPARTURE LAST
                VALUE   (LST)  VALUE       VALUE  FROM      YEAR
                                                  NORMAL
..................................................................
TEMPERATURE (F)
 TODAY
  MAXIMUM         84    337 PM  MM      MM  91     -7       96
  MINIMUM         62    725 AM  MM      MM  63     -1       63
  AVERAGE         73                        77     -4       80

PRECIPITATION (IN)
  TODAY            0.46         MM      MM   0.09   0.37     0.00
  MONTH TO DATE    2.45                      2.43   0.02     4.79
  SINCE JUN 1      6.86                      8.03  -1.17    11.58
  SINCE JAN 1     13.82                     14.28  -0.46    22.53

SNOWFALL (IN)
  TODAY            0.0          MM      MM  MM     MM        0.0
  MONTH TO DATE    0.0                      MM     MM        0.0
  SINCE JUN 1      0.0                      MM     MM        0.0
  SINCE JUL 1      0.0                      MM     MM        0.0
  SNOW DEPTH       0

DEGREE DAYS
 HEATING
  TODAY            0                         0      0        0
  MONTH TO DATE    0                         0      0        0
  SINCE JUN 1      0                         8     -8        0
  SINCE JUL 1      0                         0      0        0

 COOLING
  TODAY            8                        12     -4       15
  MONTH TO DATE  345                       348     -3      321
  SINCE JUN 1   1309                      1082    227     1176
  SINCE JAN 1   1399                      1190    209     1240
..................................................................


WIND (MPH)
  RESULTANT WIND SPEED   3   RESULTANT WIND DIRECTION  SE (150)
  HIGHEST WIND SPEED    16   HIGHEST WIND DIRECTION     S (180)
  HIGHEST GUST SPEED    20   HIGHEST GUST DIRECTION     S (190)
  AVERAGE WIND SPEED     5.0


SKY COVER
  AVERAGE SKY COVER 0.6


WEATHER CONDITIONS
 THE FOLLOWING WEATHER WAS RECORDED TODAY.
  HEAVY RAIN
  LIGHT RAIN
  FOG


RELATIVE HUMIDITY (PERCENT)
 HIGHEST    93           700 AM
 LOWEST     43           300 PM
 AVERAGE    68

..........................................................


THE GUYMON CLIMATE NORMALS FOR TOMORROW
                         NORMAL    RECORD    YEAR
 MAXIMUM TEMPERATURE (F)   90        MM        MM
 MINIMUM TEMPERATURE (F)   63        MM        MM


SUNRISE AND SUNSET
AUGUST 26 2016........SUNRISE   713 AM CDT   SUNSET   822 PM CDT
AUGUST 27 2016........SUNRISE   714 AM CDT   SUNSET   821 PM CDT


-  INDICATES NEGATIVE NUMBERS.
R  INDICATES RECORD WAS SET OR TIED.
MM INDICATES DATA IS MISSING.
T  INDICATES TRACE AMOUNT.




$$
