000
CDUS44 KAMA 040634
CLIGUY


CLIMATE REPORT
NATIONAL WEATHER SERVICE AMARILLO TX
132 AM CDT WED MAY 4 2016


...................................

...THE GUYMON CLIMATE SUMMARY FOR MAY 3 2016...

CLIMATE NORMAL PERIOD 1981 TO 2010
CLIMATE RECORD PERIOD 1998 TO 2016


WEATHER ITEM   OBSERVED TIME   RECORD YEAR NORMAL DEPARTURE LAST
                VALUE   (LST)  VALUE       VALUE  FROM      YEAR
                                                  NORMAL
..................................................................
TEMPERATURE (F)
 YESTERDAY
  MAXIMUM         70    351 PM  MM      MM  76     -6       89
  MINIMUM         38    133 AM  MM      MM  46     -8       51
  AVERAGE         54                        61     -7       70

PRECIPITATION (IN)
  YESTERDAY        0.01         MM      MM   0.06  -0.05     0.14
  MONTH TO DATE    0.19                      0.13   0.06     0.14
  SINCE MAR 1      5.71                      3.07   2.64     2.61
  SINCE JAN 1      6.14                      3.94   2.20     4.56

SNOWFALL (IN)
  YESTERDAY        0.0          MM      MM  MM     MM        0.0
  MONTH TO DATE    0.0                      MM     MM        0.0
  SINCE MAR 1      T                        MM     MM        2.0
  SINCE JUL 1      T                        MM     MM       23.3
  SNOW DEPTH       0

DEGREE DAYS
 HEATING
  YESTERDAY       11                         5      6        0
  MONTH TO DATE   46                        17     29        0
  SINCE MAR 1    729                       903   -174      666
  SINCE JUL 1   3696                      4370   -674     3883

 COOLING
  YESTERDAY        0                         1     -1        5
  MONTH TO DATE    0                         3     -3       13
  SINCE MAR 1     17                        18     -1       30
  SINCE JAN 1     20                        18      2       30
..................................................................


WIND (MPH)
  RESULTANT WIND SPEED   7   RESULTANT WIND DIRECTION  NW (330)
  HIGHEST WIND SPEED    25   HIGHEST WIND DIRECTION    NW (320)
  HIGHEST GUST SPEED    34   HIGHEST GUST DIRECTION    NW (320)
  AVERAGE WIND SPEED    10.3


SKY COVER
  AVERAGE SKY COVER 0.2


WEATHER CONDITIONS
 THE FOLLOWING WEATHER WAS RECORDED YESTERDAY.
  LIGHT RAIN


RELATIVE HUMIDITY (PERCENT)
 HIGHEST    89           400 AM
 LOWEST     28           400 PM
 AVERAGE    59

..........................................................


THE GUYMON CLIMATE NORMALS FOR TODAY
                         NORMAL    RECORD    YEAR
 MAXIMUM TEMPERATURE (F)   76        MM        MM
 MINIMUM TEMPERATURE (F)   46        MM        MM


SUNRISE AND SUNSET
MAY  4 2016...........SUNRISE   648 AM CDT   SUNSET   838 PM CDT
MAY  5 2016...........SUNRISE   647 AM CDT   SUNSET   838 PM CDT


-  INDICATES NEGATIVE NUMBERS.
R  INDICATES RECORD WAS SET OR TIED.
MM INDICATES DATA IS MISSING.
T  INDICATES TRACE AMOUNT.




$$
