000
CDUS44 KAMA 232229
CLIGUY


CLIMATE REPORT
NATIONAL WEATHER SERVICE AMARILLO TX
428 PM CST THU FEB 23 2017


...................................

...THE GUYMON CLIMATE SUMMARY FOR FEBRUARY 23 2017...
VALID TODAY AS OF 0400 PM LOCAL TIME.

CLIMATE NORMAL PERIOD 1981 TO 2010
CLIMATE RECORD PERIOD 1998 TO 2017


WEATHER ITEM   OBSERVED TIME   RECORD YEAR NORMAL DEPARTURE LAST
                VALUE   (LST)  VALUE       VALUE  FROM      YEAR
                                                  NORMAL
..................................................................
TEMPERATURE (F)
 TODAY
  MAXIMUM         78    259 PM  MM      MM  55     23       50
  MINIMUM         38    638 AM  MM      MM  25     13       29
  AVERAGE         58                        40     18       40

PRECIPITATION (IN)
  TODAY            0.00         MM      MM   0.02  -0.02     0.07
  MONTH TO DATE    0.01                      0.38  -0.37     0.29
  SINCE DEC 1      2.46                      1.42   1.04     1.27
  SINCE JAN 1      2.02                      0.78   1.24     0.43

SNOWFALL (IN)
  TODAY            0.0          MM      MM  MM     MM        0.0
  MONTH TO DATE    0.0                      MM     MM        0.0
  SINCE DEC 1      0.8                      MM     MM        0.0
  SINCE JUL 1      0.8                      MM     MM        0.0
  SNOW DEPTH       0

DEGREE DAYS
 HEATING
  TODAY            7                        25    -18       25
  MONTH TO DATE  396                       618   -222      461
  SINCE DEC 1   2241                      2455   -214     2148
  SINCE JUL 1   2779                      3346   -567     2862

 COOLING
  TODAY            0                         0      0        0
  MONTH TO DATE    8                         0      8        3
  SINCE DEC 1      8                         0      8        3
  SINCE JAN 1      8                         0      8        3
..................................................................


WIND (MPH)
  RESULTANT WIND SPEED  18   RESULTANT WIND DIRECTION  SW (230)
  HIGHEST WIND SPEED    41   HIGHEST WIND DIRECTION    SW (220)
  HIGHEST GUST SPEED    54   HIGHEST GUST DIRECTION    SW (220)
  AVERAGE WIND SPEED    19.0


SKY COVER
  AVERAGE SKY COVER 0.0


WEATHER CONDITIONS
 THE FOLLOWING WEATHER WAS RECORDED TODAY.
  NO SIGNIFICANT WEATHER WAS OBSERVED.


RELATIVE HUMIDITY (PERCENT)
 HIGHEST    70           800 AM
 LOWEST      5           400 PM
 AVERAGE    38

..........................................................


THE GUYMON CLIMATE NORMALS FOR TOMORROW
                         NORMAL    RECORD    YEAR
 MAXIMUM TEMPERATURE (F)   55        MM        MM
 MINIMUM TEMPERATURE (F)   26        MM        MM


SUNRISE AND SUNSET
FEBRUARY 23 2017......SUNRISE   724 AM CST   SUNSET   635 PM CST
FEBRUARY 24 2017......SUNRISE   723 AM CST   SUNSET   636 PM CST


-  INDICATES NEGATIVE NUMBERS.
R  INDICATES RECORD WAS SET OR TIED.
MM INDICATES DATA IS MISSING.
T  INDICATES TRACE AMOUNT.




$$
