000
CDUS44 KAMA 240632
CLIGUY


CLIMATE REPORT
NATIONAL WEATHER SERVICE AMARILLO TX
131 AM CDT SUN JUL 24 2016


...................................

...THE GUYMON CLIMATE SUMMARY FOR JULY 23 2016...

CLIMATE NORMAL PERIOD 1981 TO 2010
CLIMATE RECORD PERIOD 1998 TO 2016


WEATHER ITEM   OBSERVED TIME   RECORD YEAR NORMAL DEPARTURE LAST
                VALUE   (LST)  VALUE       VALUE  FROM      YEAR
                                                  NORMAL
..................................................................
TEMPERATURE (F)
 YESTERDAY
  MAXIMUM        105    504 PM  MM      MM  94     11       98
  MINIMUM         69    622 AM  MM      MM  66      3       68
  AVERAGE         87                        80      7       83

PRECIPITATION (IN)
  YESTERDAY        T            MM      MM   0.07  -0.07     0.00
  MONTH TO DATE    0.38                      1.94  -1.56     3.44
  SINCE JUN 1      3.02                      4.88  -1.86     5.13
  SINCE JAN 1      9.98                     11.13  -1.15    16.08

SNOWFALL (IN)
  YESTERDAY        0.0          MM      MM  MM     MM        0.0
  MONTH TO DATE    0.0                      MM     MM        0.0
  SINCE JUN 1      0.0                      MM     MM        0.0
  SINCE JUL 1      0.0                      MM     MM        0.0
  SNOW DEPTH       0

DEGREE DAYS
 HEATING
  YESTERDAY        0                         0      0        0
  MONTH TO DATE    0                         0      0        0
  SINCE JUN 1      0                         8     -8        0
  SINCE JUL 1      0                         0      0        0

 COOLING
  YESTERDAY       22                        15      7       18
  MONTH TO DATE  430                       335     95      347
  SINCE JUN 1    834                       615    219      728
  SINCE JAN 1    924                       723    201      792
..................................................................


WIND (MPH)
  RESULTANT WIND SPEED  14   RESULTANT WIND DIRECTION   S (190)
  HIGHEST WIND SPEED    26   HIGHEST WIND DIRECTION    SW (210)
  HIGHEST GUST SPEED    33   HIGHEST GUST DIRECTION     S (200)
  AVERAGE WIND SPEED    13.8


SKY COVER
  AVERAGE SKY COVER 0.0


WEATHER CONDITIONS
 THE FOLLOWING WEATHER WAS RECORDED YESTERDAY.
  LIGHT RAIN


RELATIVE HUMIDITY (PERCENT)
 HIGHEST    57           600 AM
 LOWEST     16           600 PM
 AVERAGE    37

..........................................................


THE GUYMON CLIMATE NORMALS FOR TODAY
                         NORMAL    RECORD    YEAR
 MAXIMUM TEMPERATURE (F)   94        MM        MM
 MINIMUM TEMPERATURE (F)   66        MM        MM


SUNRISE AND SUNSET
JULY 24 2016..........SUNRISE   646 AM CDT   SUNSET   859 PM CDT
JULY 25 2016..........SUNRISE   647 AM CDT   SUNSET   858 PM CDT


-  INDICATES NEGATIVE NUMBERS.
R  INDICATES RECORD WAS SET OR TIED.
MM INDICATES DATA IS MISSING.
T  INDICATES TRACE AMOUNT.




$$
