000
CDUS42 KFFC 120817
CLIGVL


CLIMATE REPORT
NATIONAL WEATHER SERVICE PEACHTREE CITY GA
416 AM EDT SAT JUL 12 2014


...................................

...THE GAINESVILLE   CLIMATE SUMMARY FOR JULY 11 2014...

CLIMATE NORMAL PERIOD 1981 TO 2010
CLIMATE RECORD PERIOD 9999 TO 9999


WEATHER ITEM   OBSERVED TIME   RECORD YEAR NORMAL DEPARTURE LAST
                VALUE   (LST)  VALUE       VALUE  FROM      YEAR
                                                  NORMAL
..................................................................
TEMPERATURE (F)
 YESTERDAY
  MAXIMUM         90    225 PM  MM      MM  88      2       81
  MINIMUM         70   1036 PM  MM      MM  70      0       71
  AVERAGE         80                        79      1       76

PRECIPITATION (IN)
  YESTERDAY        0.58         MM      MM   0.16   0.42      T
  MONTH TO DATE    1.29                      1.69  -0.40     6.27
  SINCE JUN 1      3.05                      6.08  -3.03    12.65
  SINCE JAN 1     22.22                     29.00  -6.78    27.57

DEGREE DAYS
 COOLING
  YESTERDAY       15                        14      1       11
  MONTH TO DATE  154                       150      4      117
  SINCE JUN 1    511                       471     40      437
  SINCE JAN 1    740                       646     94      582
..................................................................


WIND (MPH)
  RESULTANT WIND SPEED   5   RESULTANT WIND DIRECTION   E (80)
  HIGHEST WIND SPEED    18   HIGHEST WIND DIRECTION    SW (240)
  HIGHEST GUST SPEED    22   HIGHEST GUST DIRECTION    SW (240)
  AVERAGE WIND SPEED     4.9


SKY COVER
  AVERAGE SKY COVER 0.3


WEATHER CONDITIONS
 THE FOLLOWING WEATHER WAS RECORDED YESTERDAY.
  THUNDERSTORM
  HEAVY RAIN
  LIGHT RAIN
  FOG


RELATIVE HUMIDITY (PERCENT)
 HIGHEST    93           300 AM
 LOWEST     47           400 PM
 AVERAGE    70

..........................................................


THE GAINESVILLE   CLIMATE NORMALS FOR TODAY
                         NORMAL    RECORD    YEAR
 MAXIMUM TEMPERATURE (F)   88        MM        MM
 MINIMUM TEMPERATURE (F)   70        MM        MM


SUNRISE AND SUNSET
JULY 12 2014..........SUNRISE   633 AM EDT   SUNSET   849 PM EDT
JULY 13 2014..........SUNRISE   633 AM EDT   SUNSET   849 PM EDT


-  INDICATES NEGATIVE NUMBERS.
R  INDICATES RECORD WAS SET OR TIED.
MM INDICATES DATA IS MISSING.
T  INDICATES TRACE AMOUNT.




$$
