000
CDUS42 KFFC 250833
CLIGVL


CLIMATE REPORT
NATIONAL WEATHER SERVICE PEACHTREE CITY GA
432 AM EDT MON SEP 25 2017


...................................

...THE GAINESVILLE   CLIMATE SUMMARY FOR SEPTEMBER 24 2017...

CLIMATE NORMAL PERIOD 1981 TO 2010
CLIMATE RECORD PERIOD 9999 TO 9999


WEATHER ITEM   OBSERVED TIME   RECORD YEAR NORMAL DEPARTURE LAST
                VALUE   (LST)  VALUE       VALUE  FROM      YEAR
                                                  NORMAL
..................................................................
TEMPERATURE (F)
 YESTERDAY
  MAXIMUM         84    253 PM  MM      MM  78      6       91
  MINIMUM         66    706 AM  MM      MM  60      6       69
  AVERAGE         75                        69      6       80

PRECIPITATION (IN)
  YESTERDAY        0.00         MM      MM   0.16  -0.16     0.00
  MONTH TO DATE    2.05                      3.74  -1.69     1.38
  SINCE SEP 1      2.05                      3.74  -1.69     1.38
  SINCE JAN 1     41.86                     39.99   1.87    27.59

DEGREE DAYS
 HEATING
  YESTERDAY        0                         1     -1        0
  MONTH TO DATE    9                         4      5        0
  SINCE SEP 1      9                         4      5        0
  SINCE JUL 1      9                         4      5        0

 COOLING
  YESTERDAY       10                         5      5       15
  MONTH TO DATE  152                       193    -41      316
  SINCE SEP 1    152                       193    -41      316
  SINCE JAN 1   1576                      1519     57     1992
..................................................................


WIND (MPH)
  RESULTANT WIND SPEED   6   RESULTANT WIND DIRECTION   E (80)
  HIGHEST WIND SPEED    14   HIGHEST WIND DIRECTION     E (90)
  HIGHEST GUST SPEED    18   HIGHEST GUST DIRECTION     E (90)
  AVERAGE WIND SPEED     6.2


SKY COVER
  AVERAGE SKY COVER 0.1


WEATHER CONDITIONS
 THE FOLLOWING WEATHER WAS RECORDED YESTERDAY.
  NO SIGNIFICANT WEATHER WAS OBSERVED.


RELATIVE HUMIDITY (PERCENT)
 HIGHEST    87           400 AM
 LOWEST     48           300 PM
 AVERAGE    68

..........................................................


THE GAINESVILLE   CLIMATE NORMALS FOR TODAY
                         NORMAL    RECORD    YEAR
 MAXIMUM TEMPERATURE (F)   78        MM        MM
 MINIMUM TEMPERATURE (F)   59        MM        MM


SUNRISE AND SUNSET
SEPTEMBER 25 2017.....SUNRISE   726 AM EDT   SUNSET   727 PM EDT
SEPTEMBER 26 2017.....SUNRISE   726 AM EDT   SUNSET   726 PM EDT


-  INDICATES NEGATIVE NUMBERS.
R  INDICATES RECORD WAS SET OR TIED.
MM INDICATES DATA IS MISSING.
T  INDICATES TRACE AMOUNT.




$$
