000
CDUS42 KFFC 230024
CLIGVL


CLIMATE REPORT
NATIONAL WEATHER SERVICE PEACHTREE CITY GA
824 PM EDT WED OCT 22 2014


...................................

...THE GAINESVILLE   CLIMATE SUMMARY FOR OCTOBER 22 2014...
VALID AS OF 0800 PM LOCAL TIME.

CLIMATE NORMAL PERIOD 1981 TO 2010
CLIMATE RECORD PERIOD 9999 TO 9999


WEATHER ITEM   OBSERVED TIME   RECORD YEAR NORMAL DEPARTURE LAST
                VALUE   (LST)  VALUE       VALUE  FROM      YEAR
                                                  NORMAL
..................................................................
TEMPERATURE (F)
 TODAY
  MAXIMUM         70    357 PM  MM      MM  70      0       70
  MINIMUM         47    713 AM  MM      MM  50     -3       54
  AVERAGE         59                        60     -1       62

PRECIPITATION (IN)
  TODAY            0.00         MM      MM   0.12  -0.12     0.02
  MONTH TO DATE    4.06                      3.10   0.96     2.30
  SINCE SEP 1      8.39                      7.78   0.61     4.16

SNOWFALL (IN)
  TODAY           MM            MM      MM  MM     MM       MM
  MONTH TO DATE    0.0                      MM     MM        0.0
  SINCE SEP 1      0.0                      MM     MM        0.0
  SINCE JUL 1      0.0                      MM     MM        0.0
  SNOW DEPTH      MM

DEGREE DAYS
 HEATING
  TODAY            6                         6      0        3
  MONTH TO DATE   70                        81    -11       38
  SINCE SEP 1     70                        94    -24       42
  SINCE JUL 1     70                        94    -24       44

 COOLING
  TODAY            0                         1     -1        0
  MONTH TO DATE   57                        35     22       55
  SINCE SEP 1    321                       250     71      273
  SINCE JAN 1   1668                      1576     92     1425
..................................................................


WIND (MPH)
  RESULTANT WIND SPEED   5   RESULTANT WIND DIRECTION  NW (330)
  HIGHEST WIND SPEED    16   HIGHEST WIND DIRECTION     N (360)
  HIGHEST GUST SPEED    20   HIGHEST GUST DIRECTION     N (360)
  AVERAGE WIND SPEED     6.7


SKY COVER
  AVERAGE SKY COVER 0.0


WEATHER CONDITIONS
 THE FOLLOWING WEATHER WAS RECORDED TODAY.
  NO SIGNIFICANT WEATHER WAS OBSERVED.


RELATIVE HUMIDITY (PERCENT)
 HIGHEST    71           100 AM
 LOWEST     26           400 PM
 AVERAGE    49

..........................................................


THE GAINESVILLE   CLIMATE NORMALS FOR TOMORROW
                         NORMAL    RECORD    YEAR
 MAXIMUM TEMPERATURE (F)   70        MM        MM
 MINIMUM TEMPERATURE (F)   50        MM        MM


SUNRISE AND SUNSET
OCTOBER 22 2014.......SUNRISE   746 AM EDT   SUNSET   653 PM EDT
OCTOBER 23 2014.......SUNRISE   747 AM EDT   SUNSET   652 PM EDT


-  INDICATES NEGATIVE NUMBERS.
R  INDICATES RECORD WAS SET OR TIED.
MM INDICATES DATA IS MISSING.
T  INDICATES TRACE AMOUNT.




$$
