000
CDUS44 KJAN 050712
CLIGWO


CLIMATE REPORT
NATIONAL WEATHER SERVICE JACKSON MS
210 AM CDT SAT SEP 5 2015


...................................

...THE GREENWOOD CLIMATE SUMMARY FOR SEPTEMBER 4 2015...

CLIMATE NORMAL PERIOD 1981 TO 2010
CLIMATE RECORD PERIOD 1948 TO 2015


WEATHER ITEM   OBSERVED TIME   RECORD YEAR NORMAL DEPARTURE LAST
                VALUE   (LST)  VALUE       VALUE  FROM      YEAR
                                                  NORMAL
..................................................................
TEMPERATURE (F)
 YESTERDAY
  MAXIMUM         97    416 PM 102    2000  90      7       95
                                      1990
  MINIMUM         70    526 AM  48    1974  67      3       72
  AVERAGE         84                        79      5       84

PRECIPITATION (IN)
  YESTERDAY        0.00          1.48 1966   0.11  -0.11     0.00
  MONTH TO DATE    T                         0.44  -0.44     0.29
  SINCE SEP 1      T                         0.44  -0.44     0.29
  SINCE JAN 1     34.06                     34.51  -0.45    41.05

SNOWFALL (IN)
  YESTERDAY        0.0

DEGREE DAYS
 HEATING
  YESTERDAY        0                         0      0        0
  MONTH TO DATE    0                         0      0        0
  SINCE SEP 1      0                         0      0        0
  SINCE JUL 1      0                         0      0        0

 COOLING
  YESTERDAY       19                        13      6       19
  MONTH TO DATE   69                        55     14       66
  SINCE SEP 1     69                        55     14       66
  SINCE JAN 1   1918                      1797    121     1622
..................................................................


WIND (MPH)
  HIGHEST WIND SPEED     9   HIGHEST WIND DIRECTION     E (90)
  HIGHEST GUST SPEED    14   HIGHEST GUST DIRECTION    NE (50)
  AVERAGE WIND SPEED     3.7


SKY COVER
  POSSIBLE SUNSHINE  MM
  AVERAGE SKY COVER 0.0


WEATHER CONDITIONS
 THE FOLLOWING WEATHER WAS RECORDED YESTERDAY.
  NO SIGNIFICANT WEATHER WAS OBSERVED.


RELATIVE HUMIDITY (PERCENT)
 HIGHEST    90           600 AM
 LOWEST     33           200 PM
 AVERAGE    62

..........................................................


THE GREENWOOD CLIMATE NORMALS FOR TODAY
                         NORMAL    RECORD    YEAR
 MAXIMUM TEMPERATURE (F)   90       102      1990
 MINIMUM TEMPERATURE (F)   66        50      2010


SUNRISE AND SUNSET
SEPTEMBER  5 2015.....SUNRISE   637 AM CDT   SUNSET   721 PM CDT
SEPTEMBER  6 2015.....SUNRISE   638 AM CDT   SUNSET   719 PM CDT


-  INDICATES NEGATIVE NUMBERS.
R  INDICATES RECORD WAS SET OR TIED.
MM INDICATES DATA IS MISSING.
T  INDICATES TRACE AMOUNT.




$$
