000
CDUS44 KJAN 200636
CLIGWO


CLIMATE REPORT
NATIONAL WEATHER SERVICE JACKSON MS
133 AM CDT SUN AUG 20 2017


...................................

...THE GREENWOOD CLIMATE SUMMARY FOR AUGUST 19 2017...

CLIMATE NORMAL PERIOD 1981 TO 2010
CLIMATE RECORD PERIOD 1948 TO 2017


WEATHER ITEM   OBSERVED TIME   RECORD YEAR NORMAL DEPARTURE LAST
                VALUE   (LST)  VALUE       VALUE  FROM      YEAR
                                                  NORMAL
..................................................................
TEMPERATURE (F)
 YESTERDAY
  MAXIMUM         96    409 PM 102    1999  92      4       88
  MINIMUM         74    555 AM  64    1992  70      4       73
  AVERAGE         85                        81      4       81

PRECIPITATION (IN)
  YESTERDAY        0.00          1.12 1960   0.10  -0.10     0.20
  MONTH TO DATE    5.03                      1.68   3.35     3.59
  SINCE JUN 1     13.14                      9.59   3.55    10.28
  SINCE JAN 1     34.58                     32.92   1.66    36.07

SNOWFALL (IN)
  YESTERDAY        0.0

DEGREE DAYS
 HEATING
  YESTERDAY        0                         0      0        0
  MONTH TO DATE    0                         0      0        0
  SINCE JUN 1      0                         0      0        0
  SINCE JUL 1      0                         0      0        0

 COOLING
  YESTERDAY       20                        16      4       16
  MONTH TO DATE  302                       304     -2      353
  SINCE JUN 1   1221                      1222     -1     1393
  SINCE JAN 1   1665                      1552    113     1722
..................................................................


WIND (MPH)
  HIGHEST WIND SPEED     9   HIGHEST WIND DIRECTION     N (350)
  HIGHEST GUST SPEED    11   HIGHEST GUST DIRECTION     N (360)
  AVERAGE WIND SPEED     2.6


SKY COVER
  POSSIBLE SUNSHINE  MM
  AVERAGE SKY COVER 0.1


WEATHER CONDITIONS
 THE FOLLOWING WEATHER WAS RECORDED YESTERDAY.
  FOG


RELATIVE HUMIDITY (PERCENT)
 HIGHEST   100           600 AM
 LOWEST     45           400 PM
 AVERAGE    73

..........................................................


THE GREENWOOD CLIMATE NORMALS FOR TODAY
                         NORMAL    RECORD    YEAR
 MAXIMUM TEMPERATURE (F)   92       102      2006
 MINIMUM TEMPERATURE (F)   70        62      1991


SUNRISE AND SUNSET
AUGUST 20 2017........SUNRISE   626 AM CDT   SUNSET   740 PM CDT
AUGUST 21 2017........SUNRISE   627 AM CDT   SUNSET   739 PM CDT


-  INDICATES NEGATIVE NUMBERS.
R  INDICATES RECORD WAS SET OR TIED.
MM INDICATES DATA IS MISSING.
T  INDICATES TRACE AMOUNT.




$$
