000
CDUS44 KJAN 300822
CLIGWO


CLIMATE REPORT
NATIONAL WEATHER SERVICE JACKSON MS
321 AM CDT SAT APR 30 2016


...................................

...THE GREENWOOD CLIMATE SUMMARY FOR APRIL 29 2016...

CLIMATE NORMAL PERIOD 1981 TO 2010
CLIMATE RECORD PERIOD 1948 TO 2016


WEATHER ITEM   OBSERVED TIME   RECORD YEAR NORMAL DEPARTURE LAST
                VALUE   (LST)  VALUE       VALUE  FROM      YEAR
                                                  NORMAL
..................................................................
TEMPERATURE (F)
 YESTERDAY
  MAXIMUM         80   1140 AM  90    1962  79      1       74
  MINIMUM         65    357 AM  43    1973  56      9       52
  AVERAGE         73                        67      6       63

PRECIPITATION (IN)
  YESTERDAY        0.35          4.64 1953   0.16   0.19     0.00
  MONTH TO DATE    3.88                      4.96  -1.08     6.40
  SINCE MAR 1     16.38                      9.27   7.11    11.54
  SINCE JAN 1     23.83                     18.21   5.62    20.93

SNOWFALL (IN)
  YESTERDAY        0.0

DEGREE DAYS
 HEATING
  YESTERDAY        0                         2     -2        2
  MONTH TO DATE   62                       122    -60       60
  SINCE MAR 1    252                       438   -186      333
  SINCE JUL 1   1913                      2669   -756     2854

 COOLING
  YESTERDAY        8                         4      4        0
  MONTH TO DATE   77                        72      5      102
  SINCE MAR 1    116                        93     23      111
  SINCE JAN 1    124                        98     26      111
..................................................................


WIND (MPH)
  HIGHEST WIND SPEED    20   HIGHEST WIND DIRECTION     E (90)
  HIGHEST GUST SPEED    26   HIGHEST GUST DIRECTION    SE (140)
  AVERAGE WIND SPEED     8.0


SKY COVER
  POSSIBLE SUNSHINE  MM
  AVERAGE SKY COVER 0.5


WEATHER CONDITIONS
 THE FOLLOWING WEATHER WAS RECORDED YESTERDAY.
  THUNDERSTORM
  HEAVY RAIN
  RAIN
  LIGHT RAIN
  FOG


RELATIVE HUMIDITY (PERCENT)
 HIGHEST    93           900 PM
 LOWEST     69          1100 AM
 AVERAGE    81

..........................................................


THE GREENWOOD CLIMATE NORMALS FOR TODAY
                         NORMAL    RECORD    YEAR
 MAXIMUM TEMPERATURE (F)   79        92      1987
 MINIMUM TEMPERATURE (F)   56        44      1996


SUNRISE AND SUNSET
APRIL 30 2016.........SUNRISE   612 AM CDT   SUNSET   743 PM CDT
MAY  1 2016...........SUNRISE   611 AM CDT   SUNSET   744 PM CDT


-  INDICATES NEGATIVE NUMBERS.
R  INDICATES RECORD WAS SET OR TIED.
MM INDICATES DATA IS MISSING.
T  INDICATES TRACE AMOUNT.




$$
