000
CDUS44 KJAN 220649
CLIGWO


CLIMATE REPORT
NATIONAL WEATHER SERVICE JACKSON MS
1241 AM CST THU FEB 22 2018


...................................

...THE GREENWOOD CLIMATE SUMMARY FOR FEBRUARY 21 2018...

CLIMATE NORMAL PERIOD 1981 TO 2010
CLIMATE RECORD PERIOD 1948 TO 2018


WEATHER ITEM   OBSERVED TIME   RECORD YEAR NORMAL DEPARTURE LAST
                VALUE   (LST)  VALUE       VALUE  FROM      YEAR
                                                  NORMAL
..................................................................
TEMPERATURE (F)
 YESTERDAY
  MAXIMUM         81R  1005 AM  78    1996  60     21       70
  MINIMUM         57    836 PM  23    1968  38     19       53
                                      1959
  AVERAGE         69                        49     20       62

PRECIPITATION (IN)
  YESTERDAY        1.61          2.17 2003   0.15   1.46     0.49
  MONTH TO DATE    7.81                      3.32   4.49     2.64
  SINCE DEC 1     15.90                     13.49   2.41    11.56
  SINCE JAN 1     10.62                      7.84   2.78     6.87

SNOWFALL (IN)
  YESTERDAY        0.0

DEGREE DAYS
 HEATING
  YESTERDAY        0                        16    -16        3
  MONTH TO DATE  263                       388   -125      203
  SINCE DEC 1   1614                      1659    -45     1143
  SINCE JUL 1   2028                      2127    -99     1435

 COOLING
  YESTERDAY        4                         0      4        0
  MONTH TO DATE   26                         0     26       14
  SINCE DEC 1     31                         7     24       37
  SINCE JAN 1     26                         2     24       24
..................................................................


WIND (MPH)
  HIGHEST WIND SPEED    23   HIGHEST WIND DIRECTION    NE (30)
  HIGHEST GUST SPEED    30   HIGHEST GUST DIRECTION     S (180)
  AVERAGE WIND SPEED    13.2


SKY COVER
  POSSIBLE SUNSHINE  MM
  AVERAGE SKY COVER 0.7


WEATHER CONDITIONS
 THE FOLLOWING WEATHER WAS RECORDED YESTERDAY.
  THUNDERSTORM
  HEAVY RAIN
  RAIN
  LIGHT RAIN
  FOG


RELATIVE HUMIDITY (PERCENT)
 HIGHEST   100           600 PM
 LOWEST     67          1000 AM
 AVERAGE    84

..........................................................


THE GREENWOOD CLIMATE NORMALS FOR TODAY
                         NORMAL    RECORD    YEAR
 MAXIMUM TEMPERATURE (F)   60        76      2007
 MINIMUM TEMPERATURE (F)   39        16      1963


SUNRISE AND SUNSET
FEBRUARY 22 2018......SUNRISE   637 AM CST   SUNSET   551 PM CST
FEBRUARY 23 2018......SUNRISE   636 AM CST   SUNSET   552 PM CST


-  INDICATES NEGATIVE NUMBERS.
R  INDICATES RECORD WAS SET OR TIED.
MM INDICATES DATA IS MISSING.
T  INDICATES TRACE AMOUNT.




$$
