000
CDUS44 KJAN 272219
CLIGWO


CLIMATE REPORT
NATIONAL WEATHER SERVICE JACKSON MS
410 PM CST TUE JAN 27 2015


...................................

...THE GREENWOOD CLIMATE SUMMARY FOR JANUARY 27 2015...
VALID TODAY AS OF 0400 PM LOCAL TIME.

CLIMATE NORMAL PERIOD 1981 TO 2010
CLIMATE RECORD PERIOD 1948 TO 2015


WEATHER ITEM   OBSERVED TIME   RECORD YEAR NORMAL DEPARTURE LAST
                VALUE   (LST)  VALUE       VALUE  FROM      YEAR
                                                  NORMAL
..................................................................
TEMPERATURE (F)
 TODAY
  MAXIMUM         61    325 PM  78    1975  54      7       47
  MINIMUM         33    713 AM  15    1963  33      0       25
  AVERAGE         47                        44      3       36

PRECIPITATION (IN)
  TODAY            0.00          1.91 1952   0.15  -0.15     0.00
  MONTH TO DATE    4.44                      3.89   0.55     1.57
  SINCE DEC 1      9.96                      9.54   0.42     6.26
  SINCE JAN 1      4.44                      3.89   0.55     1.57

SNOWFALL (IN)
  TODAY            0.0

DEGREE DAYS
 HEATING
  TODAY           18                        21     -3       29
  MONTH TO DATE  637                       591     46      722
  SINCE DEC 1   1149                      1189    -40     1366
  SINCE JUL 1   1737                      1657     80     1933

 COOLING
  TODAY            0                         0      0        0
  MONTH TO DATE    0                         0      0        0
  SINCE DEC 1      1                         5     -4       11
  SINCE JAN 1      0                         0      0        0
..................................................................


WIND (MPH)
  HIGHEST WIND SPEED    15   HIGHEST WIND DIRECTION     N (20)
  HIGHEST GUST SPEED    19   HIGHEST GUST DIRECTION     N (20)
  AVERAGE WIND SPEED     4.5


SKY COVER
  POSSIBLE SUNSHINE  MM
  AVERAGE SKY COVER 0.0


WEATHER CONDITIONS
 THE FOLLOWING WEATHER WAS RECORDED TODAY.
  NO SIGNIFICANT WEATHER WAS OBSERVED.


RELATIVE HUMIDITY (PERCENT)
 HIGHEST    96           700 AM
 LOWEST     36           300 PM
 AVERAGE    66

..........................................................


THE GREENWOOD CLIMATE NORMALS FOR TOMORROW
                         NORMAL    RECORD    YEAR
 MAXIMUM TEMPERATURE (F)   54        78      1975
 MINIMUM TEMPERATURE (F)   34        12      1963


SUNRISE AND SUNSET
JANUARY 27 2015.......SUNRISE   700 AM CST   SUNSET   527 PM CST
JANUARY 28 2015.......SUNRISE   659 AM CST   SUNSET   528 PM CST


-  INDICATES NEGATIVE NUMBERS.
R  INDICATES RECORD WAS SET OR TIED.
MM INDICATES DATA IS MISSING.
T  INDICATES TRACE AMOUNT.




$$
