000
CDUS44 KJAN 270757
CLIGWO


CLIMATE REPORT
NATIONAL WEATHER SERVICE JACKSON MS
251 AM CDT WED MAY 27 2015


...................................

...THE GREENWOOD CLIMATE SUMMARY FOR MAY 26 2015...

CLIMATE NORMAL PERIOD 1981 TO 2010
CLIMATE RECORD PERIOD 1948 TO 2015


WEATHER ITEM   OBSERVED TIME   RECORD YEAR NORMAL DEPARTURE LAST
                VALUE   (LST)  VALUE       VALUE  FROM      YEAR
                                                  NORMAL
..................................................................
TEMPERATURE (F)
 YESTERDAY
  MAXIMUM         83    319 PM  96    1953  85     -2       88
  MINIMUM         63    149 AM  48    1988  64     -1       63
  AVERAGE         73                        75     -2       76

PRECIPITATION (IN)
  YESTERDAY        0.41          1.18 1974   0.15   0.26     0.00
  MONTH TO DATE    5.20                      4.23   0.97     0.89
  SINCE MAR 1     16.74                     13.67   3.07    14.59
  SINCE JAN 1     26.13                     22.61   3.52    20.87

SNOWFALL (IN)
  YESTERDAY        0.0

DEGREE DAYS
 HEATING
  YESTERDAY        0                         0      0        0
  MONTH TO DATE   14                        15     -1       34
  SINCE MAR 1    348                       455   -107      617
  SINCE JUL 1   2869                      2686    183     3271

 COOLING
  YESTERDAY        8                        10     -2       11
  MONTH TO DATE  202                       176     26      178
  SINCE MAR 1    313                       273     40      241
  SINCE JAN 1    313                       278     35      241
..................................................................


WIND (MPH)
  HIGHEST WIND SPEED    20   HIGHEST WIND DIRECTION     W (250)
  HIGHEST GUST SPEED    30   HIGHEST GUST DIRECTION     W (290)
  AVERAGE WIND SPEED     5.8


SKY COVER
  POSSIBLE SUNSHINE  MM
  AVERAGE SKY COVER 0.2


WEATHER CONDITIONS
 THE FOLLOWING WEATHER WAS RECORDED YESTERDAY.
  HEAVY RAIN
  RAIN
  LIGHT RAIN
  FOG


RELATIVE HUMIDITY (PERCENT)
 HIGHEST    93          1000 PM
 LOWEST     55           200 PM
 AVERAGE    74

..........................................................


THE GREENWOOD CLIMATE NORMALS FOR TODAY
                         NORMAL    RECORD    YEAR
 MAXIMUM TEMPERATURE (F)   86        98      1953
 MINIMUM TEMPERATURE (F)   64        46      1961


SUNRISE AND SUNSET
MAY 27 2015...........SUNRISE   553 AM CDT   SUNSET   802 PM CDT
MAY 28 2015...........SUNRISE   553 AM CDT   SUNSET   803 PM CDT


-  INDICATES NEGATIVE NUMBERS.
R  INDICATES RECORD WAS SET OR TIED.
MM INDICATES DATA IS MISSING.
T  INDICATES TRACE AMOUNT.




$$
