000
CDUS44 KJAN 220632
CLIGWO


CLIMATE REPORT
NATIONAL WEATHER SERVICE JACKSON MS
1231 AM CST WED FEB 22 2017


...................................

...THE GREENWOOD CLIMATE SUMMARY FOR FEBRUARY 21 2017...

CLIMATE NORMAL PERIOD 1981 TO 2010
CLIMATE RECORD PERIOD 1948 TO 2017


WEATHER ITEM   OBSERVED TIME   RECORD YEAR NORMAL DEPARTURE LAST
                VALUE   (LST)  VALUE       VALUE  FROM      YEAR
                                                  NORMAL
..................................................................
TEMPERATURE (F)
 YESTERDAY
  MAXIMUM         70   1206 AM  78    1996  60     10       71
  MINIMUM         53   1108 PM  23    1968  38     15       61
                                      1959
  AVERAGE         62                        49     13       66

PRECIPITATION (IN)
  YESTERDAY        0.49          2.17 2003   0.15   0.34     0.01
  MONTH TO DATE    2.64                      3.32  -0.68     1.81
  SINCE DEC 1     11.56                     13.49  -1.93    10.09
  SINCE JAN 1      6.87                      7.84  -0.97     4.99

SNOWFALL (IN)
  YESTERDAY        0.0

DEGREE DAYS
 HEATING
  YESTERDAY        3                        16    -13        0
  MONTH TO DATE  203                       388   -185      329
  SINCE DEC 1   1143                      1659   -516     1324
  SINCE JUL 1   1435                      2127   -692     1552

 COOLING
  YESTERDAY        0                         0      0        1
  MONTH TO DATE   14                         0     14        7
  SINCE DEC 1     37                         7     30       73
  SINCE JAN 1     24                         2     22        8
..................................................................


WIND (MPH)
  HIGHEST WIND SPEED    14   HIGHEST WIND DIRECTION    SW (230)
  HIGHEST GUST SPEED    21   HIGHEST GUST DIRECTION    SW (240)
  AVERAGE WIND SPEED     4.5


SKY COVER
  POSSIBLE SUNSHINE  MM
  AVERAGE SKY COVER 0.8


WEATHER CONDITIONS
 THE FOLLOWING WEATHER WAS RECORDED YESTERDAY.
  RAIN
  LIGHT RAIN
  FOG


RELATIVE HUMIDITY (PERCENT)
 HIGHEST    93          1000 PM
 LOWEST     51          1200 AM
 AVERAGE    72

..........................................................


THE GREENWOOD CLIMATE NORMALS FOR TODAY
                         NORMAL    RECORD    YEAR
 MAXIMUM TEMPERATURE (F)   60        76      2007
 MINIMUM TEMPERATURE (F)   39        16      1963


SUNRISE AND SUNSET
FEBRUARY 22 2017......SUNRISE   636 AM CST   SUNSET   551 PM CST
FEBRUARY 23 2017......SUNRISE   635 AM CST   SUNSET   552 PM CST


-  INDICATES NEGATIVE NUMBERS.
R  INDICATES RECORD WAS SET OR TIED.
MM INDICATES DATA IS MISSING.
T  INDICATES TRACE AMOUNT.




$$
