000
CDUS41 KGYX 090906
CLIGYX


CLIMATE REPORT
NATIONAL WEATHER SERVICE GRAY ME
405 AM EST TUE FEB 9 2016


...................................

...THE GRAY ME CLIMATE SUMMARY FOR FEBRUARY 8 2016...

CLIMATE NORMAL PERIOD 1981 TO 2010
CLIMATE RECORD PERIOD 1995 TO 2016


WEATHER ITEM   OBSERVED TIME   RECORD YEAR NORMAL DEPARTURE LAST
                VALUE   (LST)  VALUE       VALUE  FROM      YEAR
                                                  NORMAL
..................................................................
TEMPERATURE (F)
 YESTERDAY
  MAXIMUM         24        MM  MM      MM  32     -8       17
  MINIMUM         12        MM  MM      MM  14     -2        4
  AVERAGE         18                        23     -5       11

PRECIPITATION (IN)
  YESTERDAY        0.31         MM      MM   0.11   0.20     0.25
  MONTH TO DATE    1.75                      0.85   0.90     1.17
  SINCE DEC 1     10.04                      8.44   1.60    11.30
  SINCE JAN 1      5.48                      4.38   1.10     5.10

SNOWFALL (IN)
  YESTERDAY        3.7          MM      MM   0.6    3.1      2.7
  MONTH TO DATE   10.3                       4.5    5.8     14.5
  SINCE DEC 1     31.4                      44.0  -12.6     66.8
  SINCE JUL 1     31.6                      47.1  -15.5     81.8
  SNOW DEPTH       5

DEGREE DAYS
 HEATING
  YESTERDAY       47                        42      5       54
  MONTH TO DATE  252                       343    -91      430
  SINCE DEC 1   2379                      2876   -497     2979
  SINCE JUL 1   3678                      4373   -695     4429

 COOLING
  YESTERDAY        0                         0      0        0
  MONTH TO DATE    0                         0      0        0
  SINCE DEC 1      0                         0      0        0
  SINCE JAN 1      0                         0      0        0
..................................................................







THE GRAY ME CLIMATE NORMALS FOR TODAY
                         NORMAL
 MAXIMUM TEMPERATURE (F)   32
 MINIMUM TEMPERATURE (F)   14


SUNRISE AND SUNSET
FEBRUARY  9 2016......SUNRISE   649 AM EST   SUNSET   502 PM EST
FEBRUARY 10 2016......SUNRISE   648 AM EST   SUNSET   503 PM EST


-  INDICATES NEGATIVE NUMBERS.
R  INDICATES RECORD WAS SET OR TIED.
MM INDICATES DATA IS MISSING.
T  INDICATES TRACE AMOUNT.




$$
