000
CDUS41 KGYX 171015
CLIGYX


CLIMATE REPORT
NATIONAL WEATHER SERVICE GRAY ME
514 AM EST SUN DEC 17 2017


...................................

...THE GRAY ME CLIMATE SUMMARY FOR DECEMBER 16 2017...

CLIMATE NORMAL PERIOD 1981 TO 2010
CLIMATE RECORD PERIOD 1995 TO 2017


WEATHER ITEM   OBSERVED TIME   RECORD YEAR NORMAL DEPARTURE LAST
                VALUE   (LST)  VALUE       VALUE  FROM      YEAR
                                                  NORMAL
..................................................................
TEMPERATURE (F)
 YESTERDAY
  MAXIMUM         28        MM  MM      MM  35     -7        4
  MINIMUM         11        MM  MM      MM  20     -9       -6
  AVERAGE         20                        27     -7       -1

PRECIPITATION (IN)
  YESTERDAY        T            MM      MM   0.12  -0.12     0.00
  MONTH TO DATE    1.85                      2.24  -0.39     1.93
  SINCE DEC 1      1.85                      2.24  -0.39     1.93
  SINCE JAN 1     40.39                     48.40  -8.01    44.30

SNOWFALL (IN)
  YESTERDAY        0.2          MM      MM   0.6   -0.4      0.0
  MONTH TO DATE    8.4                       8.0    0.4      9.9
  SINCE DEC 1      8.4                       8.0    0.4      9.9
  SINCE JUL 1      9.6                      11.1   -1.5     11.2
  SNOW DEPTH       6

DEGREE DAYS
 HEATING
  YESTERDAY       45                        38      7       66
  MONTH TO DATE  572                       566      6      625
  SINCE DEC 1    572                       566      6      625
  SINCE JUL 1   1765                      2063   -298     1904

 COOLING
  YESTERDAY        0                         0      0        0
  MONTH TO DATE    0                         0      0        0
  SINCE DEC 1      0                         0      0        0
  SINCE JAN 1    531                       389    142      607
..................................................................







THE GRAY ME CLIMATE NORMALS FOR TODAY
                         NORMAL
 MAXIMUM TEMPERATURE (F)   34
 MINIMUM TEMPERATURE (F)   19


SUNRISE AND SUNSET
DECEMBER 17 2017......SUNRISE   710 AM EST   SUNSET   405 PM EST
DECEMBER 18 2017......SUNRISE   711 AM EST   SUNSET   405 PM EST


-  INDICATES NEGATIVE NUMBERS.
R  INDICATES RECORD WAS SET OR TIED.
MM INDICATES DATA IS MISSING.
T  INDICATES TRACE AMOUNT.




$$
