000
CDUS41 KGYX 300820
CLIGYX


CLIMATE REPORT
NATIONAL WEATHER SERVICE GRAY ME
420 AM EDT THU MAR 30 2017


...................................

...THE GRAY ME CLIMATE SUMMARY FOR MARCH 29 2017...

CLIMATE NORMAL PERIOD 1981 TO 2010
CLIMATE RECORD PERIOD 1995 TO 2017


WEATHER ITEM   OBSERVED TIME   RECORD YEAR NORMAL DEPARTURE LAST
                VALUE   (LST)  VALUE       VALUE  FROM      YEAR
                                                  NORMAL
..................................................................
TEMPERATURE (F)
 YESTERDAY
  MAXIMUM         44        MM  MM      MM  46     -2       42
  MINIMUM         33        MM  MM      MM  28      5       33
  AVERAGE         39                        37      2       38

PRECIPITATION (IN)
  YESTERDAY        0.00         MM      MM   0.13  -0.13     0.08
  MONTH TO DATE    2.51                      3.90  -1.39     4.54
  SINCE MAR 1      2.51                      3.90  -1.39     4.54
  SINCE JAN 1      9.19                     10.74  -1.55    12.80

SNOWFALL (IN)
  YESTERDAY        0.0          MM      MM   0.5   -0.5      0.0
  MONTH TO DATE   19.3                      19.1    0.2      9.3
  SINCE MAR 1     19.3                      19.1    0.2      9.3
  SINCE JUL 1    109.1                      78.2   30.9     46.6
  SNOW DEPTH       7

DEGREE DAYS
 HEATING
  YESTERDAY       26                        28     -2       27
  MONTH TO DATE 1105                       938    167      861
  SINCE MAR 1   1105                       938    167      861
  SINCE JUL 1   5799                      6096   -297     5381

 COOLING
  YESTERDAY        0                         0      0        0
  MONTH TO DATE    0                         0      0        0
  SINCE MAR 1      0                         0      0        0
  SINCE JAN 1      0                         0      0        0
..................................................................







THE GRAY ME CLIMATE NORMALS FOR TODAY
                         NORMAL
 MAXIMUM TEMPERATURE (F)   47
 MINIMUM TEMPERATURE (F)   28


SUNRISE AND SUNSET
MARCH 30 2017.........SUNRISE   626 AM EDT   SUNSET   706 PM EDT
MARCH 31 2017.........SUNRISE   624 AM EDT   SUNSET   707 PM EDT


-  INDICATES NEGATIVE NUMBERS.
R  INDICATES RECORD WAS SET OR TIED.
MM INDICATES DATA IS MISSING.
T  INDICATES TRACE AMOUNT.




$$
