000
CDUS41 KGYX 290814
CLIGYX


CLIMATE REPORT
NATIONAL WEATHER SERVICE GRAY ME
414 AM EDT SUN MAY 29 2016


...................................

...THE GRAY ME CLIMATE SUMMARY FOR MAY 28 2016...

CLIMATE NORMAL PERIOD 1981 TO 2010
CLIMATE RECORD PERIOD 1995 TO 2016


WEATHER ITEM   OBSERVED TIME   RECORD YEAR NORMAL DEPARTURE LAST
                VALUE   (LST)  VALUE       VALUE  FROM      YEAR
                                                  NORMAL
..................................................................
TEMPERATURE (F)
 YESTERDAY
  MAXIMUM         92        MM  MM      MM  69     23       83
  MINIMUM         50        MM  MM      MM  48      2       61
  AVERAGE         71                        58     13       72

PRECIPITATION (IN)
  YESTERDAY        0.00         MM      MM   0.12  -0.12     0.61
  MONTH TO DATE    1.93                      3.48  -1.55     1.45
  SINCE MAR 1      9.28                     12.03  -2.75     6.46
  SINCE JAN 1     17.54                     18.87  -1.33    12.43

SNOWFALL (IN)
  YESTERDAY        0.0          MM      MM   0.0    0.0       T
  MONTH TO DATE    0.0                       0.2   -0.2       T
  SINCE MAR 1     14.5                      24.9  -10.4      8.2
  SINCE JUL 1     51.8                      84.0  -32.2    107.3
  SNOW DEPTH       0

DEGREE DAYS
 HEATING
  YESTERDAY        0                         7     -7        0
  MONTH TO DATE  283                       303    -20      209
  SINCE MAR 1   1846                      1920    -74     1987
  SINCE JUL 1   6366                      7078   -712     7463

 COOLING
  YESTERDAY        6                         1      5        7
  MONTH TO DATE   14                         4     10       36
  SINCE MAR 1     14                         5      9       36
  SINCE JAN 1     14                         5      9       36
..................................................................







THE GRAY ME CLIMATE NORMALS FOR TODAY
                         NORMAL
 MAXIMUM TEMPERATURE (F)   69
 MINIMUM TEMPERATURE (F)   48


SUNRISE AND SUNSET
MAY 29 2016...........SUNRISE   503 AM EDT   SUNSET   814 PM EDT
MAY 30 2016...........SUNRISE   502 AM EDT   SUNSET   815 PM EDT


-  INDICATES NEGATIVE NUMBERS.
R  INDICATES RECORD WAS SET OR TIED.
MM INDICATES DATA IS MISSING.
T  INDICATES TRACE AMOUNT.




$$
