000
CDUS44 KJAN 202107
CLIHBG


CLIMATE REPORT
NATIONAL WEATHER SERVICE JACKSON MS
406 PM CDT SAT SEP 20 2014


...................................

...THE HATTIESBURG CLIMATE SUMMARY FOR SEPTEMBER 20 2014...
VALID TODAY AS OF 0400 PM LOCAL TIME.

CLIMATE NORMAL PERIOD 1981 TO 2010
CLIMATE RECORD PERIOD 1948 TO 2014


WEATHER ITEM   OBSERVED TIME   RECORD YEAR NORMAL DEPARTURE LAST
                VALUE   (LST)  VALUE       VALUE  FROM      YEAR
                                                  NORMAL
..................................................................
TEMPERATURE (F)
 TODAY
  MAXIMUM         89    259 PM  98    1972  87      2       90
                                      1955
  MINIMUM         67    617 AM  45    1981  65      2       71
  AVERAGE         78                        76      2       81

PRECIPITATION (IN)
  TODAY            0.00          1.58 1949   0.13  -0.13     0.21
  MONTH TO DATE    5.42                      2.85   2.57     2.34
  SINCE SEP 1      5.42                      2.85   2.57     2.34
  SINCE JAN 1     42.70                     45.01  -2.31    54.51

SNOWFALL (IN)
  TODAY            0.0

DEGREE DAYS
 HEATING
  TODAY            0                         0      0        0
  MONTH TO DATE    0                         0      0        0
  SINCE SEP 1      0                         0      0        0
  SINCE JUL 1      0                         0      0        0

 COOLING
  TODAY           13                        11      2       16
  MONTH TO DATE  331                       265     66      329
  SINCE SEP 1    331                       265     66      329
  SINCE JAN 1   2210                      2136     74     2108
..................................................................


WIND (MPH)
  HIGHEST WIND SPEED    13   HIGHEST WIND DIRECTION     E (110)
  HIGHEST GUST SPEED    18   HIGHEST GUST DIRECTION     E (100)
  AVERAGE WIND SPEED     3.5


SKY COVER
  POSSIBLE SUNSHINE  MM
  AVERAGE SKY COVER 0.0


WEATHER CONDITIONS
 THE FOLLOWING WEATHER WAS RECORDED TODAY.
  FOG


RELATIVE HUMIDITY (PERCENT)
 HIGHEST   100           600 AM
 LOWEST     50           200 PM
 AVERAGE    75

..........................................................


THE HATTIESBURG CLIMATE NORMALS FOR TOMORROW
                         NORMAL    RECORD    YEAR
 MAXIMUM TEMPERATURE (F)   86       102      1997
 MINIMUM TEMPERATURE (F)   64        48      1962


SUNRISE AND SUNSET
SEPTEMBER 20 2014.....SUNRISE   644 AM CDT   SUNSET   656 PM CDT
SEPTEMBER 21 2014.....SUNRISE   645 AM CDT   SUNSET   655 PM CDT


-  INDICATES NEGATIVE NUMBERS.
R  INDICATES RECORD WAS SET OR TIED.
MM INDICATES DATA IS MISSING.
T  INDICATES TRACE AMOUNT.




$$
