000
CDUS44 KJAN 242209
CLIHBG


CLIMATE REPORT
NATIONAL WEATHER SERVICE JACKSON MS
407 PM CST FRI NOV 24 2017


...................................

...THE HATTIESBURG CLIMATE SUMMARY FOR NOVEMBER 24 2017...
VALID TODAY AS OF 0400 PM LOCAL TIME.

CLIMATE NORMAL PERIOD 1981 TO 2010
CLIMATE RECORD PERIOD 1948 TO 2017


WEATHER ITEM   OBSERVED TIME   RECORD YEAR NORMAL DEPARTURE LAST
                VALUE   (LST)  VALUE       VALUE  FROM      YEAR
                                                  NORMAL
..................................................................
TEMPERATURE (F)
 TODAY
  MAXIMUM         67    320 PM  82    1973  67      0       78
  MINIMUM         30    646 AM  22    1970  43    -13       49
  AVERAGE         49                        55     -6       64

PRECIPITATION (IN)
  TODAY            0.00          2.48 1979   0.15  -0.15     0.00
  MONTH TO DATE    0.58                      3.27  -2.69     0.10
  SINCE SEP 1      5.50                     11.10  -5.60     4.29
  SINCE JAN 1     61.92                     53.26   8.66    55.30

SNOWFALL (IN)
  TODAY            0.0

DEGREE DAYS
 HEATING
  TODAY           16                        11      5        1
  MONTH TO DATE  162                       183    -21      129
  SINCE SEP 1    246                       258    -12      148
  SINCE JUL 1    246                       258    -12      148

 COOLING
  TODAY            0                         1     -1        0
  MONTH TO DATE   50                        28     22       24
  SINCE SEP 1    599                       519     80      688
  SINCE JAN 1   2544                      2390    154     2802
..................................................................


WIND (MPH)
  HIGHEST WIND SPEED     6   HIGHEST WIND DIRECTION    NW (300)
  HIGHEST GUST SPEED     9   HIGHEST GUST DIRECTION     N (20)
  AVERAGE WIND SPEED     0.4


SKY COVER
  POSSIBLE SUNSHINE  MM
  AVERAGE SKY COVER 0.0


WEATHER CONDITIONS
 THE FOLLOWING WEATHER WAS RECORDED TODAY.
  NO SIGNIFICANT WEATHER WAS OBSERVED.


RELATIVE HUMIDITY (PERCENT)
 HIGHEST   100          1200 AM
 LOWEST     24           200 PM
 AVERAGE    62

..........................................................


THE HATTIESBURG CLIMATE NORMALS FOR TOMORROW
                         NORMAL    RECORD    YEAR
 MAXIMUM TEMPERATURE (F)   67        82      1978
                                             1951
 MINIMUM TEMPERATURE (F)   43        18      1950


SUNRISE AND SUNSET
NOVEMBER 24 2017......SUNRISE   632 AM CST   SUNSET   455 PM CST
NOVEMBER 25 2017......SUNRISE   633 AM CST   SUNSET   455 PM CST


-  INDICATES NEGATIVE NUMBERS.
R  INDICATES RECORD WAS SET OR TIED.
MM INDICATES DATA IS MISSING.
T  INDICATES TRACE AMOUNT.




$$
