000
CDUS44 KJAN 230753
CLIHBG


CLIMATE REPORT
NATIONAL WEATHER SERVICE JACKSON MS
252 AM CDT WED JUL 23 2014


...................................

...THE HATTIESBURG CLIMATE SUMMARY FOR JULY 22 2014...

CLIMATE NORMAL PERIOD 1981 TO 2010
CLIMATE RECORD PERIOD 1948 TO 2014


WEATHER ITEM   OBSERVED TIME   RECORD YEAR NORMAL DEPARTURE LAST
                VALUE   (LST)  VALUE       VALUE  FROM      YEAR
                                                  NORMAL
..................................................................
TEMPERATURE (F)
 YESTERDAY
  MAXIMUM         90   1133 AM 100    2000  92     -2       89
                                      1948
  MINIMUM         69   1159 PM  64    1971  72     -3       73
  AVERAGE         80                        82     -2       81

PRECIPITATION (IN)
  YESTERDAY        0.39          2.09 1968   0.15   0.24     0.64
  MONTH TO DATE    2.24                      4.05  -1.81     4.63
  SINCE JUN 1      7.18                      9.55  -2.37     9.71
  SINCE JAN 1     35.66                     36.09  -0.43    46.92

SNOWFALL (IN)
  YESTERDAY        0.0

DEGREE DAYS
 HEATING
  YESTERDAY        0                         0      0        0
  MONTH TO DATE    0                         0      0        0
  SINCE JUN 1      0                         0      0        0
  SINCE JUL 1      0                         0      0        0

 COOLING
  YESTERDAY       15                        17     -2       16
  MONTH TO DATE  335                       369    -34      319
  SINCE JUN 1    802                       792     10      789
  SINCE JAN 1   1178                      1207    -29     1131
..................................................................


WIND (MPH)
  HIGHEST WIND SPEED    18   HIGHEST WIND DIRECTION     N (340)
  HIGHEST GUST SPEED    24   HIGHEST GUST DIRECTION     N (350)
  AVERAGE WIND SPEED     3.5


SKY COVER
  POSSIBLE SUNSHINE  MM
  AVERAGE SKY COVER 0.5


WEATHER CONDITIONS
 THE FOLLOWING WEATHER WAS RECORDED YESTERDAY.
  THUNDERSTORM
  HEAVY RAIN
  RAIN
  LIGHT RAIN
  FOG
  FOG W/VISIBILITY <= 1/4 MILE


RELATIVE HUMIDITY (PERCENT)
 HIGHEST   100           900 PM
 LOWEST     55           200 PM
 AVERAGE    78

..........................................................


THE HATTIESBURG CLIMATE NORMALS FOR TODAY
                         NORMAL    RECORD    YEAR
 MAXIMUM TEMPERATURE (F)   92       102      1948
 MINIMUM TEMPERATURE (F)   72        65      1950


SUNRISE AND SUNSET
JULY 23 2014..........SUNRISE   608 AM CDT   SUNSET   759 PM CDT
JULY 24 2014..........SUNRISE   609 AM CDT   SUNSET   758 PM CDT


-  INDICATES NEGATIVE NUMBERS.
R  INDICATES RECORD WAS SET OR TIED.
MM INDICATES DATA IS MISSING.
T  INDICATES TRACE AMOUNT.




$$
