000
CDUS44 KJAN 052109
CLIHBG


CLIMATE REPORT
NATIONAL WEATHER SERVICE JACKSON MS
408 PM CDT THU MAY 5 2016


...................................

...THE HATTIESBURG CLIMATE SUMMARY FOR MAY 5 2016...
VALID TODAY AS OF 0400 PM LOCAL TIME.

CLIMATE NORMAL PERIOD 1981 TO 2010
CLIMATE RECORD PERIOD 1948 TO 2016


WEATHER ITEM   OBSERVED TIME   RECORD YEAR NORMAL DEPARTURE LAST
                VALUE   (LST)  VALUE       VALUE  FROM      YEAR
                                                  NORMAL
..................................................................
TEMPERATURE (F)
 TODAY
  MAXIMUM         77    259 PM  92    1952  83     -6       85
  MINIMUM         54    534 AM  42    2011  59     -5       55
                                      1954
  AVERAGE         66                        71     -5       70

PRECIPITATION (IN)
  TODAY            0.00          2.21 1967   0.17  -0.17     0.00
  MONTH TO DATE    0.21                      0.79  -0.58     0.00
  SINCE MAR 1     19.53                     11.22   8.31     9.08
  SINCE JAN 1     28.90                     22.35   6.55    16.91

SNOWFALL (IN)
  TODAY            0.0

DEGREE DAYS
 HEATING
  TODAY            0                         1     -1        0
  MONTH TO DATE    0                         5     -5        1
  SINCE MAR 1    141                       305   -164      131
  SINCE JUL 1   1379                      1983   -604     1912

 COOLING
  TODAY            1                         6     -5        5
  MONTH TO DATE   17                        29    -12       14
  SINCE MAR 1    197                       154     43      287
  SINCE JAN 1    222                       169     53      293
..................................................................


WIND (MPH)
  HIGHEST WIND SPEED    20   HIGHEST WIND DIRECTION    NW (300)
  HIGHEST GUST SPEED    27   HIGHEST GUST DIRECTION    NW (300)
  AVERAGE WIND SPEED     6.6


SKY COVER
  POSSIBLE SUNSHINE  MM
  AVERAGE SKY COVER 0.1


WEATHER CONDITIONS
 THE FOLLOWING WEATHER WAS RECORDED TODAY.
  NO SIGNIFICANT WEATHER WAS OBSERVED.


RELATIVE HUMIDITY (PERCENT)
 HIGHEST    86           500 AM
 LOWEST     29           200 PM
 AVERAGE    58

..........................................................


THE HATTIESBURG CLIMATE NORMALS FOR TOMORROW
                         NORMAL    RECORD    YEAR
 MAXIMUM TEMPERATURE (F)   84        94      1952
 MINIMUM TEMPERATURE (F)   59        44      1957


SUNRISE AND SUNSET
MAY  5 2016...........SUNRISE   608 AM CDT   SUNSET   739 PM CDT
MAY  6 2016...........SUNRISE   607 AM CDT   SUNSET   740 PM CDT


-  INDICATES NEGATIVE NUMBERS.
R  INDICATES RECORD WAS SET OR TIED.
MM INDICATES DATA IS MISSING.
T  INDICATES TRACE AMOUNT.




$$
