000
CDUS44 KJAN 220626
CLIHBG


CLIMATE REPORT
NATIONAL WEATHER SERVICE JACKSON MS
122 AM CDT FRI SEP 22 2017


...................................

...THE HATTIESBURG CLIMATE SUMMARY FOR SEPTEMBER 21 2017...

CLIMATE NORMAL PERIOD 1981 TO 2010
CLIMATE RECORD PERIOD 1948 TO 2017


WEATHER ITEM   OBSERVED TIME   RECORD YEAR NORMAL DEPARTURE LAST
                VALUE   (LST)  VALUE       VALUE  FROM      YEAR
                                                  NORMAL
..................................................................
TEMPERATURE (F)
 YESTERDAY
  MAXIMUM         92    345 PM 102    1997  86      6       94
  MINIMUM         70    613 AM  48    1962  64      6       64
  AVERAGE         81                        75      6       79

PRECIPITATION (IN)
  YESTERDAY        0.00          1.82 1979   0.12  -0.12     0.00
  MONTH TO DATE    1.99                      2.97  -0.98     3.48
  SINCE SEP 1      1.99                      2.97  -0.98     3.48
  SINCE JAN 1     58.41                     45.13  13.28    54.49

SNOWFALL (IN)
  YESTERDAY        0.0

DEGREE DAYS
 HEATING
  YESTERDAY        0                         0      0        0
  MONTH TO DATE    0                         0      0        0
  SINCE SEP 1      0                         0      0        0
  SINCE JUL 1      0                         0      0        0

 COOLING
  YESTERDAY       16                        10      6       14
  MONTH TO DATE  228                       275    -47      352
  SINCE SEP 1    228                       275    -47      352
  SINCE JAN 1   2173                      2146     27     2466
..................................................................


WIND (MPH)
  HIGHEST WIND SPEED     9   HIGHEST WIND DIRECTION    NE (40)
  HIGHEST GUST SPEED    12   HIGHEST GUST DIRECTION     E (70)
  AVERAGE WIND SPEED     2.2


SKY COVER
  POSSIBLE SUNSHINE  MM
  AVERAGE SKY COVER 0.0


WEATHER CONDITIONS
 THE FOLLOWING WEATHER WAS RECORDED YESTERDAY.
  NO SIGNIFICANT WEATHER WAS OBSERVED.


RELATIVE HUMIDITY (PERCENT)
 HIGHEST   100           100 AM
 LOWEST     47           300 PM
 AVERAGE    74

..........................................................


THE HATTIESBURG CLIMATE NORMALS FOR TODAY
                         NORMAL    RECORD    YEAR
 MAXIMUM TEMPERATURE (F)   86        98      1972
                                             1970
 MINIMUM TEMPERATURE (F)   64        45      1983


SUNRISE AND SUNSET
SEPTEMBER 22 2017.....SUNRISE   645 AM CDT   SUNSET   653 PM CDT
SEPTEMBER 23 2017.....SUNRISE   646 AM CDT   SUNSET   652 PM CDT


-  INDICATES NEGATIVE NUMBERS.
R  INDICATES RECORD WAS SET OR TIED.
MM INDICATES DATA IS MISSING.
T  INDICATES TRACE AMOUNT.




$$
