876
CDUS44 KJAN 220649
CLIHBG


CLIMATE REPORT
NATIONAL WEATHER SERVICE JACKSON MS
1241 AM CST THU FEB 22 2018


...................................

...THE HATTIESBURG CLIMATE SUMMARY FOR FEBRUARY 21 2018...

CLIMATE NORMAL PERIOD 1981 TO 2010
CLIMATE RECORD PERIOD 1948 TO 2018


WEATHER ITEM   OBSERVED TIME   RECORD YEAR NORMAL DEPARTURE LAST
                VALUE   (LST)  VALUE       VALUE  FROM      YEAR
                                                  NORMAL
..................................................................
TEMPERATURE (F)
 YESTERDAY
  MAXIMUM         82R   304 PM  82    1986  65     17       69
                                      1962
  MINIMUM         67    543 AM  25    1959  42     25       52
                                      1958
  AVERAGE         75                        53     22       61

PRECIPITATION (IN)
  YESTERDAY        0.30          2.77 1961   0.20   0.10     0.73
  MONTH TO DATE    3.24                      4.02  -0.78     1.99
  SINCE DEC 1     14.60                     14.67  -0.07    18.12
  SINCE JAN 1      9.88                      9.76   0.12    11.06

SNOWFALL (IN)
  YESTERDAY        0.0

DEGREE DAYS
 HEATING
  YESTERDAY        0                        12    -12        4
  MONTH TO DATE  138                       302   -164      127
  SINCE DEC 1   1266                      1273     -7      740
  SINCE JUL 1   1571                      1601    -30      936

 COOLING
  YESTERDAY       10                         0     10        0
  MONTH TO DATE   48                         0     48       25
  SINCE DEC 1     53                        19     34       96
  SINCE JAN 1     48                         6     42       57
..................................................................


WIND (MPH)
  HIGHEST WIND SPEED    23   HIGHEST WIND DIRECTION     S (180)
  HIGHEST GUST SPEED    32   HIGHEST GUST DIRECTION    SE (140)
  AVERAGE WIND SPEED     9.8


SKY COVER
  POSSIBLE SUNSHINE  MM
  AVERAGE SKY COVER 0.8


WEATHER CONDITIONS
 THE FOLLOWING WEATHER WAS RECORDED YESTERDAY.
  HEAVY RAIN
  RAIN
  LIGHT RAIN
  FOG
  FOG W/VISIBILITY <= 1/4 MILE


RELATIVE HUMIDITY (PERCENT)
 HIGHEST   100          1200 AM
 LOWEST     65           100 PM
 AVERAGE    83

..........................................................


THE HATTIESBURG CLIMATE NORMALS FOR TODAY
                         NORMAL    RECORD    YEAR
 MAXIMUM TEMPERATURE (F)   65        82      2006
                                             1949
 MINIMUM TEMPERATURE (F)   42        19      1978


SUNRISE AND SUNSET
FEBRUARY 22 2018......SUNRISE   631 AM CST   SUNSET   550 PM CST
FEBRUARY 23 2018......SUNRISE   630 AM CST   SUNSET   551 PM CST


-  INDICATES NEGATIVE NUMBERS.
R  INDICATES RECORD WAS SET OR TIED.
MM INDICATES DATA IS MISSING.
T  INDICATES TRACE AMOUNT.




$$
