000
CDUS44 KJAN 302118
CLIHBG


CLIMATE REPORT
NATIONAL WEATHER SERVICE JACKSON MS
416 PM CDT FRI SEP 30 2016


...................................

...THE HATTIESBURG CLIMATE SUMMARY FOR SEPTEMBER 30 2016...
VALID TODAY AS OF 0400 PM LOCAL TIME.

CLIMATE NORMAL PERIOD 1981 TO 2010
CLIMATE RECORD PERIOD 1948 TO 2016


WEATHER ITEM   OBSERVED TIME   RECORD YEAR NORMAL DEPARTURE LAST
                VALUE   (LST)  VALUE       VALUE  FROM      YEAR
                                                  NORMAL
..................................................................
TEMPERATURE (F)
 TODAY
  MAXIMUM         81    253 PM  95    1955  84     -3       88
  MINIMUM         53    618 AM  43    1949  61     -8       70
  AVERAGE         67                        72     -5       79

PRECIPITATION (IN)
  TODAY            0.00          2.61 1980   0.14  -0.14     0.00
  MONTH TO DATE    4.09                      4.08   0.01     2.06
  SINCE SEP 1      4.09                      4.08   0.01     2.06
  SINCE JAN 1     55.10                     46.24   8.86    39.27

SNOWFALL (IN)
  TODAY            0.0

DEGREE DAYS
 HEATING
  TODAY            0                         0      0        0
  MONTH TO DATE    0                         0      0        0
  SINCE SEP 1      0                         2     -2        0
  SINCE JUL 1      0                         2     -2        0

 COOLING
  TODAY            2                         8     -6       14
  MONTH TO DATE  473                       356    117      409
  SINCE SEP 1    473                       356    117      409
  SINCE JAN 1   2587                      2227    360     2626
..................................................................


WIND (MPH)
  HIGHEST WIND SPEED    10   HIGHEST WIND DIRECTION    NW (310)
  HIGHEST GUST SPEED    13   HIGHEST GUST DIRECTION    NW (310)
  AVERAGE WIND SPEED     2.3


SKY COVER
  POSSIBLE SUNSHINE  MM
  AVERAGE SKY COVER 0.0


WEATHER CONDITIONS
 THE FOLLOWING WEATHER WAS RECORDED TODAY.
  NO SIGNIFICANT WEATHER WAS OBSERVED.


RELATIVE HUMIDITY (PERCENT)
 HIGHEST    93           200 AM
 LOWEST     42           300 PM
 AVERAGE    68

..........................................................


THE HATTIESBURG CLIMATE NORMALS FOR TOMORROW
                         NORMAL    RECORD    YEAR
 MAXIMUM TEMPERATURE (F)   84        94      1954
 MINIMUM TEMPERATURE (F)   61        45      1984


SUNRISE AND SUNSET
SEPTEMBER 30 2016.....SUNRISE   650 AM CDT   SUNSET   643 PM CDT
OCTOBER  1 2016.......SUNRISE   651 AM CDT   SUNSET   641 PM CDT


-  INDICATES NEGATIVE NUMBERS.
R  INDICATES RECORD WAS SET OR TIED.
MM INDICATES DATA IS MISSING.
T  INDICATES TRACE AMOUNT.




$$
