000
CDUS44 KJAN 260839
CLIHBG


CLIMATE REPORT
NATIONAL WEATHER SERVICE JACKSON MS
235 AM CST FRI DEC 26 2014


...................................

...THE HATTIESBURG CLIMATE SUMMARY FOR DECEMBER 25 2014...

CLIMATE NORMAL PERIOD 1981 TO 2010
CLIMATE RECORD PERIOD 1948 TO 2014


WEATHER ITEM   OBSERVED TIME   RECORD YEAR NORMAL DEPARTURE LAST
                VALUE   (LST)  VALUE       VALUE  FROM      YEAR
                                                  NORMAL
..................................................................
TEMPERATURE (F)
 YESTERDAY
  MAXIMUM         58    246 PM  80    1955  61     -3       47
  MINIMUM         32    725 AM   7    1989  39     -7       23
  AVERAGE         45                        50     -5       35

PRECIPITATION (IN)
  YESTERDAY        0.00          1.75 1988   0.16  -0.16     0.00
  MONTH TO DATE    4.04                      4.03   0.01     2.41
  SINCE DEC 1      4.04                      4.03   0.01     2.41
  SINCE JAN 1     50.15                     58.29  -8.14    64.49

SNOWFALL (IN)
  YESTERDAY        0.0

DEGREE DAYS
 HEATING
  YESTERDAY       20                        16      4       30
  MONTH TO DATE  262                       361    -99      342
  SINCE DEC 1    262                       361    -99      342
  SINCE JUL 1    678                       689    -11      709

 COOLING
  YESTERDAY        0                         0      0        0
  MONTH TO DATE    7                        12     -5       34
  SINCE DEC 1      7                        12     -5       34
  SINCE JAN 1   2471                      2402     69     2442
..................................................................


WIND (MPH)
  HIGHEST WIND SPEED     8   HIGHEST WIND DIRECTION     E (80)
  HIGHEST GUST SPEED    10   HIGHEST GUST DIRECTION     N (20)
  AVERAGE WIND SPEED     1.3


SKY COVER
  POSSIBLE SUNSHINE  MM
  AVERAGE SKY COVER 0.0


WEATHER CONDITIONS
 THE FOLLOWING WEATHER WAS RECORDED YESTERDAY.
  NO SIGNIFICANT WEATHER WAS OBSERVED.


RELATIVE HUMIDITY (PERCENT)
 HIGHEST    96           500 AM
 LOWEST     43           300 PM
 AVERAGE    70

..........................................................


THE HATTIESBURG CLIMATE NORMALS FOR TODAY
                         NORMAL    RECORD    YEAR
 MAXIMUM TEMPERATURE (F)   61        81      1964
 MINIMUM TEMPERATURE (F)   39        14      1983


SUNRISE AND SUNSET
DECEMBER 26 2014......SUNRISE   654 AM CST   SUNSET   501 PM CST
DECEMBER 27 2014......SUNRISE   654 AM CST   SUNSET   502 PM CST


-  INDICATES NEGATIVE NUMBERS.
R  INDICATES RECORD WAS SET OR TIED.
MM INDICATES DATA IS MISSING.
T  INDICATES TRACE AMOUNT.




$$
