000
CDUS44 KJAN 272110
CLIHBG


CLIMATE REPORT
NATIONAL WEATHER SERVICE JACKSON MS
408 PM CDT SAT AUG 27 2016


...................................

...THE HATTIESBURG CLIMATE SUMMARY FOR AUGUST 27 2016...
VALID TODAY AS OF 0400 PM LOCAL TIME.

CLIMATE NORMAL PERIOD 1981 TO 2010
CLIMATE RECORD PERIOD 1948 TO 2016


WEATHER ITEM   OBSERVED TIME   RECORD YEAR NORMAL DEPARTURE LAST
                VALUE   (LST)  VALUE       VALUE  FROM      YEAR
                                                  NORMAL
..................................................................
TEMPERATURE (F)
 TODAY
  MAXIMUM         94    120 PM 100    1963  92      2       88
  MINIMUM         71    541 AM  56    1958  70      1       58
  AVERAGE         83                        81      2       73

PRECIPITATION (IN)
  TODAY            0.00          2.52 1992   0.15  -0.15     0.00
  MONTH TO DATE    5.60                      4.13   1.47     2.46
  SINCE JUN 1     19.85                     15.02   4.83    13.39
  SINCE JAN 1     51.01                     41.56   9.45    37.21

SNOWFALL (IN)
  TODAY            0.0

DEGREE DAYS
 HEATING
  TODAY            0                         0      0        0
  MONTH TO DATE    0                         0      0        0
  SINCE JUN 1      0                         0      0        0
  SINCE JUL 1      0                         0      0        0

 COOLING
  TODAY           18                        16      2        8
  MONTH TO DATE  498                       450     48      480
  SINCE JUN 1   1577                      1395    182     1578
  SINCE JAN 1   2041                      1810    231     2155
..................................................................


WIND (MPH)
  HIGHEST WIND SPEED    13   HIGHEST WIND DIRECTION     E (100)
  HIGHEST GUST SPEED    17   HIGHEST GUST DIRECTION    SE (120)
  AVERAGE WIND SPEED     3.3


SKY COVER
  POSSIBLE SUNSHINE  MM
  AVERAGE SKY COVER 0.1


WEATHER CONDITIONS
 THE FOLLOWING WEATHER WAS RECORDED TODAY.
  FOG


RELATIVE HUMIDITY (PERCENT)
 HIGHEST   100           500 AM
 LOWEST     44           100 PM
 AVERAGE    72

..........................................................


THE HATTIESBURG CLIMATE NORMALS FOR TOMORROW
                         NORMAL    RECORD    YEAR
 MAXIMUM TEMPERATURE (F)   92        99      2000
 MINIMUM TEMPERATURE (F)   70        55      1952


SUNRISE AND SUNSET
AUGUST 27 2016........SUNRISE   630 AM CDT   SUNSET   726 PM CDT
AUGUST 28 2016........SUNRISE   631 AM CDT   SUNSET   725 PM CDT


-  INDICATES NEGATIVE NUMBERS.
R  INDICATES RECORD WAS SET OR TIED.
MM INDICATES DATA IS MISSING.
T  INDICATES TRACE AMOUNT.




$$
