000
CDUS41 KLWX 202125
CLIHGR


CLIMATE REPORT
NATIONAL WEATHER SERVICE BALTIMORE MD/WASHINGTON DC
524 PM EDT SUN APR 20 2014


...................................

...THE HAGERSTOWN MD CLIMATE SUMMARY FOR APRIL 20 2014...
VALID TODAY AS OF 0500 PM LOCAL TIME.

CLIMATE NORMAL PERIOD 1981 TO 2010
CLIMATE RECORD PERIOD 9999 TO 9999


WEATHER ITEM   OBSERVED TIME   RECORD YEAR NORMAL DEPARTURE LAST
                VALUE   (LST)  VALUE       VALUE  FROM      YEAR
                                                  NORMAL
..................................................................
TEMPERATURE (F)
 TODAY
  MAXIMUM         65    348 PM  MM      MM  65      0       55
  MINIMUM         42    612 AM  MM      MM  44     -2       40
  AVERAGE         54                        54      0       48

PRECIPITATION (IN)
  TODAY            0.00         MM      MM   0.12  -0.12     0.00
  MONTH TO DATE    1.09                      2.45  -1.36     1.66
  SINCE MAR 1      2.76                      5.83  -3.07     3.24
  SINCE JAN 1      6.54                     11.06  -4.52     7.47

DEGREE DAYS
 HEATING
  TODAY           11                        11      0       17
  MONTH TO DATE  271                       285    -14      215
  SINCE MAR 1   1130                      1014    116     1020
  SINCE JUL 1   5145                      4917    228     4658

 COOLING
  TODAY            0                         1     -1        0
  MONTH TO DATE   10                         2      8       26
  SINCE MAR 1     10                         3      7       26
  SINCE JAN 1     10                         3      7       26
..................................................................


WIND (MPH)
  HIGHEST WIND SPEED    14   HIGHEST WIND DIRECTION     N (360)
  HIGHEST GUST SPEED    17   HIGHEST GUST DIRECTION     N (360)
  AVERAGE WIND SPEED     6.4


SKY COVER
  POSSIBLE SUNSHINE  MM
  AVERAGE SKY COVER 0.0


WEATHER CONDITIONS
 THE FOLLOWING WEATHER WAS RECORDED TODAY.
  NO SIGNIFICANT WEATHER WAS OBSERVED.


RELATIVE HUMIDITY (PERCENT)
 HIGHEST    53           500 AM
 LOWEST     30           400 PM
 AVERAGE    42

..........................................................


THE HAGERSTOWN MD CLIMATE NORMALS FOR TOMORROW
                         NORMAL    RECORD    YEAR
 MAXIMUM TEMPERATURE (F)   65        MM        MM
 MINIMUM TEMPERATURE (F)   44        MM        MM


SUNRISE AND SUNSET
APRIL 20 2014.........SUNRISE   626 AM EDT   SUNSET   754 PM EDT
APRIL 21 2014.........SUNRISE   625 AM EDT   SUNSET   755 PM EDT


-  INDICATES NEGATIVE NUMBERS.
R  INDICATES RECORD WAS SET OR TIED.
MM INDICATES DATA IS MISSING.
T  INDICATES TRACE AMOUNT.




$$
