000
CDUS41 KLWX 302126
CLIHGR


CLIMATE REPORT
NATIONAL WEATHER SERVICE BALTIMORE MD/WASHINGTON DC
526 PM EDT FRI SEP 30 2016


...................................

...THE HAGERSTOWN MD CLIMATE SUMMARY FOR SEPTEMBER 30 2016...
VALID TODAY AS OF 0500 PM LOCAL TIME.

CLIMATE NORMAL PERIOD 1981 TO 2010
CLIMATE RECORD PERIOD 9999 TO 9999


WEATHER ITEM   OBSERVED TIME   RECORD YEAR NORMAL DEPARTURE LAST
                VALUE   (LST)  VALUE       VALUE  FROM      YEAR
                                                  NORMAL
..................................................................
TEMPERATURE (F)
 TODAY
  MAXIMUM         61    309 PM  MM      MM  70     -9       72
  MINIMUM         56    802 AM  MM      MM  50      6       59
  AVERAGE         59                        60     -1       66

PRECIPITATION (IN)
  TODAY            0.13         MM      MM   0.14  -0.01     0.07
  MONTH TO DATE    2.47                      3.67  -1.20     3.26
  SINCE SEP 1      2.47                      3.67  -1.20     3.26
  SINCE JAN 1     23.57                     30.30  -6.73    21.90

DEGREE DAYS
 HEATING
  TODAY            6                         6      0        0
  MONTH TO DATE   13                        67    -54        7
  SINCE SEP 1     13                        69    -56        7
  SINCE JUL 1     13                        74    -61        7

 COOLING
  TODAY            0                         1     -1        1
  MONTH TO DATE  254                        91    163      194
  SINCE SEP 1    254                        91    163      194
  SINCE JAN 1   1513                       959    554     1337
..................................................................


WIND (MPH)
  HIGHEST WIND SPEED    20   HIGHEST WIND DIRECTION    NE (60)
  HIGHEST GUST SPEED    28   HIGHEST GUST DIRECTION    NE (50)
  AVERAGE WIND SPEED    11.1


SKY COVER
  POSSIBLE SUNSHINE  MM
  AVERAGE SKY COVER 0.8


WEATHER CONDITIONS
 THE FOLLOWING WEATHER WAS RECORDED TODAY.
  RAIN
  LIGHT RAIN
  FOG


RELATIVE HUMIDITY (PERCENT)
 HIGHEST    93           500 AM
 LOWEST     78          1100 AM
 AVERAGE    86

..........................................................


THE HAGERSTOWN MD CLIMATE NORMALS FOR TOMORROW
                         NORMAL    RECORD    YEAR
 MAXIMUM TEMPERATURE (F)   70        MM        MM
 MINIMUM TEMPERATURE (F)   50        MM        MM


SUNRISE AND SUNSET
SEPTEMBER 30 2016.....SUNRISE   707 AM EDT   SUNSET   654 PM EDT
OCTOBER  1 2016.......SUNRISE   708 AM EDT   SUNSET   652 PM EDT


-  INDICATES NEGATIVE NUMBERS.
R  INDICATES RECORD WAS SET OR TIED.
MM INDICATES DATA IS MISSING.
T  INDICATES TRACE AMOUNT.




$$
