000
CDUS41 KLWX 312130
CLIHGR


CLIMATE REPORT
NATIONAL WEATHER SERVICE BALTIMORE MD/WASHINGTON DC
529 PM EDT THU JUL 31 2014


...................................

...THE HAGERSTOWN MD CLIMATE SUMMARY FOR JULY 31 2014...
VALID TODAY AS OF 0500 PM LOCAL TIME.

CLIMATE NORMAL PERIOD 1981 TO 2010
CLIMATE RECORD PERIOD 9999 TO 9999


WEATHER ITEM   OBSERVED TIME   RECORD YEAR NORMAL DEPARTURE LAST
                VALUE   (LST)  VALUE       VALUE  FROM      YEAR
                                                  NORMAL
..................................................................
TEMPERATURE (F)
 TODAY
  MAXIMUM         81    359 PM  MM      MM  85     -4       79
  MINIMUM         59    458 AM  MM      MM  65     -6       63
  AVERAGE         70                        75     -5       71

PRECIPITATION (IN)
  TODAY            0.00         MM      MM   0.12  -0.12      T
  MONTH TO DATE    6.06                      3.41   2.65     3.69
  SINCE JUN 1     10.92                      7.29   3.63     7.62
  SINCE JAN 1     23.40                     23.49  -0.09    17.48

DEGREE DAYS
 HEATING
  TODAY            0                         0      0        0
  MONTH TO DATE    2                         0      2        0
  SINCE JUN 1      2                        18    -16        3
  SINCE JUL 1      2                         0      2        0

 COOLING
  TODAY            5                        10     -5        6
  MONTH TO DATE  285                       321    -36      388
  SINCE JUN 1    530                       530      0      628
  SINCE JAN 1    612                       606      6      745
..................................................................


WIND (MPH)
  HIGHEST WIND SPEED    10   HIGHEST WIND DIRECTION     S (190)
  HIGHEST GUST SPEED    15   HIGHEST GUST DIRECTION    SW (230)
  AVERAGE WIND SPEED     3.7


SKY COVER
  POSSIBLE SUNSHINE  MM
  AVERAGE SKY COVER 0.4


WEATHER CONDITIONS
 THE FOLLOWING WEATHER WAS RECORDED TODAY.
  FOG
  FOG W/VISIBILITY <= 1/4 MILE


RELATIVE HUMIDITY (PERCENT)
 HIGHEST   100           700 AM
 LOWEST     45           300 PM
 AVERAGE    73

..........................................................


THE HAGERSTOWN MD CLIMATE NORMALS FOR TOMORROW
                         NORMAL    RECORD    YEAR
 MAXIMUM TEMPERATURE (F)   85        MM        MM
 MINIMUM TEMPERATURE (F)   65        MM        MM


SUNRISE AND SUNSET
JULY 31 2014..........SUNRISE   609 AM EDT   SUNSET   825 PM EDT
AUGUST  1 2014........SUNRISE   610 AM EDT   SUNSET   824 PM EDT


-  INDICATES NEGATIVE NUMBERS.
R  INDICATES RECORD WAS SET OR TIED.
MM INDICATES DATA IS MISSING.
T  INDICATES TRACE AMOUNT.




$$
