000
CDUS41 KLWX 240531
CLIHGR


CLIMATE REPORT
NATIONAL WEATHER SERVICE BALTIMORE MD/WASHINGTON DC
130 AM EDT TUE OCT 24 2017


...................................

...THE HAGERSTOWN MD CLIMATE SUMMARY FOR OCTOBER 23 2017...

CLIMATE NORMAL PERIOD 1981 TO 2010
CLIMATE RECORD PERIOD 1998 TO 2017


WEATHER ITEM   OBSERVED TIME   RECORD YEAR NORMAL DEPARTURE LAST
                VALUE   (LST)  VALUE       VALUE  FROM      YEAR
                                                  NORMAL
..................................................................
TEMPERATURE (F)
 YESTERDAY
  MAXIMUM         74    331 PM  MM      MM  63     11       69
  MINIMUM         57    452 AM  MM      MM  42     15       48
  AVERAGE         66                        53     13       59

PRECIPITATION (IN)
  YESTERDAY        0.13         MM      MM   0.08   0.05     0.00
  MONTH TO DATE    1.30                      2.27  -0.97     0.40
  SINCE SEP 1      2.75                      5.94  -3.19     2.89
  SINCE JAN 1     28.36                     32.57  -4.21    23.99

DEGREE DAYS
 HEATING
  YESTERDAY        0                        13    -13        6
  MONTH TO DATE   73                       217   -144      114
  SINCE SEP 1    112                       286   -174      127
  SINCE JUL 1    113                       291   -178      127

 COOLING
  YESTERDAY        1                         0      1        0
  MONTH TO DATE   75                         9     66       35
  SINCE SEP 1    233                       100    133      289
  SINCE JAN 1   1333                       968    365     1548
..................................................................


WIND (MPH)
  HIGHEST WIND SPEED    26   HIGHEST WIND DIRECTION    SE (150)
  HIGHEST GUST SPEED    33   HIGHEST GUST DIRECTION    SE (150)
  AVERAGE WIND SPEED    11.7


SKY COVER
  POSSIBLE SUNSHINE  MM
  AVERAGE SKY COVER 0.5


WEATHER CONDITIONS
 THE FOLLOWING WEATHER WAS RECORDED YESTERDAY.
  LIGHT RAIN
  FOG


RELATIVE HUMIDITY (PERCENT)
 HIGHEST    93           500 AM
 LOWEST     61           200 PM
 AVERAGE    77

..........................................................


THE HAGERSTOWN MD CLIMATE NORMALS FOR TODAY
                         NORMAL    RECORD    YEAR
 MAXIMUM TEMPERATURE (F)   63        MM        MM
 MINIMUM TEMPERATURE (F)   42        MM        MM


SUNRISE AND SUNSET
OCTOBER 24 2017.......SUNRISE   731 AM EDT   SUNSET   619 PM EDT
OCTOBER 25 2017.......SUNRISE   732 AM EDT   SUNSET   617 PM EDT


-  INDICATES NEGATIVE NUMBERS.
R  INDICATES RECORD WAS SET OR TIED.
MM INDICATES DATA IS MISSING.
T  INDICATES TRACE AMOUNT.




$$
