000
CDUS41 KLWX 260539
CLIHGR


CLIMATE REPORT
NATIONAL WEATHER SERVICE BALTIMORE MD/WASHINGTON DC
1234 AM EST MON JAN 26 2015


...................................

...THE HAGERSTOWN MD CLIMATE SUMMARY FOR JANUARY 25 2015...

CLIMATE NORMAL PERIOD 1981 TO 2010
CLIMATE RECORD PERIOD 9999 TO 9999


WEATHER ITEM   OBSERVED TIME   RECORD YEAR NORMAL DEPARTURE LAST
                VALUE   (LST)  VALUE       VALUE  FROM      YEAR
                                                  NORMAL
..................................................................
TEMPERATURE (F)
 YESTERDAY
  MAXIMUM         44    200 PM  MM      MM  39      5       32
  MINIMUM         36   1159 PM  MM      MM  24     12       15
  AVERAGE         40                        31      9       24

PRECIPITATION (IN)
  YESTERDAY        0.07         MM      MM   0.08  -0.01      T
  MONTH TO DATE    1.77                      2.17  -0.40     1.27
  SINCE DEC 1      4.77                      5.06  -0.29     5.28
  SINCE JAN 1      1.77                      2.17  -0.40     1.27

DEGREE DAYS
 HEATING
  YESTERDAY       25                        34     -9       41
  MONTH TO DATE  863                       855      8      829
  SINCE DEC 1   1686                      1814   -128     1705
  SINCE JUL 1   2639                      2819   -180     2767

 COOLING
  YESTERDAY        0                         0      0        0
  MONTH TO DATE    0                         0      0        0
  SINCE DEC 1      0                         0      0        0
  SINCE JAN 1      0                         0      0        0
..................................................................


WIND (MPH)
  HIGHEST WIND SPEED    16   HIGHEST WIND DIRECTION     W (290)
  HIGHEST GUST SPEED    19   HIGHEST GUST DIRECTION     W (290)
  AVERAGE WIND SPEED     6.3


SKY COVER
  POSSIBLE SUNSHINE  MM
  AVERAGE SKY COVER 1.0


WEATHER CONDITIONS
 THE FOLLOWING WEATHER WAS RECORDED YESTERDAY.
  LIGHT RAIN
  FOG


RELATIVE HUMIDITY (PERCENT)
 HIGHEST    85           700 PM
 LOWEST     53           200 PM
 AVERAGE    69

..........................................................


THE HAGERSTOWN MD CLIMATE NORMALS FOR TODAY
                         NORMAL    RECORD    YEAR
 MAXIMUM TEMPERATURE (F)   39        MM        MM
 MINIMUM TEMPERATURE (F)   24        MM        MM


SUNRISE AND SUNSET
JANUARY 26 2015.......SUNRISE   724 AM EST   SUNSET   523 PM EST
JANUARY 27 2015.......SUNRISE   723 AM EST   SUNSET   524 PM EST


-  INDICATES NEGATIVE NUMBERS.
R  INDICATES RECORD WAS SET OR TIED.
MM INDICATES DATA IS MISSING.
T  INDICATES TRACE AMOUNT.




$$
