000
CDUS41 KLWX 280524
CLIHGR


CLIMATE REPORT
NATIONAL WEATHER SERVICE BALTIMORE MD/WASHINGTON DC
124 AM EDT SAT MAR 28 2015


...................................

...THE HAGERSTOWN MD CLIMATE SUMMARY FOR MARCH 27 2015...

CLIMATE NORMAL PERIOD 1981 TO 2010
CLIMATE RECORD PERIOD 9999 TO 9999


WEATHER ITEM   OBSERVED TIME   RECORD YEAR NORMAL DEPARTURE LAST
                VALUE   (LST)  VALUE       VALUE  FROM      YEAR
                                                  NORMAL
..................................................................
TEMPERATURE (F)
 YESTERDAY
  MAXIMUM         49    343 PM  MM      MM  55     -6       48
  MINIMUM         32   1159 PM  MM      MM  36     -4       20
  AVERAGE         41                        46     -5       34

PRECIPITATION (IN)
  YESTERDAY        0.05         MM      MM   0.13  -0.08     0.00
  MONTH TO DATE    2.26                      2.82  -0.56     0.71
  SINCE MAR 1      2.26                      2.82  -0.56     0.71
  SINCE JAN 1      4.54                      8.05  -3.51     4.49

DEGREE DAYS
 HEATING
  YESTERDAY       24                        19      5       31
  MONTH TO DATE  685                       653     32      792
  SINCE MAR 1    685                       653     32      792
  SINCE JUL 1   4691                      4556    135     4807

 COOLING
  YESTERDAY        0                         0      0        0
  MONTH TO DATE    0                         0      0        0
  SINCE MAR 1      0                         0      0        0
  SINCE JAN 1      0                         0      0        0
..................................................................


WIND (MPH)
  HIGHEST WIND SPEED    20   HIGHEST WIND DIRECTION    NW (330)
  HIGHEST GUST SPEED    24   HIGHEST GUST DIRECTION    NW (330)
  AVERAGE WIND SPEED    10.9


SKY COVER
  POSSIBLE SUNSHINE  MM
  AVERAGE SKY COVER 0.8


WEATHER CONDITIONS
 THE FOLLOWING WEATHER WAS RECORDED YESTERDAY.
  LIGHT RAIN


RELATIVE HUMIDITY (PERCENT)
 HIGHEST    76           200 AM
 LOWEST     38           300 PM
 AVERAGE    57

..........................................................


THE HAGERSTOWN MD CLIMATE NORMALS FOR TODAY
                         NORMAL    RECORD    YEAR
 MAXIMUM TEMPERATURE (F)   56        MM        MM
 MINIMUM TEMPERATURE (F)   36        MM        MM


SUNRISE AND SUNSET
MARCH 28 2015.........SUNRISE   702 AM EDT   SUNSET   731 PM EDT
MARCH 29 2015.........SUNRISE   700 AM EDT   SUNSET   732 PM EDT


-  INDICATES NEGATIVE NUMBERS.
R  INDICATES RECORD WAS SET OR TIED.
MM INDICATES DATA IS MISSING.
T  INDICATES TRACE AMOUNT.




$$
