000
CDUS41 KLWX 292135
CLIHGR


CLIMATE REPORT
NATIONAL WEATHER SERVICE BALTIMORE MD/WASHINGTON DC
535 PM EDT MON SEP 29 2014


...................................

...THE HAGERSTOWN MD CLIMATE SUMMARY FOR SEPTEMBER 29 2014...
VALID TODAY AS OF 0500 PM LOCAL TIME.

CLIMATE NORMAL PERIOD 1981 TO 2010
CLIMATE RECORD PERIOD 9999 TO 9999


WEATHER ITEM   OBSERVED TIME   RECORD YEAR NORMAL DEPARTURE LAST
                VALUE   (LST)  VALUE       VALUE  FROM      YEAR
                                                  NORMAL
..................................................................
TEMPERATURE (F)
 TODAY
  MAXIMUM         76    221 PM  MM      MM  70      6       71
  MINIMUM         60    643 AM  MM      MM  51      9       47
  AVERAGE         68                        60      8       59

PRECIPITATION (IN)
  TODAY            0.00         MM      MM   0.14  -0.14     0.00
  MONTH TO DATE    1.78                      3.53  -1.75     3.21
  SINCE SEP 1      1.78                      3.53  -1.75     3.21
  SINCE JAN 1     28.69                     30.16  -1.47    22.36

DEGREE DAYS
 HEATING
  TODAY            0                         5     -5        6
  MONTH TO DATE   52                        61     -9       77
  SINCE SEP 1     52                        61     -9       77
  SINCE JUL 1     54                        66    -12       80

 COOLING
  TODAY            3                         1      2        0
  MONTH TO DATE  117                        90     27      104
  SINCE SEP 1    117                        90     27      104
  SINCE JAN 1    930                       958    -28     1089
..................................................................


WIND (MPH)
  HIGHEST WIND SPEED    12   HIGHEST WIND DIRECTION    SE (130)
  HIGHEST GUST SPEED    14   HIGHEST GUST DIRECTION    SE (140)
  AVERAGE WIND SPEED     3.1


SKY COVER
  POSSIBLE SUNSHINE  MM
  AVERAGE SKY COVER 0.1


WEATHER CONDITIONS
 THE FOLLOWING WEATHER WAS RECORDED TODAY.
  NO SIGNIFICANT WEATHER WAS OBSERVED.


RELATIVE HUMIDITY (PERCENT)
 HIGHEST    90           700 AM
 LOWEST     54           300 PM
 AVERAGE    72

..........................................................


THE HAGERSTOWN MD CLIMATE NORMALS FOR TOMORROW
                         NORMAL    RECORD    YEAR
 MAXIMUM TEMPERATURE (F)   70        MM        MM
 MINIMUM TEMPERATURE (F)   50        MM        MM


SUNRISE AND SUNSET
SEPTEMBER 29 2014.....SUNRISE   705 AM EDT   SUNSET   657 PM EDT
SEPTEMBER 30 2014.....SUNRISE   706 AM EDT   SUNSET   655 PM EDT


-  INDICATES NEGATIVE NUMBERS.
R  INDICATES RECORD WAS SET OR TIED.
MM INDICATES DATA IS MISSING.
T  INDICATES TRACE AMOUNT.




$$
