000
CDUS46 KPQR 230223
CLIHIO


CLIMATE REPORT
NATIONAL WEATHER SERVICE PORTLAND OREGON
723 PM PDT FRI SEP 22 2017


...................................

...THE HILLSBORO OR CLIMATE SUMMARY FOR SEPTEMBER 22 2017...
VALID TODAY AS OF 0700 PM LOCAL TIME.

CLIMATE NORMAL PERIOD 1981 TO 2010
CLIMATE RECORD PERIOD 1929 TO 2017


WEATHER ITEM   OBSERVED TIME   RECORD YEAR NORMAL DEPARTURE LAST
                VALUE   (LST)  VALUE       VALUE  FROM      YEAR
                                                  NORMAL
..................................................................
TEMPERATURE (F)
 TODAY
  MAXIMUM         68    407 PM  97    1952  73     -5       67
  MINIMUM         44    433 AM  34    1961  45     -1       42
  AVERAGE         56                        59     -3       55

PRECIPITATION (IN)
  TODAY            0.00                      0.06  -0.06      T
  MONTH TO DATE    1.29                      0.83   0.46     0.88
  SINCE OCT 1     48.66                     39.29   9.37    44.29
  SINCE JAN 1     28.98                     22.90   6.08    22.27

DEGREE DAYS
 HEATING
  TODAY            9                                        10
  MONTH TO DATE   67                                       103
  SINCE SEP 1     67                                       103
  SINCE JUL 1     83                                       147

 COOLING
  TODAY            0                                         0
  MONTH TO DATE   95                                         3
  SINCE SEP 1     95                                         3
  SINCE JAN 1    489                                       329
..................................................................


WIND (MPH)
  HIGHEST WIND SPEED     8   HIGHEST WIND DIRECTION    SE (140)
  HIGHEST GUST SPEED    10   HIGHEST GUST DIRECTION    SE (130)
  AVERAGE WIND SPEED     0.9


SKY COVER
  POSSIBLE SUNSHINE  MM
  AVERAGE SKY COVER 0.5


WEATHER CONDITIONS
 THE FOLLOWING WEATHER WAS RECORDED TODAY.
  FOG


RELATIVE HUMIDITY (PERCENT)
 HIGHEST   100           200 AM
 LOWEST     52           200 PM
 AVERAGE    76

..........................................................


THE HILLSBORO OR CLIMATE NORMALS FOR TOMORROW
                         NORMAL    RECORD    YEAR
 MAXIMUM TEMPERATURE (F)   72        95      1952
 MINIMUM TEMPERATURE (F)   45        31      1930


SUNRISE AND SUNSET
SEPTEMBER 22 2017.....SUNRISE   659 AM PDT   SUNSET   709 PM PDT
SEPTEMBER 23 2017.....SUNRISE   700 AM PDT   SUNSET   707 PM PDT


-  INDICATES NEGATIVE NUMBERS.
R  INDICATES RECORD WAS SET OR TIED.
MM INDICATES DATA IS MISSING.
T  INDICATES TRACE AMOUNT.




$$
