000
CDUS46 KPQR 200221
CLIHIO


CLIMATE REPORT
NATIONAL WEATHER SERVICE PORTLAND OREGON
621 PM PST SUN NOV 19 2017


...................................

...THE HILLSBORO OR CLIMATE SUMMARY FOR NOVEMBER 19 2017...
VALID TODAY AS OF 0600 PM LOCAL TIME.

CLIMATE NORMAL PERIOD 1981 TO 2010
CLIMATE RECORD PERIOD 1929 TO 2017


WEATHER ITEM   OBSERVED TIME   RECORD YEAR NORMAL DEPARTURE LAST
                VALUE   (LST)  VALUE       VALUE  FROM      YEAR
                                                  NORMAL
..................................................................
TEMPERATURE (F)
 TODAY
  MAXIMUM         50    550 PM  61    1987  51     -1       54
  MINIMUM         39    943 AM  23    1964  36      3       43
  AVERAGE         45                        44      1       49

PRECIPITATION (IN)
  TODAY            0.00                      0.21  -0.21     0.14
  MONTH TO DATE    4.30                      3.94   0.36     2.29
  SINCE OCT 1      6.30                      7.12  -0.82    10.95
  SINCE JAN 1     35.38                     30.63   4.75    33.27

DEGREE DAYS
 HEATING
  TODAY           20                                        16
  MONTH TO DATE  362                                       251
  SINCE SEP 1    855                                       720
  SINCE JUL 1    871                                       764

 COOLING
  TODAY            0                                         0
  MONTH TO DATE    0                                         0
  SINCE SEP 1    102                                        10
  SINCE JAN 1    496                                       336
..................................................................


WIND (MPH)
  HIGHEST WIND SPEED    15   HIGHEST WIND DIRECTION     S (170)
  HIGHEST GUST SPEED    18   HIGHEST GUST DIRECTION     S (180)
  AVERAGE WIND SPEED     3.8


SKY COVER
  POSSIBLE SUNSHINE  MM
  AVERAGE SKY COVER 0.8


WEATHER CONDITIONS
 THE FOLLOWING WEATHER WAS RECORDED TODAY.
  FOG
  FOG W/VISIBILITY <= 1/4 MILE


RELATIVE HUMIDITY (PERCENT)
 HIGHEST    92          1200 AM
 LOWEST     61           500 PM
 AVERAGE    77

..........................................................


THE HILLSBORO OR CLIMATE NORMALS FOR TOMORROW
                         NORMAL    RECORD    YEAR
 MAXIMUM TEMPERATURE (F)   51        67      2002
 MINIMUM TEMPERATURE (F)   36        21      1964


SUNRISE AND SUNSET
NOVEMBER 19 2017......SUNRISE   717 AM PST   SUNSET   437 PM PST
NOVEMBER 20 2017......SUNRISE   718 AM PST   SUNSET   436 PM PST


-  INDICATES NEGATIVE NUMBERS.
R  INDICATES RECORD WAS SET OR TIED.
MM INDICATES DATA IS MISSING.
T  INDICATES TRACE AMOUNT.




$$
