000
CDUS46 KPQR 311141
CLIHIO


CLIMATE REPORT
NATIONAL WEATHER SERVICE PORTLAND OREGON
441 AM PDT FRI JUL 31 2015


...................................

...THE HILLSBORO OR CLIMATE SUMMARY FOR JULY 30 2015...

CLIMATE NORMAL PERIOD 1981 TO 2010
CLIMATE RECORD PERIOD 1929 TO 2015


WEATHER ITEM   OBSERVED TIME   RECORD YEAR NORMAL DEPARTURE LAST
                VALUE   (LST)  VALUE       VALUE  FROM      YEAR
                                                  NORMAL
..................................................................
TEMPERATURE (F)
 YESTERDAY
  MAXIMUM        103R   426 PM  99    1992  82     21       91
  MINIMUM         57    524 AM  40    1945  52      5       52
  AVERAGE         80                        67     13       72

PRECIPITATION (IN)
  YESTERDAY        0.00          0.07 1998   0.01  -0.01
  MONTH TO DATE    0.32                      0.53  -0.21
  SINCE OCT 1     29.80                     37.81  -8.01
  SINCE JAN 1     14.97                     21.42  -6.45

SNOWFALL (IN)
  YESTERDAY        0.0
  MONTH TO DATE    0.0
  SINCE JUN 1      0.0
  SINCE JUL 1      0.0
  SNOW DEPTH       0

DEGREE DAYS
 HEATING
  YESTERDAY        0                         1     -1
  MONTH TO DATE   12                        53    -41
  SINCE JUL 1     12                        53    -41

 COOLING
  YESTERDAY       15                         3     12
  MONTH TO DATE  187                        72    115
  SINCE JAN 1    327                        98    229
..................................................................


WIND (MPH)
  HIGHEST WIND SPEED    14   HIGHEST WIND DIRECTION    NE (60)
  HIGHEST GUST SPEED    16   HIGHEST GUST DIRECTION    NE (60)
  AVERAGE WIND SPEED     3.5


SKY COVER
  POSSIBLE SUNSHINE  MM
  AVERAGE SKY COVER 0.0


WEATHER CONDITIONS
 THE FOLLOWING WEATHER WAS RECORDED YESTERDAY.
  HAZE


RELATIVE HUMIDITY (PERCENT)
 HIGHEST    72           500 AM
 LOWEST     14           300 PM
 AVERAGE    43

..........................................................


THE HILLSBORO OR CLIMATE NORMALS FOR TODAY
                         NORMAL    RECORD    YEAR
 MAXIMUM TEMPERATURE (F)   82       102      1965
 MINIMUM TEMPERATURE (F)   52        40      1941


SUNRISE AND SUNSET
JULY 31 2015..........SUNRISE   554 AM PDT   SUNSET   841 PM PDT
AUGUST  1 2015........SUNRISE   555 AM PDT   SUNSET   840 PM PDT


-  INDICATES NEGATIVE NUMBERS.
R  INDICATES RECORD WAS SET OR TIED.
MM INDICATES DATA IS MISSING.
T  INDICATES TRACE AMOUNT.




$$
