000
CDUS46 KPQR 230221
CLIHIO


CLIMATE REPORT
NATIONAL WEATHER SERVICE PORTLAND OREGON
721 PM PDT SAT JUL 22 2017


...................................

...THE HILLSBORO OR CLIMATE SUMMARY FOR JULY 22 2017...
VALID TODAY AS OF 0700 PM LOCAL TIME.

CLIMATE NORMAL PERIOD 1981 TO 2010
CLIMATE RECORD PERIOD 1929 TO 2017


WEATHER ITEM   OBSERVED TIME   RECORD YEAR NORMAL DEPARTURE LAST
                VALUE   (LST)  VALUE       VALUE  FROM      YEAR
                                                  NORMAL
..................................................................
TEMPERATURE (F)
 TODAY
  MAXIMUM         91    508 PM 103    1938  82      9       71
                                      1994
  MINIMUM         55    358 AM  40    1933  52      3       58
  AVERAGE         73                        67      6       65

PRECIPITATION (IN)
  TODAY            0.00                      0.01  -0.01     0.03
  MONTH TO DATE    T                         0.44  -0.44     0.33
  SINCE OCT 1     47.24                     37.72   9.52    43.16
  SINCE JAN 1     27.56                     21.33   6.23    21.14

DEGREE DAYS
 HEATING
  TODAY            0                                         0
  MONTH TO DATE   12                                        21
  SINCE JUN 1    111                                       132
  SINCE JUL 1     12                                        21

 COOLING
  TODAY            8                                         0
  MONTH TO DATE   49                                        25
  SINCE JUN 1    107                                        96
  SINCE JAN 1    137                                       115
..................................................................


WIND (MPH)
  HIGHEST WIND SPEED    17   HIGHEST WIND DIRECTION    NW (330)
  HIGHEST GUST SPEED    21   HIGHEST GUST DIRECTION    NW (320)
  AVERAGE WIND SPEED     3.7


SKY COVER
  POSSIBLE SUNSHINE  MM
  AVERAGE SKY COVER 0.0


WEATHER CONDITIONS
 THE FOLLOWING WEATHER WAS RECORDED TODAY.
  NO SIGNIFICANT WEATHER WAS OBSERVED.


RELATIVE HUMIDITY (PERCENT)
 HIGHEST    93           400 AM
 LOWEST     41           200 PM
 AVERAGE    67

..........................................................


THE HILLSBORO OR CLIMATE NORMALS FOR TOMORROW
                         NORMAL    RECORD    YEAR
 MAXIMUM TEMPERATURE (F)   82       105      2006
 MINIMUM TEMPERATURE (F)   52        42      1932


SUNRISE AND SUNSET
JULY 22 2017..........SUNRISE   545 AM PDT   SUNSET   851 PM PDT
JULY 23 2017..........SUNRISE   546 AM PDT   SUNSET   850 PM PDT


-  INDICATES NEGATIVE NUMBERS.
R  INDICATES RECORD WAS SET OR TIED.
MM INDICATES DATA IS MISSING.
T  INDICATES TRACE AMOUNT.




$$
