000
CDUS46 KHNX 220824
CLIHJO


CLIMATE REPORT
NATIONAL WEATHER SERVICE SAN JOAQUIN VALLEY, CA
1223 AM PST WED FEB 22 2017


...................................

...THE HANFORD CA CLIMATE SUMMARY FOR FEBRUARY 21 2017...

CLIMATE NORMAL PERIOD 1981 TO 2010
CLIMATE RECORD PERIOD 1998 TO 2017


WEATHER ITEM   OBSERVED TIME   RECORD YEAR NORMAL DEPARTURE
                VALUE   (LST)  VALUE       VALUE  FROM
                                                  NORMAL
...............................................................
TEMPERATURE (F)
 YESTERDAY
  MAXIMUM         69    203 PM  71    2014  63      6
                                      2002
  MINIMUM         46   1043 PM  30    2013  40      6
                                      2006
  AVERAGE         58                        52      6

PRECIPITATION (IN)
  YESTERDAY        0.03          0.39 1998   0.07  -0.04
  MONTH TO DATE    2.86                      1.26   1.60
  SINCE OCT 1      9.10                      6.43   2.67
  SINCE JAN 1      6.23                      3.30   2.93

SNOWFALL (IN)
  YESTERDAY       MM
  MONTH TO DATE    0.0
  SINCE DEC 1      0.0
  SINCE JUL 1      0.0
  SNOW DEPTH       0

DEGREE DAYS
 HEATING
  YESTERDAY        7
  MONTH TO DATE  191
  SINCE DEC 1   1289
  SINCE JUL 1   1595

 COOLING
  YESTERDAY        0
  MONTH TO DATE    0
  SINCE DEC 1      0
  SINCE JAN 1      0
...............................................................


WIND (MPH)
  HIGHEST WIND SPEED    18   HIGHEST WIND DIRECTION    SW (220)
  HIGHEST GUST SPEED    25   HIGHEST GUST DIRECTION    SW (210)
  AVERAGE WIND SPEED     5.5




RELATIVE HUMIDITY (PERCENT)
 HIGHEST    93
 LOWEST     45
 AVERAGE    69

..........................................................


THE HANFORD CA CLIMATE NORMALS FOR TODAY
                         NORMAL    RECORD    YEAR
 MAXIMUM TEMPERATURE (F)   64        77      2002
 MINIMUM TEMPERATURE (F)   40        29      2006


SUNRISE AND SUNSET
FEBRUARY 22 2017......SUNRISE   637 AM PST   SUNSET   547 PM PST
FEBRUARY 23 2017......SUNRISE   636 AM PST   SUNSET   548 PM PST


-  INDICATES NEGATIVE NUMBERS.
R  INDICATES RECORD WAS SET OR TIED.
MM INDICATES DATA IS MISSING.
T  INDICATES TRACE AMOUNT.




$$
