000
CDUS46 KHNX 290823
CLIHJO


CLIMATE REPORT
NATIONAL WEATHER SERVICE SAN JOAQUIN VALLEY, CA
123 AM PDT FRI APR 29 2016


...................................

...THE HANFORD CA CLIMATE SUMMARY FOR APRIL 28 2016...

CLIMATE NORMAL PERIOD 1981 TO 2010
CLIMATE RECORD PERIOD 1998 TO 2016


WEATHER ITEM   OBSERVED TIME   RECORD YEAR NORMAL DEPARTURE
                VALUE   (LST)  VALUE       VALUE  FROM
                                                  NORMAL
...............................................................
TEMPERATURE (F)
 YESTERDAY
  MAXIMUM         71    431 PM  96    2015  79     -8
                                      2004
  MINIMUM         46    300 AM  41    1999  49     -3
  AVERAGE         59                        64     -5

PRECIPITATION (IN)
  YESTERDAY        0.00          0.57 2007   0.02  -0.02
  MONTH TO DATE    0.57                      0.74  -0.17
  SINCE OCT 1      8.05                      9.27  -1.22
  SINCE JAN 1      5.45                      6.14  -0.69

SNOWFALL (IN)
  YESTERDAY        0.0
  MONTH TO DATE    0.0
  SINCE MAR 1      0.0
  SINCE JUL 1      0.0
  SNOW DEPTH       0

DEGREE DAYS
 HEATING
  YESTERDAY        6
  MONTH TO DATE   45
  SINCE MAR 1    266
  SINCE JUL 1   2156

 COOLING
  YESTERDAY        0
  MONTH TO DATE   39
  SINCE MAR 1     40
  SINCE JAN 1     40
...............................................................


WIND (MPH)
  HIGHEST WIND SPEED    12   HIGHEST WIND DIRECTION     N (350)
  HIGHEST GUST SPEED    16   HIGHEST GUST DIRECTION     N (20)
  AVERAGE WIND SPEED     2.7




RELATIVE HUMIDITY (PERCENT)
 HIGHEST    93
 LOWEST     44
 AVERAGE    69

..........................................................


THE HANFORD CA CLIMATE NORMALS FOR TODAY
                         NORMAL    RECORD    YEAR
 MAXIMUM TEMPERATURE (F)   79        94      2015
                                             2004
 MINIMUM TEMPERATURE (F)   50        41      2010


SUNRISE AND SUNSET
APRIL 29 2016.........SUNRISE   607 AM PDT   SUNSET   745 PM PDT
APRIL 30 2016.........SUNRISE   606 AM PDT   SUNSET   746 PM PDT


-  INDICATES NEGATIVE NUMBERS.
R  INDICATES RECORD WAS SET OR TIED.
MM INDICATES DATA IS MISSING.
T  INDICATES TRACE AMOUNT.




$$
