000
CDUS46 KHNX 020020
CLIHJO


CLIMATE REPORT
NATIONAL WEATHER SERVICE SAN JOAQUIN VALLEY, CA
520 PM PDT WED OCT 1 2014


...................................

...THE HANFORD CA CLIMATE SUMMARY FOR OCTOBER 1 2014...
VALID AS OF 0500 PM LOCAL TIME.

CLIMATE NORMAL PERIOD 1981 TO 2010
CLIMATE RECORD PERIOD 1998 TO 2014


WEATHER ITEM   OBSERVED TIME   RECORD YEAR NORMAL DEPARTURE LAST
                VALUE   (LST)  VALUE       VALUE  FROM      YEAR
                                                  NORMAL
..................................................................
TEMPERATURE (F)
 TODAY
  MAXIMUM         85    356 PM  98    2012  86     -1       84
  MINIMUM         55    432 AM  41    2009  52      3       59
  AVERAGE         70                        69      1       72

PRECIPITATION (IN)
  TODAY            0.00          0.02 2006   0.00   0.00     0.00
  MONTH TO DATE    0.00                      0.00   0.00     0.00
  SINCE JUL 1      0.01                      0.21  -0.20     0.01
  SINCE JAN 1      2.44                      6.97  -4.53     1.61

SNOWFALL (IN)
  TODAY            0.0
  MONTH TO DATE    0.0
  SINCE SEP 1      0.0
  SINCE JUL 1      0.0
  SNOW DEPTH       0

DEGREE DAYS
 HEATING
  TODAY            0                                         0
  MONTH TO DATE    0                                         0
  SINCE SEP 1      0                                         7
  SINCE JUL 1      0                                         7

 COOLING
  TODAY            5                                         7
  MONTH TO DATE    5                                         7
  SINCE SEP 1    394                                       319
  SINCE JAN 1   2151                                      2042
..................................................................


WIND (MPH)
  HIGHEST WIND SPEED    10   HIGHEST WIND DIRECTION     N (340)
  HIGHEST GUST SPEED    13   HIGHEST GUST DIRECTION     N (350)
  AVERAGE WIND SPEED     5.2




RELATIVE HUMIDITY (PERCENT)
 HIGHEST    72
 LOWEST     27
 AVERAGE    50

..........................................................


THE HANFORD CA CLIMATE NORMALS FOR TOMORROW
                         NORMAL    RECORD    YEAR
 MAXIMUM TEMPERATURE (F)   85        99      2012
 MINIMUM TEMPERATURE (F)   52        42      2009


SUNRISE AND SUNSET
OCTOBER  1 2014.......SUNRISE   654 AM PDT   SUNSET   642 PM PDT
OCTOBER  2 2014.......SUNRISE   655 AM PDT   SUNSET   640 PM PDT


-  INDICATES NEGATIVE NUMBERS.
R  INDICATES RECORD WAS SET OR TIED.
MM INDICATES DATA IS MISSING.
T  INDICATES TRACE AMOUNT.




$$
