000
CDUS46 KHNX 080825
CLIHJO


CLIMATE REPORT
NATIONAL WEATHER SERVICE SAN JOAQUIN VALLEY, CA
1224 AM PST THU DEC 8 2016


...................................

...THE HANFORD CA CLIMATE SUMMARY FOR DECEMBER 7 2016...

CLIMATE NORMAL PERIOD 1981 TO 2010
CLIMATE RECORD PERIOD 1998 TO 2016


WEATHER ITEM   OBSERVED TIME   RECORD YEAR NORMAL DEPARTURE
                VALUE   (LST)  VALUE       VALUE  FROM
                                                  NORMAL
...............................................................
TEMPERATURE (F)
 YESTERDAY
  MAXIMUM         53    259 PM  66    2014  56     -3
                                      2006
  MINIMUM         29    642 AM  23    2011  35     -6
  AVERAGE         41                        45     -4

PRECIPITATION (IN)
  YESTERDAY        0.00          0.34 2009   0.03  -0.03
  MONTH TO DATE    0.00                      0.16  -0.16
  SINCE OCT 1      1.00                      1.66  -0.66
  SINCE JAN 1      6.66                      8.63  -1.97

SNOWFALL (IN)
  YESTERDAY        0.0
  MONTH TO DATE    0.0
  SINCE DEC 1      0.0
  SINCE JUL 1      0.0
  SNOW DEPTH       0

DEGREE DAYS
 HEATING
  YESTERDAY       24
  MONTH TO DATE  146
  SINCE DEC 1    146
  SINCE JUL 1    452

 COOLING
  YESTERDAY        0
  MONTH TO DATE    0
  SINCE DEC 1      0
  SINCE JAN 1   1966
...............................................................


WIND (MPH)
  HIGHEST WIND SPEED     9   HIGHEST WIND DIRECTION    NW (330)
  HIGHEST GUST SPEED    12   HIGHEST GUST DIRECTION    NW (330)
  AVERAGE WIND SPEED     1.7




RELATIVE HUMIDITY (PERCENT)
 HIGHEST   100
 LOWEST     63
 AVERAGE    82

..........................................................


THE HANFORD CA CLIMATE NORMALS FOR TODAY
                         NORMAL    RECORD    YEAR
 MAXIMUM TEMPERATURE (F)   56        80      2006
 MINIMUM TEMPERATURE (F)   35        23      2011


SUNRISE AND SUNSET
DECEMBER  8 2016......SUNRISE   658 AM PST   SUNSET   443 PM PST
DECEMBER  9 2016......SUNRISE   659 AM PST   SUNSET   444 PM PST


-  INDICATES NEGATIVE NUMBERS.
R  INDICATES RECORD WAS SET OR TIED.
MM INDICATES DATA IS MISSING.
T  INDICATES TRACE AMOUNT.




$$
