000
CDUS46 KHNX 170824
CLIHJO


CLIMATE REPORT
NATIONAL WEATHER SERVICE SAN JOAQUIN VALLEY, CA
1223 AM PST FRI NOV 17 2017


...................................

...THE HANFORD CA CLIMATE SUMMARY FOR NOVEMBER 16 2017...

CLIMATE NORMAL PERIOD 1981 TO 2010
CLIMATE RECORD PERIOD 1998 TO 2017


WEATHER ITEM   OBSERVED TIME   RECORD YEAR NORMAL DEPARTURE
                VALUE   (LST)  VALUE       VALUE  FROM
                                                  NORMAL
...............................................................
TEMPERATURE (F)
 YESTERDAY
  MAXIMUM         77    254 PM  81    2008  64     13
  MINIMUM         61    557 AM  36    2015  39     22
  AVERAGE         69                        52     17

PRECIPITATION (IN)
  YESTERDAY        0.00          0.02 1999   0.04  -0.04
  MONTH TO DATE    T                         0.65  -0.65
  SINCE OCT 1      0.06                      1.15  -1.09
  SINCE JAN 1      8.40                      8.12   0.28

SNOWFALL (IN)
  YESTERDAY        0.0
  MONTH TO DATE    0.0
  SINCE SEP 1      0.0
  SINCE JUL 1      0.0
  SNOW DEPTH       0

DEGREE DAYS
 HEATING
  YESTERDAY        0
  MONTH TO DATE  106
  SINCE SEP 1    188
  SINCE JUL 1    188

 COOLING
  YESTERDAY        4
  MONTH TO DATE    4
  SINCE SEP 1    365
  SINCE JAN 1   2182
...............................................................


WIND (MPH)
  HIGHEST WIND SPEED    16   HIGHEST WIND DIRECTION    SW (210)
  HIGHEST GUST SPEED    22   HIGHEST GUST DIRECTION    SW (220)
  AVERAGE WIND SPEED     6.3




RELATIVE HUMIDITY (PERCENT)
 HIGHEST    69
 LOWEST     33
 AVERAGE    51

..........................................................


THE HANFORD CA CLIMATE NORMALS FOR TODAY
                         NORMAL    RECORD    YEAR
 MAXIMUM TEMPERATURE (F)   64        82      2008
 MINIMUM TEMPERATURE (F)   39        31      2015
                                             2009
                                             2000


SUNRISE AND SUNSET
NOVEMBER 17 2017......SUNRISE   638 AM PST   SUNSET   449 PM PST
NOVEMBER 18 2017......SUNRISE   639 AM PST   SUNSET   448 PM PST


-  INDICATES NEGATIVE NUMBERS.
R  INDICATES RECORD WAS SET OR TIED.
MM INDICATES DATA IS MISSING.
T  INDICATES TRACE AMOUNT.




$$
