000
CDUS46 KHNX 250028
CLIHJO


CLIMATE REPORT
NATIONAL WEATHER SERVICE SAN JOAQUIN VALLEY, CA
528 PM PDT THU APR 24 2014


...................................

...THE HANFORD CA CLIMATE SUMMARY FOR APRIL 24 2014...
VALID AS OF 0500 PM LOCAL TIME.

CLIMATE NORMAL PERIOD 1981 TO 2010
CLIMATE RECORD PERIOD 1998 TO 2014


WEATHER ITEM   OBSERVED TIME   RECORD YEAR NORMAL DEPARTURE LAST
                VALUE   (LST)  VALUE       VALUE  FROM      YEAR
                                                  NORMAL
..................................................................
TEMPERATURE (F)
 TODAY
  MAXIMUM         80    358 PM  90    2013  78      2       90
  MINIMUM         52    531 AM  42    2008  48      4       46
  AVERAGE         66                        63      3       68

PRECIPITATION (IN)
  TODAY            0.00          0.01 2006   0.03  -0.03     0.00
  MONTH TO DATE    T                         0.64  -0.64     0.08
  SINCE JUL 1      2.62                      9.38  -6.76     3.42
  SINCE JAN 1      2.23                      6.04  -3.81     1.42

SNOWFALL (IN)
  TODAY            0.0
  MONTH TO DATE    0.0
  SINCE MAR 1      0.0
  SINCE JUL 1      0.0
  SNOW DEPTH       0

DEGREE DAYS
 HEATING
  TODAY            0                                         0
  MONTH TO DATE   67                                        72
  SINCE MAR 1    242                                       257
  SINCE JUL 1   2019                                      2318

 COOLING
  TODAY            1                                         3
  MONTH TO DATE   64                                        21
  SINCE MAR 1     64                                        27
  SINCE JAN 1     64                                        27
..................................................................


WIND (MPH)
  HIGHEST WIND SPEED    15   HIGHEST WIND DIRECTION    NW (320)
  HIGHEST GUST SPEED    20   HIGHEST GUST DIRECTION     N (340)
  AVERAGE WIND SPEED     9.0




RELATIVE HUMIDITY (PERCENT)
 HIGHEST    71
 LOWEST     25
 AVERAGE    48

..........................................................


THE HANFORD CA CLIMATE NORMALS FOR TOMORROW
                         NORMAL    RECORD    YEAR
 MAXIMUM TEMPERATURE (F)   78        92      2005
 MINIMUM TEMPERATURE (F)   49        36      2009


SUNRISE AND SUNSET
APRIL 24 2014.........SUNRISE   613 AM PDT   SUNSET   740 PM PDT
APRIL 25 2014.........SUNRISE   612 AM PDT   SUNSET   741 PM PDT


-  INDICATES NEGATIVE NUMBERS.
R  INDICATES RECORD WAS SET OR TIED.
MM INDICATES DATA IS MISSING.
T  INDICATES TRACE AMOUNT.




$$
