000
CDUS43 KGLD 110750
CLIHLC

CLIMATE REPORT
NATIONAL WEATHER SERVICE GOODLAND
147 AM MDT FRI JUL 11 2014

...................................

...THE HILL CITY KS CLIMATE SUMMARY FOR JULY 10 2014...

CLIMATE NORMAL PERIOD 1981 TO 2010
CLIMATE RECORD PERIOD 1896 TO 2014

WEATHER ITEM   OBSERVED TIME   RECORD YEAR NORMAL DEPARTURE LAST
                VALUE   (LST)  VALUE       VALUE  FROM      YEAR
                                                  NORMAL
..................................................................
TEMPERATURE (F)
 YESTERDAY
  MAXIMUM         90    408 PM 110    1935  93     -3       95
  MINIMUM         65    631 AM  47    1924  65      0       72
  AVERAGE         78                        79     -1       84

PRECIPITATION (IN)
  YESTERDAY        0.66                      0.11   0.55     0.03
  MONTH TO DATE    0.71                      1.00  -0.29     0.21
  SINCE JUN 1      7.64                      3.76   3.88     2.89
  SINCE JAN 1     12.58                     12.26   0.32     7.23

..................................................................

THE HILL CITY KS CLIMATE NORMALS FOR TODAY
                         NORMAL    RECORD    YEAR
 MAXIMUM TEMPERATURE (F)   93       109      1980
                                             1954
 MINIMUM TEMPERATURE (F)   66        48      1999

-  INDICATES NEGATIVE NUMBERS.
R  INDICATES RECORD WAS SET OR TIED.
MM INDICATES DATA IS MISSING.
T  INDICATES TRACE AMOUNT.

$$
