000
CDUS41 KPBZ 210710
CLIHLG


CLIMATE REPORT
NATIONAL WEATHER SERVICE PITTSBURGH PA
310 AM EDT FRI JUL 21 2017


...................................

...THE WHEELING CLIMATE SUMMARY FOR JULY 20 2017...

CLIMATE NORMAL PERIOD 1981 TO 2010
CLIMATE RECORD PERIOD 1878 TO 2017


WEATHER ITEM   OBSERVED TIME   RECORD YEAR NORMAL DEPARTURE LAST
                VALUE   (LST)  VALUE       VALUE  FROM      YEAR
                                                  NORMAL
..................................................................
TEMPERATURE (F)
 YESTERDAY
  MAXIMUM         88    313 PM 103    1930  82      6       86
  MINIMUM         69    605 AM  41    1929  63      6       61
  AVERAGE         79                        72      7       74

PRECIPITATION (IN)
  YESTERDAY        0.24          1.53 2012   0.14   0.10     0.00
  MONTH TO DATE    2.28                      2.56  -0.28     1.80
  SINCE JAN 1     27.46                     22.46   5.00    18.40

DEGREE DAYS
 HEATING
  YESTERDAY        0                         0      0        0
  MONTH TO DATE    0                         0      0        2
  SINCE JUN 1     32                        38     -6       14
  SINCE JUL 1      0                         0      0        2

 COOLING
  YESTERDAY       14                                         9
  MONTH TO DATE  175                                       193
  SINCE JUN 1    338                                       401
  SINCE JAN 1    407                                       464
..................................................................


WIND (MPH)
  HIGHEST WIND SPEED    25   HIGHEST WIND DIRECTION    NW (310)
  HIGHEST GUST SPEED    37   HIGHEST GUST DIRECTION    NW (310)
  AVERAGE WIND SPEED     6.4


SKY COVER
  POSSIBLE SUNSHINE  MM
  AVERAGE SKY COVER 0.2


WEATHER CONDITIONS
 THE FOLLOWING WEATHER WAS RECORDED YESTERDAY.
  THUNDERSTORM
  HEAVY RAIN
  RAIN
  LIGHT RAIN
  FOG
  FOG W/VISIBILITY <= 1/4 MILE
  HAZE


RELATIVE HUMIDITY (PERCENT)
 HIGHEST    97           500 AM
 LOWEST     51          1200 PM
 AVERAGE    74

..........................................................


THE WHEELING CLIMATE NORMALS FOR TODAY
                         NORMAL    RECORD    YEAR
 MAXIMUM TEMPERATURE (F)   82       104      1934
 MINIMUM TEMPERATURE (F)   63        42      1929


SUNRISE AND SUNSET
JULY 21 2017..........SUNRISE   611 AM EDT   SUNSET   847 PM EDT
JULY 22 2017..........SUNRISE   612 AM EDT   SUNSET   846 PM EDT


-  INDICATES NEGATIVE NUMBERS.
R  INDICATES RECORD WAS SET OR TIED.
MM INDICATES DATA IS MISSING.
T  INDICATES TRACE AMOUNT.




$$
