000
CDUS45 KTFX 272245
CLIHLN


CLIMATE REPORT
NATIONAL WEATHER SERVICE GREAT FALLS MT
444 PM MDT SUN JUL 27 2014


...................................

...THE HELENA MT CLIMATE SUMMARY FOR JULY 27 2014...
VALID TODAY AS OF 0400 PM LOCAL TIME.

CLIMATE NORMAL PERIOD 1981 TO 2010
CLIMATE RECORD PERIOD 1866 TO 2014


WEATHER ITEM   OBSERVED TIME   RECORD YEAR NORMAL DEPARTURE LAST
                VALUE   (LST)  VALUE       VALUE  FROM      YEAR
                                                  NORMAL
..................................................................
TEMPERATURE (F)
 TODAY
  MAXIMUM         91    258 PM  99    2006  88      3       92
                                      1935
  MINIMUM         51    505 AM  44    1913  55     -4       57
  AVERAGE         71                        72     -1       75

PRECIPITATION (IN)
  TODAY            0.00          1.12 2009   0.03  -0.03     0.00
  MONTH TO DATE    0.56                      1.05  -0.49     0.65
  SINCE OCT 1      7.75                      8.78  -1.03     9.48
  SINCE JAN 1      6.75                      7.21  -0.46     6.18

SNOWFALL (IN)
  TODAY            0.0           0.0  1999   0.0    0.0      0.0
                                      1995
  MONTH TO DATE    0.0                       0.0    0.0      0.0
  SINCE JUN 1      0.0                       T      0.0      0.0
  SINCE JUL 1      0.0                       0.0    0.0      0.0
  SNOW DEPTH       0

DEGREE DAYS
 HEATING
  TODAY            0                         0      0        0
  MONTH TO DATE    0                        26    -26        0
  SINCE JUN 1    127                       162    -35      146
  SINCE JUL 1      0                        26    -26        0

 COOLING
  TODAY            6                         7     -1       10
  MONTH TO DATE  217                       157     60      243
  SINCE JUN 1    220                       206     14      285
  SINCE JAN 1    224                       214     10      292
..................................................................


WIND (MPH)
  HIGHEST WIND SPEED    13   HIGHEST WIND DIRECTION     E (90)
  HIGHEST GUST SPEED    16   HIGHEST GUST DIRECTION     E (80)
  AVERAGE WIND SPEED     3.8


SKY COVER
  AVERAGE SKY COVER 0.0


WEATHER CONDITIONS
 THE FOLLOWING WEATHER WAS RECORDED TODAY.
  NO SIGNIFICANT WEATHER WAS OBSERVED.


RELATIVE HUMIDITY (PERCENT)
 HIGHEST    59           500 AM
 LOWEST     14           300 PM
 AVERAGE    37

..........................................................


THE HELENA MT CLIMATE NORMALS FOR TOMORROW
                         NORMAL    RECORD    YEAR
 MAXIMUM TEMPERATURE (F)   88       101      2006
 MINIMUM TEMPERATURE (F)   55        38      1949


SUNRISE AND SUNSET
JULY 27 2014..........SUNRISE   603 AM MDT   SUNSET   906 PM MDT
JULY 28 2014..........SUNRISE   604 AM MDT   SUNSET   904 PM MDT


-  INDICATES NEGATIVE NUMBERS.
R  INDICATES RECORD WAS SET OR TIED.
MM INDICATES DATA IS MISSING.
T  INDICATES TRACE AMOUNT.




$$
