000
CDUS45 KTFX 260751
CLIHLN


CLIMATE REPORT
NATIONAL WEATHER SERVICE GREAT FALLS MT
151 AM MDT THU MAY 26 2016


...................................

...THE HELENA MT CLIMATE SUMMARY FOR MAY 25 2016...

CLIMATE NORMAL PERIOD 1981 TO 2010
CLIMATE RECORD PERIOD 1866 TO 2016


WEATHER ITEM   OBSERVED TIME   RECORD YEAR NORMAL DEPARTURE LAST
                VALUE   (LST)  VALUE       VALUE  FROM      YEAR
                                                  NORMAL
..................................................................
TEMPERATURE (F)
 YESTERDAY
  MAXIMUM         70    358 PM  89    2003  70      0       75
                                      1934
  MINIMUM         38    334 AM  25    1950  44     -6       42
  AVERAGE         54                        57     -3       59

PRECIPITATION (IN)
  YESTERDAY        0.00          1.19 1980   0.07  -0.07     0.00
  MONTH TO DATE    1.36                      1.40  -0.04     1.36
  SINCE OCT 1      4.73                      5.20  -0.47     5.34
  SINCE JAN 1      3.03                      3.63  -0.60     3.06

SNOWFALL (IN)
  YESTERDAY        0.0           3.7  1911   0.0    0.0      0.0
  MONTH TO DATE    T                         0.8   -0.8      0.0
  SINCE MAR 1      T                        10.7  -10.7       T
  SINCE JUL 1     14.8                      38.0  -23.2     24.3
  SNOW DEPTH       0

DEGREE DAYS
 HEATING
  YESTERDAY       11                         9      2        6
  MONTH TO DATE  290                       302    -12      303
  SINCE MAR 1   1499                      1795   -296     1490
  SINCE JUL 1   6439                      7356   -917     6498

 COOLING
  YESTERDAY        0                         0      0        0
  MONTH TO DATE    0                         0      0        0
  SINCE MAR 1      0                         0      0        0
  SINCE JAN 1      0                         0      0        0
..................................................................


WIND (MPH)
  HIGHEST WIND SPEED    29   HIGHEST WIND DIRECTION     W (260)
  HIGHEST GUST SPEED    34   HIGHEST GUST DIRECTION     W (270)
  AVERAGE WIND SPEED     8.1


SKY COVER
  AVERAGE SKY COVER 0.3


WEATHER CONDITIONS
 THE FOLLOWING WEATHER WAS RECORDED YESTERDAY.
  NO SIGNIFICANT WEATHER WAS OBSERVED.


RELATIVE HUMIDITY (PERCENT)
 HIGHEST    92           500 AM
 LOWEST     30           500 PM
 AVERAGE    61

..........................................................


THE HELENA MT CLIMATE NORMALS FOR TODAY
                         NORMAL    RECORD    YEAR
 MAXIMUM TEMPERATURE (F)   70        88      1966
                                             1936
 MINIMUM TEMPERATURE (F)   44        29      1975


SUNRISE AND SUNSET
MAY 26 2016...........SUNRISE   542 AM MDT   SUNSET   909 PM MDT
MAY 27 2016...........SUNRISE   541 AM MDT   SUNSET   910 PM MDT


-  INDICATES NEGATIVE NUMBERS.
R  INDICATES RECORD WAS SET OR TIED.
MM INDICATES DATA IS MISSING.
T  INDICATES TRACE AMOUNT.




$$
