000
CDUS45 KTFX 242230
CLIHLN


CLIMATE REPORT
NATIONAL WEATHER SERVICE GREAT FALLS MT
430 PM MDT SAT JUN 24 2017


...................................

...THE HELENA MT CLIMATE SUMMARY FOR JUNE 24 2017...
VALID TODAY AS OF 0400 PM LOCAL TIME.

CLIMATE NORMAL PERIOD 1981 TO 2010
CLIMATE RECORD PERIOD 1866 TO 2017


WEATHER ITEM   OBSERVED TIME   RECORD YEAR NORMAL DEPARTURE LAST
                VALUE   (LST)  VALUE       VALUE  FROM      YEAR
                                                  NORMAL
..................................................................
TEMPERATURE (F)
 TODAY
  MAXIMUM         79    255 PM  98    2012  79      0       73
  MINIMUM         47    428 AM  36    1905  50     -3       52
  AVERAGE         63                        64     -1       63

PRECIPITATION (IN)
  TODAY            0.00          0.82 1969   0.06  -0.06     0.08
  MONTH TO DATE    1.22                      1.74  -0.52     1.38
  SINCE OCT 1      8.03                      7.41   0.62     6.20
  SINCE JAN 1      5.05                      5.84  -0.79     4.50

SNOWFALL (IN)
  TODAY            0.0           0.0  2000   0.0    0.0       T
                                      2001
                                      1995
  MONTH TO DATE    0.0                       0.0    0.0       T
  SINCE JUN 1      0.0                       0.0    0.0       T
  SINCE JUL 1     51.5                      38.1   13.4     14.8

DEGREE DAYS
 HEATING
  TODAY            2                         3     -1        2
  MONTH TO DATE   74                       120    -46       53
  SINCE JUN 1     74                       120    -46       53
  SINCE JUL 1   7424                      7525   -101     6549

 COOLING
  TODAY            0                         2     -2        0
  MONTH TO DATE   36                        31      5       64
  SINCE JUN 1     36                        31      5       64
  SINCE JAN 1     45                        39      6       64
..................................................................


WIND (MPH)
  HIGHEST WIND SPEED    13   HIGHEST WIND DIRECTION    NE (30)
  HIGHEST GUST SPEED    15   HIGHEST GUST DIRECTION     N (20)
  AVERAGE WIND SPEED     4.3


SKY COVER
  AVERAGE SKY COVER 0.1


WEATHER CONDITIONS
 THE FOLLOWING WEATHER WAS RECORDED TODAY.
  NO SIGNIFICANT WEATHER WAS OBSERVED.


RELATIVE HUMIDITY (PERCENT)
 HIGHEST    71           400 AM
 LOWEST     19           300 PM
 AVERAGE    45

..........................................................


THE HELENA MT CLIMATE NORMALS FOR TOMORROW
                         NORMAL    RECORD    YEAR
 MAXIMUM TEMPERATURE (F)   79       100      1988
 MINIMUM TEMPERATURE (F)   51        36      1997


SUNRISE AND SUNSET
JUNE 24 2017..........SUNRISE   536 AM MDT   SUNSET   925 PM MDT
JUNE 25 2017..........SUNRISE   536 AM MDT   SUNSET   925 PM MDT


-  INDICATES NEGATIVE NUMBERS.
R  INDICATES RECORD WAS SET OR TIED.
MM INDICATES DATA IS MISSING.
T  INDICATES TRACE AMOUNT.




$$
