000
CDUS45 KTFX 051027
CLIHLN


CLIMATE REPORT
NATIONAL WEATHER SERVICE GREAT FALLS MT
423 AM MDT THU MAY 5 2016


...................................

...THE HELENA MT CLIMATE SUMMARY FOR MAY 4 2016...

CLIMATE NORMAL PERIOD 1981 TO 2010
CLIMATE RECORD PERIOD 1866 TO 2016


WEATHER ITEM   OBSERVED TIME   RECORD YEAR NORMAL DEPARTURE LAST
                VALUE   (LST)  VALUE       VALUE  FROM      YEAR
                                                  NORMAL
..................................................................
TEMPERATURE (F)
 YESTERDAY
  MAXIMUM         84    300 PM  87    1966  64     20       78
  MINIMUM         43    520 AM  22    1996  37      6       39
  AVERAGE         64                        50     14       59

PRECIPITATION (IN)
  YESTERDAY        0.00          0.88 1993   0.04  -0.04     0.00
  MONTH TO DATE    0.00                      0.16  -0.16     0.00
  SINCE OCT 1      3.37                      3.96  -0.59     3.98
  SINCE JAN 1      1.67                      2.39  -0.72     1.70

SNOWFALL (IN)
  YESTERDAY        0.0           4.3  1913   0.0    0.0      0.0
  MONTH TO DATE    0.0                       0.2   -0.2      0.0
  SINCE MAR 1      T                        10.1  -10.1       T
  SINCE JUL 1     14.8                      37.4  -22.6     24.3
  SNOW DEPTH       0

DEGREE DAYS
 HEATING
  YESTERDAY        1                        15    -14        6
  MONTH TO DATE   30                        61    -31       32
  SINCE MAR 1   1239                      1554   -315     1219
  SINCE JUL 1   6179                      7115   -936     6227

 COOLING
  YESTERDAY        0                         0      0        0
  MONTH TO DATE    0                         0      0        0
  SINCE MAR 1      0                         0      0        0
  SINCE JAN 1      0                         0      0        0
..................................................................


WIND (MPH)
  HIGHEST WIND SPEED    17   HIGHEST WIND DIRECTION     E (110)
  HIGHEST GUST SPEED    25   HIGHEST GUST DIRECTION     E (100)
  AVERAGE WIND SPEED     4.0


SKY COVER
  AVERAGE SKY COVER 0.1


WEATHER CONDITIONS
 THE FOLLOWING WEATHER WAS RECORDED YESTERDAY.
  NO SIGNIFICANT WEATHER WAS OBSERVED.


RELATIVE HUMIDITY (PERCENT)
 HIGHEST    65           500 AM
 LOWEST     14           200 PM
 AVERAGE    40

..........................................................


THE HELENA MT CLIMATE NORMALS FOR TODAY
                         NORMAL    RECORD    YEAR
 MAXIMUM TEMPERATURE (F)   64        86      1966
                                             1891
 MINIMUM TEMPERATURE (F)   37        20      1996


SUNRISE AND SUNSET
MAY  5 2016...........SUNRISE   607 AM MDT   SUNSET   844 PM MDT
MAY  6 2016...........SUNRISE   605 AM MDT   SUNSET   845 PM MDT


-  INDICATES NEGATIVE NUMBERS.
R  INDICATES RECORD WAS SET OR TIED.
MM INDICATES DATA IS MISSING.
T  INDICATES TRACE AMOUNT.




$$
