000
CDUS45 KTFX 020739
CLIHLN


CLIMATE REPORT
NATIONAL WEATHER SERVICE GREAT FALLS MT
139 AM MDT WED SEP 2 2015


...................................

...THE HELENA MT CLIMATE SUMMARY FOR SEPTEMBER 1 2015...

CLIMATE NORMAL PERIOD 1981 TO 2010
CLIMATE RECORD PERIOD 1866 TO 2015


WEATHER ITEM   OBSERVED TIME   RECORD YEAR NORMAL DEPARTURE LAST
                VALUE   (LST)  VALUE       VALUE  FROM      YEAR
                                                  NORMAL
..................................................................
TEMPERATURE (F)
 YESTERDAY
  MAXIMUM         85    410 PM  96    1967  79      6       72
  MINIMUM         48    614 AM  33    1930  48      0       50
  AVERAGE         67                        64      3       61

PRECIPITATION (IN)
  YESTERDAY        0.00          0.46 2008   0.04  -0.04     0.00
  MONTH TO DATE    0.00                      0.04  -0.04     0.00
  SINCE OCT 1      8.40                     10.16  -1.76     9.86
  SINCE JAN 1      6.12                      8.59  -2.47     8.86

SNOWFALL (IN)
  YESTERDAY        0.0           0.0  1999   0.0    0.0      0.0
                                      1995
  MONTH TO DATE    0.0                       0.0    0.0      0.0
  SINCE SEP 1      0.0                       0.0    0.0      0.0
  SINCE JUL 1      0.0                       0.3   -0.3      0.0
  SNOW DEPTH       0

DEGREE DAYS
 HEATING
  YESTERDAY        0                         4     -4        4
  MONTH TO DATE    0                         4     -4        4
  SINCE SEP 1      0                         4     -4        4
  SINCE JUL 1     37                        73    -36       51

 COOLING
  YESTERDAY        2                         2      0        0
  MONTH TO DATE    2                         2      0        0
  SINCE SEP 1      2                         2      0        0
  SINCE JAN 1    540                       385    155      448
..................................................................


WIND (MPH)
  HIGHEST WIND SPEED    12   HIGHEST WIND DIRECTION     W (250)
  HIGHEST GUST SPEED    16   HIGHEST GUST DIRECTION     E (80)
  AVERAGE WIND SPEED     4.4


SKY COVER
  AVERAGE SKY COVER 0.0


WEATHER CONDITIONS
 THE FOLLOWING WEATHER WAS RECORDED YESTERDAY.
  NO SIGNIFICANT WEATHER WAS OBSERVED.


RELATIVE HUMIDITY (PERCENT)
 HIGHEST    66           500 AM
 LOWEST     17           400 PM
 AVERAGE    42

..........................................................


THE HELENA MT CLIMATE NORMALS FOR TODAY
                         NORMAL    RECORD    YEAR
 MAXIMUM TEMPERATURE (F)   79        97      2007
 MINIMUM TEMPERATURE (F)   48        32      1959


SUNRISE AND SUNSET
SEPTEMBER  2 2015.....SUNRISE   649 AM MDT   SUNSET   805 PM MDT
SEPTEMBER  3 2015.....SUNRISE   650 AM MDT   SUNSET   804 PM MDT


-  INDICATES NEGATIVE NUMBERS.
R  INDICATES RECORD WAS SET OR TIED.
MM INDICATES DATA IS MISSING.
T  INDICATES TRACE AMOUNT.




$$
