000
CDUS45 KTFX 262219
CLIHLN


CLIMATE REPORT
NATIONAL WEATHER SERVICE GREAT FALLS MT
418 PM MDT THU MAR 26 2015


...................................

...THE HELENA MT CLIMATE SUMMARY FOR MARCH 26 2015...
VALID TODAY AS OF 0400 PM LOCAL TIME.

CLIMATE NORMAL PERIOD 1981 TO 2010
CLIMATE RECORD PERIOD 1866 TO 2015


WEATHER ITEM   OBSERVED TIME   RECORD YEAR NORMAL DEPARTURE LAST
                VALUE   (LST)  VALUE       VALUE  FROM      YEAR
                                                  NORMAL
..................................................................
TEMPERATURE (F)
 TODAY
  MAXIMUM         62    255 PM  73    1978  52     10       53
  MINIMUM         46    625 AM -22    1955  27     19       30
  AVERAGE         54                        40     14       42

PRECIPITATION (IN)
  TODAY            0.00          0.41 1886   0.02  -0.02     0.00
  MONTH TO DATE    0.15                      0.47  -0.32     0.67
  SINCE OCT 1      3.45                      2.70   0.75     4.20
  SINCE JAN 1      1.17                      1.13   0.04     3.20

SNOWFALL (IN)
  TODAY            0.0           6.1  1886   0.2   -0.2      0.0
  MONTH TO DATE    T                         5.2   -5.2      3.6
  SINCE MAR 1      T                         5.2   -5.2      3.6
  SINCE JUL 1     24.3                      32.5   -8.2     41.6
  SNOW DEPTH       0

DEGREE DAYS
 HEATING
  TODAY           11                        26    -15       23
  MONTH TO DATE  567                       768   -201      797
  SINCE MAR 1    567                       768   -201      797
  SINCE JUL 1   5575                      6329   -754     6313

 COOLING
  TODAY            0                         0      0        0
  MONTH TO DATE    0                         0      0        0
  SINCE MAR 1      0                         0      0        0
  SINCE JAN 1      0                         0      0        0
..................................................................


WIND (MPH)
  HIGHEST WIND SPEED    29   HIGHEST WIND DIRECTION     W (280)
  HIGHEST GUST SPEED    39   HIGHEST GUST DIRECTION     W (280)
  AVERAGE WIND SPEED    12.9


SKY COVER
  AVERAGE SKY COVER 0.9


WEATHER CONDITIONS
 THE FOLLOWING WEATHER WAS RECORDED TODAY.
  NO SIGNIFICANT WEATHER WAS OBSERVED.


RELATIVE HUMIDITY (PERCENT)
 HIGHEST    65           700 AM
 LOWEST     42           100 PM
 AVERAGE    54

..........................................................


THE HELENA MT CLIMATE NORMALS FOR TOMORROW
                         NORMAL    RECORD    YEAR
 MAXIMUM TEMPERATURE (F)   52        75      1986
 MINIMUM TEMPERATURE (F)   28       -11      1955


SUNRISE AND SUNSET
MARCH 26 2015.........SUNRISE   720 AM MDT   SUNSET   749 PM MDT
MARCH 27 2015.........SUNRISE   718 AM MDT   SUNSET   750 PM MDT


-  INDICATES NEGATIVE NUMBERS.
R  INDICATES RECORD WAS SET OR TIED.
MM INDICATES DATA IS MISSING.
T  INDICATES TRACE AMOUNT.




$$
