000
CDHW40 PHFO 061245
CLIHNL


CLIMATE REPORT
NATIONAL WEATHER SERVICE HONOLULU HI
245 AM HST FRI MAR 6 2015


...................................

...THE HONOLULU HI CLIMATE SUMMARY FOR MARCH 5 2015...

CLIMATE NORMAL PERIOD 1981 TO 2010
CLIMATE RECORD PERIOD 1946 TO 2015


WEATHER ITEM   OBSERVED TIME   RECORD YEAR NORMAL DEPARTURE LAST
                VALUE   (LST)  VALUE       VALUE  FROM      YEAR
                                                  NORMAL
..................................................................
TEMPERATURE (F)
 YESTERDAY
  MAXIMUM         76    221 PM  86    1968  81     -5       79
  MINIMUM         66   1159 PM  59    1987  67     -1       65
  AVERAGE         71                        74     -3       72

PRECIPITATION (IN)
  YESTERDAY        0.04         15.32 1958   0.07  -0.03     0.00
  MONTH TO DATE    0.28                      0.33  -0.05     0.77
  SINCE MAR 1      0.28                      0.33  -0.05     0.77
  SINCE JAN 1      2.08                      4.63  -2.55     4.45

SNOWFALL (IN)
  YESTERDAY        0.0
  MONTH TO DATE    0.0
  SINCE MAR 1      0.0
  SINCE JUL 1      0.0
  SNOW DEPTH       0

DEGREE DAYS
 HEATING
  YESTERDAY        0                         0      0        0
  MONTH TO DATE    0                         0      0        0
  SINCE MAR 1      0                         0      0        0
  SINCE JUL 1      0                         0      0        0

 COOLING
  YESTERDAY        6                         9     -3        7
  MONTH TO DATE   53                        44      9       36
  SINCE MAR 1     53                        44      9       36
  SINCE JAN 1    563                       526     37      555
..................................................................


WIND (MPH)
  HIGHEST WIND SPEED    22   HIGHEST WIND DIRECTION     N (360)
  HIGHEST GUST SPEED    30   HIGHEST GUST DIRECTION     N (360)
  AVERAGE WIND SPEED    10.5


SKY COVER
  POSSIBLE SUNSHINE  MM
  AVERAGE SKY COVER 0.6


WEATHER CONDITIONS
 THE FOLLOWING WEATHER WAS RECORDED YESTERDAY.
  LIGHT RAIN


RELATIVE HUMIDITY (PERCENT)
 HIGHEST    87           600 AM
 LOWEST     60          1200 PM
 AVERAGE    74

..........................................................


THE HONOLULU HI CLIMATE NORMALS FOR TODAY
                         NORMAL    RECORD    YEAR
 MAXIMUM TEMPERATURE (F)   81        87      1986
 MINIMUM TEMPERATURE (F)   67        59      1987


SUNRISE AND SUNSET
MARCH  6 2015.........SUNRISE   648 AM HST   SUNSET   638 PM HST
MARCH  7 2015.........SUNRISE   647 AM HST   SUNSET   638 PM HST


-  INDICATES NEGATIVE NUMBERS.
R  INDICATES RECORD WAS SET OR TIED.
MM INDICATES DATA IS MISSING.
T  INDICATES TRACE AMOUNT.




$$
