000
CDHW40 PHFO 211245
CLIHNL


CLIMATE REPORT
NATIONAL WEATHER SERVICE HONOLULU HI
245 AM HST MON AUG 21 2017


...................................

...THE HONOLULU HI CLIMATE SUMMARY FOR AUGUST 20 2017...

CLIMATE NORMAL PERIOD 1981 TO 2010
CLIMATE RECORD PERIOD 1946 TO 2017


WEATHER ITEM   OBSERVED TIME   RECORD YEAR NORMAL DEPARTURE LAST
                VALUE   (LST)  VALUE       VALUE  FROM      YEAR
                                                  NORMAL
..................................................................
TEMPERATURE (F)
 YESTERDAY
  MAXIMUM         86    233 PM  93    1986  89     -3       89
  MINIMUM         71    621 AM  66    2009  75     -4       77
  AVERAGE         79                        82     -3       83

PRECIPITATION (IN)
  YESTERDAY        0.00          0.14 2015   0.02  -0.02      T
  MONTH TO DATE    0.05                      0.36  -0.31     0.12
  SINCE JUN 1      0.60                      1.13  -0.53     3.02
  SINCE JAN 1     14.09                      8.70   5.39     7.06

SNOWFALL (IN)
  YESTERDAY        0.0
  MONTH TO DATE    0.0
  SINCE JUN 1      0.0
  SINCE JUL 1      0.0
  SNOW DEPTH      MM

DEGREE DAYS
 HEATING
  YESTERDAY        0                         0      0        0
  MONTH TO DATE    0                         0      0        0
  SINCE JUN 1      0                         0      0        0
  SINCE JUL 1      0                         0      0        0

 COOLING
  YESTERDAY       14                        17     -3       18
  MONTH TO DATE  344                       340      4      284
  SINCE JUN 1   1312                      1298     14     1219
  SINCE JAN 1   3013                      2800    213     2933
..................................................................


WIND (MPH)
  HIGHEST WIND SPEED    21   HIGHEST WIND DIRECTION     E (70)
  HIGHEST GUST SPEED    27   HIGHEST GUST DIRECTION    NE (60)
  AVERAGE WIND SPEED    10.8


SKY COVER
  POSSIBLE SUNSHINE  MM
  AVERAGE SKY COVER  MM


WEATHER CONDITIONS
 THE FOLLOWING WEATHER WAS RECORDED YESTERDAY.
  NO SIGNIFICANT WEATHER WAS OBSERVED.


RELATIVE HUMIDITY (PERCENT)
 HIGHEST    MM
 LOWEST     MM
 AVERAGE    MM

..........................................................


THE HONOLULU HI CLIMATE NORMALS FOR TODAY
                         NORMAL    RECORD    YEAR
 MAXIMUM TEMPERATURE (F)   89        93      1987
 MINIMUM TEMPERATURE (F)   75        70      1984
                                             1983
                                             1965


SUNRISE AND SUNSET
AUGUST 21 2017........SUNRISE   612 AM HST   SUNSET   657 PM HST
AUGUST 22 2017........SUNRISE   613 AM HST   SUNSET   656 PM HST


-  INDICATES NEGATIVE NUMBERS.
R  INDICATES RECORD WAS SET OR TIED.
MM INDICATES DATA IS MISSING.
T  INDICATES TRACE AMOUNT.




$$
