000
CDHW40 PHFO 260242
CLIHNL


CLIMATE REPORT
NATIONAL WEATHER SERVICE HONOLULU HI
440 PM HST SUN JUN 25 2017


...................................

...THE HONOLULU HI CLIMATE SUMMARY FOR JUNE 25 2017...
VALID TODAY AS OF 0400 PM LOCAL TIME.

CLIMATE NORMAL PERIOD 1981 TO 2010
CLIMATE RECORD PERIOD 1946 TO 2017


WEATHER ITEM   OBSERVED TIME   RECORD YEAR NORMAL DEPARTURE LAST
                VALUE   (LST)  VALUE       VALUE  FROM      YEAR
                                                  NORMAL
..................................................................
TEMPERATURE (F)
 TODAY
  MAXIMUM         88    309 PM  92    1987  88      0       86
  MINIMUM         72    622 AM  66    1949  74     -2       73
  AVERAGE         80                        81     -1       80

PRECIPITATION (IN)
  TODAY            0.00          0.21 1950   0.01  -0.01     0.03
  MONTH TO DATE    0.48                      0.22   0.26     0.19
  SINCE JUN 1      0.48                      0.22   0.26     0.19
  SINCE JAN 1     13.97                      7.79   6.18     4.23

SNOWFALL (IN)
  TODAY            0.0
  MONTH TO DATE    0.0
  SINCE JUN 1      0.0
  SINCE JUL 1      0.0
  SNOW DEPTH      MM

DEGREE DAYS
 HEATING
  TODAY            0                         0      0        0
  MONTH TO DATE    0                         0      0        0
  SINCE JUN 1      0                         0      0        0
  SINCE JUL 1      0                         0      0        0

 COOLING
  TODAY           15                        16     -1       15
  MONTH TO DATE  380                       378      2      347
  SINCE JUN 1    380                       378      2      347
  SINCE JAN 1   2081                      1880    201     2061
..................................................................


WIND (MPH)
  HIGHEST WIND SPEED    20   HIGHEST WIND DIRECTION    NE (60)
  HIGHEST GUST SPEED    25   HIGHEST GUST DIRECTION     E (90)
  AVERAGE WIND SPEED    MM


SKY COVER
  POSSIBLE SUNSHINE  MM
  AVERAGE SKY COVER  MM


WEATHER CONDITIONS
 THE FOLLOWING WEATHER WAS RECORDED TODAY.
  NO SIGNIFICANT WEATHER WAS OBSERVED.


RELATIVE HUMIDITY (PERCENT)
 HIGHEST    MM
 LOWEST     MM
 AVERAGE    MM

..........................................................


THE HONOLULU HI CLIMATE NORMALS FOR TOMORROW
                         NORMAL    RECORD    YEAR
 MAXIMUM TEMPERATURE (F)   88        92      1987
 MINIMUM TEMPERATURE (F)   74        68      1985


SUNRISE AND SUNSET
JUNE 25 2017..........SUNRISE   552 AM HST   SUNSET   717 PM HST
JUNE 26 2017..........SUNRISE   552 AM HST   SUNSET   718 PM HST


-  INDICATES NEGATIVE NUMBERS.
R  INDICATES RECORD WAS SET OR TIED.
MM INDICATES DATA IS MISSING.
T  INDICATES TRACE AMOUNT.




$$
