000
CDUS43 KFSD 280643
CLIHON


CLIMATE REPORT
NATIONAL WEATHER SERVICE SIOUX FALLS SD
142 AM CDT WED JUN 28 2017


...................................

...THE HURON SD CLIMATE SUMMARY FOR JUNE 27 2017...

CLIMATE NORMAL PERIOD 1981 TO 2010
CLIMATE RECORD PERIOD 1881 TO 2017


WEATHER ITEM   OBSERVED TIME   RECORD YEAR NORMAL DEPARTURE LAST
                VALUE   (LST)  VALUE       VALUE  FROM      YEAR
                                                  NORMAL
..................................................................
TEMPERATURE (F)
 YESTERDAY
  MAXIMUM         84    419 PM 106    1931  83      1       83
  MINIMUM         49    521 AM  44    1976  59    -10       55
                                      1898
  AVERAGE         67                        71     -4       69

PRECIPITATION (IN)
  YESTERDAY        T             3.43 1905   0.11  -0.11      T
  MONTH TO DATE    2.96                      3.62  -0.66     1.91
  SINCE JUN 1      2.96                      3.62  -0.66     1.91
  SINCE JAN 1      7.05                     11.60  -4.55    10.72

SNOWFALL (IN)
  YESTERDAY        0.0           0.0    MM   0.0    0.0      0.0
  MONTH TO DATE    0.0                       0.0    0.0      0.0
  SINCE JUN 1      0.0                       0.0    0.0      0.0
  SINCE JUL 1     35.9                      43.9   -8.0     33.0
  SNOW DEPTH       0

DEGREE DAYS
 HEATING
  YESTERDAY        0                         1     -1        0
  MONTH TO DATE   29                        50    -21       17
  SINCE JUN 1     29                        50    -21       17
  SINCE JUL 1   6909                      7671   -762     6569

 COOLING
  YESTERDAY        2                         7     -5        4
  MONTH TO DATE  146                       112     34      211
  SINCE JUN 1    146                       112     34      211
  SINCE JAN 1    167                       145     22      242
..................................................................


WIND (MPH)
  HIGHEST WIND SPEED    30   HIGHEST WIND DIRECTION     S (170)
  HIGHEST GUST SPEED    40   HIGHEST GUST DIRECTION    SE (140)
  AVERAGE WIND SPEED    16.2


SKY COVER
  POSSIBLE SUNSHINE  MM
  AVERAGE SKY COVER 0.1


WEATHER CONDITIONS
 THE FOLLOWING WEATHER WAS RECORDED YESTERDAY.
  THUNDERSTORM
  LIGHT RAIN


RELATIVE HUMIDITY (PERCENT)
 HIGHEST    80           400 AM
 LOWEST     33           200 PM
 AVERAGE    57

..........................................................


THE HURON SD CLIMATE NORMALS FOR TODAY
                         NORMAL    RECORD    YEAR
 MAXIMUM TEMPERATURE (F)   84       108      1931
 MINIMUM TEMPERATURE (F)   59        40      1895


SUNRISE AND SUNSET
JUNE 28 2017..........SUNRISE   551 AM CDT   SUNSET   921 PM CDT
JUNE 29 2017..........SUNRISE   552 AM CDT   SUNSET   921 PM CDT


-  INDICATES NEGATIVE NUMBERS.
R  INDICATES RECORD WAS SET OR TIED.
MM INDICATES DATA IS MISSING.
T  INDICATES TRACE AMOUNT.




$$
