079
CDUS44 KHGX 090735
CLIHOU


CLIMATE REPORT
NATIONAL WEATHER SERVICE HOUSTON/GALVESTON TX
135 AM CST FRI DEC 9 2016


...................................

...THE HOUSTON INTERCONTINENTAL CLIMATE SUMMARY FOR DECEMBER 8 2016...

CLIMATE NORMAL PERIOD 1981 TO 2010
CLIMATE RECORD PERIOD 1892 TO 2016


WEATHER ITEM   OBSERVED TIME   RECORD YEAR NORMAL DEPARTURE LAST
                VALUE   (LST)  VALUE       VALUE  FROM      YEAR
                                                  NORMAL
..................................................................
TEMPERATURE (F)
 YESTERDAY
  MAXIMUM         56    124 AM  83    2012  66    -10       72
                                      2007
  MINIMUM         40   1159 PM  25    1927  46     -6       42
                                      1891
  AVERAGE         48                        56     -8       57

PRECIPITATION (IN)
  YESTERDAY        0.09          1.95 1896   0.13  -0.04     0.00
  MONTH TO DATE    2.95                      1.07   1.88     0.02
  SINCE DEC 1      2.95                      1.07   1.88     0.02
  SINCE JAN 1     60.35                     47.10  13.25    64.84

SNOWFALL (IN)
  YESTERDAY        0.0           0.0  2002
                                      2001
  MONTH TO DATE    0.0
  SINCE DEC 1      0.0
  SINCE JUL 1      0.0

DEGREE DAYS
 HEATING
  YESTERDAY       17                        10      7        8
  MONTH TO DATE   98                        77     21       89
  SINCE DEC 1     98                        77     21       89
  SINCE JUL 1    156                       262   -106      202
..................................................................


WIND (MPH)
  HIGHEST WIND SPEED    28   HIGHEST WIND DIRECTION     N (20)
  HIGHEST GUST SPEED    34   HIGHEST GUST DIRECTION     N (20)




RELATIVE HUMIDITY (PERCENT)
 HIGHEST    93
 LOWEST     60
 AVERAGE    77

..........................................................


THE HOUSTON INTERCONTINENTAL CLIMATE NORMALS FOR TODAY
                         NORMAL    RECORD    YEAR
 MAXIMUM TEMPERATURE (F)   65        82      2007
 MINIMUM TEMPERATURE (F)   45        25      1917


SUNRISE AND SUNSET
DECEMBER  9 2016......SUNRISE   706 AM CST   SUNSET   522 PM CST
DECEMBER 10 2016......SUNRISE   707 AM CST   SUNSET   522 PM CST


-  INDICATES NEGATIVE NUMBERS.
R  INDICATES RECORD WAS SET OR TIED.
MM INDICATES DATA IS MISSING.
T  INDICATES TRACE AMOUNT.


&&

...................................

...THE HOUSTON/HOBBY AIRPORT CLIMATE SUMMARY FOR DECEMBER 8 2016...

CLIMATE NORMAL PERIOD 1981 TO 2010
CLIMATE RECORD PERIOD 1930 TO 2016


WEATHER ITEM   OBSERVED TIME   RECORD YEAR NORMAL DEPARTURE LAST
                VALUE   (LST)  VALUE       VALUE  FROM      YEAR
                                                  NORMAL
..................................................................
TEMPERATURE (F)
 YESTERDAY
  MAXIMUM         57    256 AM  83    2012  66     -9       74
                                      2007
  MINIMUM         42   1159 PM  27    1934  48     -6       48
  AVERAGE         50                        57     -7       61

PRECIPITATION (IN)
  YESTERDAY        0.15          2.99 1935   0.14   0.01     0.01
  MONTH TO DATE    2.31                      1.10   1.21     0.04
  SINCE DEC 1      2.31                      1.10   1.21     0.04
  SINCE JAN 1     55.44                     51.72   3.72    73.68

SNOWFALL (IN)
  YESTERDAY        0.0          MM      MM
  MONTH TO DATE    0.0
  SINCE DEC 1      0.0
  SINCE JUL 1      0.0

DEGREE DAYS
 HEATING
  YESTERDAY       15                         9      6        4
  MONTH TO DATE   75                        69      6       65
  SINCE DEC 1     75                        69      6       65
  SINCE JUL 1    112                       225   -113      139
..................................................................


WIND (MPH)
  HIGHEST WIND SPEED    30   HIGHEST WIND DIRECTION     N (10)
  HIGHEST GUST SPEED    36   HIGHEST GUST DIRECTION     N (20)




RELATIVE HUMIDITY (PERCENT)
 HIGHEST    93
 LOWEST     56
 AVERAGE    75

..........................................................


THE HOUSTON/HOBBY AIRPORT CLIMATE NORMALS FOR TODAY
                         NORMAL    RECORD    YEAR
 MAXIMUM TEMPERATURE (F)   66        82      2007
                                             2004
                                             1972
 MINIMUM TEMPERATURE (F)   48        28      1978


SUNRISE AND SUNSET
DECEMBER  9 2016......SUNRISE   705 AM CST   SUNSET   522 PM CST
DECEMBER 10 2016......SUNRISE   706 AM CST   SUNSET   523 PM CST


-  INDICATES NEGATIVE NUMBERS.
R  INDICATES RECORD WAS SET OR TIED.
MM INDICATES DATA IS MISSING.
T  INDICATES TRACE AMOUNT.




$$
