000
CDUS44 KHGX 301050
CLIHOU


CLIMATE REPORT
NATIONAL WEATHER SERVICE HOUSTON/GALVESTON TX
450 AM CST FRI JAN 30 2015


...................................

...THE HOUSTON INTERCONTINENTAL CLIMATE SUMMARY FOR JANUARY 29 2015...

CLIMATE NORMAL PERIOD 1981 TO 2010
CLIMATE RECORD PERIOD 1892 TO 2015


WEATHER ITEM   OBSERVED TIME   RECORD YEAR NORMAL DEPARTURE LAST
                VALUE   (LST)  VALUE       VALUE  FROM      YEAR
                                                  NORMAL
..................................................................
TEMPERATURE (F)
 YESTERDAY
  MAXIMUM         75    447 PM  82    1975  64     11       42
  MINIMUM         49    217 AM  22    1897  44      5       29
  AVERAGE         62                        54      8       36

PRECIPITATION (IN)
  YESTERDAY        0.00          1.93 1922   0.11  -0.11     0.00
  MONTH TO DATE    3.17                      3.15   0.02     0.96
  SINCE DEC 1      8.77                      6.89   1.88     2.62
  SINCE JAN 1      3.17                      3.15   0.02     0.96

SNOWFALL (IN)
  YESTERDAY        0.0           T    1949
                                      1948
  MONTH TO DATE    0.0
  SINCE DEC 1      0.0
  SINCE JUL 1      0.0

DEGREE DAYS
 HEATING
  YESTERDAY        3                        12     -9       29
  MONTH TO DATE  442                       366     76      448
  SINCE DEC 1    699                       720    -21      891
  SINCE JUL 1    947                       905     42     1140
..................................................................


WIND (MPH)
  HIGHEST WIND SPEED    18   HIGHEST WIND DIRECTION     N (10)
  HIGHEST GUST SPEED    22   HIGHEST GUST DIRECTION     N (10)




RELATIVE HUMIDITY (PERCENT)
 HIGHEST   100
 LOWEST     54
 AVERAGE    77

..........................................................


THE HOUSTON INTERCONTINENTAL CLIMATE NORMALS FOR TODAY
                         NORMAL    RECORD    YEAR
 MAXIMUM TEMPERATURE (F)   64        84      1911
 MINIMUM TEMPERATURE (F)   44        18      1949


SUNRISE AND SUNSET
JANUARY 30 2015.......SUNRISE   713 AM CST   SUNSET   557 PM CST
JANUARY 31 2015.......SUNRISE   712 AM CST   SUNSET   558 PM CST


-  INDICATES NEGATIVE NUMBERS.
R  INDICATES RECORD WAS SET OR TIED.
MM INDICATES DATA IS MISSING.
T  INDICATES TRACE AMOUNT.




...................................

...THE HOUSTON/HOBBY AIRPORT CLIMATE SUMMARY FOR JANUARY 29 2015...

CLIMATE NORMAL PERIOD 1981 TO 2010
CLIMATE RECORD PERIOD 1930 TO 2015


WEATHER ITEM   OBSERVED TIME   RECORD YEAR NORMAL DEPARTURE LAST
                VALUE   (LST)  VALUE       VALUE  FROM      YEAR
                                                  NORMAL
..................................................................
TEMPERATURE (F)
 YESTERDAY
  MAXIMUM         75    507 PM  81    1975  64     11       42
                                      1957
  MINIMUM         51    728 AM  25    1966  46      5       27
                                      1951
  AVERAGE         63                        55      8       35

PRECIPITATION (IN)
  YESTERDAY        0.00          2.14 1959   0.13  -0.13     0.00
  MONTH TO DATE    5.13                      3.61   1.52     0.53
  SINCE DEC 1      9.74                      7.64   2.10     1.40
  SINCE JAN 1      5.13                      3.61   1.52     0.53

SNOWFALL (IN)
  YESTERDAY        0.0           T    1949
  MONTH TO DATE    0.0
  SINCE DEC 1      0.0
  SINCE JUL 1      0.0

DEGREE DAYS
 HEATING
  YESTERDAY        2                        11     -9       30
  MONTH TO DATE  419                       337     82      401
  SINCE DEC 1    643                       657    -14      800
  SINCE JUL 1    857                       813     44     1017
..................................................................


WIND (MPH)
  HIGHEST WIND SPEED    17   HIGHEST WIND DIRECTION     N (20)
  HIGHEST GUST SPEED    22   HIGHEST GUST DIRECTION     N (10)




RELATIVE HUMIDITY (PERCENT)
 HIGHEST   100
 LOWEST     50
 AVERAGE    75

..........................................................


THE HOUSTON/HOBBY AIRPORT CLIMATE NORMALS FOR TODAY
                         NORMAL    RECORD    YEAR
 MAXIMUM TEMPERATURE (F)   64        82      1975
 MINIMUM TEMPERATURE (F)   46        12      1949


SUNRISE AND SUNSET
JANUARY 30 2015.......SUNRISE   712 AM CST   SUNSET   557 PM CST
JANUARY 31 2015.......SUNRISE   711 AM CST   SUNSET   558 PM CST


-  INDICATES NEGATIVE NUMBERS.
R  INDICATES RECORD WAS SET OR TIED.
MM INDICATES DATA IS MISSING.
T  INDICATES TRACE AMOUNT.




$$
