000
CDUS44 KHGX 061339
CLIHOU

CLIMATE REPORT
NATIONAL WEATHER SERVICE HOUSTON/GALVESTON TX
830 AM CDT FRI MAY 6 2016


...MORNING CLIMATE DATA...

                            MORNING LOW    PRECIP SINCE MIDNIGHT

HOUSTON INTERCONTINENTAL         55                0.00
GALVESTON SCHOLES FIELD          65                0.00
BRYAN/COLLEGE STATION            55                0.00
HOUSTON HOBBY                    59                0.00

...................................

...THE HOUSTON INTERCONTINENTAL CLIMATE SUMMARY FOR MAY 5 2016...

CLIMATE NORMAL PERIOD 1981 TO 2010
CLIMATE RECORD PERIOD 1892 TO 2016


WEATHER ITEM   OBSERVED TIME   RECORD YEAR NORMAL DEPARTURE LAST
                VALUE   (LST)  VALUE       VALUE  FROM      YEAR
                                                  NORMAL
..................................................................
TEMPERATURE (F)
 YESTERDAY
  MAXIMUM         85    218 PM  94    1906  84      1       82
  MINIMUM         59    504 AM  49    1970  65     -6       63
  AVERAGE         72                        74     -2       73

PRECIPITATION (IN)
  YESTERDAY        0.00          3.60 1912   0.17  -0.17     0.13
  MONTH TO DATE    0.05                      0.79  -0.74     0.13
  SINCE MAR 1     17.69                      7.51  10.18    12.57
  SINCE JAN 1     21.80                     14.09   7.71    16.40

DEGREE DAYS
 COOLING
  YESTERDAY        7                         9     -2        8
  MONTH TO DATE   27                        44    -17       32
  SINCE MAR 1    269                       287    -18      336
  SINCE JAN 1    306                       325    -19      346
..................................................................


WIND (MPH)
  HIGHEST WIND SPEED    17   HIGHEST WIND DIRECTION     N (350)
  HIGHEST GUST SPEED    28   HIGHEST GUST DIRECTION    NE (30)


RELATIVE HUMIDITY (PERCENT)
 HIGHEST    84
 LOWEST     26
 AVERAGE    55

..........................................................


THE HOUSTON INTERCONTINENTAL CLIMATE NORMALS FOR TODAY
                         NORMAL    RECORD    YEAR
 MAXIMUM TEMPERATURE (F)   84        94      1906
 MINIMUM TEMPERATURE (F)   65        49      2013


SUNRISE AND SUNSET
MAY  6 2016...........SUNRISE   634 AM CDT   SUNSET   802 PM CDT
MAY  7 2016...........SUNRISE   633 AM CDT   SUNSET   803 PM CDT


-  INDICATES NEGATIVE NUMBERS.
R  INDICATES RECORD WAS SET OR TIED.
MM INDICATES DATA IS MISSING.
T  INDICATES TRACE AMOUNT.


&&

...................................

...THE HOUSTON/HOBBY AIRPORT CLIMATE SUMMARY FOR MAY 5 2016...

CLIMATE NORMAL PERIOD 1981 TO 2010
CLIMATE RECORD PERIOD 1930 TO 2016


WEATHER ITEM   OBSERVED TIME   RECORD YEAR NORMAL DEPARTURE LAST
                VALUE   (LST)  VALUE       VALUE  FROM      YEAR
                                                  NORMAL
..................................................................
TEMPERATURE (F)
 YESTERDAY
  MAXIMUM         88    218 PM  94    1947  83      5       83
  MINIMUM         62    541 AM  50    1944  66     -4       68
  AVERAGE         75                        75      0       76

PRECIPITATION (IN)
  YESTERDAY        0.00          1.63 1935   0.15  -0.15     0.02
  MONTH TO DATE    0.07                      0.71  -0.64     0.02
  SINCE MAR 1     13.16                      7.16   6.00    14.60
  SINCE JAN 1     17.33                     14.24   3.09    20.48

DEGREE DAYS
 COOLING
  YESTERDAY       10                        10      0       11
  MONTH TO DATE   41                        46     -5       38
  SINCE MAR 1    392                       288    104      361
  SINCE JAN 1    430                       326    104      371
..................................................................


WIND (MPH)
  HIGHEST WIND SPEED    20   HIGHEST WIND DIRECTION    NW (320)
  HIGHEST GUST SPEED    25   HIGHEST GUST DIRECTION    NW (320)


RELATIVE HUMIDITY (PERCENT)
 HIGHEST    78
 LOWEST     20
 AVERAGE    49

..........................................................


THE HOUSTON/HOBBY AIRPORT CLIMATE NORMALS FOR TODAY
                         NORMAL    RECORD    YEAR
 MAXIMUM TEMPERATURE (F)   83        94      1947
 MINIMUM TEMPERATURE (F)   66        51      2013


SUNRISE AND SUNSET
MAY  6 2016...........SUNRISE   634 AM CDT   SUNSET   802 PM CDT
MAY  7 2016...........SUNRISE   633 AM CDT   SUNSET   802 PM CDT


-  INDICATES NEGATIVE NUMBERS.
R  INDICATES RECORD WAS SET OR TIED.
MM INDICATES DATA IS MISSING.
T  INDICATES TRACE AMOUNT.

..........................................................

...MISCELLANEOUS CLIMATE DATA FOR YESTERDAY...

LOCATION                        HIGH    LOW     PRECIP

PEARLAND                         89      61      0.00
SUGAR LAND                       85      57      0.00
TOMBALL                          85      58      0.00
CONROE                           83      53      0.00
HUNTSVILLE                       82      56      0.00
ANGLETON/LAKE JACKSON            88      60      0.00
PALACIOS                         88      59      0.00
LEAGUE CITY (NWS)                86      62      0.00


THIS PRODUCT...ALONG WITH OTHER WEATHER...HYDROLOGIC...AND CLIMATE
PRODUCTS...IS AVAILABLE ON THE WEB AT HTTP://WWW.SRH.NOAA.GOV/HGX
OR AT HTTP://WEATHER.GOV


$$
