000
CDUS44 KHGX 252202 CCA
CLIHOU

CLIMATE REPORT
NATIONAL WEATHER SERVICE HOUSTON/GALVESTON TX
502 PM CDT SAT OCT 25 2014


...................................

...THE HOUSTON INTERCONTINENTAL CLIMATE SUMMARY FOR OCTOBER 25 2014...
VALID TODAY AS OF 400 PM LOCAL TIME.

CLIMATE NORMAL PERIOD 1981 TO 2010
CLIMATE RECORD PERIOD 1892 TO 2014


WEATHER ITEM   OBSERVED TIME   RECORD YEAR NORMAL DEPARTURE LAST
                VALUE   (LST)  VALUE       VALUE  FROM      YEAR
                                                  NORMAL
..................................................................
TEMPERATURE (F)
 TODAY
  MAXIMUM         84    259 PM  91    1950  80      4       75
  MINIMUM         55    547 AM  39    1980  59     -4       56
  AVERAGE         70                        69      1       66

PRECIPITATION (IN)
  TODAY            0.00          9.25 1984   0.20  -0.20     0.00
  MONTH TO DATE    2.95                      4.63  -1.68     2.79
  SINCE SEP 1      6.83                      8.75  -1.92     7.88
  SINCE JAN 1     34.72                     40.62  -5.90    29.08

SNOWFALL (IN)
  TODAY            0.0           0.0  2002   0.0    0.0      0.0
                                      2001
  MONTH TO DATE    0.0                       0.0    0.0      0.0
  SINCE SEP 1      0.0                       0.0    0.0      0.0
  SINCE JUL 1      0.0                       0.0    0.0      0.0
  SNOW DEPTH       0

DEGREE DAYS
 HEATING
  TODAY            0                         2     -2        0
  MONTH TO DATE    0                        15    -15        8
  SINCE SEP 1      0                        16    -16        8
  SINCE JUL 1      0                        16    -16        8

 COOLING
  TODAY            5                         6     -1        1
  MONTH TO DATE  216                       198     18      177
  SINCE SEP 1    690                       641     49      705
  SINCE JAN 1   2966                      3023    -57     3098
..................................................................


WIND (MPH)
  RESULTANT WIND SPEED   1   RESULTANT WIND DIRECTION  NE (50)
  HIGHEST WIND SPEED     7   HIGHEST WIND DIRECTION     E (80)
  HIGHEST GUST SPEED     9   HIGHEST GUST DIRECTION     S (200)
  AVERAGE WIND SPEED     1.1



WEATHER CONDITIONS
 THE FOLLOWING WEATHER WAS RECORDED TODAY.
  FOG


RELATIVE HUMIDITY (PERCENT)
 HIGHEST   100           300 AM
 LOWEST     37           300 PM
 AVERAGE    69

..........................................................


THE HOUSTON INTERCONTINENTAL CLIMATE NORMALS FOR TOMORROW
                         NORMAL    RECORD    YEAR
 MAXIMUM TEMPERATURE (F)   79        92      2010
 MINIMUM TEMPERATURE (F)   58        39      1892


SUNRISE AND SUNSET
OCTOBER 25 2014.......SUNRISE   730 AM CDT   SUNSET   640 PM CDT
OCTOBER 26 2014.......SUNRISE   731 AM CDT   SUNSET   640 PM CDT


-  INDICATES NEGATIVE NUMBERS.
R  INDICATES RECORD WAS SET OR TIED.
MM INDICATES DATA IS MISSING.
T  INDICATES TRACE AMOUNT.




...................................
&&

...THE HOUSTON/HOBBY AIRPORT CLIMATE SUMMARY FOR OCTOBER 25 2014...
VALID TODAY AS OF 400 PM LOCAL TIME.

CLIMATE NORMAL PERIOD 1981 TO 2010
CLIMATE RECORD PERIOD 1930 TO 2014


WEATHER ITEM   OBSERVED TIME   RECORD YEAR NORMAL DEPARTURE LAST
                VALUE   (LST)  VALUE       VALUE  FROM      YEAR
                                                  NORMAL
..................................................................
TEMPERATURE (F)
 TODAY
  MAXIMUM         84    251 PM  92    1942  79      5       74
  MINIMUM         58    633 AM  42    1980  61     -3       59
  AVERAGE         71                        70      1       67

PRECIPITATION (IN)
  TODAY            0.00          4.70 1975   0.21  -0.21     0.00
  MONTH TO DATE    2.56                      4.84  -2.28     4.72
  SINCE SEP 1      7.55                     10.05  -2.50    10.67
  SINCE JAN 1     32.08                     45.15 -13.07    33.54

SNOWFALL (IN)
  TODAY            0.0          MM      MM   0.0    0.0      0.0
  MONTH TO DATE    0.0                       0.0    0.0      0.0
  SINCE SEP 1      0.0                       0.0    0.0      0.0
  SINCE JUL 1      0.0                       0.0    0.0      0.0
  SNOW DEPTH       0

DEGREE DAYS
 HEATING
  TODAY            0                         1     -1        0
  MONTH TO DATE    0                        10    -10        3
  SINCE SEP 1      0                        10    -10        3
  SINCE JUL 1      0                        10    -10        3

 COOLING
  TODAY            6                         6      0        2
  MONTH TO DATE  248                       211     37      202
  SINCE SEP 1    734                       663     71      748
  SINCE JAN 1   3038                      3004     34     3174
..................................................................


WIND (MPH)
  RESULTANT WIND SPEED   1   RESULTANT WIND DIRECTION   E (70)
  HIGHEST WIND SPEED     7   HIGHEST WIND DIRECTION     N (340)
  HIGHEST GUST SPEED    24   HIGHEST GUST DIRECTION    NW (310)
  AVERAGE WIND SPEED     1.2



WEATHER CONDITIONS
 THE FOLLOWING WEATHER WAS RECORDED TODAY.
  NO SIGNIFICANT WEATHER WAS OBSERVED.


RELATIVE HUMIDITY (PERCENT)
 HIGHEST    93           500 AM
 LOWEST     37           100 PM
 AVERAGE    65

..........................................................


THE HOUSTON/HOBBY AIRPORT CLIMATE NORMALS FOR TOMORROW
                         NORMAL    RECORD    YEAR
 MAXIMUM TEMPERATURE (F)   79        90      2010
 MINIMUM TEMPERATURE (F)   60        41      1957


SUNRISE AND SUNSET
OCTOBER 25 2014.......SUNRISE   729 AM CDT   SUNSET   641 PM CDT
OCTOBER 26 2014.......SUNRISE   730 AM CDT   SUNSET   640 PM CDT


-  INDICATES NEGATIVE NUMBERS.
R  INDICATES RECORD WAS SET OR TIED.
MM INDICATES DATA IS MISSING.
T  INDICATES TRACE AMOUNT.


...MISCELLANEOUS CLIMATE DATA FOR TODAY...

LOCATION                        HIGH    LOW     PRECIP

PEARLAND                         84      56      0.00
SUGAR LAND                       84      57      0.00
TOMBALL                          84      54      0.00
CONROE                           85      51      0.00
HUNTSVILLE                       87      57      0.00
ANGLETON/LAKE JACKSON            82      50      0.00
PALACIOS                         82      57      0.00
LEAGUE CITY (NWS)                81      55      0.00


THIS PRODUCT...ALONG WITH OTHER WEATHER...HYDROLOGIC...AND CLIMATE
PRODUCTS...IS AVAILABLE ON THE WEB AT HTTP://WWW.SRH.NOAA.GOV/HGX
OR AT HTTP://WEATHER.GOV


$$
