000
CDUS44 KHGX 271414
CLIHOU

CLIMATE REPORT
NATIONAL WEATHER SERVICE HOUSTON/GALVESTON TX
810 AM CST MON FEB 27 2017

...MORNING CLIMATE DATA...

                            MORNING LOW    PRECIP SINCE MIDNIGHT
HOUSTON INTERCONTINENTAL         68                0.00
GALVESTON SCHOLES FIELD          69                0.00
BRYAN/COLLEGE STATION            67                0.00
HOUSTON HOBBY                    69                0.00

...................................

...THE HOUSTON INTERCONTINENTAL CLIMATE SUMMARY FOR FEBRUARY 26 2017...

CLIMATE NORMAL PERIOD 1981 TO 2010
CLIMATE RECORD PERIOD 1892 TO 2017


WEATHER ITEM   OBSERVED TIME   RECORD YEAR NORMAL DEPARTURE LAST
                VALUE   (LST)  VALUE       VALUE  FROM      YEAR
                                                  NORMAL
..................................................................
TEMPERATURE (F)
 YESTERDAY
  MAXIMUM         75   1218 PM  86    1986  69      6       63
  MINIMUM         44    423 AM  26    1974  49     -5       39
  AVERAGE         60                        59      1       51

PRECIPITATION (IN)
  YESTERDAY        0.01          1.51 1998   0.12  -0.11     0.00
  MONTH TO DATE    2.42                      2.97  -0.55     1.95
  SINCE DEC 1     12.07                     10.09   1.98     9.32
  SINCE JAN 1      8.51                      6.35   2.16     4.11

SNOWFALL (IN)
  YESTERDAY       MM            MM      MM
  MONTH TO DATE    0.0
  SINCE DEC 1      0.0
  SINCE JUL 1      0.0

DEGREE DAYS
 HEATING
  YESTERDAY        5                         7     -2       14
  MONTH TO DATE   71                       249   -178      179
  SINCE DEC 1    542                       988   -446      789
  SINCE JUL 1    600                      1173   -573      902
..................................................................


WIND (MPH)
  HIGHEST WIND SPEED    25   HIGHEST WIND DIRECTION    SE (150)
  HIGHEST GUST SPEED    32   HIGHEST GUST DIRECTION    SE (150)




RELATIVE HUMIDITY (PERCENT)
 HIGHEST    93
 LOWEST     56
 AVERAGE    75

..........................................................


THE HOUSTON INTERCONTINENTAL CLIMATE NORMALS FOR TODAY
                         NORMAL    RECORD    YEAR
 MAXIMUM TEMPERATURE (F)   69        86      1954
 MINIMUM TEMPERATURE (F)   49        22      2002


SUNRISE AND SUNSET
FEBRUARY 27 2017......SUNRISE   649 AM CST   SUNSET   619 PM CST
FEBRUARY 28 2017......SUNRISE   648 AM CST   SUNSET   620 PM CST


-  INDICATES NEGATIVE NUMBERS.
R  INDICATES RECORD WAS SET OR TIED.
MM INDICATES DATA IS MISSING.
T  INDICATES TRACE AMOUNT.


&&

...................................

...THE HOUSTON/HOBBY AIRPORT CLIMATE SUMMARY FOR FEBRUARY 26 2017...

CLIMATE NORMAL PERIOD 1981 TO 2010
CLIMATE RECORD PERIOD 1930 TO 2017


WEATHER ITEM   OBSERVED TIME   RECORD YEAR NORMAL DEPARTURE LAST
                VALUE   (LST)  VALUE       VALUE  FROM      YEAR
                                                  NORMAL
..................................................................
TEMPERATURE (F)
 YESTERDAY
  MAXIMUM         75   1247 PM  86    1986  68      7       64
  MINIMUM         48    421 AM  27    1960  51     -3       44
  AVERAGE         62                        60      2       54

PRECIPITATION (IN)
  YESTERDAY        T             1.46 1982   0.11  -0.11     0.00
  MONTH TO DATE    2.05                      3.00  -0.95     1.66
  SINCE DEC 1      9.81                     10.90  -1.09     7.66
  SINCE JAN 1      6.12                      6.87  -0.75     4.17

SNOWFALL (IN)
  YESTERDAY       MM            MM      MM
  MONTH TO DATE    0.0
  SINCE DEC 1      0.0
  SINCE JUL 1      0.0

DEGREE DAYS
 HEATING
  YESTERDAY        3                         7     -4       11
  MONTH TO DATE   60                       226   -166      142
  SINCE DEC 1    461                       901   -440      653
  SINCE JUL 1    498                      1057   -559      727
..................................................................


WIND (MPH)
  HIGHEST WIND SPEED    21   HIGHEST WIND DIRECTION    SE (150)
  HIGHEST GUST SPEED    29   HIGHEST GUST DIRECTION     S (160)




RELATIVE HUMIDITY (PERCENT)
 HIGHEST    84
 LOWEST     57
 AVERAGE    71

..........................................................


THE HOUSTON/HOBBY AIRPORT CLIMATE NORMALS FOR TODAY
                         NORMAL    RECORD    YEAR
 MAXIMUM TEMPERATURE (F)   68        87      1954
 MINIMUM TEMPERATURE (F)   51        25      2002


SUNRISE AND SUNSET
FEBRUARY 27 2017......SUNRISE   649 AM CST   SUNSET   619 PM CST
FEBRUARY 28 2017......SUNRISE   648 AM CST   SUNSET   620 PM CST


-  INDICATES NEGATIVE NUMBERS.
R  INDICATES RECORD WAS SET OR TIED.
MM INDICATES DATA IS MISSING.
T  INDICATES TRACE AMOUNT.

...MISCELLANEOUS CLIMATE DATA FOR YESTERDAY...

LOCATION                        HIGH    LOW     PRECIP
PEARLAND                         75      47      0.00
SUGAR LAND                       75      47       T
TOMBALL                          77      45       T
CONROE                           75      39      0.00
HUNTSVILLE                       73      47      0.00
ANGLETON/LAKE JACKSON            75      44      0.00
PALACIOS                         75      48      0.00
LEAGUE CITY (NWS)                74      47      0.00


THIS PRODUCT...ALONG WITH OTHER WEATHER...HYDROLOGIC...AND CLIMATE
PRODUCTS...IS AVAILABLE ON THE WEB AT HTTP://WWW.SRH.NOAA.GOV/HGX
OR AT HTTP://WEATHER.GOV



$$
