000
CDUS44 KHGX 291343
CLIHOU

CLIMATE REPORT
NATIONAL WEATHER SERVICE HOUSTON/GALVESTON TX
830 AM CDT SUN MAR 29 2015


...MORNING CLIMATE DATA...

                            MORNING LOW    PRECIP SINCE MIDNIGHT
HOUSTON INTERCONTINENTAL         57                0.00
GALVESTON SCHOLES FIELD          64                0.00
BRYAN/COLLEGE STATION            54                0.00
HOUSTON HOBBY                    59                0.00

...................................

...THE HOUSTON INTERCONTINENTAL CLIMATE SUMMARY FOR MARCH 28 2015...

CLIMATE NORMAL PERIOD 1981 TO 2010
CLIMATE RECORD PERIOD 1892 TO 2015


WEATHER ITEM   OBSERVED TIME   RECORD YEAR NORMAL DEPARTURE LAST
                VALUE   (LST)  VALUE       VALUE  FROM      YEAR
                                                  NORMAL
..................................................................
TEMPERATURE (F)
 YESTERDAY
  MAXIMUM         82    423 PM  89    1972  76      6       85
  MINIMUM         47    629 AM  33    1931  55     -8       58
  AVERAGE         65                        65      0       72

PRECIPITATION (IN)
  YESTERDAY        0.00          1.99 1966   0.11  -0.11     0.02
  MONTH TO DATE    6.34                      3.10   3.24     2.45
  SINCE MAR 1      6.34                      3.10   3.24     2.45
  SINCE JAN 1     10.17                      9.68   0.49     5.80

SNOWFALL (IN)
  YESTERDAY        0.0          MM      MM
  MONTH TO DATE    0.0
  SINCE MAR 1      0.0
  SINCE JUL 1      0.0

DEGREE DAYS
 HEATING
  YESTERDAY        0                         3     -3        0
  MONTH TO DATE  139                       134      5      208
  SINCE MAR 1    139                       134      5      208
  SINCE JUL 1   1458                      1322    136     1688

 COOLING
  YESTERDAY        0                         3     -3        7
  MONTH TO DATE   47                        61    -14       30
  SINCE MAR 1     47                        61    -14       30
  SINCE JAN 1     57                        99    -42       64
..................................................................


WIND (MPH)
  HIGHEST WIND SPEED    16   HIGHEST WIND DIRECTION    SW (210)
  HIGHEST GUST SPEED    23   HIGHEST GUST DIRECTION     S (170)


RELATIVE HUMIDITY (PERCENT)
 HIGHEST    86
 LOWEST     21
 AVERAGE    54

..........................................................


THE HOUSTON INTERCONTINENTAL CLIMATE NORMALS FOR TODAY
                         NORMAL    RECORD    YEAR
 MAXIMUM TEMPERATURE (F)   76        90      1974
 MINIMUM TEMPERATURE (F)   55        35      1894


SUNRISE AND SUNSET
MARCH 29 2015.........SUNRISE   715 AM CDT   SUNSET   738 PM CDT
MARCH 30 2015.........SUNRISE   713 AM CDT   SUNSET   739 PM CDT


-  INDICATES NEGATIVE NUMBERS.
R  INDICATES RECORD WAS SET OR TIED.
MM INDICATES DATA IS MISSING.
T  INDICATES TRACE AMOUNT.


&&

...................................

...THE HOUSTON/HOBBY AIRPORT CLIMATE SUMMARY FOR MARCH 28 2015...

CLIMATE NORMAL PERIOD 1981 TO 2010
CLIMATE RECORD PERIOD 1930 TO 2015


WEATHER ITEM   OBSERVED TIME   RECORD YEAR NORMAL DEPARTURE LAST
                VALUE   (LST)  VALUE       VALUE  FROM      YEAR
                                                  NORMAL
..................................................................
TEMPERATURE (F)
 YESTERDAY
  MAXIMUM         81    426 PM  91    1972  75      6       84
  MINIMUM         52    539 AM  33    1931  57     -5       62
  AVERAGE         67                        66      1       73

PRECIPITATION (IN)
  YESTERDAY        0.00          1.76 1966   0.11  -0.11     0.01
  MONTH TO DATE    6.25                      2.91   3.34     2.54
  SINCE MAR 1      6.25                      2.91   3.34     2.54
  SINCE JAN 1     12.13                      9.99   2.14     5.16

SNOWFALL (IN)
  YESTERDAY        0.0          MM      MM
  MONTH TO DATE    0.0
  SINCE MAR 1      0.0
  SINCE JUL 1      0.0

DEGREE DAYS
 HEATING
  YESTERDAY        0                         2     -2        0
  MONTH TO DATE  115                       115      0      185
  SINCE MAR 1    115                       115      0      185
  SINCE JUL 1   1300                      1185    115     1512

 COOLING
  YESTERDAY        2                         3     -1        8
  MONTH TO DATE   57                        60     -3       34
  SINCE MAR 1     57                        60     -3       34
  SINCE JAN 1     67                        98    -31       73
..................................................................


WIND (MPH)
  HIGHEST WIND SPEED    21   HIGHEST WIND DIRECTION    SW (210)
  HIGHEST GUST SPEED    24   HIGHEST GUST DIRECTION    SW (210)


RELATIVE HUMIDITY (PERCENT)
 HIGHEST    93
 LOWEST     23
 AVERAGE    58

..........................................................


THE HOUSTON/HOBBY AIRPORT CLIMATE NORMALS FOR TODAY
                         NORMAL    RECORD    YEAR
 MAXIMUM TEMPERATURE (F)   75        91      1974
 MINIMUM TEMPERATURE (F)   57        35      1931


SUNRISE AND SUNSET
MARCH 29 2015.........SUNRISE   714 AM CDT   SUNSET   738 PM CDT
MARCH 30 2015.........SUNRISE   713 AM CDT   SUNSET   738 PM CDT


-  INDICATES NEGATIVE NUMBERS.
R  INDICATES RECORD WAS SET OR TIED.
MM INDICATES DATA IS MISSING.
T  INDICATES TRACE AMOUNT.

...........................................................

...MISCELLANEOUS CLIMATE DATA FOR YESTERDAY...

LOCATION                        HIGH    LOW     PRECIP

PEARLAND                         82      51      0.00
SUGAR LAND                       81      48      0.00
TOMBALL                          82      48      0.00
CONROE                           81      43      0.00
HUNTSVILLE                       82      46      0.00
ANGLETON/LAKE JACKSON            78      48      0.00
PALACIOS                         75      54      0.00
LEAGUE CITY (NWS)                82      53      0.00


THIS PRODUCT...ALONG WITH OTHER WEATHER...HYDROLOGIC...AND CLIMATE
PRODUCTS...IS AVAILABLE ON THE WEB AT HTTP://WWW.SRH.NOAA.GOV/HGX
OR AT HTTP://WEATHER.GOV

$$
