000
CDUS44 KHGX 210739
CLIHOU


CLIMATE REPORT
NATIONAL WEATHER SERVICE HOUSTON/GALVESTON TX
229 AM CDT MON APR 21 2014


...................................

...THE HOUSTON INTERCONTINENTAL CLIMATE SUMMARY FOR APRIL 20 2014...

CLIMATE NORMAL PERIOD 1981 TO 2010
CLIMATE RECORD PERIOD 1892 TO 2014


WEATHER ITEM   OBSERVED TIME   RECORD YEAR NORMAL DEPARTURE LAST
                VALUE   (LST)  VALUE       VALUE  FROM      YEAR
                                                  NORMAL
..................................................................
TEMPERATURE (F)
 YESTERDAY
  MAXIMUM         80    415 PM  93    1987  81     -1       69
  MINIMUM         58    310 AM  39    2013  61     -3       39
  AVERAGE         69                        70     -1       54

PRECIPITATION (IN)
  YESTERDAY        0.00          2.70 1985   0.11  -0.11     0.00
  MONTH TO DATE    1.56                      2.07  -0.51     2.62
  SINCE MAR 1      4.01                      5.48  -1.47     3.51
  SINCE JAN 1      7.36                     12.06  -4.70     8.04

SNOWFALL (IN)
  YESTERDAY        0.0          MM      MM
  MONTH TO DATE    0.0
  SINCE MAR 1      0.0
  SINCE JUL 1      T

DEGREE DAYS
 HEATING
  YESTERDAY        0                         1     -1       11
  MONTH TO DATE   41                        32      9       59
  SINCE MAR 1    255                       173     82      235
  SINCE JUL 1   1735                      1361    374     1165

 COOLING
  YESTERDAY        4                         6     -2        0
  MONTH TO DATE   78                        99    -21       71
  SINCE MAR 1    110                       170    -60      136
  SINCE JAN 1    144                       208    -64      176
..................................................................


WIND (MPH)
  HIGHEST WIND SPEED    21   HIGHEST WIND DIRECTION    SE (150)
  HIGHEST GUST SPEED    29   HIGHEST GUST DIRECTION     S (170)




RELATIVE HUMIDITY (PERCENT)
 HIGHEST   100
 LOWEST     39
 AVERAGE    70

..........................................................


THE HOUSTON INTERCONTINENTAL CLIMATE NORMALS FOR TODAY
                         NORMAL    RECORD    YEAR
 MAXIMUM TEMPERATURE (F)   81        90      1987
                                             1981
 MINIMUM TEMPERATURE (F)   61        42      1978


SUNRISE AND SUNSET
APRIL 21 2014.........SUNRISE   648 AM CDT   SUNSET   752 PM CDT
APRIL 22 2014.........SUNRISE   647 AM CDT   SUNSET   753 PM CDT


-  INDICATES NEGATIVE NUMBERS.
R  INDICATES RECORD WAS SET OR TIED.
MM INDICATES DATA IS MISSING.
T  INDICATES TRACE AMOUNT.




...................................

...THE HOUSTON/HOBBY AIRPORT CLIMATE SUMMARY FOR APRIL 20 2014...

CLIMATE NORMAL PERIOD 1981 TO 2010
CLIMATE RECORD PERIOD 1930 TO 2014


WEATHER ITEM   OBSERVED TIME   RECORD YEAR NORMAL DEPARTURE LAST
                VALUE   (LST)  VALUE       VALUE  FROM      YEAR
                                                  NORMAL
..................................................................
TEMPERATURE (F)
 YESTERDAY
  MAXIMUM         79    326 PM  91    1987  80     -1       67
  MINIMUM         60    220 AM  42    1940  62     -2       43
  AVERAGE         70                        71     -1       55

PRECIPITATION (IN)
  YESTERDAY        0.00          3.62 1977   0.11  -0.11     0.00
  MONTH TO DATE    1.30                      2.06  -0.76     3.25
  SINCE MAR 1      3.84                      5.26  -1.42     4.43
  SINCE JAN 1      6.46                     12.34  -5.88     9.19

SNOWFALL (IN)
  YESTERDAY        0.0          MM      MM
  MONTH TO DATE    0.0
  SINCE MAR 1      0.0
  SINCE JUL 1      T

DEGREE DAYS
 HEATING
  YESTERDAY        0                         1     -1       10
  MONTH TO DATE   31                        27      4       48
  SINCE MAR 1    218                       148     70      191
  SINCE JUL 1   1545                      1218    327      959

 COOLING
  YESTERDAY        5                         6     -1        0
  MONTH TO DATE   74                        99    -25       68
  SINCE MAR 1    112                       168    -56      139
  SINCE JAN 1    151                       206    -55      185
..................................................................


WIND (MPH)
  HIGHEST WIND SPEED    15   HIGHEST WIND DIRECTION    SE (140)
  HIGHEST GUST SPEED    21   HIGHEST GUST DIRECTION     S (160)




RELATIVE HUMIDITY (PERCENT)
 HIGHEST   100
 LOWEST     39
 AVERAGE    70

..........................................................


THE HOUSTON/HOBBY AIRPORT CLIMATE NORMALS FOR TODAY
                         NORMAL    RECORD    YEAR
 MAXIMUM TEMPERATURE (F)   80        87      1987
                                             1972
 MINIMUM TEMPERATURE (F)   62        46      1978


SUNRISE AND SUNSET
APRIL 21 2014.........SUNRISE   648 AM CDT   SUNSET   752 PM CDT
APRIL 22 2014.........SUNRISE   647 AM CDT   SUNSET   752 PM CDT


-  INDICATES NEGATIVE NUMBERS.
R  INDICATES RECORD WAS SET OR TIED.
MM INDICATES DATA IS MISSING.
T  INDICATES TRACE AMOUNT.




$$
