000
CDUS46 KSEW 220829
CLIHQM


CLIMATE REPORT
NATIONAL WEATHER SERVICE SEATTLE WA
1228 AM PST MON DEC 22 2014


...................................

...THE HOQUIAM WA AIRPORT CLIMATE SUMMARY FOR DECEMBER 21 2014...

CLIMATE NORMAL PERIOD 1981 TO 2010
CLIMATE RECORD PERIOD 1953 TO 2014


WEATHER ITEM   OBSERVED TIME   RECORD YEAR NORMAL DEPARTURE LAST
                VALUE   (LST)  VALUE       VALUE  FROM      YEAR
                                                  NORMAL
..................................................................
TEMPERATURE (F)
 YESTERDAY
  MAXIMUM         55R   109 PM  55    1980  46      9       49
  MINIMUM         50   1156 PM  12    1990  37     13       44
  AVERAGE         53                        41     12       47

PRECIPITATION (IN)
  YESTERDAY        0.12          1.56 1972   0.33  -0.21     0.07
  MONTH TO DATE    9.25                      6.74   2.51     3.09
  SINCE OCT 1     29.32                     24.44   4.88    10.95
  SINCE JAN 1     76.41                     64.33  12.08    52.82

DEGREE DAYS
 HEATING
  YESTERDAY       12                        24    -12       18
  MONTH TO DATE  369                       491   -122      589
  SINCE DEC 1    369                       491   -122      589

 COOLING
  YESTERDAY        0                         0      0        0
  MONTH TO DATE    0                         0      0        0
  SINCE DEC 1      0                         0      0        0
  SINCE JAN 1     48                        23     25       20
..................................................................


WIND (MPH)
  RESULTANT WIND SPEED  12   RESULTANT WIND DIRECTION  SW (240)
  HIGHEST WIND SPEED    24   HIGHEST WIND DIRECTION    SW (240)
  HIGHEST GUST SPEED    31   HIGHEST GUST DIRECTION    SW (240)
  AVERAGE WIND SPEED    12.4


SKY COVER
  AVERAGE SKY COVER 0.8


WEATHER CONDITIONS
 THE FOLLOWING WEATHER WAS RECORDED YESTERDAY.
  THUNDERSTORM
  RAIN
  LIGHT RAIN
  FOG


RELATIVE HUMIDITY (PERCENT)
 HIGHEST   100           500 PM
 LOWEST     83           200 AM
 AVERAGE    92

..........................................................


THE HOQUIAM WA AIRPORT CLIMATE NORMALS FOR TODAY
                         NORMAL    RECORD    YEAR
 MAXIMUM TEMPERATURE (F)   46        54      1963
 MINIMUM TEMPERATURE (F)   37        14      1983


SUNRISE AND SUNSET
DECEMBER 22 2014......SUNRISE   759 AM PST   SUNSET   430 PM PST
DECEMBER 23 2014......SUNRISE   759 AM PST   SUNSET   430 PM PST


-  INDICATES NEGATIVE NUMBERS.
R  INDICATES RECORD WAS SET OR TIED.
MM INDICATES DATA IS MISSING.
T  INDICATES TRACE AMOUNT.




$$
