000
CDUS46 KSEW 241723 CCA
CLIHQM

CLIMATE REPORT...CORRECTED
NATIONAL WEATHER SERVICE SEATTLE WA
923 AM PST TUE JAN 24 2017


...................................

...THE HOQUIAM WA AIRPORT CLIMATE SUMMARY FOR JANUARY 23 2017...

CLIMATE NORMAL PERIOD 1981 TO 2010
CLIMATE RECORD PERIOD 1953 TO 2017


WEATHER ITEM   OBSERVED TIME   RECORD YEAR NORMAL DEPARTURE LAST
                VALUE   (LST)  VALUE       VALUE  FROM      YEAR
                                                  NORMAL
..................................................................
TEMPERATURE (F)
 YESTERDAY
  MAXIMUM         50    400 PM  58    1968  48      2       50
  MINIMUM         33   1159 PM  19    1969  38     -5       44
  AVERAGE         40                        43     -1       47

PRECIPITATION (IN)
  YESTERDAY        0.00          3.01 1984   0.31  -0.31     0.18
  MONTH TO DATE    5.00                      7.96  -2.96     9.88
  SINCE OCT 1     46.54                     35.62  10.92    43.30
  SINCE JAN 1      5.00                      7.96  -2.96     9.88

DEGREE DAYS
 HEATING
  YESTERDAY       25                        22      3       18
  MONTH TO DATE  615                       517     98      498
  SINCE DEC 1   1423                      1244    179     1164

 COOLING
  YESTERDAY        0                         0      0        0
  MONTH TO DATE    0                         0      0        0
  SINCE DEC 1      0                         0      0        0
  SINCE JAN 1      0                         0      0        0
..................................................................


WIND (MPH)
  RESULTANT WIND SPEED   5   RESULTANT WIND DIRECTION   E (70)
  HIGHEST WIND SPEED    13   HIGHEST WIND DIRECTION    NE (60)
  HIGHEST GUST SPEED    17   HIGHEST GUST DIRECTION    NE (50)
  AVERAGE WIND SPEED     6.2


SKY COVER
  AVERAGE SKY COVER 0.1


WEATHER CONDITIONS
 THE FOLLOWING WEATHER WAS RECORDED YESTERDAY.
  FOG


RELATIVE HUMIDITY (PERCENT)
 HIGHEST   100          1000 PM
 LOWEST     66           300 PM
 AVERAGE    83

..........................................................


THE HOQUIAM WA AIRPORT CLIMATE NORMALS FOR TODAY
                         NORMAL    RECORD    YEAR
 MAXIMUM TEMPERATURE (F)   48        58      2014
 MINIMUM TEMPERATURE (F)   38        22      1969


SUNRISE AND SUNSET
JANUARY 24 2017.......SUNRISE   749 AM PST   SUNSET   507 PM PST
JANUARY 25 2017.......SUNRISE   748 AM PST   SUNSET   509 PM PST


-  INDICATES NEGATIVE NUMBERS.
R  INDICATES RECORD WAS SET OR TIED.
MM INDICATES DATA IS MISSING.
T  INDICATES TRACE AMOUNT.




$$
