000
CDUS46 KSEW 090834
CLIHQM


CLIMATE REPORT
NATIONAL WEATHER SERVICE SEATTLE WA
1233 AM PST FRI DEC 9 2016


...................................

...THE HOQUIAM WA AIRPORT CLIMATE SUMMARY FOR DECEMBER 8 2016...

CLIMATE NORMAL PERIOD 1981 TO 2010
CLIMATE RECORD PERIOD 1953 TO 2016


WEATHER ITEM   OBSERVED TIME   RECORD YEAR NORMAL DEPARTURE LAST
                VALUE   (LST)  VALUE       VALUE  FROM      YEAR
                                                  NORMAL
..................................................................
TEMPERATURE (F)
 YESTERDAY
  MAXIMUM         38   1258 PM  56    2015  47     -9       56
                                      2014
  MINIMUM         31    756 PM   9    1972  37     -6       52
  AVERAGE         35                        42     -7       54

PRECIPITATION (IN)
  YESTERDAY        0.05          2.56 2015   0.32  -0.27     2.56
  MONTH TO DATE    2.01                      2.70  -0.69     7.48
  SINCE OCT 1     33.78                     20.40  13.38    24.71
  SINCE JAN 1     78.69                     60.29  18.40    56.11

DEGREE DAYS
 HEATING
  YESTERDAY       30                        23      7       11
  MONTH TO DATE  197                       182     15      126
  SINCE DEC 1    197                       182     15      126

 COOLING
  YESTERDAY        0                         0      0        0
  MONTH TO DATE    0                         0      0        0
  SINCE DEC 1      0                         0      0        0
  SINCE JAN 1     50                        23     27       35
..................................................................


WIND (MPH)
  RESULTANT WIND SPEED  21   RESULTANT WIND DIRECTION  NE (50)
  HIGHEST WIND SPEED    30   HIGHEST WIND DIRECTION    NE (50)
  HIGHEST GUST SPEED    41   HIGHEST GUST DIRECTION     E (70)
  AVERAGE WIND SPEED    21.0


SKY COVER
  AVERAGE SKY COVER 0.4


WEATHER CONDITIONS
 THE FOLLOWING WEATHER WAS RECORDED YESTERDAY.
  LIGHT RAIN
  FREEZING RAIN
  LT FREEZING RAIN
  SNOW
  LIGHT SNOW
  FOG
  FOG W/VISIBILITY <= 1/4 MILE


RELATIVE HUMIDITY (PERCENT)
 HIGHEST   100           800 PM
 LOWEST     44          1200 PM
 AVERAGE    72

..........................................................


THE HOQUIAM WA AIRPORT CLIMATE NORMALS FOR TODAY
                         NORMAL    RECORD    YEAR
 MAXIMUM TEMPERATURE (F)   47        59      2014
 MINIMUM TEMPERATURE (F)   37        15      2009


SUNRISE AND SUNSET
DECEMBER  9 2016......SUNRISE   750 AM PST   SUNSET   427 PM PST
DECEMBER 10 2016......SUNRISE   751 AM PST   SUNSET   427 PM PST


-  INDICATES NEGATIVE NUMBERS.
R  INDICATES RECORD WAS SET OR TIED.
MM INDICATES DATA IS MISSING.
T  INDICATES TRACE AMOUNT.




$$
