000
CDUS46 KSEW 130831
CLIHQM


CLIMATE REPORT
NATIONAL WEATHER SERVICE SEATTLE WA
1231 AM PST WED DEC 13 2017


...................................

...THE HOQUIAM WA AIRPORT CLIMATE SUMMARY FOR DECEMBER 12 2017...

CLIMATE NORMAL PERIOD 1981 TO 2010
CLIMATE RECORD PERIOD 1953 TO 2017


WEATHER ITEM   OBSERVED TIME   RECORD YEAR NORMAL DEPARTURE LAST
                VALUE   (LST)  VALUE       VALUE  FROM      YEAR
                                                  NORMAL
..................................................................
TEMPERATURE (F)
 YESTERDAY
  MAXIMUM         47    339 PM  57    2002  46      1       47
  MINIMUM         36    714 AM  18    1972  37     -1       38
  AVERAGE         42                        41      1       43

PRECIPITATION (IN)
  YESTERDAY        0.00          2.62 1977   0.31  -0.31     0.51
  MONTH TO DATE    1.58                      3.94  -2.36     4.33
  SINCE OCT 1     25.35                     21.64   3.71    36.10
  SINCE JAN 1     70.85                     61.53   9.32    81.01

DEGREE DAYS
 HEATING
  YESTERDAY       23                        24     -1       22
  MONTH TO DATE  278                       275      3      292
  SINCE DEC 1    278                       275      3      292

 COOLING
  YESTERDAY        0                         0      0        0
  MONTH TO DATE    0                         0      0        0
  SINCE DEC 1      0                         0      0        0
  SINCE JAN 1     77                        23     54       50
..................................................................


WIND (MPH)
  RESULTANT WIND SPEED   7   RESULTANT WIND DIRECTION   E (70)
  HIGHEST WIND SPEED    13   HIGHEST WIND DIRECTION     E (70)
  HIGHEST GUST SPEED    14   HIGHEST GUST DIRECTION     E (70)
  AVERAGE WIND SPEED     7.0


SKY COVER
  AVERAGE SKY COVER 0.6


WEATHER CONDITIONS
 THE FOLLOWING WEATHER WAS RECORDED YESTERDAY.
  FOG


RELATIVE HUMIDITY (PERCENT)
 HIGHEST    92          1200 AM
 LOWEST     70           100 PM
 AVERAGE    81

..........................................................


THE HOQUIAM WA AIRPORT CLIMATE NORMALS FOR TODAY
                         NORMAL    RECORD    YEAR
 MAXIMUM TEMPERATURE (F)   46        59      1977
 MINIMUM TEMPERATURE (F)   37        21      2009
                                             1972


SUNRISE AND SUNSET
DECEMBER 13 2017......SUNRISE   753 AM PST   SUNSET   427 PM PST
DECEMBER 14 2017......SUNRISE   754 AM PST   SUNSET   427 PM PST


-  INDICATES NEGATIVE NUMBERS.
R  INDICATES RECORD WAS SET OR TIED.
MM INDICATES DATA IS MISSING.
T  INDICATES TRACE AMOUNT.




$$
