000
CDUS46 KSEW 270828
CLIHQM


CLIMATE REPORT
NATIONAL WEATHER SERVICE SEATTLE WA
1228 AM PST FRI FEB 27 2015


...................................

...THE HOQUIAM WA AIRPORT CLIMATE SUMMARY FOR FEBRUARY 26 2015...

CLIMATE NORMAL PERIOD 1981 TO 2010
CLIMATE RECORD PERIOD 1953 TO 2015


WEATHER ITEM   OBSERVED TIME   RECORD YEAR NORMAL DEPARTURE LAST
                VALUE   (LST)  VALUE       VALUE  FROM      YEAR
                                                  NORMAL
..................................................................
TEMPERATURE (F)
 YESTERDAY
  MAXIMUM         55    103 PM  72    1992  51      4       56
  MINIMUM         48    723 AM  19    1962  38     10       41
  AVERAGE         52                        44      8       49

PRECIPITATION (IN)
  YESTERDAY        0.17          2.88 1980   0.24  -0.07      T
  MONTH TO DATE    4.83                      6.73  -1.90     8.02
  SINCE OCT 1     47.25                     44.72   2.53    26.63
  SINCE JAN 1     15.83                     17.06  -1.23    14.52

DEGREE DAYS
 HEATING
  YESTERDAY       13                        21     -8       16
  MONTH TO DATE  381                       556   -175      628
  SINCE DEC 1   1550                      1977   -427     2109

 COOLING
  YESTERDAY        0                         0      0        0
  MONTH TO DATE    0                         0      0        0
  SINCE DEC 1      0                         0      0        0
  SINCE JAN 1      0                         0      0        0
..................................................................


WIND (MPH)
  RESULTANT WIND SPEED   3   RESULTANT WIND DIRECTION   S (160)
  HIGHEST WIND SPEED    17   HIGHEST WIND DIRECTION     W (270)
  HIGHEST GUST SPEED    25   HIGHEST GUST DIRECTION     W (260)
  AVERAGE WIND SPEED     5.8


SKY COVER
  AVERAGE SKY COVER 0.9


WEATHER CONDITIONS
 THE FOLLOWING WEATHER WAS RECORDED YESTERDAY.
  RAIN
  LIGHT RAIN
  FOG


RELATIVE HUMIDITY (PERCENT)
 HIGHEST   100           200 AM
 LOWEST     83           100 PM
 AVERAGE    92

..........................................................


THE HOQUIAM WA AIRPORT CLIMATE NORMALS FOR TODAY
                         NORMAL    RECORD    YEAR
 MAXIMUM TEMPERATURE (F)   51        70      1968
 MINIMUM TEMPERATURE (F)   38        23      1962


SUNRISE AND SUNSET
FEBRUARY 27 2015......SUNRISE   659 AM PST   SUNSET   558 PM PST
FEBRUARY 28 2015......SUNRISE   658 AM PST   SUNSET   600 PM PST


-  INDICATES NEGATIVE NUMBERS.
R  INDICATES RECORD WAS SET OR TIED.
MM INDICATES DATA IS MISSING.
T  INDICATES TRACE AMOUNT.




$$
