000
CDUS46 KSEW 230829
CLIHQM


CLIMATE REPORT
NATIONAL WEATHER SERVICE SEATTLE WA
129 AM PDT SUN JUL 23 2017


...................................

...THE HOQUIAM WA AIRPORT CLIMATE SUMMARY FOR JULY 22 2017...

CLIMATE NORMAL PERIOD 1981 TO 2010
CLIMATE RECORD PERIOD 1953 TO 2017


WEATHER ITEM   OBSERVED TIME   RECORD YEAR NORMAL DEPARTURE LAST
                VALUE   (LST)  VALUE       VALUE  FROM      YEAR
                                                  NORMAL
..................................................................
TEMPERATURE (F)
 YESTERDAY
  MAXIMUM         71    501 PM  91    2006  67      4       67
  MINIMUM         60   1159 PM  46    1982  54      6       59
                                      1977
                                      1975
  AVERAGE         66                        60      6       63

PRECIPITATION (IN)
  YESTERDAY        0.00          0.79 2007   0.03  -0.03     0.01
  MONTH TO DATE    0.10                      0.88  -0.78     0.37
  SINCE OCT 1     84.15                     63.70  20.45    74.49
  SINCE JAN 1     42.61                     36.04   6.57    41.07

DEGREE DAYS
 HEATING
  YESTERDAY        0                         5     -5        2
  MONTH TO DATE  113                       118     -5       87
  SINCE JUN 1    317                       364    -47      300

 COOLING
  YESTERDAY        1                         0      1        0
  MONTH TO DATE    1                         0      1        0
  SINCE JUN 1     14                         2     12       13
  SINCE JAN 1     14                         3     11       18
..................................................................


WIND (MPH)
  RESULTANT WIND SPEED   5   RESULTANT WIND DIRECTION  SW (240)
  HIGHEST WIND SPEED    16   HIGHEST WIND DIRECTION    SW (240)
  HIGHEST GUST SPEED    20   HIGHEST GUST DIRECTION     W (290)
  AVERAGE WIND SPEED     7.3


SKY COVER
  AVERAGE SKY COVER 0.7


WEATHER CONDITIONS
 THE FOLLOWING WEATHER WAS RECORDED YESTERDAY.
  FOG


RELATIVE HUMIDITY (PERCENT)
 HIGHEST    93           900 AM
 LOWEST     78           100 AM
 AVERAGE    86

..........................................................


THE HOQUIAM WA AIRPORT CLIMATE NORMALS FOR TODAY
                         NORMAL    RECORD    YEAR
 MAXIMUM TEMPERATURE (F)   67        93      2004
 MINIMUM TEMPERATURE (F)   54        43      1970
                                             1968


SUNRISE AND SUNSET
JULY 23 2017..........SUNRISE   545 AM PDT   SUNSET   859 PM PDT
JULY 24 2017..........SUNRISE   546 AM PDT   SUNSET   858 PM PDT


-  INDICATES NEGATIVE NUMBERS.
R  INDICATES RECORD WAS SET OR TIED.
MM INDICATES DATA IS MISSING.
T  INDICATES TRACE AMOUNT.




$$
