664
CDUS46 KSEW 280830
CLIHQM


CLIMATE REPORT
NATIONAL WEATHER SERVICE SEATTLE WA
129 AM PDT THU JUL 28 2016


...................................

...THE HOQUIAM WA AIRPORT CLIMATE SUMMARY FOR JULY 27 2016...

CLIMATE NORMAL PERIOD 1981 TO 2010
CLIMATE RECORD PERIOD 1953 TO 2016


WEATHER ITEM   OBSERVED TIME   RECORD YEAR NORMAL DEPARTURE LAST
                VALUE   (LST)  VALUE       VALUE  FROM      YEAR
                                                  NORMAL
..................................................................
TEMPERATURE (F)
 YESTERDAY
  MAXIMUM         66    115 PM  92    1958  67     -1       68
  MINIMUM         55   1159 PM  47    1976  54      1       51
                                      1972
                                      1954
  AVERAGE         61                        61      0       60

PRECIPITATION (IN)
  YESTERDAY        0.00          0.33 2001   0.02  -0.02     0.00
  MONTH TO DATE    0.37                      1.03  -0.66     0.38
  SINCE OCT 1     74.49                     63.85  10.64    58.29
  SINCE JAN 1     41.07                     36.19   4.88    26.87

DEGREE DAYS
 HEATING
  YESTERDAY        4                         4      0        5
  MONTH TO DATE   99                       141    -42       41
  SINCE JUN 1    312                       387    -75      201

 COOLING
  YESTERDAY        0                         0      0        0
  MONTH TO DATE    0                         0      0        7
  SINCE JUN 1     13                         2     11       10
  SINCE JAN 1     18                         3     15       10
..................................................................


WIND (MPH)
  RESULTANT WIND SPEED   5   RESULTANT WIND DIRECTION  SW (230)
  HIGHEST WIND SPEED    16   HIGHEST WIND DIRECTION    SW (230)
  HIGHEST GUST SPEED    20   HIGHEST GUST DIRECTION    SW (240)
  AVERAGE WIND SPEED     6.3


SKY COVER
  AVERAGE SKY COVER 0.8


WEATHER CONDITIONS
 THE FOLLOWING WEATHER WAS RECORDED YESTERDAY.
  FOG


RELATIVE HUMIDITY (PERCENT)
 HIGHEST   100          1200 AM
 LOWEST     84          1200 PM
 AVERAGE    92

..........................................................


THE HOQUIAM WA AIRPORT CLIMATE NORMALS FOR TODAY
                         NORMAL    RECORD    YEAR
 MAXIMUM TEMPERATURE (F)   67        93      2009
 MINIMUM TEMPERATURE (F)   54        41      1954


SUNRISE AND SUNSET
JULY 28 2016..........SUNRISE   551 AM PDT   SUNSET   853 PM PDT
JULY 29 2016..........SUNRISE   552 AM PDT   SUNSET   851 PM PDT


-  INDICATES NEGATIVE NUMBERS.
R  INDICATES RECORD WAS SET OR TIED.
MM INDICATES DATA IS MISSING.
T  INDICATES TRACE AMOUNT.




$$
