000
CDUS46 KSEW 010828
CLIHQM


CLIMATE REPORT
NATIONAL WEATHER SERVICE SEATTLE WA
128 AM PDT WED OCT 1 2014


...................................

...THE HOQUIAM WA AIRPORT CLIMATE SUMMARY FOR SEPTEMBER 30 2014...

CLIMATE NORMAL PERIOD 1981 TO 2010
CLIMATE RECORD PERIOD 1953 TO 2014


WEATHER ITEM   OBSERVED TIME   RECORD YEAR NORMAL DEPARTURE LAST
                VALUE   (LST)  VALUE       VALUE  FROM      YEAR
                                                  NORMAL
..................................................................
TEMPERATURE (F)
 YESTERDAY
  MAXIMUM         65    234 PM  85    1987  64      1       60
  MINIMUM         55   1159 PM  33    1971  48      7       50
  AVERAGE         60                        56      4       55

PRECIPITATION (IN)
  YESTERDAY        0.07          1.22 2007   0.11  -0.04     0.61
  MONTH TO DATE    3.44                      2.28   1.16     7.53
  SINCE OCT 1     59.20                     67.55  -8.35    55.48
  SINCE JAN 1     47.09                     39.89   7.20    41.87

DEGREE DAYS
 HEATING
  YESTERDAY        5                         9     -4       10
  MONTH TO DATE   93                       189    -96      145
  SINCE SEP 1     93                       196   -103      145

 COOLING
  YESTERDAY        0                         0      0        0
  MONTH TO DATE   18                         7     11        7
  SINCE SEP 1     18                         7     11        7
  SINCE JAN 1     48                        23     25       20
..................................................................


WIND (MPH)
  RESULTANT WIND SPEED  10   RESULTANT WIND DIRECTION   W (270)
  HIGHEST WIND SPEED    18   HIGHEST WIND DIRECTION     W (260)
  HIGHEST GUST SPEED    23   HIGHEST GUST DIRECTION     W (260)
  AVERAGE WIND SPEED     9.4


SKY COVER
  AVERAGE SKY COVER 0.1


WEATHER CONDITIONS
 THE FOLLOWING WEATHER WAS RECORDED YESTERDAY.
  LIGHT RAIN
  FOG


RELATIVE HUMIDITY (PERCENT)
 HIGHEST    93           500 AM
 LOWEST     67           200 PM
 AVERAGE    80

..........................................................


THE HOQUIAM WA AIRPORT CLIMATE NORMALS FOR TODAY
                         NORMAL    RECORD    YEAR
 MAXIMUM TEMPERATURE (F)   64        83      1987
 MINIMUM TEMPERATURE (F)   48        38      1983


SUNRISE AND SUNSET
OCTOBER  1 2014.......SUNRISE   715 AM PDT   SUNSET   655 PM PDT
OCTOBER  2 2014.......SUNRISE   716 AM PDT   SUNSET   653 PM PDT


-  INDICATES NEGATIVE NUMBERS.
R  INDICATES RECORD WAS SET OR TIED.
MM INDICATES DATA IS MISSING.
T  INDICATES TRACE AMOUNT.




$$
