000
CDUS46 KSEW 300831
CLIHQM


CLIMATE REPORT
NATIONAL WEATHER SERVICE SEATTLE WA
130 AM PDT MON MAY 30 2016


...................................

...THE HOQUIAM WA AIRPORT CLIMATE SUMMARY FOR MAY 29 2016...

CLIMATE NORMAL PERIOD 1981 TO 2010
CLIMATE RECORD PERIOD 1953 TO 2016


WEATHER ITEM   OBSERVED TIME   RECORD YEAR NORMAL DEPARTURE LAST
                VALUE   (LST)  VALUE       VALUE  FROM      YEAR
                                                  NORMAL
..................................................................
TEMPERATURE (F)
 YESTERDAY
  MAXIMUM         61    332 PM  87    2007  61      0       59
  MINIMUM         48   1156 PM  39    1966  48      0       52
  AVERAGE         55                        55      0       56

PRECIPITATION (IN)
  YESTERDAY        0.01          1.89 1969   0.10  -0.09     0.00
  MONTH TO DATE    1.11                      3.10  -1.99     0.28
  SINCE OCT 1     72.98                     60.39  12.59    57.53
  SINCE JAN 1     39.56                     32.73   6.83    26.11

DEGREE DAYS
 HEATING
  YESTERDAY       10                        10      0        9
  MONTH TO DATE  271                       350    -79      310
  SINCE MAR 1   1128                      1428   -300     1245

 COOLING
  YESTERDAY        0                         0      0        0
  MONTH TO DATE    1                         0      1        0
  SINCE MAR 1      5                         0      5        0
  SINCE JAN 1      5                         0      5        0
..................................................................


WIND (MPH)
  RESULTANT WIND SPEED   9   RESULTANT WIND DIRECTION   W (260)
  HIGHEST WIND SPEED    22   HIGHEST WIND DIRECTION     W (260)
  HIGHEST GUST SPEED    27   HIGHEST GUST DIRECTION    SW (230)
  AVERAGE WIND SPEED     9.7


SKY COVER
  AVERAGE SKY COVER 0.4


WEATHER CONDITIONS
 THE FOLLOWING WEATHER WAS RECORDED YESTERDAY.
  LIGHT RAIN
  FOG


RELATIVE HUMIDITY (PERCENT)
 HIGHEST   100           100 AM
 LOWEST     55           300 PM
 AVERAGE    78

..........................................................


THE HOQUIAM WA AIRPORT CLIMATE NORMALS FOR TODAY
                         NORMAL    RECORD    YEAR
 MAXIMUM TEMPERATURE (F)   61        79      1986
                                             1956
 MINIMUM TEMPERATURE (F)   49        39      1970


SUNRISE AND SUNSET
MAY 30 2016...........SUNRISE   526 AM PDT   SUNSET   902 PM PDT
MAY 31 2016...........SUNRISE   525 AM PDT   SUNSET   903 PM PDT


-  INDICATES NEGATIVE NUMBERS.
R  INDICATES RECORD WAS SET OR TIED.
MM INDICATES DATA IS MISSING.
T  INDICATES TRACE AMOUNT.




$$
