000
CDUS44 KBRO 210734
CLIHRL


CLIMATE REPORT
NATIONAL WEATHER SERVICE BROWNSVILLE TX
134 AM CST TUE FEB 21 2017


...................................

...THE HARLINGEN CLIMATE SUMMARY FOR FEBRUARY 20 2017...

CLIMATE NORMAL PERIOD 1981 TO 2010
CLIMATE RECORD PERIOD 1912 TO 2017


WEATHER ITEM   OBSERVED TIME   RECORD YEAR NORMAL DEPARTURE LAST
                VALUE   (LST)  VALUE       VALUE  FROM      YEAR
                                                  NORMAL
..................................................................
TEMPERATURE (F)
 YESTERDAY
  MAXIMUM         77    308 AM  95    1912  75      2       86
  MINIMUM         58   1159 PM  35    1942  54      4       65
                                      1978
  AVERAGE         68                        64      4       76

PRECIPITATION (IN)
  YESTERDAY        0.12          7.95 1982   0.04   0.08     0.00
  MONTH TO DATE    0.41                      1.12  -0.71     0.00
  SINCE DEC 1      2.64                      3.44  -0.80     2.21
  SINCE JAN 1      1.31                      2.18  -0.87     1.91

SNOWFALL (IN)
  YESTERDAY        0.0
  MONTH TO DATE    0.0
  SINCE DEC 1      0.0
  SINCE JUL 1      0.0

DEGREE DAYS
 HEATING
  YESTERDAY        0                         4     -4        0
  MONTH TO DATE    9                        93    -84       51
  SINCE DEC 1    215                       484   -269      324
  SINCE JUL 1    230                       541   -311      360

 COOLING
  YESTERDAY        3                         3      0       11
  MONTH TO DATE  159                        51    108       69
  SINCE DEC 1    447                       158    289      230
  SINCE JAN 1    290                       100    190       97
..................................................................


WIND (MPH)
  HIGHEST WIND SPEED    22   HIGHEST WIND DIRECTION     S (160)
  HIGHEST GUST SPEED    31   HIGHEST GUST DIRECTION    SE (150)
  AVERAGE WIND SPEED     8.5



WEATHER CONDITIONS
 THE FOLLOWING WEATHER WAS RECORDED YESTERDAY.
  THUNDERSTORM
  RAIN
  LIGHT RAIN
  FOG


RELATIVE HUMIDITY (PERCENT)
 HIGHEST   100
 LOWEST     73
 AVERAGE    87

..........................................................


THE HARLINGEN CLIMATE NORMALS FOR TODAY
                         NORMAL    RECORD    YEAR
 MAXIMUM TEMPERATURE (F)   75        95      1996
 MINIMUM TEMPERATURE (F)   54        32      1921


SUNRISE AND SUNSET
FEBRUARY 21 2017......SUNRISE   701 AM CST   SUNSET   628 PM CST
FEBRUARY 22 2017......SUNRISE   700 AM CST   SUNSET   628 PM CST


-  INDICATES NEGATIVE NUMBERS.
R  INDICATES RECORD WAS SET OR TIED.
MM INDICATES DATA IS MISSING.
T  INDICATES TRACE AMOUNT.




$$
