000
CDUS44 KBRO 210732
CLIHRL


CLIMATE REPORT
NATIONAL WEATHER SERVICE BROWNSVILLE TX
131 AM CST TUE NOV 21 2017


...................................

...THE HARLINGEN CLIMATE SUMMARY FOR NOVEMBER 20 2017...

CLIMATE NORMAL PERIOD 1981 TO 2010
CLIMATE RECORD PERIOD 1912 TO 2017


WEATHER ITEM   OBSERVED TIME   RECORD YEAR NORMAL DEPARTURE LAST
                VALUE   (LST)  VALUE       VALUE  FROM      YEAR
                                                  NORMAL
..................................................................
TEMPERATURE (F)
 YESTERDAY
  MAXIMUM         70    323 PM  93    1988  78     -8       74
  MINIMUM         50    143 AM  29    1969  56     -6       42
  AVERAGE         60                        67     -7       58

PRECIPITATION (IN)
  YESTERDAY        0.04          1.05 1931   0.02   0.02     0.00
  MONTH TO DATE    0.72                      1.16  -0.44     2.38
  SINCE SEP 1      6.16                      9.37  -3.21     5.34
  SINCE JAN 1     18.33                     23.58  -5.25    20.24

SNOWFALL (IN)
  YESTERDAY        0.0
  MONTH TO DATE    0.0
  SINCE SEP 1      0.0
  SINCE JUL 1      0.0

DEGREE DAYS
 HEATING
  YESTERDAY        5                         2      3        7
  MONTH TO DATE   17                        21     -4       15
  SINCE SEP 1     31                        24      7       15
  SINCE JUL 1     31                        24      7       15

 COOLING
  YESTERDAY        0                         4     -4        0
  MONTH TO DATE  197                       123     74      169
  SINCE SEP 1   1111                       975    136     1227
  SINCE JAN 1   4616                      3899    717     4546
..................................................................


WIND (MPH)
  HIGHEST WIND SPEED    15   HIGHEST WIND DIRECTION     E (90)
  HIGHEST GUST SPEED    17   HIGHEST GUST DIRECTION     E (90)
  AVERAGE WIND SPEED     5.7



WEATHER CONDITIONS
 THE FOLLOWING WEATHER WAS RECORDED YESTERDAY.
  THUNDERSTORM
  RAIN
  LIGHT RAIN


RELATIVE HUMIDITY (PERCENT)
 HIGHEST    93
 LOWEST     57
 AVERAGE    75

..........................................................


THE HARLINGEN CLIMATE NORMALS FOR TODAY
                         NORMAL    RECORD    YEAR
 MAXIMUM TEMPERATURE (F)   78        90      2007
                                             1994
                                             1946
 MINIMUM TEMPERATURE (F)   56        31      1969


SUNRISE AND SUNSET
NOVEMBER 21 2017......SUNRISE   654 AM CST   SUNSET   539 PM CST
NOVEMBER 22 2017......SUNRISE   655 AM CST   SUNSET   539 PM CST


-  INDICATES NEGATIVE NUMBERS.
R  INDICATES RECORD WAS SET OR TIED.
MM INDICATES DATA IS MISSING.
T  INDICATES TRACE AMOUNT.




$$
