000
CDUS44 KBRO 270625
CLIHRL


CLIMATE REPORT
NATIONAL WEATHER SERVICE BROWNSVILLE TX
125 AM CDT WED AUG 27 2014


...................................

...THE HARLINGEN CLIMATE SUMMARY FOR AUGUST 26 2014...

CLIMATE NORMAL PERIOD 1981 TO 2010
CLIMATE RECORD PERIOD 1912 TO 2014


WEATHER ITEM   OBSERVED TIME   RECORD YEAR NORMAL DEPARTURE LAST
                VALUE   (LST)  VALUE       VALUE  FROM      YEAR
                                                  NORMAL
..................................................................
TEMPERATURE (F)
 YESTERDAY
  MAXIMUM        101    137 PM 103    1924  95      6       84
                                      1948
  MINIMUM         72    540 AM  65    1926  75     -3       74
  AVERAGE         87                        85      2       79

PRECIPITATION (IN)
  YESTERDAY        0.00          3.50 1945   0.10  -0.10     0.15
  MONTH TO DATE    0.44                      1.22  -0.78     2.04
  SINCE JUN 1      1.32                      5.65  -4.33     4.46
  SINCE JAN 1      6.16                     13.57  -7.41    11.63

SNOWFALL (IN)
  YESTERDAY        0.0
  MONTH TO DATE    0.0
  SINCE JUN 1      0.0
  SINCE JUL 1      0.0

DEGREE DAYS
 HEATING
  YESTERDAY        0                         0      0        0
  MONTH TO DATE    0                         0      0        0
  SINCE JUN 1      0                         0      0        0
  SINCE JUL 1      0                         0      0        0

 COOLING
  YESTERDAY       22                        20      2       14
  MONTH TO DATE  586                       538     48      548
  SINCE JUN 1   1858                      1729    129     1824
  SINCE JAN 1   2794                      2830    -36     2919
..................................................................


WIND (MPH)
  HIGHEST WIND SPEED    23   HIGHEST WIND DIRECTION     E (70)
  HIGHEST GUST SPEED    26   HIGHEST GUST DIRECTION     E (80)
  AVERAGE WIND SPEED     7.3



WEATHER CONDITIONS
 THE FOLLOWING WEATHER WAS RECORDED YESTERDAY.
  NO SIGNIFICANT WEATHER WAS OBSERVED.


RELATIVE HUMIDITY (PERCENT)
 HIGHEST   100
 LOWEST     35
 AVERAGE    68

..........................................................


THE HARLINGEN CLIMATE NORMALS FOR TODAY
                         NORMAL    RECORD    YEAR
 MAXIMUM TEMPERATURE (F)   95       104      1948
 MINIMUM TEMPERATURE (F)   75        67      1961


SUNRISE AND SUNSET
AUGUST 27 2014........SUNRISE   708 AM CDT   SUNSET   755 PM CDT
AUGUST 28 2014........SUNRISE   709 AM CDT   SUNSET   754 PM CDT


-  INDICATES NEGATIVE NUMBERS.
R  INDICATES RECORD WAS SET OR TIED.
MM INDICATES DATA IS MISSING.
T  INDICATES TRACE AMOUNT.




$$
