000
CDUS44 KBRO 270631
CLIHRL


CLIMATE REPORT
NATIONAL WEATHER SERVICE BROWNSVILLE TX
130 AM CDT SAT AUG 27 2016


...................................

...THE HARLINGEN CLIMATE SUMMARY FOR AUGUST 26 2016...

CLIMATE NORMAL PERIOD 1981 TO 2010
CLIMATE RECORD PERIOD 1912 TO 2016


WEATHER ITEM   OBSERVED TIME   RECORD YEAR NORMAL DEPARTURE LAST
                VALUE   (LST)  VALUE       VALUE  FROM      YEAR
                                                  NORMAL
..................................................................
TEMPERATURE (F)
 YESTERDAY
  MAXIMUM         97   1223 PM 103    1924  95      2       95
                                      1948
  MINIMUM         73    636 AM  65    1926  75     -2       75
  AVERAGE         85                        85      0       85

PRECIPITATION (IN)
  YESTERDAY        0.00          3.50 1945   0.10  -0.10      T
  MONTH TO DATE    2.16                      1.22   0.94     2.24
  SINCE JUN 1      7.40                      5.65   1.75     5.57
  SINCE JAN 1     14.29                     13.57   0.72    18.07

SNOWFALL (IN)
  YESTERDAY        0.0
  MONTH TO DATE    0.0
  SINCE JUN 1      0.0
  SINCE JUL 1      0.0

DEGREE DAYS
 HEATING
  YESTERDAY        0                         0      0        0
  MONTH TO DATE    0                         0      0        0
  SINCE JUN 1      0                         0      0        0
  SINCE JUL 1      0                         0      0        0

 COOLING
  YESTERDAY       20                        20      0       20
  MONTH TO DATE  575                       538     37      594
  SINCE JUN 1   1855                      1729    126     1816
  SINCE JAN 1   3216                      2830    386     2900
..................................................................


WIND (MPH)
  HIGHEST WIND SPEED    20   HIGHEST WIND DIRECTION     E (90)
  HIGHEST GUST SPEED    25   HIGHEST GUST DIRECTION     E (80)
  AVERAGE WIND SPEED     6.8



WEATHER CONDITIONS
 THE FOLLOWING WEATHER WAS RECORDED YESTERDAY.
  THUNDERSTORM
  FOG


RELATIVE HUMIDITY (PERCENT)
 HIGHEST   100
 LOWEST     46
 AVERAGE    73

..........................................................


THE HARLINGEN CLIMATE NORMALS FOR TODAY
                         NORMAL    RECORD    YEAR
 MAXIMUM TEMPERATURE (F)   95       104      1948
 MINIMUM TEMPERATURE (F)   75        67      1961


SUNRISE AND SUNSET
AUGUST 27 2016........SUNRISE   709 AM CDT   SUNSET   755 PM CDT
AUGUST 28 2016........SUNRISE   709 AM CDT   SUNSET   754 PM CDT


-  INDICATES NEGATIVE NUMBERS.
R  INDICATES RECORD WAS SET OR TIED.
MM INDICATES DATA IS MISSING.
T  INDICATES TRACE AMOUNT.




$$
