000
CDUS44 KBRO 190725
CLIHRL


CLIMATE REPORT
NATIONAL WEATHER SERVICE BROWNSVILLE TX
125 AM CST THU JAN 19 2017


...................................

...THE HARLINGEN CLIMATE SUMMARY FOR JANUARY 18 2017...

CLIMATE NORMAL PERIOD 1981 TO 2010
CLIMATE RECORD PERIOD 1912 TO 2017


WEATHER ITEM   OBSERVED TIME   RECORD YEAR NORMAL DEPARTURE LAST
                VALUE   (LST)  VALUE       VALUE  FROM      YEAR
                                                  NORMAL
..................................................................
TEMPERATURE (F)
 YESTERDAY
  MAXIMUM         71   1203 AM  90    1938  71      0       74
  MINIMUM         60    853 AM  23    1930  50     10       43
  AVERAGE         66                        60      6       59

PRECIPITATION (IN)
  YESTERDAY        0.03          1.03 1978   0.04  -0.01     0.00
  MONTH TO DATE    0.06                      0.48  -0.42     1.81
  SINCE DEC 1      1.39                      1.74  -0.35     2.11
  SINCE JAN 1      0.06                      0.48  -0.42     1.81

SNOWFALL (IN)
  YESTERDAY        0.0
  MONTH TO DATE    0.0
  SINCE DEC 1      0.0
  SINCE JUL 1      0.0

DEGREE DAYS
 HEATING
  YESTERDAY        0                         6     -6        6
  MONTH TO DATE   63                       124    -61      134
  SINCE DEC 1    165                       315   -150      209
  SINCE JUL 1    180                       372   -192      245

 COOLING
  YESTERDAY        1                         2     -1        0
  MONTH TO DATE   94                        36     58        7
  SINCE DEC 1    251                        94    157      140
  SINCE JAN 1     94                        36     58        7
..................................................................


WIND (MPH)
  HIGHEST WIND SPEED    17   HIGHEST WIND DIRECTION    NW (310)
  HIGHEST GUST SPEED    22   HIGHEST GUST DIRECTION    NW (320)
  AVERAGE WIND SPEED     9.4



WEATHER CONDITIONS
 THE FOLLOWING WEATHER WAS RECORDED YESTERDAY.
  THUNDERSTORM
  LIGHT RAIN
  FOG
  HAZE


RELATIVE HUMIDITY (PERCENT)
 HIGHEST   100
 LOWEST     73
 AVERAGE    87

..........................................................


THE HARLINGEN CLIMATE NORMALS FOR TODAY
                         NORMAL    RECORD    YEAR
 MAXIMUM TEMPERATURE (F)   71        89      1922
 MINIMUM TEMPERATURE (F)   50        28      1940
                                             1943


SUNRISE AND SUNSET
JANUARY 19 2017.......SUNRISE   719 AM CST   SUNSET   604 PM CST
JANUARY 20 2017.......SUNRISE   719 AM CST   SUNSET   605 PM CST


-  INDICATES NEGATIVE NUMBERS.
R  INDICATES RECORD WAS SET OR TIED.
MM INDICATES DATA IS MISSING.
T  INDICATES TRACE AMOUNT.




$$
