000
CDUS44 KBRO 050625
CLIHRL


CLIMATE REPORT
NATIONAL WEATHER SERVICE BROWNSVILLE TX
125 AM CDT THU MAY 5 2016


...................................

...THE HARLINGEN CLIMATE SUMMARY FOR MAY 4 2016...

CLIMATE NORMAL PERIOD 1981 TO 2010
CLIMATE RECORD PERIOD 1912 TO 2016


WEATHER ITEM   OBSERVED TIME   RECORD YEAR NORMAL DEPARTURE LAST
                VALUE   (LST)  VALUE       VALUE  FROM      YEAR
                                                  NORMAL
..................................................................
TEMPERATURE (F)
 YESTERDAY
  MAXIMUM         89    234 PM 103    1999  89      0       86
  MINIMUM         63   1150 PM  50    1954  69     -6       73
                                      1970
  AVERAGE         76                        79     -3       80

PRECIPITATION (IN)
  YESTERDAY        T             3.05 1966   0.09  -0.09     0.00
  MONTH TO DATE    T                         0.31  -0.31      T
  SINCE MAR 1      2.27                      3.27  -1.00     6.79
  SINCE JAN 1      4.18                      5.74  -1.56     9.71

SNOWFALL (IN)
  YESTERDAY        0.0
  MONTH TO DATE    0.0
  SINCE MAR 1      0.0
  SINCE JUL 1      0.0

DEGREE DAYS
 HEATING
  YESTERDAY        0                         0      0        0
  MONTH TO DATE    0                         0      0        0
  SINCE MAR 1     13                        54    -41       74
  SINCE JUL 1    389                       622   -233      767

 COOLING
  YESTERDAY       11                        14     -3       15
  MONTH TO DATE   45                        54     -9       41
  SINCE MAR 1    717                       543    174      541
  SINCE JAN 1    857                       668    189      600
..................................................................


WIND (MPH)
  HIGHEST WIND SPEED    16   HIGHEST WIND DIRECTION     E (110)
  HIGHEST GUST SPEED    22   HIGHEST GUST DIRECTION    NE (60)
  AVERAGE WIND SPEED     8.1



WEATHER CONDITIONS
 THE FOLLOWING WEATHER WAS RECORDED YESTERDAY.
  NO SIGNIFICANT WEATHER WAS OBSERVED.


RELATIVE HUMIDITY (PERCENT)
 HIGHEST    87
 LOWEST     26
 AVERAGE    57

..........................................................


THE HARLINGEN CLIMATE NORMALS FOR TODAY
                         NORMAL    RECORD    YEAR
 MAXIMUM TEMPERATURE (F)   89       103      1999
 MINIMUM TEMPERATURE (F)   69        48      1970


SUNRISE AND SUNSET
MAY  5 2016...........SUNRISE   650 AM CDT   SUNSET   805 PM CDT
MAY  6 2016...........SUNRISE   649 AM CDT   SUNSET   806 PM CDT


-  INDICATES NEGATIVE NUMBERS.
R  INDICATES RECORD WAS SET OR TIED.
MM INDICATES DATA IS MISSING.
T  INDICATES TRACE AMOUNT.




$$
