308
CDUS44 KBRO 140727
CLIHRL


CLIMATE REPORT
NATIONAL WEATHER SERVICE BROWNSVILLE TX
125 AM CST SUN FEB 14 2016


...................................

...THE HARLINGEN CLIMATE SUMMARY FOR FEBRUARY 13 2016...

CLIMATE NORMAL PERIOD 1981 TO 2010
CLIMATE RECORD PERIOD 1912 TO 2016


WEATHER ITEM   OBSERVED TIME   RECORD YEAR NORMAL DEPARTURE LAST
                VALUE   (LST)  VALUE       VALUE  FROM      YEAR
                                                  NORMAL
..................................................................
TEMPERATURE (F)
 YESTERDAY
  MAXIMUM         81    142 PM  95    1945  74      7       74
  MINIMUM         50    653 AM  30    1963  53     -3       52
  AVERAGE         66                        63      3       63

PRECIPITATION (IN)
  YESTERDAY        0.00          1.14 1980   0.07  -0.07     0.00
  MONTH TO DATE    0.00                      0.77  -0.77     0.69
  SINCE DEC 1      2.21                      3.09  -0.88     4.93
  SINCE JAN 1      1.91                      1.83   0.08     2.62

SNOWFALL (IN)
  YESTERDAY        0.0
  MONTH TO DATE    0.0
  SINCE DEC 1      0.0
  SINCE JUL 1      0.0

DEGREE DAYS
 HEATING
  YESTERDAY        0                         5     -5        2
  MONTH TO DATE   51                        65    -14       50
  SINCE DEC 1    324                       456   -132      449
  SINCE JUL 1    360                       513   -153      584

 COOLING
  YESTERDAY        1                         3     -2        0
  MONTH TO DATE   21                        30     -9       11
  SINCE DEC 1    182                       137     45      116
  SINCE JAN 1     49                        79    -30       25
..................................................................


WIND (MPH)
  HIGHEST WIND SPEED    21   HIGHEST WIND DIRECTION    SE (120)
  HIGHEST GUST SPEED    32   HIGHEST GUST DIRECTION     E (100)
  AVERAGE WIND SPEED    10.8



WEATHER CONDITIONS
 THE FOLLOWING WEATHER WAS RECORDED YESTERDAY.
  FOG
  FOG W/VISIBILITY <= 1/4 MILE


RELATIVE HUMIDITY (PERCENT)
 HIGHEST   100
 LOWEST     39
 AVERAGE    70

..........................................................


THE HARLINGEN CLIMATE NORMALS FOR TODAY
                         NORMAL    RECORD    YEAR
 MAXIMUM TEMPERATURE (F)   74        90      2005
                                             1945
 MINIMUM TEMPERATURE (F)   53        34      1951


SUNRISE AND SUNSET
FEBRUARY 14 2016......SUNRISE   707 AM CST   SUNSET   623 PM CST
FEBRUARY 15 2016......SUNRISE   707 AM CST   SUNSET   623 PM CST


-  INDICATES NEGATIVE NUMBERS.
R  INDICATES RECORD WAS SET OR TIED.
MM INDICATES DATA IS MISSING.
T  INDICATES TRACE AMOUNT.




$$
