000
CDUS44 KBRO 220626
CLIHRL


CLIMATE REPORT
NATIONAL WEATHER SERVICE BROWNSVILLE TX
125 AM CDT MON SEP 22 2014


...................................

...THE HARLINGEN CLIMATE SUMMARY FOR SEPTEMBER 21 2014...

CLIMATE NORMAL PERIOD 1981 TO 2010
CLIMATE RECORD PERIOD 1912 TO 2014


WEATHER ITEM   OBSERVED TIME   RECORD YEAR NORMAL DEPARTURE LAST
                VALUE   (LST)  VALUE       VALUE  FROM      YEAR
                                                  NORMAL
..................................................................
TEMPERATURE (F)
 YESTERDAY
  MAXIMUM         91   1236 PM 106    1947  90      1       80
  MINIMUM         74    635 AM  59    1938  72      2       73
  AVERAGE         83                        81      2       77

PRECIPITATION (IN)
  YESTERDAY        0.69          4.81 1967   0.18   0.51     0.12
  MONTH TO DATE    5.92                      3.78   2.14     9.20
  SINCE SEP 1      5.92                      3.78   2.14     9.20
  SINCE JAN 1     12.57                     17.99  -5.42    21.04

SNOWFALL (IN)
  YESTERDAY        0.0
  MONTH TO DATE    0.0
  SINCE SEP 1      0.0
  SINCE JUL 1      0.0

DEGREE DAYS
 HEATING
  YESTERDAY        0                         0      0        0
  MONTH TO DATE    0                         0      0        0
  SINCE SEP 1      0                         0      0        0
  SINCE JUL 1      0                         0      0        0

 COOLING
  YESTERDAY       18                        16      2       12
  MONTH TO DATE  389                       371     18      348
  SINCE SEP 1    389                       371     18      348
  SINCE JAN 1   3286                      3295     -9     3365
..................................................................


WIND (MPH)
  HIGHEST WIND SPEED    22   HIGHEST WIND DIRECTION    NE (60)
  HIGHEST GUST SPEED    25   HIGHEST GUST DIRECTION     E (80)
  AVERAGE WIND SPEED     7.8



WEATHER CONDITIONS
 THE FOLLOWING WEATHER WAS RECORDED YESTERDAY.
  HEAVY RAIN
  RAIN
  LIGHT RAIN
  FOG


RELATIVE HUMIDITY (PERCENT)
 HIGHEST   100
 LOWEST     68
 AVERAGE    84

..........................................................


THE HARLINGEN CLIMATE NORMALS FOR TODAY
                         NORMAL    RECORD    YEAR
 MAXIMUM TEMPERATURE (F)   90       100      1931
                                             1953
 MINIMUM TEMPERATURE (F)   71        56      1913


SUNRISE AND SUNSET
SEPTEMBER 22 2014.....SUNRISE   719 AM CDT   SUNSET   727 PM CDT
SEPTEMBER 23 2014.....SUNRISE   720 AM CDT   SUNSET   726 PM CDT


-  INDICATES NEGATIVE NUMBERS.
R  INDICATES RECORD WAS SET OR TIED.
MM INDICATES DATA IS MISSING.
T  INDICATES TRACE AMOUNT.




$$
