000
CDUS44 KBRO 240629
CLIHRL


CLIMATE REPORT
NATIONAL WEATHER SERVICE BROWNSVILLE TX
129 AM CDT FRI OCT 24 2014


...................................

...THE HARLINGEN CLIMATE SUMMARY FOR OCTOBER 23 2014...

CLIMATE NORMAL PERIOD 1981 TO 2010
CLIMATE RECORD PERIOD 1912 TO 2014


WEATHER ITEM   OBSERVED TIME   RECORD YEAR NORMAL DEPARTURE LAST
                VALUE   (LST)  VALUE       VALUE  FROM      YEAR
                                                  NORMAL
..................................................................
TEMPERATURE (F)
 YESTERDAY
  MAXIMUM         86    147 PM  96    1931  86      0       82
  MINIMUM         65    645 AM  46    2006  64      1       50
                                      1965
  AVERAGE         76                        75      1       66

PRECIPITATION (IN)
  YESTERDAY        0.00          2.17 1981   0.10  -0.10     0.00
  MONTH TO DATE    0.62                      2.22  -1.60     0.74
  SINCE SEP 1     10.03                      7.44   2.59     9.94
  SINCE JAN 1     16.68                     21.65  -4.97    21.78

SNOWFALL (IN)
  YESTERDAY        0.0
  MONTH TO DATE    0.0
  SINCE SEP 1      0.0
  SINCE JUL 1      0.0

DEGREE DAYS
 HEATING
  YESTERDAY        0                         0      0        0
  MONTH TO DATE    0                         0      0        0
  SINCE SEP 1      0                         0      0        0
  SINCE JUL 1      0                         0      0        0

 COOLING
  YESTERDAY       11                        10      1        1
  MONTH TO DATE  271                       275     -4      276
  SINCE SEP 1    783                       780      3      774
  SINCE JAN 1   3680                      3704    -24     3791
..................................................................


WIND (MPH)
  HIGHEST WIND SPEED    14   HIGHEST WIND DIRECTION    NE (50)
  HIGHEST GUST SPEED    25   HIGHEST GUST DIRECTION     N (10)
  AVERAGE WIND SPEED     6.4



WEATHER CONDITIONS
 THE FOLLOWING WEATHER WAS RECORDED YESTERDAY.
  FOG


RELATIVE HUMIDITY (PERCENT)
 HIGHEST   100
 LOWEST     51
 AVERAGE    76

..........................................................


THE HARLINGEN CLIMATE NORMALS FOR TODAY
                         NORMAL    RECORD    YEAR
 MAXIMUM TEMPERATURE (F)   86        97      1931
 MINIMUM TEMPERATURE (F)   63        46      1965


SUNRISE AND SUNSET
OCTOBER 24 2014.......SUNRISE   735 AM CDT   SUNSET   655 PM CDT
OCTOBER 25 2014.......SUNRISE   735 AM CDT   SUNSET   654 PM CDT


-  INDICATES NEGATIVE NUMBERS.
R  INDICATES RECORD WAS SET OR TIED.
MM INDICATES DATA IS MISSING.
T  INDICATES TRACE AMOUNT.




$$
