000
CDUS44 KBRO 230634
CLIHRL


CLIMATE REPORT
NATIONAL WEATHER SERVICE BROWNSVILLE TX
134 AM CDT WED APR 23 2014


...................................

...THE HARLINGEN CLIMATE SUMMARY FOR APRIL 22 2014...

CLIMATE NORMAL PERIOD 1981 TO 2010
CLIMATE RECORD PERIOD 1912 TO 2014


WEATHER ITEM   OBSERVED TIME   RECORD YEAR NORMAL DEPARTURE LAST
                VALUE   (LST)  VALUE       VALUE  FROM      YEAR
                                                  NORMAL
..................................................................
TEMPERATURE (F)
 YESTERDAY
  MAXIMUM         91    242 PM  97    1920  87      4       88
  MINIMUM         65    402 AM  50    1931  67     -2       63
  AVERAGE         78                        77      1       76

PRECIPITATION (IN)
  YESTERDAY        0.00          1.30 1936   0.05  -0.05     0.00
  MONTH TO DATE    0.17                      1.25  -1.08     0.04
  SINCE MAR 1      1.95                      2.54  -0.59     0.10
  SINCE JAN 1      2.95                      5.01  -2.06     2.84

SNOWFALL (IN)
  YESTERDAY        0.0
  MONTH TO DATE    0.0
  SINCE MAR 1      0.0
  SINCE JUL 1      0.0

DEGREE DAYS
 HEATING
  YESTERDAY        0                         0      0        0
  MONTH TO DATE   12                         7      5        9
  SINCE MAR 1    119                        53     66       52
  SINCE JUL 1    930                       621    309      400

 COOLING
  YESTERDAY       13                        12      1       11
  MONTH TO DATE  168                       219    -51      222
  SINCE MAR 1    280                       389   -109      383
  SINCE JAN 1    391                       514   -123      577
..................................................................


WIND (MPH)
  HIGHEST WIND SPEED    18   HIGHEST WIND DIRECTION    SE (120)
  HIGHEST GUST SPEED    24   HIGHEST GUST DIRECTION     E (100)
  AVERAGE WIND SPEED     6.4



WEATHER CONDITIONS
 THE FOLLOWING WEATHER WAS RECORDED YESTERDAY.
  LIGHT RAIN
  FOG


RELATIVE HUMIDITY (PERCENT)
 HIGHEST    93
 LOWEST     50
 AVERAGE    72

..........................................................


THE HARLINGEN CLIMATE NORMALS FOR TODAY
                         NORMAL    RECORD    YEAR
 MAXIMUM TEMPERATURE (F)   87       100      1997
 MINIMUM TEMPERATURE (F)   67        51      1982


SUNRISE AND SUNSET
APRIL 23 2014.........SUNRISE   700 AM CDT   SUNSET   758 PM CDT
APRIL 24 2014.........SUNRISE   659 AM CDT   SUNSET   759 PM CDT


-  INDICATES NEGATIVE NUMBERS.
R  INDICATES RECORD WAS SET OR TIED.
MM INDICATES DATA IS MISSING.
T  INDICATES TRACE AMOUNT.




$$
