000
CDUS44 KLZK 250635
CLIHRO


CLIMATE REPORT
NATIONAL WEATHER SERVICE LITTLE ROCK AR
134 AM CDT TUE JUL 25 2017


...................................

...THE HARRISON CLIMATE SUMMARY FOR JULY 24 2017...

CLIMATE NORMAL PERIOD 1981 TO 2010
CLIMATE RECORD PERIOD 1891 TO 2017


WEATHER ITEM   OBSERVED TIME   RECORD YEAR NORMAL DEPARTURE LAST
                VALUE   (LST)  VALUE       VALUE  FROM      YEAR
                                                  NORMAL
..................................................................
TEMPERATURE (F)
 YESTERDAY
  MAXIMUM         93    403 PM 108    1934  90      3       97
  MINIMUM         70    346 AM  49    1904  68      2       72
  AVERAGE         82                        79      3       85

PRECIPITATION (IN)
  YESTERDAY        0.00          3.07 1917   0.10  -0.10     0.00
  MONTH TO DATE    3.32                      2.41   0.91     3.08
  SINCE JUN 1      6.69                      6.65   0.04     6.36
  SINCE JAN 1     32.77                     24.65   8.12    19.19

SNOWFALL (IN)
  YESTERDAY        0.0          MM      MM   0.0    0.0      0.0
  MONTH TO DATE    0.0                       0.0    0.0      0.0
  SINCE JUN 1      0.0                       0.0    0.0      0.0
  SINCE JUL 1      0.0                       0.0    0.0      0.0
  SNOW DEPTH       0

DEGREE DAYS
 HEATING
  YESTERDAY        0                         0      0        0
  MONTH TO DATE    0                         0      0        0
  SINCE JUN 1      0                         6     -6        0
  SINCE JUL 1      0                         0      0        0

 COOLING
  YESTERDAY       17                        14      3       20
  MONTH TO DATE  340                       317     23      360
  SINCE JUN 1    582                       582      0      718
  SINCE JAN 1    733                       721     12      823
..................................................................


WIND (MPH)
  HIGHEST WIND SPEED     9   HIGHEST WIND DIRECTION    NW (300)
  HIGHEST GUST SPEED    12   HIGHEST GUST DIRECTION     W (290)
  AVERAGE WIND SPEED     3.5


SKY COVER
  POSSIBLE SUNSHINE  MM
  AVERAGE SKY COVER 0.2


WEATHER CONDITIONS
 THE FOLLOWING WEATHER WAS RECORDED YESTERDAY.
  NO SIGNIFICANT WEATHER WAS OBSERVED.


RELATIVE HUMIDITY (PERCENT)
 HIGHEST    93           300 AM
 LOWEST     44           200 PM
 AVERAGE    69

..........................................................


THE HARRISON CLIMATE NORMALS FOR TODAY
                         NORMAL    RECORD    YEAR
 MAXIMUM TEMPERATURE (F)   90       106      1934
 MINIMUM TEMPERATURE (F)   68        43      1911


SUNRISE AND SUNSET
JULY 25 2017..........SUNRISE   614 AM CDT   SUNSET   824 PM CDT
JULY 26 2017..........SUNRISE   615 AM CDT   SUNSET   823 PM CDT


-  INDICATES NEGATIVE NUMBERS.
R  INDICATES RECORD WAS SET OR TIED.
MM INDICATES DATA IS MISSING.
T  INDICATES TRACE AMOUNT.




$$
