020
CDUS44 KLZK 260644
CLIHRO


CLIMATE REPORT
NATIONAL WEATHER SERVICE LITTLE ROCK AR
144 AM CDT WED APR 26 2017


...................................

...THE HARRISON CLIMATE SUMMARY FOR APRIL 25 2017...

CLIMATE NORMAL PERIOD 1981 TO 2010
CLIMATE RECORD PERIOD 1891 TO 2017


WEATHER ITEM   OBSERVED TIME   RECORD YEAR NORMAL DEPARTURE LAST
                VALUE   (LST)  VALUE       VALUE  FROM      YEAR
                                                  NORMAL
..................................................................
TEMPERATURE (F)
 YESTERDAY
  MAXIMUM         80    315 PM  88    1939  71      9       79
  MINIMUM         47    416 AM  23    1910  50     -3       58
  AVERAGE         64                        61      3       69

PRECIPITATION (IN)
  YESTERDAY        T             4.04 2011   0.16  -0.16     0.00
  MONTH TO DATE    5.21                      3.50   1.71     0.57
  SINCE MAR 1     10.85                      7.29   3.56     4.36
  SINCE JAN 1     14.43                     12.49   1.94     6.64

SNOWFALL (IN)
  YESTERDAY       MM            MM      MM   0.0   MM        0.0
  MONTH TO DATE    0.0                       0.3   -0.3      0.0
  SINCE MAR 1      2.5                       2.3    0.2      0.0
  SINCE JUL 1      3.4                      11.5   -8.1      3.7
  SNOW DEPTH       0

DEGREE DAYS
 HEATING
  YESTERDAY        1                         6     -5        0
  MONTH TO DATE  116                       216   -100      145
  SINCE MAR 1    484                       724   -240      508
  SINCE JUL 1   2890                      3896  -1006     3121

 COOLING
  YESTERDAY        0                         1     -1        4
  MONTH TO DATE   34                        25      9        6
  SINCE MAR 1     40                        31      9       11
  SINCE JAN 1     47                        31     16       11
..................................................................


WIND (MPH)
  HIGHEST WIND SPEED    25   HIGHEST WIND DIRECTION     S (170)
  HIGHEST GUST SPEED    35   HIGHEST GUST DIRECTION     S (170)
  AVERAGE WIND SPEED    11.6


SKY COVER
  POSSIBLE SUNSHINE  MM
  AVERAGE SKY COVER 0.1


WEATHER CONDITIONS
 THE FOLLOWING WEATHER WAS RECORDED YESTERDAY.
  LIGHT RAIN


RELATIVE HUMIDITY (PERCENT)
 HIGHEST    77           600 AM
 LOWEST     45           200 PM
 AVERAGE    61

..........................................................


THE HARRISON CLIMATE NORMALS FOR TODAY
                         NORMAL    RECORD    YEAR
 MAXIMUM TEMPERATURE (F)   72        92      1927
 MINIMUM TEMPERATURE (F)   50        26      1910


SUNRISE AND SUNSET
APRIL 26 2017.........SUNRISE   625 AM CDT   SUNSET   756 PM CDT
APRIL 27 2017.........SUNRISE   624 AM CDT   SUNSET   757 PM CDT


-  INDICATES NEGATIVE NUMBERS.
R  INDICATES RECORD WAS SET OR TIED.
MM INDICATES DATA IS MISSING.
T  INDICATES TRACE AMOUNT.




$$
