000
CDUS44 KLZK 292103
CLIHRO


CLIMATE REPORT
NATIONAL WEATHER SERVICE LITTLE ROCK AR
402 PM CDT FRI APR 29 2016


...................................

...THE HARRISON CLIMATE SUMMARY FOR APRIL 29 2016...
VALID TODAY AS OF 0400 PM LOCAL TIME.

CLIMATE NORMAL PERIOD 1981 TO 2010
CLIMATE RECORD PERIOD 1891 TO 2016


WEATHER ITEM   OBSERVED TIME   RECORD YEAR NORMAL DEPARTURE LAST
                VALUE   (LST)  VALUE       VALUE  FROM      YEAR
                                                  NORMAL
..................................................................
TEMPERATURE (F)
 TODAY
  MAXIMUM         61   1227 AM  90    1962  72    -11       75
  MINIMUM         51    505 AM  29    1908  51      0       48
  AVERAGE         56                        62     -6       62

PRECIPITATION (IN)
  TODAY            0.93          2.09 2006   0.16   0.77     0.00
  MONTH TO DATE    2.11                      4.15  -2.04     2.76
  SINCE MAR 1      5.90                      7.94  -2.04     8.70
  SINCE JAN 1      8.18                     13.14  -4.96    12.24

SNOWFALL (IN)
  TODAY            0.0           T    1908   0.0    0.0      0.0
  MONTH TO DATE    0.0                       0.3   -0.3      0.0
  SINCE MAR 1      0.0                       2.3   -2.3      4.3
  SINCE JUL 1      3.7                      11.5   -7.8     13.6
  SNOW DEPTH       0

DEGREE DAYS
 HEATING
  TODAY            9                         5      4        3
  MONTH TO DATE  154                       236    -82      193
  SINCE MAR 1    517                       744   -227      699
  SINCE JUL 1   3130                      3916   -786     4094

 COOLING
  TODAY            0                         2     -2        0
  MONTH TO DATE   14                        30    -16       21
  SINCE MAR 1     19                        36    -17       25
  SINCE JAN 1     19                        36    -17       25
..................................................................


WIND (MPH)
  HIGHEST WIND SPEED    22   HIGHEST WIND DIRECTION     E (110)
  HIGHEST GUST SPEED    30   HIGHEST GUST DIRECTION    SE (130)
  AVERAGE WIND SPEED     5.1


SKY COVER
  POSSIBLE SUNSHINE  MM
  AVERAGE SKY COVER 0.6


WEATHER CONDITIONS
 THE FOLLOWING WEATHER WAS RECORDED TODAY.
  THUNDERSTORM
  HEAVY RAIN
  LIGHT RAIN
  FOG


RELATIVE HUMIDITY (PERCENT)
 HIGHEST   100          1200 PM
 LOWEST     60           100 AM
 AVERAGE    80

..........................................................


THE HARRISON CLIMATE NORMALS FOR TOMORROW
                         NORMAL    RECORD    YEAR
 MAXIMUM TEMPERATURE (F)   73        90      1952
 MINIMUM TEMPERATURE (F)   51        24      1908


SUNRISE AND SUNSET
APRIL 29 2016.........SUNRISE   621 AM CDT   SUNSET   759 PM CDT
APRIL 30 2016.........SUNRISE   620 AM CDT   SUNSET   800 PM CDT


-  INDICATES NEGATIVE NUMBERS.
R  INDICATES RECORD WAS SET OR TIED.
MM INDICATES DATA IS MISSING.
T  INDICATES TRACE AMOUNT.




$$
