000
CDUS44 KLZK 230908
CLIHRO


CLIMATE REPORT
NATIONAL WEATHER SERVICE LITTLE ROCK AR
408 AM CDT TUE SEP 23 2014


...................................

...THE HARRISON CLIMATE SUMMARY FOR SEPTEMBER 22 2014...

CLIMATE NORMAL PERIOD 1981 TO 2010
CLIMATE RECORD PERIOD 1891 TO 2014


WEATHER ITEM   OBSERVED TIME   RECORD YEAR NORMAL DEPARTURE LAST
                VALUE   (LST)  VALUE       VALUE  FROM      YEAR
                                                  NORMAL
..................................................................
TEMPERATURE (F)
 YESTERDAY
  MAXIMUM         74    324 PM  96    1955  78     -4       75
                                      1948
  MINIMUM         49    622 AM  34    1953  55     -6       46
  AVERAGE         62                        67     -5       61

PRECIPITATION (IN)
  YESTERDAY        0.00          1.82 1916   0.14  -0.14     0.00
  MONTH TO DATE    5.15                      3.11   2.04     1.09
  SINCE SEP 1      5.15                      3.11   2.04     1.09
  SINCE JAN 1     31.83                     32.07  -0.24    33.91

SNOWFALL (IN)
  YESTERDAY        0.0          MM      MM   0.0    0.0      0.0
  MONTH TO DATE    0.0                       0.0    0.0      0.0
  SINCE SEP 1      0.0                       0.0    0.0      0.0
  SINCE JUL 1      0.0                       0.0    0.0      0.0
  SNOW DEPTH       0

DEGREE DAYS
 HEATING
  YESTERDAY        3                         2      1        4
  MONTH TO DATE   25                        17      8        6
  SINCE SEP 1     25                        17      8        6
  SINCE JUL 1     26                        18      8        7

 COOLING
  YESTERDAY        0                         4     -4        0
  MONTH TO DATE  140                       144     -4      189
  SINCE SEP 1    140                       144     -4      189
  SINCE JAN 1   1270                      1355    -85     1333
..................................................................


WIND (MPH)
  HIGHEST WIND SPEED    10   HIGHEST WIND DIRECTION    NE (50)
  HIGHEST GUST SPEED    14   HIGHEST GUST DIRECTION    NE (50)
  AVERAGE WIND SPEED     3.1


SKY COVER
  POSSIBLE SUNSHINE  MM
  AVERAGE SKY COVER 0.0


WEATHER CONDITIONS
 THE FOLLOWING WEATHER WAS RECORDED YESTERDAY.
  FOG
  HAZE


RELATIVE HUMIDITY (PERCENT)
 HIGHEST    93           600 AM
 LOWEST     46           400 PM
 AVERAGE    70

..........................................................


THE HARRISON CLIMATE NORMALS FOR TODAY
                         NORMAL    RECORD    YEAR
 MAXIMUM TEMPERATURE (F)   78        94      1935
 MINIMUM TEMPERATURE (F)   55        35      1953


SUNRISE AND SUNSET
SEPTEMBER 23 2014.....SUNRISE   701 AM CDT   SUNSET   708 PM CDT
SEPTEMBER 24 2014.....SUNRISE   702 AM CDT   SUNSET   706 PM CDT


-  INDICATES NEGATIVE NUMBERS.
R  INDICATES RECORD WAS SET OR TIED.
MM INDICATES DATA IS MISSING.
T  INDICATES TRACE AMOUNT.




$$
