000
CDUS42 KMHX 250527
CLIHSE


CLIMATE REPORT
NATIONAL WEATHER SERVICE NEWPORT/MOREHEAD CITY NC
126 AM EDT TUE APR 25 2017


...................................

...THE CAPE HATTERAS NC CLIMATE SUMMARY FOR APRIL 24 2017...

CLIMATE NORMAL PERIOD 1981 TO 2010
CLIMATE RECORD PERIOD 1874 TO 2017


WEATHER ITEM   OBSERVED TIME   RECORD YEAR NORMAL DEPARTURE LAST
                VALUE   (LST)  VALUE       VALUE  FROM      YEAR
                                                  NORMAL
..................................................................
TEMPERATURE (F)
 YESTERDAY
  MAXIMUM         75    101 PM  82    1990  68      7       63
                                      1985
  MINIMUM         63   1227 AM  37    1982  55      8       48
  AVERAGE         69                        62      7       56

PRECIPITATION (IN)
  YESTERDAY        2.09R         1.29 1977   0.12   1.97     0.00
  MONTH TO DATE    6.50                      2.99   3.51     2.17
  SINCE MAR 1     11.78                      7.76   4.02     8.14
  SINCE JAN 1     18.09                     17.02   1.07    21.25

SNOWFALL (IN)
  YESTERDAY        0.0
  MONTH TO DATE    0.0
  SINCE NOV 1      T
  SINCE JUL 1      T
  SNOW DEPTH       0

DEGREE DAYS
 HEATING
  YESTERDAY        0                         5     -5        9
  MONTH TO DATE   48                       168   -120      156
  SINCE MAR 1    403                       587   -184      353
  SINCE JUL 1   1725                      2511   -786     1666

 COOLING
  YESTERDAY        4                         1      3        0
  MONTH TO DATE   97                        15     82       11
  SINCE MAR 1    121                        18    103       37
  SINCE JAN 1    129                        18    111       38
..................................................................


WIND (MPH)
  HIGHEST WIND SPEED    35   HIGHEST WIND DIRECTION    SE (130)
  HIGHEST GUST SPEED    44   HIGHEST GUST DIRECTION    SE (140)
  AVERAGE WIND SPEED    16.5


SKY COVER
  POSSIBLE SUNSHINE  MM
  AVERAGE SKY COVER 0.7


WEATHER CONDITIONS
 THE FOLLOWING WEATHER WAS RECORDED YESTERDAY.
  HEAVY RAIN
  RAIN
  LIGHT RAIN
  FOG
  FOG W/VISIBILITY <= 1/4 MILE
  HAZE


RELATIVE HUMIDITY (PERCENT)
 HIGHEST    93          1200 AM
 LOWEST     66           500 PM
 AVERAGE    80

..........................................................


THE CAPE HATTERAS NC CLIMATE NORMALS FOR TODAY
                         NORMAL    RECORD    YEAR
 MAXIMUM TEMPERATURE (F)   69        84      1990
 MINIMUM TEMPERATURE (F)   55        40      1969
                                             1967


SUNRISE AND SUNSET
APRIL 25 2017.........SUNRISE   618 AM EDT   SUNSET   744 PM EDT
APRIL 26 2017.........SUNRISE   617 AM EDT   SUNSET   744 PM EDT


-  INDICATES NEGATIVE NUMBERS.
R  INDICATES RECORD WAS SET OR TIED.
MM INDICATES DATA IS MISSING.
T  INDICATES TRACE AMOUNT.




$$
