000
CDUS42 KMHX 240531
CLIHSE


CLIMATE REPORT
NATIONAL WEATHER SERVICE NEWPORT/MOREHEAD CITY NC
130 AM EDT THU APR 24 2014


...................................

...THE CAPE HATTERAS NC CLIMATE SUMMARY FOR APRIL 23 2014...

CLIMATE NORMAL PERIOD 1981 TO 2010
CLIMATE RECORD PERIOD 1874 TO 2014


WEATHER ITEM   OBSERVED TIME   RECORD YEAR NORMAL DEPARTURE LAST
                VALUE   (LST)  VALUE       VALUE  FROM      YEAR
                                                  NORMAL
..................................................................
TEMPERATURE (F)
 YESTERDAY
  MAXIMUM         64    101 PM  89    1985  68     -4       57
  MINIMUM         45   1102 PM  37    1982  55    -10       52
  AVERAGE         55                        61     -6       55

PRECIPITATION (IN)
  YESTERDAY        T             0.72 1984   0.12  -0.12     0.00
                                      1984
                                      2006
  MONTH TO DATE    4.33                      2.87   1.46     3.36
  SINCE MAR 1      9.81                      7.64   2.17     5.58
  SINCE JAN 1     19.90                     16.90   3.00    15.31

SNOWFALL (IN)
  YESTERDAY        0.0
  MONTH TO DATE    0.0
  SINCE NOV 1      5.7
  SINCE JUL 1      5.7
  SNOW DEPTH       0

DEGREE DAYS
 HEATING
  YESTERDAY       10                         5      5       10
  MONTH TO DATE  171                       163      8      142
  SINCE MAR 1    674                       582     92      629
  SINCE JUL 1   2507                      2506      1     2361

 COOLING
  YESTERDAY        0                         1     -1        0
  MONTH TO DATE   11                        14     -3        9
  SINCE MAR 1     11                        17     -6        9
  SINCE JAN 1     11                        17     -6        9
..................................................................


WIND (MPH)
  HIGHEST WIND SPEED    16   HIGHEST WIND DIRECTION     N (20)
  HIGHEST GUST SPEED    27   HIGHEST GUST DIRECTION     N (20)
  AVERAGE WIND SPEED     8.3


SKY COVER
  POSSIBLE SUNSHINE  MM
  AVERAGE SKY COVER 0.2


WEATHER CONDITIONS
 THE FOLLOWING WEATHER WAS RECORDED YESTERDAY.
  LIGHT RAIN
  HAZE


RELATIVE HUMIDITY (PERCENT)
 HIGHEST    76          1000 PM
 LOWEST     42           400 PM
 AVERAGE    59

..........................................................


THE CAPE HATTERAS NC CLIMATE NORMALS FOR TODAY
                         NORMAL    RECORD    YEAR
 MAXIMUM TEMPERATURE (F)   68        82      1990
 MINIMUM TEMPERATURE (F)   55        37      1982


SUNRISE AND SUNSET
APRIL 24 2014.........SUNRISE   619 AM EDT   SUNSET   743 PM EDT
APRIL 25 2014.........SUNRISE   618 AM EDT   SUNSET   743 PM EDT


-  INDICATES NEGATIVE NUMBERS.
R  INDICATES RECORD WAS SET OR TIED.
MM INDICATES DATA IS MISSING.
T  INDICATES TRACE AMOUNT.




$$
