000
CDUS42 KMHX 022125
CLIHSE


CLIMATE REPORT
NATIONAL WEATHER SERVICE NEWPORT/MOREHEAD CITY NC
525 PM EDT WED SEP 2 2015


...................................

...THE CAPE HATTERAS NC CLIMATE SUMMARY FOR SEPTEMBER 2 2015...
VALID TODAY AS OF 0500 PM LOCAL TIME.

CLIMATE NORMAL PERIOD 1981 TO 2010
CLIMATE RECORD PERIOD 1874 TO 2015


WEATHER ITEM   OBSERVED TIME   RECORD YEAR NORMAL DEPARTURE LAST
                VALUE   (LST)  VALUE       VALUE  FROM      YEAR
                                                  NORMAL
..................................................................
TEMPERATURE (F)
 TODAY
  MAXIMUM         87    247 PM  91    1989  83      4       86
                                      1912
  MINIMUM         73    140 AM  62    1984  72      1       78
                                      1976
  AVERAGE         80                        77      3       82

PRECIPITATION (IN)
  TODAY            0.00          2.72 1989   0.23  -0.23     0.00
  MONTH TO DATE    T                         0.47  -0.47     0.00
  SINCE SEP 1      T                         0.47  -0.47     0.00
  SINCE JAN 1     36.70                     37.66  -0.96    41.05

SNOWFALL (IN)
  TODAY            0.0
  MONTH TO DATE    0.0
  SINCE NOV 1      2.0
  SINCE JUL 1      0.0
  SNOW DEPTH       0

DEGREE DAYS
 HEATING
  TODAY            0                         0      0        0
  MONTH TO DATE    0                         0      0        0
  SINCE SEP 1      0                         0      0        0
  SINCE JUL 1      0                         0      0        0

 COOLING
  TODAY           15                        12      3       17
  MONTH TO DATE   29                        24      5       35
  SINCE SEP 1     29                        24      5       35
  SINCE JAN 1   1545                      1330    215     1411
..................................................................


WIND (MPH)
  HIGHEST WIND SPEED     7   HIGHEST WIND DIRECTION    SE (140)
  HIGHEST GUST SPEED    11   HIGHEST GUST DIRECTION    NW (310)
  AVERAGE WIND SPEED     4.8


SKY COVER
  POSSIBLE SUNSHINE  MM
  AVERAGE SKY COVER 0.0


WEATHER CONDITIONS
 THE FOLLOWING WEATHER WAS RECORDED TODAY.
  NO SIGNIFICANT WEATHER WAS OBSERVED.


RELATIVE HUMIDITY (PERCENT)
 HIGHEST    93          1200 AM
 LOWEST     61           100 PM
 AVERAGE    77

..........................................................


THE CAPE HATTERAS NC CLIMATE NORMALS FOR TOMORROW
                         NORMAL    RECORD    YEAR
 MAXIMUM TEMPERATURE (F)   82        90      1990
                                             1959
 MINIMUM TEMPERATURE (F)   72        55      1967


SUNRISE AND SUNSET
SEPTEMBER  2 2015.....SUNRISE   635 AM EDT   SUNSET   728 PM EDT
SEPTEMBER  3 2015.....SUNRISE   636 AM EDT   SUNSET   727 PM EDT


-  INDICATES NEGATIVE NUMBERS.
R  INDICATES RECORD WAS SET OR TIED.
MM INDICATES DATA IS MISSING.
T  INDICATES TRACE AMOUNT.




$$
