000
CDUS42 KMHX 240627
CLIHSE


CLIMATE REPORT
NATIONAL WEATHER SERVICE NEWPORT/MOREHEAD CITY NC
125 AM EST MON NOV 24 2014


...................................

...THE CAPE HATTERAS NC CLIMATE SUMMARY FOR NOVEMBER 23 2014...

CLIMATE NORMAL PERIOD 1981 TO 2010
CLIMATE RECORD PERIOD 1874 TO 2014


WEATHER ITEM   OBSERVED TIME   RECORD YEAR NORMAL DEPARTURE LAST
                VALUE   (LST)  VALUE       VALUE  FROM      YEAR
                                                  NORMAL
..................................................................
TEMPERATURE (F)
 YESTERDAY
  MAXIMUM         68   1159 PM  77    1941  62      6       65
  MINIMUM         42   1250 AM  27    1987  49     -7       51
  AVERAGE         55                        56     -1       58

PRECIPITATION (IN)
  YESTERDAY        0.16          1.90 1988   0.15   0.01      T
  MONTH TO DATE    2.76                      3.91  -1.15     1.68
  SINCE SEP 1     16.83                     15.54   1.29    15.96
  SINCE JAN 1     57.88                     52.73   5.15    47.16

SNOWFALL (IN)
  YESTERDAY        0.0
  MONTH TO DATE    0.0
  SINCE NOV 1      0.0
  SINCE JUL 1      0.0
  SNOW DEPTH       0

DEGREE DAYS
 HEATING
  YESTERDAY       10                        10      0        7
  MONTH TO DATE  257                       166     91      140
  SINCE SEP 1    317                       241     76      191
  SINCE JUL 1    317                       241     76      191

 COOLING
  YESTERDAY        0                         0      0        0
  MONTH TO DATE    0                        22    -22       22
  SINCE SEP 1    386                       406    -20      446
  SINCE JAN 1   1762                      1712     50     1990
..................................................................


WIND (MPH)
  HIGHEST WIND SPEED    31   HIGHEST WIND DIRECTION     S (170)
  HIGHEST GUST SPEED    40   HIGHEST GUST DIRECTION     S (160)
  AVERAGE WIND SPEED    12.2


SKY COVER
  POSSIBLE SUNSHINE  MM
  AVERAGE SKY COVER 0.4


WEATHER CONDITIONS
 THE FOLLOWING WEATHER WAS RECORDED YESTERDAY.
  LIGHT RAIN
  FOG


RELATIVE HUMIDITY (PERCENT)
 HIGHEST   100           700 AM
 LOWEST     72           300 AM
 AVERAGE    86

..........................................................


THE CAPE HATTERAS NC CLIMATE NORMALS FOR TODAY
                         NORMAL    RECORD    YEAR
 MAXIMUM TEMPERATURE (F)   62        77      1986
                                             1983
 MINIMUM TEMPERATURE (F)   49        29      1989
                                             1972


SUNRISE AND SUNSET
NOVEMBER 24 2014......SUNRISE   646 AM EST   SUNSET   452 PM EST
NOVEMBER 25 2014......SUNRISE   647 AM EST   SUNSET   452 PM EST


-  INDICATES NEGATIVE NUMBERS.
R  INDICATES RECORD WAS SET OR TIED.
MM INDICATES DATA IS MISSING.
T  INDICATES TRACE AMOUNT.




$$
