000
CDUS42 KMHX 220525
CLIHSE


CLIMATE REPORT
NATIONAL WEATHER SERVICE NEWPORT/MOREHEAD CITY NC
125 AM EDT FRI SEP 22 2017


...................................

...THE CAPE HATTERAS NC CLIMATE SUMMARY FOR SEPTEMBER 21 2017...

CLIMATE NORMAL PERIOD 1981 TO 2010
CLIMATE RECORD PERIOD 1874 TO 2017


WEATHER ITEM   OBSERVED TIME   RECORD YEAR NORMAL DEPARTURE LAST
                VALUE   (LST)  VALUE       VALUE  FROM      YEAR
                                                  NORMAL
..................................................................
TEMPERATURE (F)
 YESTERDAY
  MAXIMUM         87    238 PM  90    1895  79      8       84
  MINIMUM         68   1154 PM  55    1918  68      0       73
  AVERAGE         78                        73      5       79

PRECIPITATION (IN)
  YESTERDAY        0.00          3.80 1994   0.20  -0.20     0.35
  MONTH TO DATE    6.84                      4.56   2.28     8.56
  SINCE SEP 1      6.84                      4.56   2.28     8.56
  SINCE JAN 1     49.20                     41.75   7.45    60.82

SNOWFALL (IN)
  YESTERDAY        0.0
  MONTH TO DATE    0.0
  SINCE NOV 1      T
  SINCE JUL 1      0.0
  SNOW DEPTH       0

DEGREE DAYS
 HEATING
  YESTERDAY        0                         0      0        0
  MONTH TO DATE    0                         0      0        0
  SINCE SEP 1      0                         0      0        0
  SINCE JUL 1      0                         0      0        0

 COOLING
  YESTERDAY       13                         8      5       14
  MONTH TO DATE  246                       221     25      295
  SINCE SEP 1    246                       221     25      295
  SINCE JAN 1   2007                      1527    480     1930
..................................................................


WIND (MPH)
  HIGHEST WIND SPEED     9   HIGHEST WIND DIRECTION     E (70)
  HIGHEST GUST SPEED    13   HIGHEST GUST DIRECTION     E (70)
  AVERAGE WIND SPEED     3.6


SKY COVER
  POSSIBLE SUNSHINE  MM
  AVERAGE SKY COVER 0.1


WEATHER CONDITIONS
 THE FOLLOWING WEATHER WAS RECORDED YESTERDAY.
  FOG


RELATIVE HUMIDITY (PERCENT)
 HIGHEST   100           300 AM
 LOWEST     48           200 PM
 AVERAGE    74

..........................................................


THE CAPE HATTERAS NC CLIMATE NORMALS FOR TODAY
                         NORMAL    RECORD    YEAR
 MAXIMUM TEMPERATURE (F)   79        88      1931
 MINIMUM TEMPERATURE (F)   68        54      1976


SUNRISE AND SUNSET
SEPTEMBER 22 2017.....SUNRISE   651 AM EDT   SUNSET   659 PM EDT
SEPTEMBER 23 2017.....SUNRISE   651 AM EDT   SUNSET   657 PM EDT


-  INDICATES NEGATIVE NUMBERS.
R  INDICATES RECORD WAS SET OR TIED.
MM INDICATES DATA IS MISSING.
T  INDICATES TRACE AMOUNT.




$$
