000
CDUS42 KMHX 290626
CLIHSE


CLIMATE REPORT
NATIONAL WEATHER SERVICE NEWPORT/MOREHEAD CITY NC
125 AM EST THU JAN 29 2015


...................................

...THE CAPE HATTERAS NC CLIMATE SUMMARY FOR JANUARY 28 2015...

CLIMATE NORMAL PERIOD 1981 TO 2010
CLIMATE RECORD PERIOD 1874 TO 2015


WEATHER ITEM   OBSERVED TIME   RECORD YEAR NORMAL DEPARTURE LAST
                VALUE   (LST)  VALUE       VALUE  FROM      YEAR
                                                  NORMAL
..................................................................
TEMPERATURE (F)
 YESTERDAY
  MAXIMUM         41    353 PM  71    1974  52    -11       41
                                      1972
  MINIMUM         33    834 AM  19    1986  39     -6       31
                                      1936
  AVERAGE         37                        46     -9       36

PRECIPITATION (IN)
  YESTERDAY        0.00          2.18 1943   0.17  -0.17     0.59
  MONTH TO DATE    4.60                      4.74  -0.14     4.79
  SINCE DEC 1      7.05                      9.01  -1.96     8.69
  SINCE JAN 1      4.60                      4.74  -0.14     4.79

SNOWFALL (IN)
  YESTERDAY        0.0
  MONTH TO DATE    T
  SINCE NOV 1      T
  SINCE JUL 1      T
  SNOW DEPTH       0

DEGREE DAYS
 HEATING
  YESTERDAY       28                        20      8       29
  MONTH TO DATE  497                       553    -56      550
  SINCE DEC 1    959                      1042    -83      937
  SINCE JUL 1   1360                      1360      0     1252

 COOLING
  YESTERDAY        0                         0      0        0
  MONTH TO DATE    2                         0      2        0
  SINCE DEC 1      2                         3     -1        7
  SINCE JAN 1      2                         0      2        0
..................................................................


WIND (MPH)
  HIGHEST WIND SPEED    14   HIGHEST WIND DIRECTION     N (10)
  HIGHEST GUST SPEED    29   HIGHEST GUST DIRECTION     N (10)
  AVERAGE WIND SPEED     8.5


SKY COVER
  POSSIBLE SUNSHINE  MM
  AVERAGE SKY COVER 0.5


WEATHER CONDITIONS
 THE FOLLOWING WEATHER WAS RECORDED YESTERDAY.
  NO SIGNIFICANT WEATHER WAS OBSERVED.


RELATIVE HUMIDITY (PERCENT)
 HIGHEST    82          1200 AM
 LOWEST     34           500 PM
 AVERAGE    58

..........................................................


THE CAPE HATTERAS NC CLIMATE NORMALS FOR TODAY
                         NORMAL    RECORD    YEAR
 MAXIMUM TEMPERATURE (F)   52        70      1932
 MINIMUM TEMPERATURE (F)   39        18      1897


SUNRISE AND SUNSET
JANUARY 29 2015.......SUNRISE   704 AM EST   SUNSET   528 PM EST
JANUARY 30 2015.......SUNRISE   703 AM EST   SUNSET   529 PM EST


-  INDICATES NEGATIVE NUMBERS.
R  INDICATES RECORD WAS SET OR TIED.
MM INDICATES DATA IS MISSING.
T  INDICATES TRACE AMOUNT.




$$
