000
CDUS43 KGID 280632
CLIHSI


CLIMATE REPORT
NATIONAL WEATHER SERVICE HASTINGS NE
130 AM CDT SUN MAY 28 2017


...................................

...THE HASTINGS NE CLIMATE SUMMARY FOR MAY 27 2017...

CLIMATE NORMAL PERIOD 1981 TO 2010
CLIMATE RECORD PERIOD 1894 TO 2017


WEATHER ITEM   OBSERVED TIME   RECORD YEAR NORMAL DEPARTURE LAST
                VALUE   (LST)  VALUE       VALUE  FROM      YEAR
                                                  NORMAL
..................................................................
TEMPERATURE (F)
 YESTERDAY
  MAXIMUM         75    404 PM  93    2006  76     -1       69
                                      1974
                                      1913
  MINIMUM         55   1158 PM  38    1992  55      0       54
                                      1907
  AVERAGE         65                        65      0       62

PRECIPITATION (IN)
  YESTERDAY        0.23          1.71 2012   0.12   0.11     0.18
  MONTH TO DATE    6.29                      4.09   2.20     2.78
  SINCE MAR 1     10.61                      8.44   2.17     9.01
  SINCE JAN 1     11.71                      9.34   2.37    10.93

SNOWFALL (IN)
  YESTERDAY        0.0           T    2006   0.0    0.0      0.0
  MONTH TO DATE    0.6                       0.0    0.6      0.0
  SINCE MAR 1      2.0                       6.4   -4.4      2.1
  SINCE JUL 1     11.1                      28.8  -17.7     32.4
  SNOW DEPTH       0

DEGREE DAYS
 HEATING
  YESTERDAY        0                         3     -3        3
  MONTH TO DATE  163                       160      3      176
  SINCE MAR 1   1213                      1369   -156     1106
  SINCE JUL 1   5143                      5999   -856     5016

 COOLING
  YESTERDAY        0                         3     -3        0
  MONTH TO DATE   50                        42      8       18
  SINCE MAR 1     58                        47     11       18
  SINCE JAN 1     58                        47     11       18
..................................................................


WIND (MPH)
  HIGHEST WIND SPEED    26   HIGHEST WIND DIRECTION     E (100)
  HIGHEST GUST SPEED    33   HIGHEST GUST DIRECTION     E (110)
  AVERAGE WIND SPEED    11.0


SKY COVER
  AVERAGE SKY COVER 0.3


WEATHER CONDITIONS
 THE FOLLOWING WEATHER WAS RECORDED YESTERDAY.
  RAIN
  LIGHT RAIN


RELATIVE HUMIDITY (PERCENT)
 HIGHEST    80           500 AM
 LOWEST     41           400 PM
 AVERAGE    61

..........................................................


THE HASTINGS NE CLIMATE NORMALS FOR TODAY
                         NORMAL    RECORD    YEAR
 MAXIMUM TEMPERATURE (F)   76        96      2006
                                             1934
 MINIMUM TEMPERATURE (F)   55        33      1915


SUNRISE AND SUNSET
MAY 28 2017...........SUNRISE   607 AM CDT   SUNSET   856 PM CDT
MAY 29 2017...........SUNRISE   606 AM CDT   SUNSET   856 PM CDT


-  INDICATES NEGATIVE NUMBERS.
R  INDICATES RECORD WAS SET OR TIED.
MM INDICATES DATA IS MISSING.
T  INDICATES TRACE AMOUNT.

$$

KELLEY
