000
CDUS43 KGID 210704
CLIHSI


CLIMATE REPORT
NATIONAL WEATHER SERVICE HASTINGS NE
203 AM CDT TUE OCT 21 2014


...................................

...THE HASTINGS NE CLIMATE SUMMARY FOR OCTOBER 20 2014...

CLIMATE NORMAL PERIOD 1981 TO 2010
CLIMATE RECORD PERIOD 1894 TO 2014


WEATHER ITEM   OBSERVED TIME   RECORD YEAR NORMAL DEPARTURE LAST
                VALUE   (LST)  VALUE       VALUE  FROM      YEAR
                                                  NORMAL
..................................................................
TEMPERATURE (F)
 YESTERDAY
  MAXIMUM         74    432 PM  92    1947  63     11       64
  MINIMUM         41    704 AM  18    1916  39      2       35
  AVERAGE         58                        51      7       50

PRECIPITATION (IN)
  YESTERDAY        0.00          1.31 1962   0.07  -0.07     0.00
  MONTH TO DATE    1.35                      1.42  -0.07     4.65
  SINCE SEP 1      3.13                      3.98  -0.85     5.91
  SINCE JAN 1     28.03                     24.64   3.39    23.97

SNOWFALL (IN)
  YESTERDAY        0.0          MM      MM   0.1   -0.1      0.0
  MONTH TO DATE    0.0                       0.5   -0.5      0.0
  SINCE SEP 1      0.0                       0.7   -0.7      0.0
  SINCE JUL 1      0.0                       0.7   -0.7      0.0
  SNOW DEPTH       0

DEGREE DAYS
 HEATING
  YESTERDAY        7                        14     -7       15
  MONTH TO DATE  202                       211     -9      201
  SINCE SEP 1    311                       301     10      230
  SINCE JUL 1    317                       307     10      236

 COOLING
  YESTERDAY        0                         0      0        0
  MONTH TO DATE    3                        11     -8       15
  SINCE SEP 1     98                       121    -23      200
  SINCE JAN 1   1018                      1074    -56     1158
..................................................................


WIND (MPH)
  HIGHEST WIND SPEED    10   HIGHEST WIND DIRECTION    NE (60)
  HIGHEST GUST SPEED    13   HIGHEST GUST DIRECTION     E (80)
  AVERAGE WIND SPEED     3.9


SKY COVER
  AVERAGE SKY COVER 0.0


WEATHER CONDITIONS
 THE FOLLOWING WEATHER WAS RECORDED YESTERDAY.
  HAZE


RELATIVE HUMIDITY (PERCENT)
 HIGHEST    82           500 AM
 LOWEST     27           300 PM
 AVERAGE    55

..........................................................


THE HASTINGS NE CLIMATE NORMALS FOR TODAY
                         NORMAL    RECORD    YEAR
 MAXIMUM TEMPERATURE (F)   62        90      1947
 MINIMUM TEMPERATURE (F)   39        20      1916


SUNRISE AND SUNSET
OCTOBER 21 2014.......SUNRISE   751 AM CDT   SUNSET   645 PM CDT
OCTOBER 22 2014.......SUNRISE   752 AM CDT   SUNSET   643 PM CDT


-  INDICATES NEGATIVE NUMBERS.
R  INDICATES RECORD WAS SET OR TIED.
MM INDICATES DATA IS MISSING.
T  INDICATES TRACE AMOUNT.




$$
