444
CDUS43 KGID 232225
CLIHSI


CLIMATE REPORT
NATIONAL WEATHER SERVICE HASTINGS NE
524 PM CDT TUE AUG 23 2016


...................................

...THE HASTINGS NE CLIMATE SUMMARY FOR AUGUST 23 2016...
VALID TODAY AS OF 0500 PM LOCAL TIME.

CLIMATE NORMAL PERIOD 1981 TO 2010
CLIMATE RECORD PERIOD 1894 TO 2016


WEATHER ITEM   OBSERVED TIME   RECORD YEAR NORMAL DEPARTURE LAST
                VALUE   (LST)  VALUE       VALUE  FROM      YEAR
                                                  NORMAL
..................................................................
TEMPERATURE (F)
 TODAY
  MAXIMUM         92    359 PM 111    1943  84      8       73
  MINIMUM         66    545 AM  44    1966  62      4       49
  AVERAGE         79                        73      6       61

PRECIPITATION (IN)
  TODAY            T             1.77 1981   0.11  -0.11     0.00
  MONTH TO DATE    1.18                      2.27  -1.09     2.15
  SINCE JUN 1      4.15                      9.81  -5.66    14.33
  SINCE JAN 1     15.98                     19.63  -3.65    23.05

SNOWFALL (IN)
  TODAY            0.0                       0.0    0.0      0.0
  MONTH TO DATE    0.0                       0.0    0.0      0.0
  SINCE JUN 1      0.0                       0.0    0.0      0.0
  SINCE JUL 1      0.0                       0.0    0.0      0.0
  SNOW DEPTH       0

DEGREE DAYS
 HEATING
  TODAY            0                         0      0        4
  MONTH TO DATE    0                         0      0        9
  SINCE JUN 1      3                        22    -19       16
  SINCE JUL 1      3                         1      2       13

 COOLING
  TODAY           14                         8      6        0
  MONTH TO DATE  245                       234     11      196
  SINCE JUN 1    973                       835    138      760
  SINCE JAN 1   1002                       894    108      791
..................................................................


WIND (MPH)
  HIGHEST WIND SPEED    20   HIGHEST WIND DIRECTION     S (180)
  HIGHEST GUST SPEED    27   HIGHEST GUST DIRECTION     S (180)
  AVERAGE WIND SPEED    11.2


SKY COVER
  AVERAGE SKY COVER 0.4


WEATHER CONDITIONS
 THE FOLLOWING WEATHER WAS RECORDED TODAY.
  NO SIGNIFICANT WEATHER WAS OBSERVED.


RELATIVE HUMIDITY (PERCENT)
 HIGHEST    90           800 AM
 LOWEST     44           300 PM
 AVERAGE    67

..........................................................


THE HASTINGS NE CLIMATE NORMALS FOR TOMORROW
                         NORMAL    RECORD    YEAR
 MAXIMUM TEMPERATURE (F)   84       110      1943
 MINIMUM TEMPERATURE (F)   62        43      1928


SUNRISE AND SUNSET
AUGUST 23 2016........SUNRISE   653 AM CDT   SUNSET   819 PM CDT
AUGUST 24 2016........SUNRISE   654 AM CDT   SUNSET   817 PM CDT


-  INDICATES NEGATIVE NUMBERS.
R  INDICATES RECORD WAS SET OR TIED.
MM INDICATES DATA IS MISSING.
T  INDICATES TRACE AMOUNT.




$$
