000
CDUS43 KGID 190638
CLIHSI


CLIMATE REPORT
NATIONAL WEATHER SERVICE HASTINGS NE
138 AM CDT FRI SEP 19 2014


...................................

...THE HASTINGS NE CLIMATE SUMMARY FOR SEPTEMBER 18 2014...

CLIMATE NORMAL PERIOD 1981 TO 2010
CLIMATE RECORD PERIOD 1894 TO 2014


WEATHER ITEM   OBSERVED TIME   RECORD YEAR NORMAL DEPARTURE LAST
                VALUE   (LST)  VALUE       VALUE  FROM      YEAR
                                                  NORMAL
..................................................................
TEMPERATURE (F)
 YESTERDAY
  MAXIMUM         75    539 PM 102    1972  77     -2       91
  MINIMUM         61    725 AM  36    1973  53      8       67
  AVERAGE         68                        65      3       79

PRECIPITATION (IN)
  YESTERDAY        0.00          3.00 1919   0.09  -0.09     0.00
  MONTH TO DATE    1.34                      1.61  -0.27     0.56
  SINCE SEP 1      1.34                      1.61  -0.27     0.56
  SINCE JAN 1     26.24                     22.27   3.97    18.62

SNOWFALL (IN)
  YESTERDAY        0.0                       0.0    0.0      0.0
  MONTH TO DATE    0.0                       0.0    0.0      0.0
  SINCE SEP 1      0.0                       0.0    0.0      0.0
  SINCE JUL 1      0.0                       0.0    0.0      0.0
  SNOW DEPTH       0

DEGREE DAYS
 HEATING
  YESTERDAY        0                         3     -3        0
  MONTH TO DATE   98                        30     68        9
  SINCE SEP 1     98                        30     68        9
  SINCE JUL 1    104                        36     68       15

 COOLING
  YESTERDAY        3                         3      0       14
  MONTH TO DATE   45                        85    -40      158
  SINCE SEP 1     45                        85    -40      158
  SINCE JAN 1    965                      1038    -73     1116
..................................................................


WIND (MPH)
  HIGHEST WIND SPEED    21   HIGHEST WIND DIRECTION     S (160)
  HIGHEST GUST SPEED    30   HIGHEST GUST DIRECTION     S (160)
  AVERAGE WIND SPEED    11.5


SKY COVER
  AVERAGE SKY COVER 0.4


WEATHER CONDITIONS
 THE FOLLOWING WEATHER WAS RECORDED YESTERDAY.
  FOG
  FOG W/VISIBILITY <= 1/4 MILE
  HAZE


RELATIVE HUMIDITY (PERCENT)
 HIGHEST    97           400 AM
 LOWEST     61          1200 PM
 AVERAGE    79

..........................................................


THE HASTINGS NE CLIMATE NORMALS FOR TODAY
                         NORMAL    RECORD    YEAR
 MAXIMUM TEMPERATURE (F)   76        99      1980
                                             1948
 MINIMUM TEMPERATURE (F)   53        33      1991


SUNRISE AND SUNSET
SEPTEMBER 19 2014.....SUNRISE   718 AM CDT   SUNSET   736 PM CDT
SEPTEMBER 20 2014.....SUNRISE   719 AM CDT   SUNSET   734 PM CDT


-  INDICATES NEGATIVE NUMBERS.
R  INDICATES RECORD WAS SET OR TIED.
MM INDICATES DATA IS MISSING.
T  INDICATES TRACE AMOUNT.




$$
