000
CDUS43 KGID 021158 CCA
CLIHSI

CLIMATE REPORT...CORRECTION
NATIONAL WEATHER SERVICE HASTINGS NE
130 AM CDT THU OCT 2 2014
CORRECTED TO ADD HAIL AS A WEATHER CONDITION


...................................

...THE HASTINGS NE CLIMATE SUMMARY FOR OCTOBER 1 2014...

CLIMATE NORMAL PERIOD 1981 TO 2010
CLIMATE RECORD PERIOD 1894 TO 2014


WEATHER ITEM   OBSERVED TIME   RECORD YEAR NORMAL DEPARTURE LAST
                VALUE   (LST)  VALUE       VALUE  FROM      YEAR
                                                  NORMAL
..................................................................
TEMPERATURE (F)
 YESTERDAY
  MAXIMUM         79    352 PM  92    2006  71      8       79
                                      1963
                                      1924
  MINIMUM         56    755 PM  27    1985  48      8       51
  AVERAGE         68                        59      9       65

PRECIPITATION (IN)
  YESTERDAY        1.03          1.60 1904   0.07   0.96     0.00
  MONTH TO DATE    1.03                      0.07   0.96     0.00
  SINCE SEP 1      2.81                      2.63   0.18     1.26
  SINCE JAN 1     27.71                     23.29   4.42    19.32

SNOWFALL (IN)
  YESTERDAY        0.0          MM      MM   0.0    0.0      0.0
  MONTH TO DATE    0.0                       0.0    0.0      0.0
  SINCE SEP 1      0.0                       0.2   -0.2      0.0
  SINCE JUL 1      0.0                       0.2   -0.2      0.0
  SNOW DEPTH       0

DEGREE DAYS
 HEATING
  YESTERDAY        0                         7     -7        0
  MONTH TO DATE    0                         7     -7        0
  SINCE SEP 1    109                        97     12       29
  SINCE JUL 1    115                       103     12       35

 COOLING
  YESTERDAY        3                         1      2        0
  MONTH TO DATE    3                         1      2        0
  SINCE SEP 1     98                       111    -13      185
  SINCE JAN 1   1018                      1064    -46     1143
..................................................................


WIND (MPH)
  HIGHEST WIND SPEED    40   HIGHEST WIND DIRECTION     N (340)
  HIGHEST GUST SPEED    55   HIGHEST GUST DIRECTION     N (10)
  AVERAGE WIND SPEED     6.6


SKY COVER
  AVERAGE SKY COVER 0.4


WEATHER CONDITIONS
 THE FOLLOWING WEATHER WAS RECORDED YESTERDAY.
  THUNDERSTORM
  HAIL
  HEAVY RAIN
  LIGHT RAIN
  FOG
  FOG W/VISIBILITY <= 1/4 MILE
  HAZE


RELATIVE HUMIDITY (PERCENT)
 HIGHEST    93          1200 AM
 LOWEST     37           300 PM
 AVERAGE    65

..........................................................


THE HASTINGS NE CLIMATE NORMALS FOR TODAY
                         NORMAL    RECORD    YEAR
 MAXIMUM TEMPERATURE (F)   71        95      2006
 MINIMUM TEMPERATURE (F)   47        29      1974


SUNRISE AND SUNSET
OCTOBER  2 2014.......SUNRISE   731 AM CDT   SUNSET   714 PM CDT
OCTOBER  3 2014.......SUNRISE   732 AM CDT   SUNSET   712 PM CDT


-  INDICATES NEGATIVE NUMBERS.
R  INDICATES RECORD WAS SET OR TIED.
MM INDICATES DATA IS MISSING.
T  INDICATES TRACE AMOUNT.

$$
DOXEY
