000
CDUS43 KGID 270630
CLIHSI


CLIMATE REPORT
NATIONAL WEATHER SERVICE HASTINGS NE
128 AM CDT THU JUL 27 2017


...................................

...THE HASTINGS NE CLIMATE SUMMARY FOR JULY 26 2017...

CLIMATE NORMAL PERIOD 1981 TO 2010
CLIMATE RECORD PERIOD 1894 TO 2017


WEATHER ITEM   OBSERVED TIME   RECORD YEAR NORMAL DEPARTURE LAST
                VALUE   (LST)  VALUE       VALUE  FROM      YEAR
                                                  NORMAL
..................................................................
TEMPERATURE (F)
 YESTERDAY
  MAXIMUM         82   1143 AM 113    1936  88     -6       89
  MINIMUM         70    635 AM  54    2004  67      3       63
                                      1962
  AVERAGE         76                        77     -1       76

PRECIPITATION (IN)
  YESTERDAY        0.51          3.57 1972   0.10   0.41     0.00
  MONTH TO DATE    4.26                      3.21   1.05     1.77
  SINCE JUN 1      6.05                      7.01  -0.96     2.52
  SINCE JAN 1     17.89                     16.83   1.06    14.35

SNOWFALL (IN)
  YESTERDAY        0.0                       0.0    0.0      0.0
  MONTH TO DATE    0.0                       0.0    0.0      0.0
  SINCE JUN 1      0.0                       0.0    0.0      0.0
  SINCE JUL 1      0.0                       0.0    0.0      0.0
  SNOW DEPTH       0

DEGREE DAYS
 HEATING
  YESTERDAY        0                         0      0        0
  MONTH TO DATE    0                         0      0        3
  SINCE JUN 1      3                        21    -18        3
  SINCE JUL 1      0                         0      0        3

 COOLING
  YESTERDAY       11                        12     -1       11
  MONTH TO DATE  380                       315     65      328
  SINCE JUN 1    667                       540    127      679
  SINCE JAN 1    728                       599    129      708
..................................................................


WIND (MPH)
  HIGHEST WIND SPEED    18   HIGHEST WIND DIRECTION     N (20)
  HIGHEST GUST SPEED    23   HIGHEST GUST DIRECTION    NE (30)
  AVERAGE WIND SPEED     7.9


SKY COVER
  AVERAGE SKY COVER 0.7


WEATHER CONDITIONS
 THE FOLLOWING WEATHER WAS RECORDED YESTERDAY.
  THUNDERSTORM
  HEAVY RAIN
  RAIN
  LIGHT RAIN
  FOG


RELATIVE HUMIDITY (PERCENT)
 HIGHEST    97           500 AM
 LOWEST     55          1200 AM
 AVERAGE    76

..........................................................


THE HASTINGS NE CLIMATE NORMALS FOR TODAY
                         NORMAL    RECORD    YEAR
 MAXIMUM TEMPERATURE (F)   88       109      1936
 MINIMUM TEMPERATURE (F)   67        50      2005


SUNRISE AND SUNSET
JULY 27 2017..........SUNRISE   626 AM CDT   SUNSET   854 PM CDT
JULY 28 2017..........SUNRISE   627 AM CDT   SUNSET   853 PM CDT


-  INDICATES NEGATIVE NUMBERS.
R  INDICATES RECORD WAS SET OR TIED.
MM INDICATES DATA IS MISSING.
T  INDICATES TRACE AMOUNT.




$$

JMBW
