000
CDUS43 KGID 230632
CLIHSI


CLIMATE REPORT
NATIONAL WEATHER SERVICE HASTINGS NE
131 AM CDT WED JUL 23 2014


...................................

...THE HASTINGS NE CLIMATE SUMMARY FOR JULY 22 2014...

CLIMATE NORMAL PERIOD 1981 TO 2010
CLIMATE RECORD PERIOD 1894 TO 2014


WEATHER ITEM   OBSERVED TIME   RECORD YEAR NORMAL DEPARTURE LAST
                VALUE   (LST)  VALUE       VALUE  FROM      YEAR
                                                  NORMAL
..................................................................
TEMPERATURE (F)
 YESTERDAY
  MAXIMUM         90    422 PM 106    1934  88      2       96
  MINIMUM         70   1159 PM  48    1970  67      3       67
  AVERAGE         80                        78      2       82

PRECIPITATION (IN)
  YESTERDAY        0.00          3.27 1975   0.10  -0.10      T
  MONTH TO DATE    1.45                      2.83  -1.38     0.28
  SINCE JUN 1     10.14                      6.63   3.51     1.52
  SINCE JAN 1     17.08                     16.45   0.63    13.32

SNOWFALL (IN)
  YESTERDAY        0.0                       0.0    0.0      0.0
  MONTH TO DATE    0.0                       0.0    0.0      0.0
  SINCE JUN 1      0.0                       0.0    0.0      0.0
  SINCE JUL 1      0.0                       0.0    0.0      0.0
  SNOW DEPTH       0

DEGREE DAYS
 HEATING
  YESTERDAY        0                         0      0        0
  MONTH TO DATE    6                         0      6        0
  SINCE JUN 1     14                        21     -7       27
  SINCE JUL 1      6                         0      6        0

 COOLING
  YESTERDAY       15                        12      3       17
  MONTH TO DATE  188                       267    -79      297
  SINCE JUN 1    419                       492    -73      533
  SINCE JAN 1    537                       551    -14      607
..................................................................


WIND (MPH)
  HIGHEST WIND SPEED    16   HIGHEST WIND DIRECTION    NE (30)
  HIGHEST GUST SPEED    24   HIGHEST GUST DIRECTION     N (20)
  AVERAGE WIND SPEED     9.5


SKY COVER
  AVERAGE SKY COVER 0.0


WEATHER CONDITIONS
 THE FOLLOWING WEATHER WAS RECORDED YESTERDAY.
  NO SIGNIFICANT WEATHER WAS OBSERVED.


RELATIVE HUMIDITY (PERCENT)
 HIGHEST    84          1100 PM
 LOWEST     44           200 PM
 AVERAGE    64

..........................................................


THE HASTINGS NE CLIMATE NORMALS FOR TODAY
                         NORMAL    RECORD    YEAR
 MAXIMUM TEMPERATURE (F)   88       106      1943
 MINIMUM TEMPERATURE (F)   67        49      1948


SUNRISE AND SUNSET
JULY 23 2014..........SUNRISE   622 AM CDT   SUNSET   857 PM CDT
JULY 24 2014..........SUNRISE   623 AM CDT   SUNSET   857 PM CDT


-  INDICATES NEGATIVE NUMBERS.
R  INDICATES RECORD WAS SET OR TIED.
MM INDICATES DATA IS MISSING.
T  INDICATES TRACE AMOUNT.




$$
