000
CDUS43 KGID 200623
CLIHSI


CLIMATE REPORT
NATIONAL WEATHER SERVICE HASTINGS NE
1222 AM CST MON NOV 20 2017


...................................

...THE HASTINGS NE CLIMATE SUMMARY FOR NOVEMBER 19 2017...

CLIMATE NORMAL PERIOD 1981 TO 2010
CLIMATE RECORD PERIOD 1894 TO 2017


WEATHER ITEM   OBSERVED TIME   RECORD YEAR NORMAL DEPARTURE LAST
                VALUE   (LST)  VALUE       VALUE  FROM      YEAR
                                                  NORMAL
..................................................................
TEMPERATURE (F)
 YESTERDAY
  MAXIMUM         57    350 PM  79    2007  48      9       43
  MINIMUM         24    745 AM  10    1937  27     -3       20
  AVERAGE         41                        37      4       32

PRECIPITATION (IN)
  YESTERDAY        0.00          1.40 1975   0.04  -0.04     0.00
  MONTH TO DATE    0.08                      0.95  -0.87     1.01
  SINCE SEP 1      6.95                      5.50   1.45     3.03
  SINCE JAN 1     30.39                     26.16   4.23    19.60

SNOWFALL (IN)
  YESTERDAY        0.0           0.5  1981   0.1   -0.1      0.0
                                      1950
  MONTH TO DATE    0.0                       1.2   -1.2      0.1
  SINCE SEP 1      0.2                       2.4   -2.2      0.1
  SINCE JUL 1      0.2                       2.4   -2.2      0.1
  SNOW DEPTH       0

DEGREE DAYS
 HEATING
  YESTERDAY       24                        28     -4       33
  MONTH TO DATE  489                       450     39      283
  SINCE SEP 1    914                       937    -23      576
  SINCE JUL 1    918                       943    -25      580

 COOLING
  YESTERDAY        0                         0      0        0
  MONTH TO DATE    0                         0      0        0
  SINCE SEP 1    172                       124     48      147
  SINCE JAN 1   1129                      1077     52     1195
..................................................................


WIND (MPH)
  HIGHEST WIND SPEED    16   HIGHEST WIND DIRECTION    SW (220)
  HIGHEST GUST SPEED    28   HIGHEST GUST DIRECTION    SW (240)
  AVERAGE WIND SPEED     8.1


SKY COVER
  AVERAGE SKY COVER 0.0


WEATHER CONDITIONS
 THE FOLLOWING WEATHER WAS RECORDED YESTERDAY.
  NO SIGNIFICANT WEATHER WAS OBSERVED.


RELATIVE HUMIDITY (PERCENT)
 HIGHEST    81           800 AM
 LOWEST     24           200 PM
 AVERAGE    53

..........................................................


THE HASTINGS NE CLIMATE NORMALS FOR TODAY
                         NORMAL    RECORD    YEAR
 MAXIMUM TEMPERATURE (F)   47        74      2003
                                             1933
 MINIMUM TEMPERATURE (F)   26         0      1964


SUNRISE AND SUNSET
NOVEMBER 20 2017......SUNRISE   726 AM CST   SUNSET   512 PM CST
NOVEMBER 21 2017......SUNRISE   728 AM CST   SUNSET   512 PM CST


-  INDICATES NEGATIVE NUMBERS.
R  INDICATES RECORD WAS SET OR TIED.
MM INDICATES DATA IS MISSING.
T  INDICATES TRACE AMOUNT.




$$
