000
CDUS43 KGID 060628
CLIHSI


CLIMATE REPORT
NATIONAL WEATHER SERVICE HASTINGS NE
1226 AM CST SAT FEB 6 2016


...................................

...THE HASTINGS NE CLIMATE SUMMARY FOR FEBRUARY 5 2016...

CLIMATE NORMAL PERIOD 1981 TO 2010
CLIMATE RECORD PERIOD 1894 TO 2016


WEATHER ITEM   OBSERVED TIME   RECORD YEAR NORMAL DEPARTURE LAST
                VALUE   (LST)  VALUE       VALUE  FROM      YEAR
                                                  NORMAL
..................................................................
TEMPERATURE (F)
 YESTERDAY
  MAXIMUM         37    617 PM  66    2009  38     -1       35
  MINIMUM         14   1224 AM -13    1989  18     -4       -2
  AVERAGE         26                        28     -2       17

PRECIPITATION (IN)
  YESTERDAY        0.02          0.51 2008   0.02   0.00     0.00
  MONTH TO DATE    1.57                      0.09   1.48     0.22
  SINCE DEC 1      4.10                      1.11   2.99     1.53
  SINCE JAN 1      1.92                      0.50   1.42     0.99

SNOWFALL (IN)
  YESTERDAY        0.3           7.7  2008   0.3    0.0      0.0
  MONTH TO DATE   16.0                       1.3   14.7      3.6
  SINCE DEC 1     26.1                      13.4   12.7     12.7
  SINCE JUL 1     30.3                      17.2   13.1     14.4
  SNOW DEPTH      14

DEGREE DAYS
 HEATING
  YESTERDAY       39                        37      2       48
  MONTH TO DATE  200                       188     12      238
  SINCE DEC 1   2325                      2556   -231     2421
  SINCE JUL 1   3251                      3837   -586     3759

 COOLING
  YESTERDAY        0                         0      0        0
  MONTH TO DATE    0                         0      0        0
  SINCE DEC 1      0                         0      0        0
  SINCE JAN 1      0                         0      0        0
..................................................................


WIND (MPH)
  HIGHEST WIND SPEED    20   HIGHEST WIND DIRECTION    NW (310)
  HIGHEST GUST SPEED    25   HIGHEST GUST DIRECTION    NW (300)
  AVERAGE WIND SPEED     8.1


SKY COVER
  AVERAGE SKY COVER 0.8


WEATHER CONDITIONS
 THE FOLLOWING WEATHER WAS RECORDED YESTERDAY.
  SNOW
  LIGHT SNOW
  FOG


RELATIVE HUMIDITY (PERCENT)
 HIGHEST    92          1100 AM
 LOWEST     70           400 PM
 AVERAGE    81

..........................................................


THE HASTINGS NE CLIMATE NORMALS FOR TODAY
                         NORMAL    RECORD    YEAR
 MAXIMUM TEMPERATURE (F)   38        63      1991
                                             1944
 MINIMUM TEMPERATURE (F)   18       -14      2014


SUNRISE AND SUNSET
FEBRUARY  6 2016......SUNRISE   739 AM CST   SUNSET   557 PM CST
FEBRUARY  7 2016......SUNRISE   738 AM CST   SUNSET   558 PM CST


-  INDICATES NEGATIVE NUMBERS.
R  INDICATES RECORD WAS SET OR TIED.
MM INDICATES DATA IS MISSING.
T  INDICATES TRACE AMOUNT.




$$
