269
CDUS43 KGID 260632
CLIHSI


CLIMATE REPORT
NATIONAL WEATHER SERVICE HASTINGS NE
130 AM CDT MON SEP 26 2016


...................................

...THE HASTINGS NE CLIMATE SUMMARY FOR SEPTEMBER 25 2016...

CLIMATE NORMAL PERIOD 1981 TO 2010
CLIMATE RECORD PERIOD 1894 TO 2016


WEATHER ITEM   OBSERVED TIME   RECORD YEAR NORMAL DEPARTURE LAST
                VALUE   (LST)  VALUE       VALUE  FROM      YEAR
                                                  NORMAL
..................................................................
TEMPERATURE (F)
 YESTERDAY
  MAXIMUM         72    227 PM  99    1998  74     -2       71
  MINIMUM         43   1141 PM  28    1926  50     -7       61
  AVERAGE         58                        62     -4       66

PRECIPITATION (IN)
  YESTERDAY        0.00          1.17 1955   0.08  -0.08     0.13
  MONTH TO DATE    1.80                      2.20  -0.40     1.05
  SINCE SEP 1      1.80                      2.20  -0.40     1.05
  SINCE JAN 1     18.37                     22.86  -4.49    24.10

SNOWFALL (IN)
  YESTERDAY        0.0                       0.0    0.0      0.0
  MONTH TO DATE    0.0                       0.1   -0.1      0.0
  SINCE SEP 1      0.0                       0.1   -0.1      0.0
  SINCE JUL 1      0.0                       0.1   -0.1      0.0
  SNOW DEPTH       0

DEGREE DAYS
 HEATING
  YESTERDAY        7                         5      2        0
  MONTH TO DATE   33                        59    -26       12
  SINCE SEP 1     33                        59    -26       12
  SINCE JUL 1     37                        65    -28       27

 COOLING
  YESTERDAY        0                         2     -2        1
  MONTH TO DATE  137                       101     36      209
  SINCE SEP 1    137                       101     36      209
  SINCE JAN 1   1185                      1054    131     1052
..................................................................


WIND (MPH)
  HIGHEST WIND SPEED    28   HIGHEST WIND DIRECTION     N (340)
  HIGHEST GUST SPEED    35   HIGHEST GUST DIRECTION     N (340)
  AVERAGE WIND SPEED    13.8


SKY COVER
  AVERAGE SKY COVER 0.0


WEATHER CONDITIONS
 THE FOLLOWING WEATHER WAS RECORDED YESTERDAY.
  NO SIGNIFICANT WEATHER WAS OBSERVED.


RELATIVE HUMIDITY (PERCENT)
 HIGHEST    87          1200 AM
 LOWEST     22           500 PM
 AVERAGE    55

..........................................................


THE HASTINGS NE CLIMATE NORMALS FOR TODAY
                         NORMAL    RECORD    YEAR
 MAXIMUM TEMPERATURE (F)   73        92      1998
                                             1974
                                             1938
 MINIMUM TEMPERATURE (F)   50        29      1942


SUNRISE AND SUNSET
SEPTEMBER 26 2016.....SUNRISE   726 AM CDT   SUNSET   723 PM CDT
SEPTEMBER 27 2016.....SUNRISE   727 AM CDT   SUNSET   722 PM CDT


-  INDICATES NEGATIVE NUMBERS.
R  INDICATES RECORD WAS SET OR TIED.
MM INDICATES DATA IS MISSING.
T  INDICATES TRACE AMOUNT.

$$

KELLEY
