000
CDUS43 KGID 190729
CLIHSI


CLIMATE REPORT
NATIONAL WEATHER SERVICE HASTINGS NE
128 AM CST FRI DEC 19 2014


...................................

...THE HASTINGS NE CLIMATE SUMMARY FOR DECEMBER 18 2014...

CLIMATE NORMAL PERIOD 1981 TO 2010
CLIMATE RECORD PERIOD 1894 TO 2014


WEATHER ITEM   OBSERVED TIME   RECORD YEAR NORMAL DEPARTURE LAST
                VALUE   (LST)  VALUE       VALUE  FROM      YEAR
                                                  NORMAL
..................................................................
TEMPERATURE (F)
 YESTERDAY
  MAXIMUM         30   1159 PM  68    1979  36     -6       65
  MINIMUM         24    929 AM -11    1983  17      7       32
  AVERAGE         27                        27      0       49

PRECIPITATION (IN)
  YESTERDAY        0.02          0.44 2008   0.00   0.02     0.00
  MONTH TO DATE    0.32                      0.44  -0.12     0.13
  SINCE DEC 1      0.32                      0.44  -0.12     0.13
  SINCE JAN 1     28.99                     26.94   2.05    25.20

SNOWFALL (IN)
  YESTERDAY        0.2           4.0  1990   0.2    0.0      0.0
  MONTH TO DATE    0.2                       3.4   -3.2      4.4
  SINCE DEC 1      0.2                       3.4   -3.2      4.4
  SINCE JUL 1      1.9                       7.2   -5.3      4.8
  SNOW DEPTH       T

DEGREE DAYS
 HEATING
  YESTERDAY       38                        38      0       16
  MONTH TO DATE  560                       651    -91      739
  SINCE DEC 1    560                       651    -91      739
  SINCE JUL 1   1898                      1932    -34     2004

 COOLING
  YESTERDAY        0                         0      0        0
  MONTH TO DATE    0                         0      0        0
  SINCE DEC 1      0                         0      0        0
  SINCE JAN 1   1018                      1077    -59     1158
..................................................................


WIND (MPH)
  HIGHEST WIND SPEED    10   HIGHEST WIND DIRECTION     W (250)
  HIGHEST GUST SPEED    14   HIGHEST GUST DIRECTION     W (250)
  AVERAGE WIND SPEED     4.6


SKY COVER
  AVERAGE SKY COVER 1.0


WEATHER CONDITIONS
 THE FOLLOWING WEATHER WAS RECORDED YESTERDAY.
  LIGHT SNOW
  FOG


RELATIVE HUMIDITY (PERCENT)
 HIGHEST    88           400 AM
 LOWEST     74          1200 AM
 AVERAGE    81

..........................................................


THE HASTINGS NE CLIMATE NORMALS FOR TODAY
                         NORMAL    RECORD    YEAR
 MAXIMUM TEMPERATURE (F)   36        66      1941
 MINIMUM TEMPERATURE (F)   17       -15      1989


SUNRISE AND SUNSET
DECEMBER 19 2014......SUNRISE   753 AM CST   SUNSET   509 PM CST
DECEMBER 20 2014......SUNRISE   753 AM CST   SUNSET   509 PM CST


-  INDICATES NEGATIVE NUMBERS.
R  INDICATES RECORD WAS SET OR TIED.
MM INDICATES DATA IS MISSING.
T  INDICATES TRACE AMOUNT.




$$
