000
CDUS43 KGID 180628
CLIHSI


CLIMATE REPORT
NATIONAL WEATHER SERVICE HASTINGS NE
1227 AM CST THU JAN 18 2018


...................................

...THE HASTINGS NE CLIMATE SUMMARY FOR JANUARY 17 2018...

CLIMATE NORMAL PERIOD 1981 TO 2010
CLIMATE RECORD PERIOD 1894 TO 2018


WEATHER ITEM   OBSERVED TIME   RECORD YEAR NORMAL DEPARTURE LAST
                VALUE   (LST)  VALUE       VALUE  FROM      YEAR
                                                  NORMAL
..................................................................
TEMPERATURE (F)
 YESTERDAY
  MAXIMUM         31    521 PM  58    1986  36     -5       40
  MINIMUM          3    324 AM -18    1930  16    -13       23
  AVERAGE         17                        26     -9       32

PRECIPITATION (IN)
  YESTERDAY        0.00          1.14 1960   0.01  -0.01     0.00
  MONTH TO DATE    0.10                      0.16  -0.06     0.82
  SINCE DEC 1      0.38                      0.77  -0.39     1.43
  SINCE JAN 1      0.10                      0.16  -0.06     0.82

SNOWFALL (IN)
  YESTERDAY        0.0           6.5  1960   0.2   -0.2      0.0
  MONTH TO DATE    2.3                       3.0   -0.7      3.7
  SINCE DEC 1      8.1                       9.1   -1.0      4.7
  SINCE JUL 1      8.3                      12.9   -4.6      4.8
  SNOW DEPTH       1

DEGREE DAYS
 HEATING
  YESTERDAY       48                        39      9       33
  MONTH TO DATE  786                       667    119      749
  SINCE DEC 1   1961                      1826    135     1931
  SINCE JUL 1   3104                      3107     -3     2798

 COOLING
  YESTERDAY        0                         0      0        0
  MONTH TO DATE    0                         0      0        0
  SINCE DEC 1      0                         0      0        0
  SINCE JAN 1      0                         0      0        0
..................................................................


WIND (MPH)
  HIGHEST WIND SPEED    15   HIGHEST WIND DIRECTION     S (200)
  HIGHEST GUST SPEED    22   HIGHEST GUST DIRECTION     S (190)
  AVERAGE WIND SPEED     9.5


SKY COVER
  AVERAGE SKY COVER 0.0


WEATHER CONDITIONS
 THE FOLLOWING WEATHER WAS RECORDED YESTERDAY.
  NO SIGNIFICANT WEATHER WAS OBSERVED.


RELATIVE HUMIDITY (PERCENT)
 HIGHEST    79          1200 AM
 LOWEST     47           400 PM
 AVERAGE    63

..........................................................


THE HASTINGS NE CLIMATE NORMALS FOR TODAY
                         NORMAL    RECORD    YEAR
 MAXIMUM TEMPERATURE (F)   36        65      1951
 MINIMUM TEMPERATURE (F)   16       -21      1940


SUNRISE AND SUNSET
JANUARY 18 2018.......SUNRISE   754 AM CST   SUNSET   535 PM CST
JANUARY 19 2018.......SUNRISE   753 AM CST   SUNSET   536 PM CST


-  INDICATES NEGATIVE NUMBERS.
R  INDICATES RECORD WAS SET OR TIED.
MM INDICATES DATA IS MISSING.
T  INDICATES TRACE AMOUNT.




$$
