430
CDUS44 KHUN 170801
CLIHSV


CLIMATE REPORT
NATIONAL WEATHER SERVICE HUNTSVILLE AL
200 AM CST TUE JAN 17 2017


...................................

...THE HUNTSVILLE CLIMATE SUMMARY FOR JANUARY 16 2017...

CLIMATE NORMAL PERIOD 1981 TO 2010
CLIMATE RECORD PERIOD 1894 TO 2017


WEATHER ITEM   OBSERVED TIME   RECORD YEAR NORMAL DEPARTURE LAST
                VALUE   (LST)  VALUE       VALUE  FROM      YEAR
                                                  NORMAL
..................................................................
TEMPERATURE (F)
 YESTERDAY
  MAXIMUM         74    101 PM  76    1943  51     23       47
  MINIMUM         51   1255 AM   2    1982  32     19       33
  AVERAGE         63                        41     22       40

PRECIPITATION (IN)
  YESTERDAY        0.00          1.52 1947   0.16  -0.16     0.00
  MONTH TO DATE    0.87                      2.55  -1.68     0.59
  SINCE DEC 1      6.78                      8.32  -1.54    11.27
  SINCE JAN 1      0.87                      2.55  -1.68     0.59

SNOWFALL (IN)
  YESTERDAY        0.0
  MONTH TO DATE    T
  SINCE DEC 1      T
  SINCE JUL 1      T
  SNOW DEPTH       0

DEGREE DAYS
 HEATING
  YESTERDAY        2                        24    -22       25
  MONTH TO DATE  253                       384   -131      384
  SINCE DEC 1    801                      1038   -237      705
  SINCE JUL 1   1065                      1565   -500      999

 COOLING
  YESTERDAY        0                         0      0        0
  MONTH TO DATE    1                         0      1        0
  SINCE DEC 1      5                         2      3       23
  SINCE JAN 1      1                         0      1        0
..................................................................


WIND (MPH)
  HIGHEST WIND SPEED    20   HIGHEST WIND DIRECTION     S (160)
  HIGHEST GUST SPEED    26   HIGHEST GUST DIRECTION     S (170)
  AVERAGE WIND SPEED     8.5


SKY COVER
  POSSIBLE SUNSHINE  MM
  AVERAGE SKY COVER 0.8


WEATHER CONDITIONS
 THE FOLLOWING WEATHER WAS RECORDED YESTERDAY.
  FOG


RELATIVE HUMIDITY (PERCENT)
 HIGHEST   100          1200 AM
 LOWEST     46           100 PM
 AVERAGE    73

..........................................................


THE HUNTSVILLE CLIMATE NORMALS FOR TODAY
                         NORMAL    RECORD    YEAR
 MAXIMUM TEMPERATURE (F)   51        76      1943
 MINIMUM TEMPERATURE (F)   32        -4      1982


SUNRISE AND SUNSET
JANUARY 17 2017.......SUNRISE   653 AM CST   SUNSET   502 PM CST
JANUARY 18 2017.......SUNRISE   653 AM CST   SUNSET   503 PM CST


-  INDICATES NEGATIVE NUMBERS.
R  INDICATES RECORD WAS SET OR TIED.
MM INDICATES DATA IS MISSING.
T  INDICATES TRACE AMOUNT.




$$
