000
CDUS44 KHUN 022121
CLIHSV


CLIMATE REPORT
NATIONAL WEATHER SERVICE HUNTSVILLE AL
420 PM CDT WED SEP 2 2015


...................................

...THE HUNTSVILLE CLIMATE SUMMARY FOR SEPTEMBER 2 2015...
VALID TODAY AS OF 0400 PM LOCAL TIME.

CLIMATE NORMAL PERIOD 1981 TO 2010
CLIMATE RECORD PERIOD 1894 TO 2015


WEATHER ITEM   OBSERVED TIME   RECORD YEAR NORMAL DEPARTURE LAST
                VALUE   (LST)  VALUE       VALUE  FROM      YEAR
                                                  NORMAL
..................................................................
TEMPERATURE (F)
 TODAY
  MAXIMUM         89   1202 PM  99    1953  89      0       93
                                      1930
                                      1925
  MINIMUM         71    139 AM  50    1949  67      4       73
  AVERAGE         80                        78      2       83

PRECIPITATION (IN)
  TODAY            0.00          3.61 1905   0.11  -0.11      T
  MONTH TO DATE    0.00                      0.21  -0.21      T
  SINCE SEP 1      0.00                      0.21  -0.21      T
  SINCE JAN 1     41.68                     36.53   5.15    38.15

SNOWFALL (IN)
  TODAY            0.0
  MONTH TO DATE    0.0
  SINCE SEP 1      0.0
  SINCE JUL 1      0.0
  SNOW DEPTH       0

DEGREE DAYS
 HEATING
  TODAY            0                         0      0        0
  MONTH TO DATE    0                         0      0        0
  SINCE SEP 1      0                         0      0        0
  SINCE JUL 1      0                         0      0        0

 COOLING
  TODAY           15                        13      2       18
  MONTH TO DATE   29                        26      3       36
  SINCE SEP 1     29                        26      3       36
  SINCE JAN 1   1874                      1621    253     1588
..................................................................


WIND (MPH)
  HIGHEST WIND SPEED     6   HIGHEST WIND DIRECTION     W (290)
  HIGHEST GUST SPEED     7   HIGHEST GUST DIRECTION    NW (320)
  AVERAGE WIND SPEED     1.6


SKY COVER
  POSSIBLE SUNSHINE  MM
  AVERAGE SKY COVER 0.7


WEATHER CONDITIONS
 THE FOLLOWING WEATHER WAS RECORDED TODAY.
  FOG


RELATIVE HUMIDITY (PERCENT)
 HIGHEST    90           100 AM
 LOWEST     56          1200 PM
 AVERAGE    73

..........................................................


THE HUNTSVILLE CLIMATE NORMALS FOR TOMORROW
                         NORMAL    RECORD    YEAR
 MAXIMUM TEMPERATURE (F)   89       103      1925
 MINIMUM TEMPERATURE (F)   67        51      1952


SUNRISE AND SUNSET
SEPTEMBER  2 2015.....SUNRISE   621 AM CDT   SUNSET   712 PM CDT
SEPTEMBER  3 2015.....SUNRISE   621 AM CDT   SUNSET   711 PM CDT


-  INDICATES NEGATIVE NUMBERS.
R  INDICATES RECORD WAS SET OR TIED.
MM INDICATES DATA IS MISSING.
T  INDICATES TRACE AMOUNT.




$$
