000
CDUS44 KHUN 252122
CLIHSV


CLIMATE REPORT
NATIONAL WEATHER SERVICE HUNTSVILLE AL
422 PM CDT SUN JUN 25 2017


...................................

...THE HUNTSVILLE CLIMATE SUMMARY FOR JUNE 25 2017...
VALID TODAY AS OF 0400 PM LOCAL TIME.

CLIMATE NORMAL PERIOD 1981 TO 2010
CLIMATE RECORD PERIOD 1894 TO 2017


WEATHER ITEM   OBSERVED TIME   RECORD YEAR NORMAL DEPARTURE LAST
                VALUE   (LST)  VALUE       VALUE  FROM      YEAR
                                                  NORMAL
..................................................................
TEMPERATURE (F)
 TODAY
  MAXIMUM         83    255 PM 103    1937  90     -7       99
                                      1931
                                      1914
  MINIMUM         64   1224 AM  52    1974  69     -5       74
  AVERAGE         74                        79     -5       87

PRECIPITATION (IN)
  TODAY            T             4.00 1992   0.14  -0.14     0.02
  MONTH TO DATE    5.97                      3.55   2.42     2.84
  SINCE JUN 1      5.97                      3.55   2.42     2.84
  SINCE JAN 1     28.69                     27.92   0.77    21.14

SNOWFALL (IN)
  TODAY            0.0
  MONTH TO DATE    0.0
  SINCE JUN 1      0.0
  SINCE JUL 1      T
  SNOW DEPTH       0

DEGREE DAYS
 HEATING
  TODAY            0                         0      0        0
  MONTH TO DATE    0                         0      0        0
  SINCE JUN 1      0                         0      0        0
  SINCE JUL 1   1967                      3001  -1034     2253

 COOLING
  TODAY            9                        14     -5       22
  MONTH TO DATE  313                       306      7      393
  SINCE JUN 1    313                       306      7      393
  SINCE JAN 1    702                       569    133      680
..................................................................


WIND (MPH)
  HIGHEST WIND SPEED    16   HIGHEST WIND DIRECTION     N (20)
  HIGHEST GUST SPEED    23   HIGHEST GUST DIRECTION    NW (330)
  AVERAGE WIND SPEED     7.2


SKY COVER
  POSSIBLE SUNSHINE  MM
  AVERAGE SKY COVER 0.5


WEATHER CONDITIONS
 THE FOLLOWING WEATHER WAS RECORDED TODAY.
  LIGHT RAIN


RELATIVE HUMIDITY (PERCENT)
 HIGHEST   100           100 AM
 LOWEST     43           200 PM
 AVERAGE    72

..........................................................


THE HUNTSVILLE CLIMATE NORMALS FOR TOMORROW
                         NORMAL    RECORD    YEAR
 MAXIMUM TEMPERATURE (F)   90       106      1930
 MINIMUM TEMPERATURE (F)   69        51      1974


SUNRISE AND SUNSET
JUNE 25 2017..........SUNRISE   536 AM CDT   SUNSET   804 PM CDT
JUNE 26 2017..........SUNRISE   536 AM CDT   SUNSET   804 PM CDT


-  INDICATES NEGATIVE NUMBERS.
R  INDICATES RECORD WAS SET OR TIED.
MM INDICATES DATA IS MISSING.
T  INDICATES TRACE AMOUNT.




$$
