000
CDUS44 KHUN 012127
CLIHSV


CLIMATE REPORT
NATIONAL WEATHER SERVICE HUNTSVILLE AL
427 PM CDT SAT AUG 1 2015


...................................

...THE HUNTSVILLE CLIMATE SUMMARY FOR AUGUST 1 2015...
VALID TODAY AS OF 0400 PM LOCAL TIME.

CLIMATE NORMAL PERIOD 1981 TO 2010
CLIMATE RECORD PERIOD 1894 TO 2015


WEATHER ITEM   OBSERVED TIME   RECORD YEAR NORMAL DEPARTURE LAST
                VALUE   (LST)  VALUE       VALUE  FROM      YEAR
                                                  NORMAL
..................................................................
TEMPERATURE (F)
 TODAY
  MAXIMUM         95    259 PM 104    1935  91      4       88
  MINIMUM         65    441 AM  58    1925  70     -5       66
  AVERAGE         80                        81     -1       77

PRECIPITATION (IN)
  TODAY            0.00          2.40 1919   0.12  -0.12      T
  MONTH TO DATE    0.00                      0.12  -0.12      T
  SINCE JUN 1      8.19                      8.46  -0.27    11.60
  SINCE JAN 1     33.57                     32.83   0.74    35.07

SNOWFALL (IN)
  TODAY            0.0
  MONTH TO DATE    0.0
  SINCE JUN 1      0.0
  SINCE JUL 1      0.0
  SNOW DEPTH       0

DEGREE DAYS
 HEATING
  TODAY            0                         0      0        0
  MONTH TO DATE    0                         0      0        0
  SINCE JUN 1      0                         1     -1        0
  SINCE JUL 1      0                         0      0        0

 COOLING
  TODAY           15                        16     -1       12
  MONTH TO DATE   15                        16     -1       12
  SINCE JUN 1   1088                       878    210      806
  SINCE JAN 1   1413                      1141    272     1077
..................................................................


WIND (MPH)
  HIGHEST WIND SPEED    18   HIGHEST WIND DIRECTION    NE (40)
  HIGHEST GUST SPEED    25   HIGHEST GUST DIRECTION    NE (60)
  AVERAGE WIND SPEED     9.4


SKY COVER
  POSSIBLE SUNSHINE  MM
  AVERAGE SKY COVER 0.1


WEATHER CONDITIONS
 THE FOLLOWING WEATHER WAS RECORDED TODAY.
  NO SIGNIFICANT WEATHER WAS OBSERVED.


RELATIVE HUMIDITY (PERCENT)
 HIGHEST    81           400 AM
 LOWEST     28           100 PM
 AVERAGE    55

..........................................................


THE HUNTSVILLE CLIMATE NORMALS FOR TOMORROW
                         NORMAL    RECORD    YEAR
 MAXIMUM TEMPERATURE (F)   91       102      1957
 MINIMUM TEMPERATURE (F)   70        59      1925


SUNRISE AND SUNSET
AUGUST  1 2015........SUNRISE   557 AM CDT   SUNSET   749 PM CDT
AUGUST  2 2015........SUNRISE   558 AM CDT   SUNSET   748 PM CDT


-  INDICATES NEGATIVE NUMBERS.
R  INDICATES RECORD WAS SET OR TIED.
MM INDICATES DATA IS MISSING.
T  INDICATES TRACE AMOUNT.




$$
