000
CDUS44 KHUN 212122
CLIHSV


CLIMATE REPORT
NATIONAL WEATHER SERVICE HUNTSVILLE AL
421 PM CDT TUE OCT 21 2014


...................................

...THE HUNTSVILLE CLIMATE SUMMARY FOR OCTOBER 21 2014...
VALID TODAY AS OF 0400 PM LOCAL TIME.

CLIMATE NORMAL PERIOD 1981 TO 2010
CLIMATE RECORD PERIOD 1894 TO 2014


WEATHER ITEM   OBSERVED TIME   RECORD YEAR NORMAL DEPARTURE LAST
                VALUE   (LST)  VALUE       VALUE  FROM      YEAR
                                                  NORMAL
..................................................................
TEMPERATURE (F)
 TODAY
  MAXIMUM         77    252 PM  89    1963  73      4       72
  MINIMUM         49    227 AM  25    1913  49      0       40
  AVERAGE         63                        61      2       56

PRECIPITATION (IN)
  TODAY            0.00          2.81 1985   0.12  -0.12     0.00
  MONTH TO DATE    5.98                      2.35   3.63     0.57
  SINCE SEP 1      6.47                      6.07   0.40     4.92
  SINCE JAN 1     44.62                     42.39   2.23    48.54

SNOWFALL (IN)
  TODAY            0.0
  MONTH TO DATE    0.0
  SINCE SEP 1      0.0
  SINCE JUL 1      0.0
  SNOW DEPTH       0

DEGREE DAYS
 HEATING
  TODAY            2                         5     -3        9
  MONTH TO DATE   44                        71    -27       48
  SINCE SEP 1     44                        84    -40       48
  SINCE JUL 1     44                        84    -40       48

 COOLING
  TODAY            0                         2     -2        0
  MONTH TO DATE   94                        60     34       85
  SINCE SEP 1    464                       335    129      356
  SINCE JAN 1   2016                      1930     86     1822
..................................................................


WIND (MPH)
  HIGHEST WIND SPEED    10   HIGHEST WIND DIRECTION     N (350)
  HIGHEST GUST SPEED    21   HIGHEST GUST DIRECTION     N (10)
  AVERAGE WIND SPEED     3.2


SKY COVER
  POSSIBLE SUNSHINE  MM
  AVERAGE SKY COVER 0.1


WEATHER CONDITIONS
 THE FOLLOWING WEATHER WAS RECORDED TODAY.
  NO SIGNIFICANT WEATHER WAS OBSERVED.


RELATIVE HUMIDITY (PERCENT)
 HIGHEST    89           100 AM
 LOWEST     31           200 PM
 AVERAGE    60

..........................................................


THE HUNTSVILLE CLIMATE NORMALS FOR TOMORROW
                         NORMAL    RECORD    YEAR
 MAXIMUM TEMPERATURE (F)   73        88      1963
 MINIMUM TEMPERATURE (F)   49        27      1952


SUNRISE AND SUNSET
OCTOBER 21 2014.......SUNRISE   658 AM CDT   SUNSET   605 PM CDT
OCTOBER 22 2014.......SUNRISE   659 AM CDT   SUNSET   604 PM CDT


-  INDICATES NEGATIVE NUMBERS.
R  INDICATES RECORD WAS SET OR TIED.
MM INDICATES DATA IS MISSING.
T  INDICATES TRACE AMOUNT.




$$
