000
CDUS44 KHUN 130802
CLIHSV


CLIMATE REPORT
NATIONAL WEATHER SERVICE HUNTSVILLE AL
202 AM CST WED DEC 13 2017


...................................

...THE HUNTSVILLE CLIMATE SUMMARY FOR DECEMBER 12 2017...

CLIMATE NORMAL PERIOD 1981 TO 2010
CLIMATE RECORD PERIOD 1894 TO 2017


WEATHER ITEM   OBSERVED TIME   RECORD YEAR NORMAL DEPARTURE LAST
                VALUE   (LST)  VALUE       VALUE  FROM      YEAR
                                                  NORMAL
..................................................................
TEMPERATURE (F)
 YESTERDAY
  MAXIMUM         51    208 PM  75    1931  54     -3       61
  MINIMUM         30   1156 PM   3    1962  35     -5       43
  AVERAGE         41                        44     -3       52

PRECIPITATION (IN)
  YESTERDAY        0.00          1.74 1956   0.19  -0.19     0.42
  MONTH TO DATE    1.50                      2.38  -0.88     3.47
  SINCE DEC 1      1.50                      2.38  -0.88     3.47
  SINCE JAN 1     50.62                     50.95  -0.33    42.00

SNOWFALL (IN)
  YESTERDAY        0.0
  MONTH TO DATE    0.0
  SINCE DEC 1      0.0
  SINCE JUL 1      0.0
  SNOW DEPTH       0

DEGREE DAYS
 HEATING
  YESTERDAY       24                        21      3       13
  MONTH TO DATE  226                       231     -5      243
  SINCE DEC 1    226                       231     -5      243
  SINCE JUL 1    704                       758    -54      507

 COOLING
  YESTERDAY        0                         0      0        0
  MONTH TO DATE    0                         0      0        0
  SINCE DEC 1      0                         0      0        0
  SINCE JAN 1   2114                      1949    165     2548
..................................................................


WIND (MPH)
  HIGHEST WIND SPEED    22   HIGHEST WIND DIRECTION     W (290)
  HIGHEST GUST SPEED    28   HIGHEST GUST DIRECTION    NW (320)
  AVERAGE WIND SPEED     9.9


SKY COVER
  POSSIBLE SUNSHINE  MM
  AVERAGE SKY COVER 0.3


WEATHER CONDITIONS
 THE FOLLOWING WEATHER WAS RECORDED YESTERDAY.
  NO SIGNIFICANT WEATHER WAS OBSERVED.


RELATIVE HUMIDITY (PERCENT)
 HIGHEST    65          1200 AM
 LOWEST     39           200 PM
 AVERAGE    52

..........................................................


THE HUNTSVILLE CLIMATE NORMALS FOR TODAY
                         NORMAL    RECORD    YEAR
 MAXIMUM TEMPERATURE (F)   54        75      2015
 MINIMUM TEMPERATURE (F)   35         0      1962


SUNRISE AND SUNSET
DECEMBER 13 2017......SUNRISE   646 AM CST   SUNSET   437 PM CST
DECEMBER 14 2017......SUNRISE   646 AM CST   SUNSET   438 PM CST


-  INDICATES NEGATIVE NUMBERS.
R  INDICATES RECORD WAS SET OR TIED.
MM INDICATES DATA IS MISSING.
T  INDICATES TRACE AMOUNT.




$$
