485
CDUS44 KHUN 020724
CLIHSV


CLIMATE REPORT
NATIONAL WEATHER SERVICE HUNTSVILLE AL
224 AM CDT MON MAY 2 2016


...................................

...THE HUNTSVILLE CLIMATE SUMMARY FOR MAY 1 2016...

CLIMATE NORMAL PERIOD 1981 TO 2010
CLIMATE RECORD PERIOD 1894 TO 2016


WEATHER ITEM   OBSERVED TIME   RECORD YEAR NORMAL DEPARTURE LAST
                VALUE   (LST)  VALUE       VALUE  FROM      YEAR
                                                  NORMAL
..................................................................
TEMPERATURE (F)
 YESTERDAY
  MAXIMUM         78    124 PM  91    2012  78      0       74
                                      1959
  MINIMUM         63    403 AM  34    1908  55      8       46
  AVERAGE         71                        66      5       60

PRECIPITATION (IN)
  YESTERDAY        0.08          4.15 2009   0.18  -0.10     0.00
  MONTH TO DATE    0.08                      0.18  -0.10     0.00
  SINCE MAR 1      6.81                      9.71  -2.90    12.56
  SINCE JAN 1     16.76                     19.44  -2.68    20.30

SNOWFALL (IN)
  YESTERDAY        0.0
  MONTH TO DATE    0.0
  SINCE MAR 1      T
  SINCE JUL 1      0.4
  SNOW DEPTH       0

DEGREE DAYS
 HEATING
  YESTERDAY        0                         2     -2        5
  MONTH TO DATE    0                         2     -2        5
  SINCE MAR 1    337                       524   -187      380
  SINCE JUL 1   2233                      2976   -743     3021

 COOLING
  YESTERDAY        6                         3      3        0
  MONTH TO DATE    6                         3      3        0
  SINCE MAR 1     96                        74     22       63
  SINCE JAN 1     97                        75     22       63
..................................................................


WIND (MPH)
  HIGHEST WIND SPEED    14   HIGHEST WIND DIRECTION     S (200)
  HIGHEST GUST SPEED    17   HIGHEST GUST DIRECTION     S (190)
  AVERAGE WIND SPEED     5.5


SKY COVER
  POSSIBLE SUNSHINE  MM
  AVERAGE SKY COVER 0.6


WEATHER CONDITIONS
 THE FOLLOWING WEATHER WAS RECORDED YESTERDAY.
  LIGHT RAIN
  FOG
  HAZE


RELATIVE HUMIDITY (PERCENT)
 HIGHEST    93           100 AM
 LOWEST     62          1200 PM
 AVERAGE    78

..........................................................


THE HUNTSVILLE CLIMATE NORMALS FOR TODAY
                         NORMAL    RECORD    YEAR
 MAXIMUM TEMPERATURE (F)   78        91      2012
                                             1952
                                             1930
 MINIMUM TEMPERATURE (F)   55        32      1909


SUNRISE AND SUNSET
MAY  2 2016...........SUNRISE   555 AM CDT   SUNSET   733 PM CDT
MAY  3 2016...........SUNRISE   554 AM CDT   SUNSET   734 PM CDT


-  INDICATES NEGATIVE NUMBERS.
R  INDICATES RECORD WAS SET OR TIED.
MM INDICATES DATA IS MISSING.
T  INDICATES TRACE AMOUNT.




$$
