000
CDUS44 KHUN 210705
CLIHSV


CLIMATE REPORT
NATIONAL WEATHER SERVICE HUNTSVILLE AL
205 AM CDT SAT OCT 21 2017


...................................

...THE HUNTSVILLE CLIMATE SUMMARY FOR OCTOBER 20 2017...

CLIMATE NORMAL PERIOD 1981 TO 2010
CLIMATE RECORD PERIOD 1894 TO 2017


WEATHER ITEM   OBSERVED TIME   RECORD YEAR NORMAL DEPARTURE LAST
                VALUE   (LST)  VALUE       VALUE  FROM      YEAR
                                                  NORMAL
..................................................................
TEMPERATURE (F)
 YESTERDAY
  MAXIMUM         78    122 PM  90    1941  73      5       83
  MINIMUM         44    539 AM  30    1925  50     -6       59
                                      1913
  AVERAGE         61                        61      0       71

PRECIPITATION (IN)
  YESTERDAY        0.00          1.84 1918   0.11  -0.11     0.77
  MONTH TO DATE    3.32                      2.23   1.09     0.77
  SINCE SEP 1      6.03                      5.95   0.08     1.24
  SINCE JAN 1     46.24                     42.27   3.97    33.75

SNOWFALL (IN)
  YESTERDAY        0.0
  MONTH TO DATE    0.0
  SINCE SEP 1      0.0
  SINCE JUL 1      0.0
  SNOW DEPTH       0

DEGREE DAYS
 HEATING
  YESTERDAY        4                         5     -1        0
  MONTH TO DATE   26                        66    -40        0
  SINCE SEP 1     37                        79    -42        3
  SINCE JUL 1     37                        79    -42        3

 COOLING
  YESTERDAY        0                         2     -2        6
  MONTH TO DATE  110                        58     52      134
  SINCE SEP 1    351                       333     18      579
  SINCE JAN 1   2079                      1928    151     2484
..................................................................


WIND (MPH)
  HIGHEST WIND SPEED    10   HIGHEST WIND DIRECTION     E (110)
  HIGHEST GUST SPEED    13   HIGHEST GUST DIRECTION    SE (120)
  AVERAGE WIND SPEED     4.2


SKY COVER
  POSSIBLE SUNSHINE  MM
  AVERAGE SKY COVER 0.3


WEATHER CONDITIONS
 THE FOLLOWING WEATHER WAS RECORDED YESTERDAY.
  NO SIGNIFICANT WEATHER WAS OBSERVED.


RELATIVE HUMIDITY (PERCENT)
 HIGHEST   100           200 AM
 LOWEST     31           200 PM
 AVERAGE    66

..........................................................


THE HUNTSVILLE CLIMATE NORMALS FOR TODAY
                         NORMAL    RECORD    YEAR
 MAXIMUM TEMPERATURE (F)   73        89      1963
 MINIMUM TEMPERATURE (F)   49        25      1913


SUNRISE AND SUNSET
OCTOBER 21 2017.......SUNRISE   658 AM CDT   SUNSET   605 PM CDT
OCTOBER 22 2017.......SUNRISE   659 AM CDT   SUNSET   604 PM CDT


-  INDICATES NEGATIVE NUMBERS.
R  INDICATES RECORD WAS SET OR TIED.
MM INDICATES DATA IS MISSING.
T  INDICATES TRACE AMOUNT.




$$
