000
CDUS43 KAPX 290527
CLIHTL


CLIMATE REPORT
NATIONAL WEATHER SERVICE GAYLORD MI
126 AM EDT SAT AUG 29 2015


...................................

...THE HOUGHTON LAKE MI CLIMATE SUMMARY FOR AUGUST 28 2015...

CLIMATE NORMAL PERIOD 1981 TO 2010
CLIMATE RECORD PERIOD 1913 TO 2015


WEATHER ITEM   OBSERVED TIME   RECORD YEAR NORMAL DEPARTURE LAST
                VALUE   (LST)  VALUE       VALUE  FROM      YEAR
                                                  NORMAL
..................................................................
TEMPERATURE (F)
 YESTERDAY
  MAXIMUM         73    327 PM  91    1953  75     -2       71
                                      1948
                                      1926
  MINIMUM         50    648 AM  29    1941  51     -1       38
  AVERAGE         62                        63     -1       55

PRECIPITATION (IN)
  YESTERDAY        T             1.66 1978   0.11  -0.11     0.00
  MONTH TO DATE    3.11                      3.09   0.02     1.99
  SINCE JUN 1      7.73                      8.95  -1.22     7.28
  SINCE JAN 1     16.35                     18.81  -2.46    19.76

DEGREE DAYS
 HEATING
  YESTERDAY        3                         4     -1       10
  MONTH TO DATE   39                        68    -29       50
  SINCE JUN 1    204                       239    -35      228
  SINCE JUL 1     87                       115    -28      154

 COOLING
  YESTERDAY        0                         2     -2        0
  MONTH TO DATE   91                        72     19       47
  SINCE JUN 1    227                       243    -16      167
  SINCE JAN 1    252                       259     -7      182
..................................................................


WIND (MPH)
  HIGHEST WIND SPEED    12   HIGHEST WIND DIRECTION    SW (210)
  HIGHEST GUST SPEED    15   HIGHEST GUST DIRECTION    SW (230)
  AVERAGE WIND SPEED     5.6




RELATIVE HUMIDITY (PERCENT)
 HIGHEST   100
 LOWEST     53
 AVERAGE    77

..........................................................


THE HOUGHTON LAKE MI CLIMATE NORMALS FOR TODAY
                         NORMAL    RECORD    YEAR
 MAXIMUM TEMPERATURE (F)   75        94      1925
 MINIMUM TEMPERATURE (F)   51        29      1982


SUNRISE AND SUNSET
AUGUST 29 2015........SUNRISE   658 AM EDT   SUNSET   821 PM EDT
AUGUST 30 2015........SUNRISE   659 AM EDT   SUNSET   819 PM EDT


-  INDICATES NEGATIVE NUMBERS.
R  INDICATES RECORD WAS SET OR TIED.
MM INDICATES DATA IS MISSING.
T  INDICATES TRACE AMOUNT.




$$
