000
CDUS43 KAPX 240529
CLIHTL


CLIMATE REPORT
NATIONAL WEATHER SERVICE GAYLORD MI
128 AM EDT MON JUL 24 2017


...................................

...THE HOUGHTON LAKE MI CLIMATE SUMMARY FOR JULY 23 2017...

CLIMATE NORMAL PERIOD 1981 TO 2010
CLIMATE RECORD PERIOD 1913 TO 2017


WEATHER ITEM   OBSERVED TIME   RECORD YEAR NORMAL DEPARTURE LAST
                VALUE   (LST)  VALUE       VALUE  FROM      YEAR
                                                  NORMAL
..................................................................
TEMPERATURE (F)
 YESTERDAY
  MAXIMUM         78    148 PM  95    1940  80     -2       90
  MINIMUM         60   1159 PM  35    1947  55      5       58
  AVERAGE         69                        67      2       74

PRECIPITATION (IN)
  YESTERDAY        0.32          1.20 1962   0.09   0.23     0.00
  MONTH TO DATE    1.87                      1.98  -0.11     2.60
  SINCE JUN 1      6.71                      5.08   1.63     5.36
  SINCE JAN 1     22.62                     14.94   7.68    19.43

DEGREE DAYS
 HEATING
  YESTERDAY        0                         1     -1        0
  MONTH TO DATE    7                        35    -28       27
  SINCE JUN 1     75                       159    -84      132
  SINCE JUL 1      7                        35    -28       27

 COOLING
  YESTERDAY        4                         4      0        9
  MONTH TO DATE   84                        89     -5      118
  SINCE JUN 1    167                       148     19      162
  SINCE JAN 1    181                       164     17      191
..................................................................


WIND (MPH)
  HIGHEST WIND SPEED    23   HIGHEST WIND DIRECTION     N (350)
  HIGHEST GUST SPEED    31   HIGHEST GUST DIRECTION     N (360)
  AVERAGE WIND SPEED     6.3




RELATIVE HUMIDITY (PERCENT)
 HIGHEST   100
 LOWEST     68
 AVERAGE    84

..........................................................


THE HOUGHTON LAKE MI CLIMATE NORMALS FOR TODAY
                         NORMAL    RECORD    YEAR
 MAXIMUM TEMPERATURE (F)   80       106      1934
 MINIMUM TEMPERATURE (F)   55        36      1931


SUNRISE AND SUNSET
JULY 24 2017..........SUNRISE   618 AM EDT   SUNSET   912 PM EDT
JULY 25 2017..........SUNRISE   619 AM EDT   SUNSET   911 PM EDT


-  INDICATES NEGATIVE NUMBERS.
R  INDICATES RECORD WAS SET OR TIED.
MM INDICATES DATA IS MISSING.
T  INDICATES TRACE AMOUNT.




$$
