000
CDUS43 KAPX 142232
CLIHTL


CLIMATE REPORT
NATIONAL WEATHER SERVICE GAYLORD MI
531 PM EST SUN FEB 14 2016


...................................

...THE HOUGHTON LAKE MI CLIMATE SUMMARY FOR FEBRUARY 14 2016...
VALID TODAY AS OF 0500 PM LOCAL TIME.

CLIMATE NORMAL PERIOD 1981 TO 2010
CLIMATE RECORD PERIOD 1913 TO 2016


WEATHER ITEM   OBSERVED TIME   RECORD YEAR NORMAL DEPARTURE LAST
                VALUE   (LST)  VALUE       VALUE  FROM      YEAR
                                                  NORMAL
..................................................................
TEMPERATURE (F)
 TODAY
  MAXIMUM         17    401 PM  49    1954  29    -12       16
  MINIMUM          2    833 AM -25    1970  10     -8       -9
  AVERAGE         10                        20    -10        4

PRECIPITATION (IN)
  TODAY            T             1.30 1920   0.04  -0.04     0.03
  MONTH TO DATE    0.88                      0.54   0.34     0.34
  SINCE DEC 1      6.21                      3.70   2.51     2.96
  SINCE JAN 1      2.64                      2.05   0.59     1.53

SNOWFALL (IN)
  TODAY            T             6.7  1946   0.4             1.1
  MONTH TO DATE    4.9                       6.6             5.7
  SINCE OCT 1     27.8                      48.7            36.4
  SINCE JUL 1     27.8                      48.7            36.4

DEGREE DAYS
 HEATING
  TODAY           55                        45     10       61
  MONTH TO DATE  624                       650    -26      749
  SINCE DEC 1   2864                      3379   -515     3462
  SINCE JUL 1   4343                      5262   -919     5465
..................................................................


WIND (MPH)
  RESULTANT WIND SPEED   5   RESULTANT WIND DIRECTION   S (170)
  HIGHEST WIND SPEED    13   HIGHEST WIND DIRECTION     S (160)
  HIGHEST GUST SPEED    20   HIGHEST GUST DIRECTION     S (170)
  AVERAGE WIND SPEED     5.1


SKY COVER
  POSSIBLE SUNSHINE  MM
  AVERAGE SKY COVER 0.5


WEATHER CONDITIONS
 THE FOLLOWING WEATHER WAS RECORDED TODAY.
  NO SIGNIFICANT WEATHER WAS OBSERVED.


RELATIVE HUMIDITY (PERCENT)
 HIGHEST    88           100 AM
 LOWEST     51           300 PM
 AVERAGE    70

..........................................................


THE HOUGHTON LAKE MI CLIMATE NORMALS FOR TOMORROW
                         NORMAL    RECORD    YEAR
 MAXIMUM TEMPERATURE (F)   29        51      1954
 MINIMUM TEMPERATURE (F)   10       -29      1943


SUNRISE AND SUNSET
FEBRUARY 14 2016......SUNRISE   741 AM EST   SUNSET   606 PM EST
FEBRUARY 15 2016......SUNRISE   739 AM EST   SUNSET   607 PM EST


-  INDICATES NEGATIVE NUMBERS.
R  INDICATES RECORD WAS SET OR TIED.
MM INDICATES DATA IS MISSING.
T  INDICATES TRACE AMOUNT.




$$
