000
CDUS43 KAPX 202128
CLIHTL


CLIMATE REPORT
NATIONAL WEATHER SERVICE GAYLORD MI
527 PM EDT SUN APR 20 2014


...................................

...THE HOUGHTON LAKE MI CLIMATE SUMMARY FOR APRIL 20 2014...
VALID TODAY AS OF 0500 PM LOCAL TIME.

CLIMATE NORMAL PERIOD 1981 TO 2010
CLIMATE RECORD PERIOD 1913 TO 2014


WEATHER ITEM   OBSERVED TIME   RECORD YEAR NORMAL DEPARTURE LAST
                VALUE   (LST)  VALUE       VALUE  FROM      YEAR
                                                  NORMAL
..................................................................
TEMPERATURE (F)
 TODAY
  MAXIMUM         71    234 PM  83    1987  56     15       34
  MINIMUM         32    231 AM   9    1928  33     -1       22
  AVERAGE         52                        45      7       28

PRECIPITATION (IN)
  TODAY            0.00          0.84 1955   0.08  -0.08     0.04
  MONTH TO DATE    4.28                      1.70   2.58     4.91
  SINCE MAR 1      5.43                      3.54   1.89     6.17
  SINCE JAN 1      8.23                      6.26   1.97    11.43

SNOWFALL (IN)
  TODAY            0.0           0.7  2011   0.1             0.5
  MONTH TO DATE    3.5                       3.3             3.0
  SINCE OCT 1     61.9                      66.1            60.1
  SINCE JUL 1     61.9                      66.1            60.1

DEGREE DAYS
 HEATING
  TODAY           13                        20     -7       37
  MONTH TO DATE  521                       493     28      598
  SINCE MAR 1   1927                      1606    321     1753
  SINCE JUL 1   8375                      7478    897     7127

 COOLING
  TODAY            0                         0      0        0
  MONTH TO DATE    0                         0      0        0
  SINCE MAR 1      0                         0      0        0
  SINCE JAN 1      0                         0      0        0
..................................................................


WIND (MPH)
  RESULTANT WIND SPEED   6   RESULTANT WIND DIRECTION   S (170)
  HIGHEST WIND SPEED    14   HIGHEST WIND DIRECTION     S (180)
  HIGHEST GUST SPEED    19   HIGHEST GUST DIRECTION     S (190)
  AVERAGE WIND SPEED     7.7


SKY COVER
  POSSIBLE SUNSHINE  MM
  AVERAGE SKY COVER 0.1


WEATHER CONDITIONS
 THE FOLLOWING WEATHER WAS RECORDED TODAY.
  NO SIGNIFICANT WEATHER WAS OBSERVED.


RELATIVE HUMIDITY (PERCENT)
 HIGHEST    82           100 AM
 LOWEST     22           100 PM
 AVERAGE    52

..........................................................


THE HOUGHTON LAKE MI CLIMATE NORMALS FOR TOMORROW
                         NORMAL    RECORD    YEAR
 MAXIMUM TEMPERATURE (F)   57        83      1985
 MINIMUM TEMPERATURE (F)   33        12      1922


SUNRISE AND SUNSET
APRIL 20 2014.........SUNRISE   647 AM EDT   SUNSET   829 PM EDT
APRIL 21 2014.........SUNRISE   645 AM EDT   SUNSET   831 PM EDT


-  INDICATES NEGATIVE NUMBERS.
R  INDICATES RECORD WAS SET OR TIED.
MM INDICATES DATA IS MISSING.
T  INDICATES TRACE AMOUNT.




$$
