000
CDUS43 KAPX 250526
CLIHTL


CLIMATE REPORT
NATIONAL WEATHER SERVICE GAYLORD MI
126 AM EDT THU MAY 25 2017


...................................

...THE HOUGHTON LAKE MI CLIMATE SUMMARY FOR MAY 24 2017...

CLIMATE NORMAL PERIOD 1981 TO 2010
CLIMATE RECORD PERIOD 1913 TO 2017


WEATHER ITEM   OBSERVED TIME   RECORD YEAR NORMAL DEPARTURE LAST
                VALUE   (LST)  VALUE       VALUE  FROM      YEAR
                                                  NORMAL
..................................................................
TEMPERATURE (F)
 YESTERDAY
  MAXIMUM         66    409 PM  87    2010  69     -3       84
                                      1972
                                      1933
  MINIMUM         52    422 AM  21    1956  44      8       44
  AVERAGE         59                        56      3       64

PRECIPITATION (IN)
  YESTERDAY        0.01          1.12 1917   0.10  -0.09      T
  MONTH TO DATE    2.33                      2.13   0.20     1.22
  SINCE MAR 1     10.23                      6.45   3.78     8.09
  SINCE JAN 1     15.71                      9.17   6.54    11.21

DEGREE DAYS
 HEATING
  YESTERDAY        6                         9     -3        1
  MONTH TO DATE  326                       300     26      307
  SINCE MAR 1   1945                      2089   -144     1990
  SINCE JUL 1   6795                      7961  -1166     6903

 COOLING
  YESTERDAY        0                         1     -1        0
  MONTH TO DATE   13                         5      8        0
  SINCE MAR 1     14                         7      7        0
  SINCE JAN 1     14                         7      7        0
..................................................................


WIND (MPH)
  HIGHEST WIND SPEED    21   HIGHEST WIND DIRECTION     E (70)
  HIGHEST GUST SPEED    26   HIGHEST GUST DIRECTION    NE (60)
  AVERAGE WIND SPEED    10.1




RELATIVE HUMIDITY (PERCENT)
 HIGHEST   100
 LOWEST     63
 AVERAGE    82

..........................................................


THE HOUGHTON LAKE MI CLIMATE NORMALS FOR TODAY
                         NORMAL    RECORD    YEAR
 MAXIMUM TEMPERATURE (F)   69        87      1933
 MINIMUM TEMPERATURE (F)   44        23      1949


SUNRISE AND SUNSET
MAY 25 2017...........SUNRISE   602 AM EDT   SUNSET   910 PM EDT
MAY 26 2017...........SUNRISE   601 AM EDT   SUNSET   911 PM EDT


-  INDICATES NEGATIVE NUMBERS.
R  INDICATES RECORD WAS SET OR TIED.
MM INDICATES DATA IS MISSING.
T  INDICATES TRACE AMOUNT.




$$
