000
CDUS43 KAPX 220529
CLIHTL


CLIMATE REPORT
NATIONAL WEATHER SERVICE GAYLORD MI
1229 AM EST SUN JAN 22 2017


...................................

...THE HOUGHTON LAKE MI CLIMATE SUMMARY FOR JANUARY 21 2017...

CLIMATE NORMAL PERIOD 1981 TO 2010
CLIMATE RECORD PERIOD 1913 TO 2017


WEATHER ITEM   OBSERVED TIME   RECORD YEAR NORMAL DEPARTURE LAST
                VALUE   (LST)  VALUE       VALUE  FROM      YEAR
                                                  NORMAL
..................................................................
TEMPERATURE (F)
 YESTERDAY
  MAXIMUM         43   1000 PM  50    1933  26     17       25
  MINIMUM         32    456 AM -19    1984   9     23        7
                                      1970
  AVERAGE         38                        18     20       16

PRECIPITATION (IN)
  YESTERDAY        0.04          0.47 1974   0.04   0.00      T
  MONTH TO DATE    1.91                      1.08   0.83     1.20
  SINCE DEC 1      4.13                      2.73   1.40     4.77
  SINCE JAN 1      1.91                      1.08   0.83     1.20

SNOWFALL (IN)
  YESTERDAY        0.0           4.0  2006   0.5   -0.5       T
                                      1917
  MONTH TO DATE   10.3                      11.5   -1.2     12.3
  SINCE OCT 1     52.5                      36.5   16.0     20.2
  SINCE JUL 1     52.5                      36.5   16.0     20.2
  SNOW DEPTH       7

DEGREE DAYS
 HEATING
  YESTERDAY       27                        48    -21       49
  MONTH TO DATE  889                       979    -90      939
  SINCE DEC 1   2131                      2253   -122     1853
  SINCE JUL 1   3451                      4136   -685     3332
..................................................................


WIND (MPH)
  HIGHEST WIND SPEED    12   HIGHEST WIND DIRECTION     E (100)
  HIGHEST GUST SPEED    15   HIGHEST GUST DIRECTION    SE (130)
  AVERAGE WIND SPEED     5.8




RELATIVE HUMIDITY (PERCENT)
 HIGHEST   100
 LOWEST     92
 AVERAGE    96

..........................................................


THE HOUGHTON LAKE MI CLIMATE NORMALS FOR TODAY
                         NORMAL    RECORD    YEAR
 MAXIMUM TEMPERATURE (F)   26        48      1933
 MINIMUM TEMPERATURE (F)    9       -17      1991


SUNRISE AND SUNSET
JANUARY 22 2017.......SUNRISE   806 AM EST   SUNSET   535 PM EST
JANUARY 23 2017.......SUNRISE   806 AM EST   SUNSET   536 PM EST


-  INDICATES NEGATIVE NUMBERS.
R  INDICATES RECORD WAS SET OR TIED.
MM INDICATES DATA IS MISSING.
T  INDICATES TRACE AMOUNT.




$$
