000
CDUS43 KAPX 012232
CLIHTL


CLIMATE REPORT
NATIONAL WEATHER SERVICE GAYLORD MI
532 PM EST SUN FEB 1 2015


...................................

...THE HOUGHTON LAKE MI CLIMATE SUMMARY FOR FEBRUARY 1 2015...
VALID TODAY AS OF 0500 PM LOCAL TIME.

CLIMATE NORMAL PERIOD 1981 TO 2010
CLIMATE RECORD PERIOD 1913 TO 2015


WEATHER ITEM   OBSERVED TIME   RECORD YEAR NORMAL DEPARTURE LAST
                VALUE   (LST)  VALUE       VALUE  FROM      YEAR
                                                  NORMAL
..................................................................
TEMPERATURE (F)
 TODAY
  MAXIMUM         17   1218 AM  43    1970  27    -10       22
                                      1933
                                      1922
  MINIMUM          8   1100 AM -48    1918   9     -1       -4
  AVERAGE         13                        18     -5        9

PRECIPITATION (IN)
  TODAY            T             0.62 1933   0.04  -0.04     0.20
  MONTH TO DATE    T                         0.04  -0.04     0.20
  SINCE DEC 1      2.62                      3.20  -0.58     4.01
  SINCE JAN 1      1.19                      1.55  -0.36     1.81

SNOWFALL (IN)
  TODAY            T             6.0  1986   0.5             2.2
  MONTH TO DATE    T                         0.5             2.2
  SINCE OCT 1     30.7                      42.6            42.5
  SINCE JUL 1     30.7                      42.6            42.5

DEGREE DAYS
 HEATING
  TODAY           52                        47      5       56
  MONTH TO DATE   52                        47      5       56
  SINCE DEC 1   2765                      2776    -11     3126
  SINCE JUL 1   4768                      4659    109     4991
..................................................................


WIND (MPH)
  RESULTANT WIND SPEED  11   RESULTANT WIND DIRECTION  NE (50)
  HIGHEST WIND SPEED    23   HIGHEST WIND DIRECTION     E (70)
  HIGHEST GUST SPEED    28   HIGHEST GUST DIRECTION     E (70)
  AVERAGE WIND SPEED    12.1


SKY COVER
  POSSIBLE SUNSHINE  MM
  AVERAGE SKY COVER 0.9


WEATHER CONDITIONS
 THE FOLLOWING WEATHER WAS RECORDED TODAY.
  LIGHT SNOW


RELATIVE HUMIDITY (PERCENT)
 HIGHEST    80           800 AM
 LOWEST     61           100 AM
 AVERAGE    71

..........................................................


THE HOUGHTON LAKE MI CLIMATE NORMALS FOR TOMORROW
                         NORMAL    RECORD    YEAR
 MAXIMUM TEMPERATURE (F)   27        43      1991
 MINIMUM TEMPERATURE (F)    9       -27      1976


SUNRISE AND SUNSET
FEBRUARY  1 2015......SUNRISE   757 AM EST   SUNSET   548 PM EST
FEBRUARY  2 2015......SUNRISE   756 AM EST   SUNSET   549 PM EST


-  INDICATES NEGATIVE NUMBERS.
R  INDICATES RECORD WAS SET OR TIED.
MM INDICATES DATA IS MISSING.
T  INDICATES TRACE AMOUNT.




$$
