000
CDUS43 KAPX 300530
CLIHTL


CLIMATE REPORT
NATIONAL WEATHER SERVICE GAYLORD MI
130 AM EDT WED JUL 30 2014


...................................

...THE HOUGHTON LAKE MI CLIMATE SUMMARY FOR JULY 29 2014...

CLIMATE NORMAL PERIOD 1981 TO 2010
CLIMATE RECORD PERIOD 1913 TO 2014


WEATHER ITEM   OBSERVED TIME   RECORD YEAR NORMAL DEPARTURE LAST
                VALUE   (LST)  VALUE       VALUE  FROM      YEAR
                                                  NORMAL
..................................................................
TEMPERATURE (F)
 YESTERDAY
  MAXIMUM         73    305 PM  98    1941  79     -6       70
  MINIMUM         45    249 AM  33    1928  55    -10       48
                                      1925
  AVERAGE         59                        67     -8       59

PRECIPITATION (IN)
  YESTERDAY        0.00          0.90 1996   0.10  -0.10     0.01
  MONTH TO DATE    2.67                      2.56   0.11     1.12
  SINCE JUN 1      5.29                      5.66  -0.37     2.41
  SINCE JAN 1     17.77                     15.52   2.25    18.35

DEGREE DAYS
 HEATING
  YESTERDAY        6                         1      5        6
  MONTH TO DATE   97                        41     56       37
  SINCE JUN 1    171                       165      6      139
  SINCE JUL 1     97                        41     56       37

 COOLING
  YESTERDAY        0                         3     -3        0
  MONTH TO DATE   47                       110    -63      146
  SINCE JUN 1    120                       169    -49      225
  SINCE JAN 1    135                       185    -50      265
..................................................................


WIND (MPH)
  HIGHEST WIND SPEED    16   HIGHEST WIND DIRECTION    NW (300)
  HIGHEST GUST SPEED    21   HIGHEST GUST DIRECTION    NW (310)
  AVERAGE WIND SPEED     7.9




RELATIVE HUMIDITY (PERCENT)
 HIGHEST    93
 LOWEST     49
 AVERAGE    71

..........................................................


THE HOUGHTON LAKE MI CLIMATE NORMALS FOR TODAY
                         NORMAL    RECORD    YEAR
 MAXIMUM TEMPERATURE (F)   79       100      1933
 MINIMUM TEMPERATURE (F)   55        30      1925


SUNRISE AND SUNSET
JULY 30 2014..........SUNRISE   624 AM EDT   SUNSET   906 PM EDT
JULY 31 2014..........SUNRISE   625 AM EDT   SUNSET   905 PM EDT


-  INDICATES NEGATIVE NUMBERS.
R  INDICATES RECORD WAS SET OR TIED.
MM INDICATES DATA IS MISSING.
T  INDICATES TRACE AMOUNT.




$$
