000
CDUS43 KAPX 260528
CLIHTL


CLIMATE REPORT
NATIONAL WEATHER SERVICE GAYLORD MI
128 AM EDT SAT JUL 26 2014


...................................

...THE HOUGHTON LAKE MI CLIMATE SUMMARY FOR JULY 25 2014...

CLIMATE NORMAL PERIOD 1981 TO 2010
CLIMATE RECORD PERIOD 1913 TO 2014


WEATHER ITEM   OBSERVED TIME   RECORD YEAR NORMAL DEPARTURE LAST
                VALUE   (LST)  VALUE       VALUE  FROM      YEAR
                                                  NORMAL
..................................................................
TEMPERATURE (F)
 YESTERDAY
  MAXIMUM         76        MM  99    1941  80     -4       79
  MINIMUM         42        MM  37    2004  55    -13       41
  AVERAGE         59                        67     -8       60

PRECIPITATION (IN)
  YESTERDAY        0.01          1.34 1986   0.09  -0.08     0.00
  MONTH TO DATE    2.34                      2.17   0.17     0.63
  SINCE JUN 1      4.96                      5.27  -0.31     1.92
  SINCE JAN 1     17.44                     15.13   2.31    17.86

DEGREE DAYS
 HEATING
  YESTERDAY        6                         1      5        5
  MONTH TO DATE   81                        37     44       24
  SINCE JUN 1    155                       161     -6      126
  SINCE JUL 1     81                        37     44       24

 COOLING
  YESTERDAY        0                         4     -4        0
  MONTH TO DATE   37                        97    -60      145
  SINCE JUN 1    110                       156    -46      224
  SINCE JAN 1    125                       172    -47      264
..................................................................


WIND (MPH)
  HIGHEST WIND SPEED    12   HIGHEST WIND DIRECTION    SW (230)
  HIGHEST GUST SPEED    MM   HIGHEST GUST DIRECTION    MM
  AVERAGE WIND SPEED     5.6




RELATIVE HUMIDITY (PERCENT)
 HIGHEST   100
 LOWEST     53
 AVERAGE    77

..........................................................


THE HOUGHTON LAKE MI CLIMATE NORMALS FOR TODAY
                         NORMAL    RECORD    YEAR
 MAXIMUM TEMPERATURE (F)   79        99      1941
 MINIMUM TEMPERATURE (F)   55        33      1920


SUNRISE AND SUNSET
JULY 26 2014..........SUNRISE   619 AM EDT   SUNSET   910 PM EDT
JULY 27 2014..........SUNRISE   620 AM EDT   SUNSET   909 PM EDT


-  INDICATES NEGATIVE NUMBERS.
R  INDICATES RECORD WAS SET OR TIED.
MM INDICATES DATA IS MISSING.
T  INDICATES TRACE AMOUNT.




$$
