000
CDUS43 KAPX 210529
CLIHTL


CLIMATE REPORT
NATIONAL WEATHER SERVICE GAYLORD MI
1229 AM EST TUE NOV 21 2017


...................................

...THE HOUGHTON LAKE MI CLIMATE SUMMARY FOR NOVEMBER 20 2017...

CLIMATE NORMAL PERIOD 1981 TO 2010
CLIMATE RECORD PERIOD 1913 TO 2017


WEATHER ITEM   OBSERVED TIME   RECORD YEAR NORMAL DEPARTURE LAST
                VALUE   (LST)  VALUE       VALUE  FROM      YEAR
                                                  NORMAL
..................................................................
TEMPERATURE (F)
 YESTERDAY
  MAXIMUM         45    312 PM  64    1953  40      5       28
  MINIMUM         26    621 AM  -3    1951  26      0       21
  AVERAGE         36                        33      3       25

PRECIPITATION (IN)
  YESTERDAY        0.00          1.14 1948   0.08  -0.08      T
  MONTH TO DATE    2.28                      1.58   0.70     0.40
  SINCE SEP 1      9.78                      7.24   2.54     6.24
  SINCE JAN 1     35.39                     26.36   9.03    29.85

SNOWFALL (IN)
  YESTERDAY        0.0          14.4  1981   0.4   -0.4       T
  MONTH TO DATE    4.0                       4.5   -0.5      7.0
  SINCE OCT 1      4.0                       5.1   -1.1      9.0
  SINCE JUL 1      4.0                       5.1   -1.1      9.0
  SNOW DEPTH       0

DEGREE DAYS
 HEATING
  YESTERDAY       29                        32     -3       40
  MONTH TO DATE  634                       565     69      407
  SINCE SEP 1   1219                      1416   -197      990
  SINCE JUL 1   1309                      1543   -234     1023
..................................................................


WIND (MPH)
  HIGHEST WIND SPEED    22   HIGHEST WIND DIRECTION    SW (210)
  HIGHEST GUST SPEED    32   HIGHEST GUST DIRECTION    SW (210)
  AVERAGE WIND SPEED     9.3




RELATIVE HUMIDITY (PERCENT)
 HIGHEST    MM
 LOWEST     MM
 AVERAGE    MM

..........................................................


THE HOUGHTON LAKE MI CLIMATE NORMALS FOR TODAY
                         NORMAL    RECORD    YEAR
 MAXIMUM TEMPERATURE (F)   40        64      1913
 MINIMUM TEMPERATURE (F)   26         8      1987
                                             1969


SUNRISE AND SUNSET
NOVEMBER 21 2017......SUNRISE   743 AM EST   SUNSET   506 PM EST
NOVEMBER 22 2017......SUNRISE   744 AM EST   SUNSET   505 PM EST


-  INDICATES NEGATIVE NUMBERS.
R  INDICATES RECORD WAS SET OR TIED.
MM INDICATES DATA IS MISSING.
T  INDICATES TRACE AMOUNT.




$$
