000
CDUS41 KRLX 230817
CLIHTS


CLIMATE REPORT
NATIONAL WEATHER SERVICE CHARLESTON WV
316 AM EST FRI FEB 23 2018


...................................

...THE HUNTINGTON WV CLIMATE SUMMARY FOR FEBRUARY 22 2018...

CLIMATE NORMAL PERIOD 1981 TO 2010
CLIMATE RECORD PERIOD 1897 TO 2018


WEATHER ITEM   OBSERVED TIME   RECORD YEAR NORMAL DEPARTURE LAST
                VALUE   (LST)  VALUE       VALUE  FROM      YEAR
                                                  NORMAL
..................................................................
TEMPERATURE (F)
 YESTERDAY
  MAXIMUM         49   1229 AM  75    1930  49      0       61
  MINIMUM         44    954 AM  -5    1968  29     15       50
  AVERAGE         47                        39      8       56

PRECIPITATION (IN)
  YESTERDAY        0.10          0.98 2003   0.12  -0.02     0.23
  MONTH TO DATE    6.20                      2.38   3.82     1.16
  SINCE JAN 1      9.11                      5.35   3.76     5.14

SNOWFALL (IN)
  YESTERDAY        0.0           2.0  1939   0.2   -0.2      0.0
  MONTH TO DATE    0.2                       6.1   -5.9       T
  SINCE SEP 1      7.2                      17.6  -10.4      5.9
  SNOW DEPTH       0

DEGREE DAYS
 HEATING
  YESTERDAY       18                        26     -8        9
  MONTH TO DATE  486                       626   -140      435
  SINCE DEC 1   2410                      2463    -53     1962
  SINCE JUL 1   3182                      3350   -168     2560

 COOLING
  YESTERDAY        0                         0      0        0
  MONTH TO DATE    7                         0      7        0
  SINCE DEC 1      7                         1      6        0
  SINCE JAN 1      7                         0      7        0
..................................................................


WIND (MPH)
  HIGHEST WIND SPEED    15   HIGHEST WIND DIRECTION     W (290)
  HIGHEST GUST SPEED    24   HIGHEST GUST DIRECTION     W (290)
  AVERAGE WIND SPEED     5.5


SKY COVER
  POSSIBLE SUNSHINE  MM
  AVERAGE SKY COVER 1.0


WEATHER CONDITIONS
 THE FOLLOWING WEATHER WAS RECORDED YESTERDAY.
  HEAVY RAIN
  RAIN
  LIGHT RAIN
  FOG
  FOG W/VISIBILITY <= 1/4 MILE


RELATIVE HUMIDITY (PERCENT)
 HIGHEST    93           400 AM
 LOWEST     86          1200 AM
 AVERAGE    90

..........................................................


THE HUNTINGTON WV CLIMATE NORMALS FOR TODAY
                         NORMAL    RECORD    YEAR
 MAXIMUM TEMPERATURE (F)   49        76      1996
 MINIMUM TEMPERATURE (F)   30        -1      1963


SUNRISE AND SUNSET
FEBRUARY 23 2018......SUNRISE   710 AM EST   SUNSET   617 PM EST
FEBRUARY 24 2018......SUNRISE   709 AM EST   SUNSET   618 PM EST


-  INDICATES NEGATIVE NUMBERS.
R  INDICATES RECORD WAS SET OR TIED.
MM INDICATES DATA IS MISSING.
T  INDICATES TRACE AMOUNT.




$$
