000
CDUS41 KRLX 010716
CLIHTS


CLIMATE REPORT
NATIONAL WEATHER SERVICE CHARLESTON WV
315 AM EDT SUN MAY 1 2016


...................................

...THE HUNTINGTON WV CLIMATE SUMMARY FOR APRIL 30 2016...

CLIMATE NORMAL PERIOD 1981 TO 2010
CLIMATE RECORD PERIOD 1897 TO 2016


WEATHER ITEM   OBSERVED TIME   RECORD YEAR NORMAL DEPARTURE LAST
                VALUE   (LST)  VALUE       VALUE  FROM      YEAR
                                                  NORMAL
..................................................................
TEMPERATURE (F)
 YESTERDAY
  MAXIMUM         62   1159 PM  92    1942  72    -10       58
                                      1899
  MINIMUM         54    725 AM  30    2008  49      5       44
  AVERAGE         58                        60     -2       51

PRECIPITATION (IN)
  YESTERDAY        0.44          1.91 1966   0.12   0.32     0.19
  MONTH TO DATE    4.24                      3.44   0.80     7.57
  SINCE JAN 1     14.37                     13.38   0.99    19.34

SNOWFALL (IN)
  YESTERDAY        0.0
  MONTH TO DATE    T
  SINCE SEP 1     23.8
  SNOW DEPTH       0

DEGREE DAYS
 HEATING
  YESTERDAY        7                         6      1       14
  MONTH TO DATE  251                       291    -40      273
  SINCE MAR 1    626                       887   -261      902
  SINCE JUL 1   3661                      4388   -727     4918

 COOLING
  YESTERDAY        0                         1     -1        0
  MONTH TO DATE   38                        27     11        9
  SINCE MAR 1     47                        32     15        9
  SINCE JAN 1     47                        32     15        9
..................................................................


WIND (MPH)
  HIGHEST WIND SPEED    14   HIGHEST WIND DIRECTION    NE (50)
  HIGHEST GUST SPEED    18   HIGHEST GUST DIRECTION    NE (50)
  AVERAGE WIND SPEED     5.6


SKY COVER
  POSSIBLE SUNSHINE  MM


WEATHER CONDITIONS
 THE FOLLOWING WEATHER WAS RECORDED YESTERDAY.
  RAIN
  LIGHT RAIN
  FOG


RELATIVE HUMIDITY (PERCENT)
 HIGHEST   100          1100 PM
 LOWEST     72          1200 AM
 AVERAGE    86

..........................................................


THE HUNTINGTON WV CLIMATE NORMALS FOR TODAY
                         NORMAL    RECORD    YEAR
 MAXIMUM TEMPERATURE (F)   72        92      1942
 MINIMUM TEMPERATURE (F)   49        32      1969
                                             1945


SUNRISE AND SUNSET
MAY  1 2016...........SUNRISE   633 AM EDT   SUNSET   822 PM EDT
MAY  2 2016...........SUNRISE   632 AM EDT   SUNSET   823 PM EDT


-  INDICATES NEGATIVE NUMBERS.
R  INDICATES RECORD WAS SET OR TIED.
MM INDICATES DATA IS MISSING.
T  INDICATES TRACE AMOUNT.




$$
