000
CDUS41 KRLX 280816
CLIHTS


CLIMATE REPORT
NATIONAL WEATHER SERVICE CHARLESTON WV
316 AM EST TUE FEB 28 2017


...................................

...THE HUNTINGTON WV CLIMATE SUMMARY FOR FEBRUARY 27 2017...

CLIMATE NORMAL PERIOD 1981 TO 2010
CLIMATE RECORD PERIOD 1897 TO 2017


WEATHER ITEM   OBSERVED TIME   RECORD YEAR NORMAL DEPARTURE LAST
                VALUE   (LST)  VALUE       VALUE  FROM      YEAR
                                                  NORMAL
..................................................................
TEMPERATURE (F)
 YESTERDAY
  MAXIMUM         49    522 PM  77    1996  50     -1       52
  MINIMUM         35   1220 AM   2    1963  31      4       31
                                      1934
  AVERAGE         42                        40      2       42

PRECIPITATION (IN)
  YESTERDAY        0.11          2.09 1962   0.12  -0.01     0.00
  MONTH TO DATE    2.13                      2.96  -0.83     5.40
  SINCE JAN 1      6.11                      5.93   0.18     7.39

SNOWFALL (IN)
  YESTERDAY        0.0
  MONTH TO DATE    T
  SINCE SEP 1      5.9
  SNOW DEPTH       0

DEGREE DAYS
 HEATING
  YESTERDAY       23                        25     -2       23
  MONTH TO DATE  507                       753   -246      730
  SINCE DEC 1   2034                      2590   -556     2289
  SINCE JUL 1   2632                      3477   -845     3009

 COOLING
  YESTERDAY        0                         0      0        0
  MONTH TO DATE    1                         0      1        0
  SINCE DEC 1      1                         1      0        0
  SINCE JAN 1      1                         0      1        0
..................................................................


WIND (MPH)
  HIGHEST WIND SPEED    13   HIGHEST WIND DIRECTION     W (250)
  HIGHEST GUST SPEED    17   HIGHEST GUST DIRECTION     W (250)
  AVERAGE WIND SPEED     4.6


SKY COVER
  POSSIBLE SUNSHINE  MM


WEATHER CONDITIONS
 THE FOLLOWING WEATHER WAS RECORDED YESTERDAY.
  LIGHT RAIN
  FOG
  HAZE


RELATIVE HUMIDITY (PERCENT)
 HIGHEST    93           800 AM
 LOWEST     41           400 AM
 AVERAGE    67

..........................................................


THE HUNTINGTON WV CLIMATE NORMALS FOR TODAY
                         NORMAL    RECORD    YEAR
 MAXIMUM TEMPERATURE (F)   51        74      1939
 MINIMUM TEMPERATURE (F)   31         0      1934


SUNRISE AND SUNSET
FEBRUARY 28 2017......SUNRISE   703 AM EST   SUNSET   623 PM EST
MARCH  1 2017.........SUNRISE   702 AM EST   SUNSET   624 PM EST


-  INDICATES NEGATIVE NUMBERS.
R  INDICATES RECORD WAS SET OR TIED.
MM INDICATES DATA IS MISSING.
T  INDICATES TRACE AMOUNT.




$$
