000
CDUS41 KRLX 210717
CLIHTS


CLIMATE REPORT
NATIONAL WEATHER SERVICE CHARLESTON WV
317 AM EDT THU AUG 21 2014


...................................

...THE HUNTINGTON WV CLIMATE SUMMARY FOR AUGUST 20 2014...

CLIMATE NORMAL PERIOD 1981 TO 2010
CLIMATE RECORD PERIOD 1897 TO 2014


WEATHER ITEM   OBSERVED TIME   RECORD YEAR NORMAL DEPARTURE LAST
                VALUE   (LST)  VALUE       VALUE  FROM      YEAR
                                                  NORMAL
..................................................................
TEMPERATURE (F)
 YESTERDAY
  MAXIMUM         86    319 PM 100    1983  86      0       84
  MINIMUM         66    702 AM  48    1953  64      2       60
  AVERAGE         76                        75      1       72

PRECIPITATION (IN)
  YESTERDAY        0.36          1.76 1927   0.12   0.24     0.00
  MONTH TO DATE    2.83                      2.50   0.33     2.56
  SINCE JAN 1     30.89                     29.01   1.88    29.80

SNOWFALL (IN)
  YESTERDAY        0.0
  MONTH TO DATE    0.0
  SINCE SEP 1     36.8
  SNOW DEPTH       0

DEGREE DAYS
 HEATING
  YESTERDAY        0                         0      0        0
  MONTH TO DATE    0                         0      0        4
  SINCE JUN 1      3                        12     -9        4
  SINCE JUL 1      3                         0      3        4

 COOLING
  YESTERDAY       11                        10      1        7
  MONTH TO DATE  131                       209    -78      149
  SINCE JUN 1    612                       766   -154      743
  SINCE JAN 1    726                       879   -153      913
..................................................................


WIND (MPH)
  HIGHEST WIND SPEED    16   HIGHEST WIND DIRECTION    NW (300)
  HIGHEST GUST SPEED    24   HIGHEST GUST DIRECTION    NW (300)
  AVERAGE WIND SPEED     5.1


SKY COVER
  POSSIBLE SUNSHINE  MM


WEATHER CONDITIONS
 THE FOLLOWING WEATHER WAS RECORDED YESTERDAY.
  THUNDERSTORM
  HEAVY RAIN
  RAIN
  LIGHT RAIN
  FOG


RELATIVE HUMIDITY (PERCENT)
 HIGHEST   100          1200 AM
 LOWEST     59           400 PM
 AVERAGE    80

..........................................................


THE HUNTINGTON WV CLIMATE NORMALS FOR TODAY
                         NORMAL    RECORD    YEAR
 MAXIMUM TEMPERATURE (F)   86       105      1936
 MINIMUM TEMPERATURE (F)   64        48      1950


SUNRISE AND SUNSET
AUGUST 21 2014........SUNRISE   650 AM EDT   SUNSET   816 PM EDT
AUGUST 22 2014........SUNRISE   651 AM EDT   SUNSET   815 PM EDT


-  INDICATES NEGATIVE NUMBERS.
R  INDICATES RECORD WAS SET OR TIED.
MM INDICATES DATA IS MISSING.
T  INDICATES TRACE AMOUNT.




$$
