000
CDUS41 KRLX 210724
CLIHTS


CLIMATE REPORT
NATIONAL WEATHER SERVICE CHARLESTON WV
323 AM EDT MON APR 21 2014


...................................

...THE HUNTINGTON WV CLIMATE SUMMARY FOR APRIL 20 2014...

CLIMATE NORMAL PERIOD 1981 TO 2010
CLIMATE RECORD PERIOD 1897 TO 2014


WEATHER ITEM   OBSERVED TIME   RECORD YEAR NORMAL DEPARTURE LAST
                VALUE   (LST)  VALUE       VALUE  FROM      YEAR
                                                  NORMAL
..................................................................
TEMPERATURE (F)
 YESTERDAY
  MAXIMUM         78    430 PM  89    1976  70      8       58
                                      1954
                                      1917
  MINIMUM         44    636 AM  25    1926  46     -2       37
  AVERAGE         61                        58      3       48

PRECIPITATION (IN)
  YESTERDAY        0.00          3.54 1901   0.12  -0.12     0.00
  MONTH TO DATE    1.27                      2.23  -0.96     2.07
  SINCE JAN 1     11.74                     12.17  -0.43    11.64

SNOWFALL (IN)
  YESTERDAY        0.0
  MONTH TO DATE    T
  SINCE SEP 1     36.8
  SNOW DEPTH       0

DEGREE DAYS
 HEATING
  YESTERDAY        4                         8     -4       17
  MONTH TO DATE  157                       221    -64      171
  SINCE MAR 1    897                       817     80      932
  SINCE JUL 1   4658                      4318    340     4347

 COOLING
  YESTERDAY        0                         1     -1        0
  MONTH TO DATE   14                        19     -5       43
  SINCE MAR 1     14                        24    -10       43
  SINCE JAN 1     14                        24    -10       43
..................................................................


WIND (MPH)
  HIGHEST WIND SPEED    13   HIGHEST WIND DIRECTION     E (110)
  HIGHEST GUST SPEED    18   HIGHEST GUST DIRECTION     E (100)
  AVERAGE WIND SPEED     3.6


SKY COVER
  POSSIBLE SUNSHINE  MM


WEATHER CONDITIONS
 THE FOLLOWING WEATHER WAS RECORDED YESTERDAY.
  NO SIGNIFICANT WEATHER WAS OBSERVED.


RELATIVE HUMIDITY (PERCENT)
 HIGHEST    71           700 AM
 LOWEST     14           500 PM
 AVERAGE    43

..........................................................


THE HUNTINGTON WV CLIMATE NORMALS FOR TODAY
                         NORMAL    RECORD    YEAR
 MAXIMUM TEMPERATURE (F)   70        92      1985
 MINIMUM TEMPERATURE (F)   46        26      1956


SUNRISE AND SUNSET
APRIL 21 2014.........SUNRISE   646 AM EDT   SUNSET   812 PM EDT
APRIL 22 2014.........SUNRISE   645 AM EDT   SUNSET   813 PM EDT


-  INDICATES NEGATIVE NUMBERS.
R  INDICATES RECORD WAS SET OR TIED.
MM INDICATES DATA IS MISSING.
T  INDICATES TRACE AMOUNT.




$$
