000
CDUS41 KRLX 012125
CLIHTS


CLIMATE REPORT
NATIONAL WEATHER SERVICE CHARLESTON WV
524 PM EDT WED JUL 1 2015


...................................

...THE HUNTINGTON WV CLIMATE SUMMARY FOR JULY 1 2015...
VALID TODAY AS OF 0500 PM LOCAL TIME.

CLIMATE NORMAL PERIOD 1981 TO 2010
CLIMATE RECORD PERIOD 1897 TO 2015


WEATHER ITEM   OBSERVED TIME   RECORD YEAR NORMAL DEPARTURE LAST
                VALUE   (LST)  VALUE       VALUE  FROM      YEAR
                                                  NORMAL
..................................................................
TEMPERATURE (F)
 TODAY
  MAXIMUM         79    326 PM 102    1941  86     -7       90
  MINIMUM         59    441 AM  50    1988  65     -6       71
  AVERAGE         69                        75     -6       81

PRECIPITATION (IN)
  TODAY            0.02          3.07 1962   0.12  -0.10      T
  MONTH TO DATE    0.02                      0.12  -0.10      T
  SINCE JUN 1      5.22                      4.00   1.22     4.52
  SINCE JAN 1     25.65                     22.08   3.57    24.06

DEGREE DAYS
 HEATING
  TODAY            0                         0      0        0
  MONTH TO DATE    0                         0      0        0
  SINCE JUN 1     14                        12      2        0
  SINCE JUL 1      0                         0      0        0

 COOLING
  TODAY            4                        10     -6       16
  MONTH TO DATE    4                        10     -6       16
  SINCE JUN 1    277                       235     42      261
  SINCE JAN 1    443                       348     95      375
..................................................................


WIND (MPH)
  HIGHEST WIND SPEED     9   HIGHEST WIND DIRECTION     S (200)
  HIGHEST GUST SPEED    12   HIGHEST GUST DIRECTION    SW (210)
  AVERAGE WIND SPEED     2.9


SKY COVER
  POSSIBLE SUNSHINE  MM
  AVERAGE SKY COVER 0.6


WEATHER CONDITIONS
 THE FOLLOWING WEATHER WAS RECORDED TODAY.
  FOG
  HAZE


RELATIVE HUMIDITY (PERCENT)
 HIGHEST   100           100 AM
 LOWEST     64           200 PM
 AVERAGE    82

..........................................................


THE HUNTINGTON WV CLIMATE NORMALS FOR TOMORROW
                         NORMAL    RECORD    YEAR
 MAXIMUM TEMPERATURE (F)   86       101      1931
 MINIMUM TEMPERATURE (F)   65        47      1988


SUNRISE AND SUNSET
JULY  1 2015..........SUNRISE   610 AM EDT   SUNSET   858 PM EDT
JULY  2 2015..........SUNRISE   611 AM EDT   SUNSET   858 PM EDT


-  INDICATES NEGATIVE NUMBERS.
R  INDICATES RECORD WAS SET OR TIED.
MM INDICATES DATA IS MISSING.
T  INDICATES TRACE AMOUNT.




$$
