000
CDUS43 KIND 280532
CLIHUF


CLIMATE REPORT
NATIONAL WEATHER SERVICE INDIANAPOLIS IN
132 AM EDT WED SEP 28 2016


...................................

...THE TERRE HAUTE IN CLIMATE SUMMARY FOR SEPTEMBER 27 2016...

CLIMATE NORMAL PERIOD 1981 TO 2010
CLIMATE RECORD PERIOD 9999 TO 9999


WEATHER ITEM   OBSERVED TIME   NORMAL DEPARTURE LAST
                VALUE   (LST)  VALUE  FROM      YEAR
                                      NORMAL
......................................................
TEMPERATURE (F)
 YESTERDAY
  MAXIMUM         77    351 PM  74      3       79
  MINIMUM         47    143 AM  49     -2       57
  AVERAGE         62            61      1       68

PRECIPITATION (IN)
  YESTERDAY        0.00          0.10  -0.10     0.09
  MONTH TO DATE    3.22          3.10   0.12     1.70
  SINCE SEP 1      3.22          3.10   0.12     1.70
  SINCE JAN 1     30.18         34.38  -4.20    27.08

DEGREE DAYS
 HEATING
  YESTERDAY        3             5     -2        0
  MONTH TO DATE    6            54    -48       32
  SINCE SEP 1      6            54    -48       32
  SINCE JUL 1     10            59    -49       36

 COOLING
  YESTERDAY        0             2     -2        3
  MONTH TO DATE  191            95     96      144
  SINCE SEP 1    191            95     96      144
  SINCE JAN 1   1339           974    365     1073
......................................................


WIND (MPH)
  HIGHEST WIND SPEED    21   HIGHEST WIND DIRECTION     W (250)
  HIGHEST GUST SPEED    26   HIGHEST GUST DIRECTION    SW (240)
  AVERAGE WIND SPEED     8.2


SKY COVER
  AVERAGE SKY COVER 0.1


WEATHER CONDITIONS
 THE FOLLOWING WEATHER WAS RECORDED YESTERDAY.
  NO SIGNIFICANT WEATHER WAS OBSERVED.


RELATIVE HUMIDITY (PERCENT)
 HIGHEST    80           100 AM
 LOWEST     26           300 PM
 AVERAGE    53

..........................................................


THE TERRE HAUTE IN CLIMATE NORMALS FOR TODAY
                         NORMAL
 MAXIMUM TEMPERATURE (F)   73
 MINIMUM TEMPERATURE (F)   48


SUNRISE AND SUNSET
SEPTEMBER 28 2016.....SUNRISE   743 AM EDT   SUNSET   736 PM EDT
SEPTEMBER 29 2016.....SUNRISE   744 AM EDT   SUNSET   734 PM EDT


-  INDICATES NEGATIVE NUMBERS.
R  INDICATES RECORD WAS SET OR TIED.
MM INDICATES DATA IS MISSING.
T  INDICATES TRACE AMOUNT.




$$
