918
CDUS43 KIND 200535
CLIHUF


CLIMATE REPORT
NATIONAL WEATHER SERVICE INDIANAPOLIS IN
1235 AM EST TUE FEB 20 2018


...................................

...THE TERRE HAUTE IN CLIMATE SUMMARY FOR FEBRUARY 19 2018...

CLIMATE NORMAL PERIOD 1981 TO 2010
CLIMATE RECORD PERIOD 9999 TO 9999


WEATHER ITEM   OBSERVED TIME   NORMAL DEPARTURE LAST
                VALUE   (LST)  VALUE  FROM      YEAR
                                      NORMAL
......................................................
TEMPERATURE (F)
 YESTERDAY
  MAXIMUM         65   1141 PM  42     23       65
  MINIMUM         45   1241 AM  25     20       41
  AVERAGE         55            34     21       53

PRECIPITATION (IN)
  YESTERDAY        0.29          0.08   0.21     0.00
  MONTH TO DATE    1.25          1.37  -0.12     0.18
  SINCE DEC 1      3.43          6.78  -3.35     5.30
  SINCE JAN 1      2.46          3.73  -1.27     3.66

DEGREE DAYS
 HEATING
  YESTERDAY       10            32    -22       12
  MONTH TO DATE  627           645    -18      490
  SINCE DEC 1   2925          2817    108     2480
  SINCE JUL 1   3862          3895    -33     3206

 COOLING
  YESTERDAY        0             0      0        0
  MONTH TO DATE    0             0      0        0
  SINCE DEC 1      0             0      0        0
  SINCE JAN 1      0             0      0        0
......................................................


WIND (MPH)
  HIGHEST WIND SPEED    24   HIGHEST WIND DIRECTION    SW (210)
  HIGHEST GUST SPEED    31   HIGHEST GUST DIRECTION     S (200)
  AVERAGE WIND SPEED    13.9


SKY COVER
  AVERAGE SKY COVER 0.9


WEATHER CONDITIONS
 THE FOLLOWING WEATHER WAS RECORDED YESTERDAY.
  THUNDERSTORM
  RAIN
  LIGHT RAIN
  FOG


RELATIVE HUMIDITY (PERCENT)
 HIGHEST    93          1000 AM
 LOWEST     61           200 AM
 AVERAGE    77

..........................................................


THE TERRE HAUTE IN CLIMATE NORMALS FOR TODAY
                         NORMAL
 MAXIMUM TEMPERATURE (F)   43
 MINIMUM TEMPERATURE (F)   25


SUNRISE AND SUNSET
FEBRUARY 20 2018......SUNRISE   735 AM EST   SUNSET   632 PM EST
FEBRUARY 21 2018......SUNRISE   733 AM EST   SUNSET   633 PM EST


-  INDICATES NEGATIVE NUMBERS.
R  INDICATES RECORD WAS SET OR TIED.
MM INDICATES DATA IS MISSING.
T  INDICATES TRACE AMOUNT.




$$
