963
CDUS43 KIND 240532
CLIHUF


CLIMATE REPORT
NATIONAL WEATHER SERVICE INDIANAPOLIS IN
132 AM EDT WED MAY 24 2017


...................................

...THE TERRE HAUTE IN CLIMATE SUMMARY FOR MAY 23 2017...

CLIMATE NORMAL PERIOD 1981 TO 2010
CLIMATE RECORD PERIOD 9999 TO 9999


WEATHER ITEM   OBSERVED TIME   NORMAL DEPARTURE LAST
                VALUE   (LST)  VALUE  FROM      YEAR
                                      NORMAL
......................................................
TEMPERATURE (F)
 YESTERDAY
  MAXIMUM         74    436 PM  76     -2       81
  MINIMUM         57    622 AM  54      3       47
  AVERAGE         66            65      1       64

PRECIPITATION (IN)
  YESTERDAY        0.00          0.22  -0.22     0.00
  MONTH TO DATE    6.09          5.30   0.79     1.78
  SINCE MAR 1     17.91         12.82   5.09    11.20
  SINCE JAN 1     22.25         17.11   5.14    13.65

DEGREE DAYS
 HEATING
  YESTERDAY        0             3     -3        1
  MONTH TO DATE  117           117      0      138
  SINCE MAR 1    899          1174   -275      955
  SINCE JUL 1   4234          5337  -1103     4417

 COOLING
  YESTERDAY        1             3     -2        0
  MONTH TO DATE   63            42     21       11
  SINCE MAR 1     93            57     36       20
  SINCE JAN 1     93            57     36       20
......................................................


WIND (MPH)
  HIGHEST WIND SPEED    15   HIGHEST WIND DIRECTION    NW (300)
  HIGHEST GUST SPEED    18   HIGHEST GUST DIRECTION    NW (300)
  AVERAGE WIND SPEED     2.2


SKY COVER
  AVERAGE SKY COVER 0.4


WEATHER CONDITIONS
 THE FOLLOWING WEATHER WAS RECORDED YESTERDAY.
  NO SIGNIFICANT WEATHER WAS OBSERVED.


RELATIVE HUMIDITY (PERCENT)
 HIGHEST    80           400 AM
 LOWEST     38           100 PM
 AVERAGE    59

..........................................................


THE TERRE HAUTE IN CLIMATE NORMALS FOR TODAY
                         NORMAL
 MAXIMUM TEMPERATURE (F)   77
 MINIMUM TEMPERATURE (F)   55


SUNRISE AND SUNSET
MAY 24 2017...........SUNRISE   628 AM EDT   SUNSET   904 PM EDT
MAY 25 2017...........SUNRISE   628 AM EDT   SUNSET   905 PM EDT


-  INDICATES NEGATIVE NUMBERS.
R  INDICATES RECORD WAS SET OR TIED.
MM INDICATES DATA IS MISSING.
T  INDICATES TRACE AMOUNT.




$$
