000
CDUS43 KIND 230531
CLIHUF


CLIMATE REPORT
NATIONAL WEATHER SERVICE INDIANAPOLIS IN
131 AM EDT TUE SEP 23 2014


...................................

...THE TERRE HAUTE IN CLIMATE SUMMARY FOR SEPTEMBER 22 2014...

CLIMATE NORMAL PERIOD 1981 TO 2010
CLIMATE RECORD PERIOD 9999 TO 9999


WEATHER ITEM   OBSERVED TIME   NORMAL DEPARTURE LAST
                VALUE   (LST)  VALUE  FROM      YEAR
                                      NORMAL
......................................................
TEMPERATURE (F)
 YESTERDAY
  MAXIMUM         69    417 PM  76     -7       72
  MINIMUM         45   1156 PM  51     -6       41
  AVERAGE         57            63     -6       57

PRECIPITATION (IN)
  YESTERDAY        0.00          0.10  -0.10     0.00
  MONTH TO DATE    2.99          2.64   0.35     0.71
  SINCE SEP 1      2.99          2.64   0.35     0.71
  SINCE JAN 1     31.12         33.92  -2.80    33.74

DEGREE DAYS
 HEATING
  YESTERDAY        8             4      4        8
  MONTH TO DATE   77            31     46       36
  SINCE SEP 1     77            31     46       36
  SINCE JUL 1     88            36     52       46

 COOLING
  YESTERDAY        0             2     -2        0
  MONTH TO DATE   70            85    -15      142
  SINCE SEP 1     70            85    -15      142
  SINCE JAN 1    921           964    -43     1017
......................................................


WIND (MPH)
  HIGHEST WIND SPEED    14   HIGHEST WIND DIRECTION    NE (30)
  HIGHEST GUST SPEED    18   HIGHEST GUST DIRECTION    NE (30)
  AVERAGE WIND SPEED     4.2


SKY COVER
  AVERAGE SKY COVER 0.0


WEATHER CONDITIONS
 THE FOLLOWING WEATHER WAS RECORDED YESTERDAY.
  FOG


RELATIVE HUMIDITY (PERCENT)
 HIGHEST    93           200 AM
 LOWEST     39           400 PM
 AVERAGE    66

..........................................................


THE TERRE HAUTE IN CLIMATE NORMALS FOR TODAY
                         NORMAL
 MAXIMUM TEMPERATURE (F)   76
 MINIMUM TEMPERATURE (F)   51


SUNRISE AND SUNSET
SEPTEMBER 23 2014.....SUNRISE   738 AM EDT   SUNSET   745 PM EDT
SEPTEMBER 24 2014.....SUNRISE   739 AM EDT   SUNSET   743 PM EDT


-  INDICATES NEGATIVE NUMBERS.
R  INDICATES RECORD WAS SET OR TIED.
MM INDICATES DATA IS MISSING.
T  INDICATES TRACE AMOUNT.




$$
