000
CDUS43 KIND 020535
CLIHUF


CLIMATE REPORT
NATIONAL WEATHER SERVICE INDIANAPOLIS IN
134 AM EDT TUE JUN 2 2015


...................................

...THE TERRE HAUTE IN CLIMATE SUMMARY FOR JUNE 1 2015...

CLIMATE NORMAL PERIOD 1981 TO 2010
CLIMATE RECORD PERIOD 9999 TO 9999


WEATHER ITEM   OBSERVED TIME   NORMAL DEPARTURE LAST
                VALUE   (LST)  VALUE  FROM      YEAR
                                      NORMAL
......................................................
TEMPERATURE (F)
 YESTERDAY
  MAXIMUM         63    206 PM  79    -16       89
  MINIMUM         54    927 AM  58     -4       60
  AVERAGE         59            68     -9       75

PRECIPITATION (IN)
  YESTERDAY        0.01          0.20  -0.19     0.35
  MONTH TO DATE    0.01          0.20  -0.19     0.35
  SINCE JUN 1      0.01          0.20  -0.19     0.35
  SINCE JAN 1     14.64         18.64  -4.00    15.36

DEGREE DAYS
 HEATING
  YESTERDAY        6             1      5        0
  MONTH TO DATE    6             1      5        0
  SINCE JUN 1      6             1      5        0
  SINCE JUL 1   5843          5356    487     6037

 COOLING
  YESTERDAY        0             5     -5       10
  MONTH TO DATE    0             5     -5       10
  SINCE JUN 1      0             5     -5       10
  SINCE JAN 1    144            91     53      137
......................................................


WIND (MPH)
  HIGHEST WIND SPEED    15   HIGHEST WIND DIRECTION    NE (60)
  HIGHEST GUST SPEED    18   HIGHEST GUST DIRECTION     E (70)
  AVERAGE WIND SPEED     8.3


SKY COVER
  AVERAGE SKY COVER 0.9


WEATHER CONDITIONS
 THE FOLLOWING WEATHER WAS RECORDED YESTERDAY.
  LIGHT RAIN
  FOG


RELATIVE HUMIDITY (PERCENT)
 HIGHEST    93          1200 AM
 LOWEST     72           100 PM
 AVERAGE    83

..........................................................


THE TERRE HAUTE IN CLIMATE NORMALS FOR TODAY
                         NORMAL
 MAXIMUM TEMPERATURE (F)   79
 MINIMUM TEMPERATURE (F)   58


SUNRISE AND SUNSET
JUNE  2 2015..........SUNRISE   624 AM EDT   SUNSET   911 PM EDT
JUNE  3 2015..........SUNRISE   623 AM EDT   SUNSET   912 PM EDT


-  INDICATES NEGATIVE NUMBERS.
R  INDICATES RECORD WAS SET OR TIED.
MM INDICATES DATA IS MISSING.
T  INDICATES TRACE AMOUNT.




$$
