267
CDUS43 KIND 260532
CLIHUF


CLIMATE REPORT
NATIONAL WEATHER SERVICE INDIANAPOLIS IN
131 AM EDT THU MAY 26 2016


...................................

...THE TERRE HAUTE IN CLIMATE SUMMARY FOR MAY 25 2016...

CLIMATE NORMAL PERIOD 1981 TO 2010
CLIMATE RECORD PERIOD 9999 TO 9999


WEATHER ITEM   OBSERVED TIME   NORMAL DEPARTURE LAST
                VALUE   (LST)  VALUE  FROM      YEAR
                                      NORMAL
......................................................
TEMPERATURE (F)
 YESTERDAY
  MAXIMUM         84    106 PM  77      7       79
  MINIMUM         60    550 AM  55      5       66
  AVERAGE         72            66      6       73

PRECIPITATION (IN)
  YESTERDAY        0.00          0.20  -0.20     0.03
  MONTH TO DATE    1.78          5.71  -3.93     2.47
  SINCE MAR 1     11.20         13.23  -2.03    10.49
  SINCE JAN 1     13.65         17.52  -3.87    13.39

DEGREE DAYS
 HEATING
  YESTERDAY        0             3     -3        0
  MONTH TO DATE  138           123     15       77
  SINCE MAR 1    955          1180   -225     1196
  SINCE JUL 1   4417          5343   -926     5830

 COOLING
  YESTERDAY        7             3      4        8
  MONTH TO DATE   21            48    -27       98
  SINCE MAR 1     30            63    -33      104
  SINCE JAN 1     30            63    -33      104
......................................................


WIND (MPH)
  HIGHEST WIND SPEED    23   HIGHEST WIND DIRECTION    SW (210)
  HIGHEST GUST SPEED    29   HIGHEST GUST DIRECTION    SW (210)
  AVERAGE WIND SPEED     9.2


SKY COVER
  AVERAGE SKY COVER 0.2


WEATHER CONDITIONS
 THE FOLLOWING WEATHER WAS RECORDED YESTERDAY.
  NO SIGNIFICANT WEATHER WAS OBSERVED.


RELATIVE HUMIDITY (PERCENT)
 HIGHEST    90           600 AM
 LOWEST     54          1200 PM
 AVERAGE    72

..........................................................


THE TERRE HAUTE IN CLIMATE NORMALS FOR TODAY
                         NORMAL
 MAXIMUM TEMPERATURE (F)   77
 MINIMUM TEMPERATURE (F)   55


SUNRISE AND SUNSET
MAY 26 2016...........SUNRISE   627 AM EDT   SUNSET   906 PM EDT
MAY 27 2016...........SUNRISE   626 AM EDT   SUNSET   907 PM EDT


-  INDICATES NEGATIVE NUMBERS.
R  INDICATES RECORD WAS SET OR TIED.
MM INDICATES DATA IS MISSING.
T  INDICATES TRACE AMOUNT.




$$
