000
CDUS43 KIND 070535
CLIHUF


CLIMATE REPORT
NATIONAL WEATHER SERVICE INDIANAPOLIS IN
1233 AM EST WED DEC 7 2016


...................................

...THE TERRE HAUTE IN CLIMATE SUMMARY FOR DECEMBER 6 2016...

CLIMATE NORMAL PERIOD 1981 TO 2010
CLIMATE RECORD PERIOD 9999 TO 9999


WEATHER ITEM   OBSERVED TIME   NORMAL DEPARTURE LAST
                VALUE   (LST)  VALUE  FROM      YEAR
                                      NORMAL
......................................................
TEMPERATURE (F)
 YESTERDAY
  MAXIMUM         42    155 PM  42      0       53
  MINIMUM         30   1159 PM  27      3       26
  AVERAGE         36            34      2       40

PRECIPITATION (IN)
  YESTERDAY        0.04          0.09  -0.05     0.01
  MONTH TO DATE    0.27          0.53  -0.26     0.13
  SINCE DEC 1      0.27          0.53  -0.26     0.13
  SINCE JAN 1     34.55         42.64  -8.09    33.58

DEGREE DAYS
 HEATING
  YESTERDAY       29            31     -2       25
  MONTH TO DATE  166           177    -11      176
  SINCE DEC 1    166           177    -11      176
  SINCE JUL 1    892          1255   -363     1004

 COOLING
  YESTERDAY        0             0      0        0
  MONTH TO DATE    0             0      0        0
  SINCE DEC 1      0             0      0        0
  SINCE JAN 1   1391           993    398     1093
......................................................


WIND (MPH)
  HIGHEST WIND SPEED    18   HIGHEST WIND DIRECTION    NW (300)
  HIGHEST GUST SPEED    26   HIGHEST GUST DIRECTION    NW (300)
  AVERAGE WIND SPEED     7.6


SKY COVER
  AVERAGE SKY COVER 0.7


WEATHER CONDITIONS
 THE FOLLOWING WEATHER WAS RECORDED YESTERDAY.
  LIGHT RAIN
  FOG


RELATIVE HUMIDITY (PERCENT)
 HIGHEST    92           900 AM
 LOWEST     75           900 PM
 AVERAGE    84

..........................................................


THE TERRE HAUTE IN CLIMATE NORMALS FOR TODAY
                         NORMAL
 MAXIMUM TEMPERATURE (F)   42
 MINIMUM TEMPERATURE (F)   26


SUNRISE AND SUNSET
DECEMBER  7 2016......SUNRISE   756 AM EST   SUNSET   525 PM EST
DECEMBER  8 2016......SUNRISE   757 AM EST   SUNSET   525 PM EST


-  INDICATES NEGATIVE NUMBERS.
R  INDICATES RECORD WAS SET OR TIED.
MM INDICATES DATA IS MISSING.
T  INDICATES TRACE AMOUNT.




$$
