069
CDUS43 KIND 070531
CLIHUF


CLIMATE REPORT
NATIONAL WEATHER SERVICE INDIANAPOLIS IN
1231 AM EST SUN FEB 7 2016


...................................

...THE TERRE HAUTE IN CLIMATE SUMMARY FOR FEBRUARY 6 2016...

CLIMATE NORMAL PERIOD 1981 TO 2010
CLIMATE RECORD PERIOD 9999 TO 9999


WEATHER ITEM   OBSERVED TIME   NORMAL DEPARTURE LAST
                VALUE   (LST)  VALUE  FROM      YEAR
                                      NORMAL
......................................................
TEMPERATURE (F)
 YESTERDAY
  MAXIMUM         48    517 PM  38     10       37
  MINIMUM         20    634 AM  22     -2       12
  AVERAGE         34            30      4       25

PRECIPITATION (IN)
  YESTERDAY        0.00          0.07  -0.07     0.00
  MONTH TO DATE    0.34          0.41  -0.07     0.39
  SINCE DEC 1      7.51          5.82   1.69     4.90
  SINCE JAN 1      1.02          2.77  -1.75     2.12

DEGREE DAYS
 HEATING
  YESTERDAY       31            35     -4       40
  MONTH TO DATE  168           212    -44      241
  SINCE DEC 1   1934          2384   -450     2329
  SINCE JUL 1   2762          3462   -700     3629

 COOLING
  YESTERDAY        0             0      0        0
  MONTH TO DATE    0             0      0        0
  SINCE DEC 1      0             0      0        0
  SINCE JAN 1      0             0      0        0
......................................................


WIND (MPH)
  HIGHEST WIND SPEED    12   HIGHEST WIND DIRECTION     S (200)
  HIGHEST GUST SPEED    15   HIGHEST GUST DIRECTION     S (190)
  AVERAGE WIND SPEED     3.5


SKY COVER
  AVERAGE SKY COVER 0.2


WEATHER CONDITIONS
 THE FOLLOWING WEATHER WAS RECORDED YESTERDAY.
  FOG


RELATIVE HUMIDITY (PERCENT)
 HIGHEST    92           200 AM
 LOWEST     42           400 PM
 AVERAGE    67

..........................................................


THE TERRE HAUTE IN CLIMATE NORMALS FOR TODAY
                         NORMAL
 MAXIMUM TEMPERATURE (F)   39
 MINIMUM TEMPERATURE (F)   22


SUNRISE AND SUNSET
FEBRUARY  7 2016......SUNRISE   751 AM EST   SUNSET   616 PM EST
FEBRUARY  8 2016......SUNRISE   750 AM EST   SUNSET   617 PM EST


-  INDICATES NEGATIVE NUMBERS.
R  INDICATES RECORD WAS SET OR TIED.
MM INDICATES DATA IS MISSING.
T  INDICATES TRACE AMOUNT.




$$
