652
CDUS41 KCAR 210532
CLIHUL


CLIMATE REPORT
NATIONAL WEATHER SERVICE CARIBOU, ME
126 AM EDT THU SEP 21 2017


...................................

...THE HOULTON ME CLIMATE SUMMARY FOR SEPTEMBER 20 2017...

CLIMATE NORMAL PERIOD 1981 TO 2010
CLIMATE RECORD PERIOD 1948 TO 2017


WEATHER ITEM   OBSERVED TIME   RECORD YEAR NORMAL DEPARTURE LAST
                VALUE   (LST)  VALUE       VALUE  FROM      YEAR
                                                  NORMAL
..................................................................
TEMPERATURE (F)
 YESTERDAY
  MAXIMUM         78    124 PM  84    1985  65     13       73
  MINIMUM         51   1155 PM  25    1950  42      9       55
  AVERAGE         65                        53     12       64

PRECIPITATION (IN)
  YESTERDAY        0.01          1.01 1997   0.12  -0.11     0.02
  MONTH TO DATE    1.71                      2.18  -0.47     0.51
  SINCE SEP 1      1.71                      2.18  -0.47     0.51
  SINCE JAN 1     24.05                     27.80  -3.75    27.37

SNOWFALL (IN)
  YESTERDAY       MM             0.0  2003   0.0   MM       MM
  MONTH TO DATE   MM                         0.0   MM       MM
  SINCE SEP 1     MM                         0.0   MM       MM
  SINCE JUL 1     MM                         0.0   MM       MM
  SNOW DEPTH      MM

DEGREE DAYS
 HEATING
  YESTERDAY        0                        12    -12        1
  MONTH TO DATE   85                       171    -86       80
  SINCE SEP 1     85                       171    -86       80
  SINCE JUL 1    233                       327    -94      174

 COOLING
  YESTERDAY        0                         0      0        0
  MONTH TO DATE   11                        12     -1       23
  SINCE SEP 1     11                        12     -1       23
  SINCE JAN 1    187                       190     -3      229
..................................................................


WIND (MPH)
  HIGHEST WIND SPEED    14   HIGHEST WIND DIRECTION     N (10)
  HIGHEST GUST SPEED    18   HIGHEST GUST DIRECTION     N (10)
  AVERAGE WIND SPEED     5.6


SKY COVER
  POSSIBLE SUNSHINE  MM
  AVERAGE SKY COVER 0.4


WEATHER CONDITIONS
 THE FOLLOWING WEATHER WAS RECORDED YESTERDAY.
  LIGHT RAIN
  FOG


RELATIVE HUMIDITY (PERCENT)
 HIGHEST   100          1200 AM
 LOWEST     64           100 PM
 AVERAGE    82

..........................................................


THE HOULTON ME CLIMATE NORMALS FOR TODAY
                         NORMAL    RECORD    YEAR
 MAXIMUM TEMPERATURE (F)   65        86      1968
 MINIMUM TEMPERATURE (F)   41        25      1950


SUNRISE AND SUNSET
SEPTEMBER 21 2017.....SUNRISE   617 AM EDT   SUNSET   630 PM EDT
SEPTEMBER 22 2017.....SUNRISE   618 AM EDT   SUNSET   628 PM EDT


-  INDICATES NEGATIVE NUMBERS.
R  INDICATES RECORD WAS SET OR TIED.
MM INDICATES DATA IS MISSING.
T  INDICATES TRACE AMOUNT.




$$
