000
CDUS41 KCAR 300529
CLIHUL


CLIMATE REPORT
NATIONAL WEATHER SERVICE CARIBOU, ME
128 AM EDT SAT MAY 30 2015


...................................

...THE HOULTON ME CLIMATE SUMMARY FOR MAY 29 2015...

CLIMATE NORMAL PERIOD 1981 TO 2010
CLIMATE RECORD PERIOD 1948 TO 2015


WEATHER ITEM   OBSERVED TIME   RECORD YEAR NORMAL DEPARTURE LAST
                VALUE   (LST)  VALUE       VALUE  FROM      YEAR
                                                  NORMAL
..................................................................
TEMPERATURE (F)
 YESTERDAY
  MAXIMUM         76    305 PM  96    1978  68      8       73
  MINIMUM         53    315 AM  29    1970  42     11       30
  AVERAGE         65                        55     10       52

PRECIPITATION (IN)
  YESTERDAY        0.00          1.51 1955   0.10  -0.10     0.00
  MONTH TO DATE    3.48                      3.08   0.40     3.03
  SINCE MAR 1      6.82                      9.55  -2.73     9.12
  SINCE JAN 1      8.92                     14.41  -5.49    14.70

SNOWFALL (IN)
  YESTERDAY       MM             0.0  2003   0.0   MM       MM
  MONTH TO DATE   MM                         0.1   MM       MM
  SINCE MAR 1     MM                        23.9   MM       MM
  SINCE JUL 1     MM                        89.5   MM       MM
  SNOW DEPTH      MM

DEGREE DAYS
 HEATING
  YESTERDAY        0                        10    -10       13
  MONTH TO DATE  305                       415   -110      394
  SINCE MAR 1   2540                      2415    125     2696
  SINCE JUL 1   9108                      8988    120     9286

 COOLING
  YESTERDAY        0                         0      0        0
  MONTH TO DATE   19                         0     19        1
  SINCE MAR 1     19                         0     19        1
  SINCE JAN 1     19                         0     19        1
..................................................................


WIND (MPH)
  HIGHEST WIND SPEED    10   HIGHEST WIND DIRECTION    SW (220)
  HIGHEST GUST SPEED    14   HIGHEST GUST DIRECTION    SW (220)
  AVERAGE WIND SPEED     4.7


SKY COVER
  POSSIBLE SUNSHINE  MM
  AVERAGE SKY COVER 0.3


WEATHER CONDITIONS
 THE FOLLOWING WEATHER WAS RECORDED YESTERDAY.
  FOG
  HAZE


RELATIVE HUMIDITY (PERCENT)
 HIGHEST   100           200 AM
 LOWEST     46           100 PM
 AVERAGE    73

..........................................................


THE HOULTON ME CLIMATE NORMALS FOR TODAY
                         NORMAL    RECORD    YEAR
 MAXIMUM TEMPERATURE (F)   68        89      1972
 MINIMUM TEMPERATURE (F)   43        28      2008


SUNRISE AND SUNSET
MAY 30 2015...........SUNRISE   445 AM EDT   SUNSET   813 PM EDT
MAY 31 2015...........SUNRISE   444 AM EDT   SUNSET   814 PM EDT


-  INDICATES NEGATIVE NUMBERS.
R  INDICATES RECORD WAS SET OR TIED.
MM INDICATES DATA IS MISSING.
T  INDICATES TRACE AMOUNT.




$$
