687
CDUS41 KCAR 210532
CLIHUL


CLIMATE REPORT
NATIONAL WEATHER SERVICE CARIBOU, ME
1232 AM EST SAT JAN 21 2017


...................................

...THE HOULTON ME CLIMATE SUMMARY FOR JANUARY 20 2017...

CLIMATE NORMAL PERIOD 1981 TO 2010
CLIMATE RECORD PERIOD 1948 TO 2017


WEATHER ITEM   OBSERVED TIME   RECORD YEAR NORMAL DEPARTURE LAST
                VALUE   (LST)  VALUE       VALUE  FROM      YEAR
                                                  NORMAL
..................................................................
TEMPERATURE (F)
 YESTERDAY
  MAXIMUM         31    359 PM  52    1996  22      9       25
  MINIMUM         12    634 AM -30    1994   0     12       16
  AVERAGE         22                        11     11       21

PRECIPITATION (IN)
  YESTERDAY        T             1.21 1973   0.09  -0.09     0.00
                                      2002
  MONTH TO DATE    1.53                      1.85  -0.32     1.36
  SINCE DEC 1      4.45                      5.14  -0.69     5.55
  SINCE JAN 1      1.53                      1.85  -0.32     1.36

SNOWFALL (IN)
  YESTERDAY       MM             8.0  2005   0.8   MM       MM
  MONTH TO DATE   MM                        15.2   MM       MM
  SINCE DEC 1     MM                        31.6   MM       MM
  SINCE JUL 1     MM                        39.7   MM       MM
  SNOW DEPTH      MM

DEGREE DAYS
 HEATING
  YESTERDAY       43                        54    -11       44
  MONTH TO DATE  987                      1062    -75      938
  SINCE DEC 1   2431                      2474    -43     2025
  SINCE JUL 1   4174                      4582   -408     3820

 COOLING
  YESTERDAY        0                         0      0        0
  MONTH TO DATE    0                         0      0        0
  SINCE DEC 1      0                         0      0        0
  SINCE JAN 1      0                         0      0        0
..................................................................


WIND (MPH)
  HIGHEST WIND SPEED     9   HIGHEST WIND DIRECTION    SE (140)
  HIGHEST GUST SPEED    13   HIGHEST GUST DIRECTION    SE (140)
  AVERAGE WIND SPEED     3.0


SKY COVER
  POSSIBLE SUNSHINE  MM
  AVERAGE SKY COVER 0.9


WEATHER CONDITIONS
 THE FOLLOWING WEATHER WAS RECORDED YESTERDAY.
  FOG
  FOG W/VISIBILITY <= 1/4 MILE


RELATIVE HUMIDITY (PERCENT)
 HIGHEST   100           400 AM
 LOWEST     72          1200 PM
 AVERAGE    86

..........................................................


THE HOULTON ME CLIMATE NORMALS FOR TODAY
                         NORMAL    RECORD    YEAR
 MAXIMUM TEMPERATURE (F)   22        49      2006
 MINIMUM TEMPERATURE (F)    0       -25      1970


SUNRISE AND SUNSET
JANUARY 21 2017.......SUNRISE   705 AM EST   SUNSET   421 PM EST
JANUARY 22 2017.......SUNRISE   704 AM EST   SUNSET   422 PM EST


-  INDICATES NEGATIVE NUMBERS.
R  INDICATES RECORD WAS SET OR TIED.
MM INDICATES DATA IS MISSING.
T  INDICATES TRACE AMOUNT.




$$
