000
CDUS41 KCAR 252026
CLIHUL


CLIMATE REPORT
NATIONAL WEATHER SERVICE CARIBOU, ME
426 PM EDT SUN JUN 25 2017


...................................

...THE HOULTON ME CLIMATE SUMMARY FOR JUNE 25 2017...
VALID TODAY AS OF 0400 PM LOCAL TIME.

CLIMATE NORMAL PERIOD 1981 TO 2010
CLIMATE RECORD PERIOD 1948 TO 2017


WEATHER ITEM   OBSERVED TIME   RECORD YEAR NORMAL DEPARTURE LAST
                VALUE   (LST)  VALUE       VALUE  FROM      YEAR
                                                  NORMAL
..................................................................
TEMPERATURE (F)
 TODAY
  MAXIMUM         77    147 PM  94    1980  75      2       83
  MINIMUM         56    410 AM  35    1979  51      5       42
  AVERAGE         67                        63      4       63

PRECIPITATION (IN)
  TODAY            0.00          1.15 1967   0.13  -0.13     0.00
  MONTH TO DATE    2.37                      2.99  -0.62     2.06
  SINCE JUN 1      2.37                      2.99  -0.62     2.06
  SINCE JAN 1     17.12                     17.62  -0.50    16.44

SNOWFALL (IN)
  TODAY           MM             0.0  2003   0.0   MM       MM
  MONTH TO DATE   MM                         0.0   MM       MM
  SINCE JUN 1     MM                         0.0   MM       MM
  SINCE JUL 1     MM                        89.5   MM       MM
  SNOW DEPTH      MM

DEGREE DAYS
 HEATING
  TODAY            0                         4     -4        2
  MONTH TO DATE  137                       161    -24      174
  SINCE JUN 1    137                       161    -24      174
  SINCE JUL 1   8555                      9168   -613     8191

 COOLING
  TODAY            2                         2      0        0
  MONTH TO DATE   44                        25     19       11
  SINCE JUN 1     44                        25     19       11
  SINCE JAN 1     50                        29     21       18
..................................................................


WIND (MPH)
  HIGHEST WIND SPEED    16   HIGHEST WIND DIRECTION    SW (230)
  HIGHEST GUST SPEED    20   HIGHEST GUST DIRECTION    SW (240)
  AVERAGE WIND SPEED     7.1


SKY COVER
  POSSIBLE SUNSHINE  MM
  AVERAGE SKY COVER 0.2


WEATHER CONDITIONS
 THE FOLLOWING WEATHER WAS RECORDED TODAY.
  NO SIGNIFICANT WEATHER WAS OBSERVED.


RELATIVE HUMIDITY (PERCENT)
 HIGHEST   100           400 AM
 LOWEST     43           100 PM
 AVERAGE    72

..........................................................


THE HOULTON ME CLIMATE NORMALS FOR TOMORROW
                         NORMAL    RECORD    YEAR
 MAXIMUM TEMPERATURE (F)   75        92      1980
 MINIMUM TEMPERATURE (F)   51        31      1979


SUNRISE AND SUNSET
JUNE 25 2017..........SUNRISE   441 AM EDT   SUNSET   827 PM EDT
JUNE 26 2017..........SUNRISE   442 AM EDT   SUNSET   827 PM EDT


-  INDICATES NEGATIVE NUMBERS.
R  INDICATES RECORD WAS SET OR TIED.
MM INDICATES DATA IS MISSING.
T  INDICATES TRACE AMOUNT.




$$
