039
CDUS41 KCAR 222034
CLIHUL


CLIMATE REPORT
NATIONAL WEATHER SERVICE CARIBOU, ME
433 PM EDT WED MAR 22 2017


...................................

...THE HOULTON ME CLIMATE SUMMARY FOR MARCH 22 2017...
VALID TODAY AS OF 0400 PM LOCAL TIME.

CLIMATE NORMAL PERIOD 1981 TO 2010
CLIMATE RECORD PERIOD 1948 TO 2017


WEATHER ITEM   OBSERVED TIME   RECORD YEAR NORMAL DEPARTURE LAST
                VALUE   (LST)  VALUE       VALUE  FROM      YEAR
                                                  NORMAL
..................................................................
TEMPERATURE (F)
 TODAY
  MAXIMUM         30    812 AM  79    2012  38     -8       32
  MINIMUM         16    423 AM  -3    1989  18     -2       13
  AVERAGE         23                        28     -5       23

PRECIPITATION (IN)
  TODAY            T             0.75 1983   0.08  -0.08     0.00
  MONTH TO DATE    1.29                      1.82  -0.53     1.72
  SINCE MAR 1      1.29                      1.82  -0.53     1.72
  SINCE JAN 1      5.74                      6.68  -0.94     6.68

SNOWFALL (IN)
  TODAY           MM            10.8  1998   0.5   MM       MM
  MONTH TO DATE   MM                        13.9   MM       MM
  SINCE MAR 1     MM                        13.9   MM       MM
  SINCE JUL 1     MM                        79.5   MM       MM
  SNOW DEPTH      MM

DEGREE DAYS
 HEATING
  TODAY           42                        37      5       42
  MONTH TO DATE  959                       909     50      869
  SINCE MAR 1    959                       909     50      869
  SINCE JUL 1   6920                      7482   -562     6487

 COOLING
  TODAY            0                         0      0        0
  MONTH TO DATE    0                         0      0        0
  SINCE MAR 1      0                         0      0        0
  SINCE JAN 1      0                         0      0        0
..................................................................


WIND (MPH)
  HIGHEST WIND SPEED    26   HIGHEST WIND DIRECTION     N (350)
  HIGHEST GUST SPEED    38   HIGHEST GUST DIRECTION     N (340)
  AVERAGE WIND SPEED     9.1


SKY COVER
  POSSIBLE SUNSHINE  MM
  AVERAGE SKY COVER 0.8


WEATHER CONDITIONS
 THE FOLLOWING WEATHER WAS RECORDED TODAY.
  SNOW
  LIGHT SNOW
  FOG
  HAZE
  BLOWING SNOW


RELATIVE HUMIDITY (PERCENT)
 HIGHEST    92           300 AM
 LOWEST     52           300 PM
 AVERAGE    72

..........................................................


THE HOULTON ME CLIMATE NORMALS FOR TOMORROW
                         NORMAL    RECORD    YEAR
 MAXIMUM TEMPERATURE (F)   38        63      1979
 MINIMUM TEMPERATURE (F)   18        -9      1989


SUNRISE AND SUNSET
MARCH 22 2017.........SUNRISE   630 AM EDT   SUNSET   647 PM EDT
MARCH 23 2017.........SUNRISE   628 AM EDT   SUNSET   648 PM EDT


-  INDICATES NEGATIVE NUMBERS.
R  INDICATES RECORD WAS SET OR TIED.
MM INDICATES DATA IS MISSING.
T  INDICATES TRACE AMOUNT.




$$
