000
CDUS41 KCAR 010527
CLIHUL


CLIMATE REPORT
NATIONAL WEATHER SERVICE CARIBOU, ME
126 AM EDT FRI AUG 1 2014


...................................

...THE HOULTON ME CLIMATE SUMMARY FOR JULY 31 2014...

CLIMATE NORMAL PERIOD 1981 TO 2010
CLIMATE RECORD PERIOD 1948 TO 2014


WEATHER ITEM   OBSERVED TIME   RECORD YEAR NORMAL DEPARTURE LAST
                VALUE   (LST)  VALUE       VALUE  FROM      YEAR
                                                  NORMAL
..................................................................
TEMPERATURE (F)
 YESTERDAY
  MAXIMUM         79    117 PM  91    1995  78      1       80
  MINIMUM         53    103 AM  34    1978  54     -1       51
  AVERAGE         66                        66      0       66

PRECIPITATION (IN)
  YESTERDAY        0.00          1.62 1967   0.12  -0.12     0.00
  MONTH TO DATE    6.14                      3.66   2.48     6.55
  SINCE JUN 1     10.40                      7.31   3.09    11.63
  SINCE JAN 1     25.10                     21.94   3.16    22.86

SNOWFALL (IN)
  YESTERDAY       MM             0.0  2003   0.0   MM       MM
  MONTH TO DATE   MM                         0.0   MM       MM
  SINCE JUN 1     MM                         0.0   MM       MM
  SINCE JUL 1     MM                         0.0   MM       MM
  SNOW DEPTH      MM

DEGREE DAYS
 HEATING
  YESTERDAY        0                         2     -2        0
  MONTH TO DATE   37                        65    -28       37
  SINCE JUN 1    166                       241    -75      234
  SINCE JUL 1     37                        60    -23       37

 COOLING
  YESTERDAY        1                         3     -2        1
  MONTH TO DATE  130                        81     49      107
  SINCE JUN 1    155                       116     39      143
  SINCE JAN 1    156                       120     36      147
..................................................................


WIND (MPH)
  HIGHEST WIND SPEED    15   HIGHEST WIND DIRECTION     S (190)
  HIGHEST GUST SPEED    23   HIGHEST GUST DIRECTION     S (190)
  AVERAGE WIND SPEED     6.0


SKY COVER
  POSSIBLE SUNSHINE  MM
  AVERAGE SKY COVER 0.5


WEATHER CONDITIONS
 THE FOLLOWING WEATHER WAS RECORDED YESTERDAY.
  FOG


RELATIVE HUMIDITY (PERCENT)
 HIGHEST   100           500 AM
 LOWEST     47           200 PM
 AVERAGE    74

..........................................................


THE HOULTON ME CLIMATE NORMALS FOR TODAY
                         NORMAL    RECORD    YEAR
 MAXIMUM TEMPERATURE (F)   78        97      1995
 MINIMUM TEMPERATURE (F)   54        41      1961


SUNRISE AND SUNSET
AUGUST  1 2014........SUNRISE   513 AM EDT   SUNSET   801 PM EDT
AUGUST  2 2014........SUNRISE   514 AM EDT   SUNSET   800 PM EDT


-  INDICATES NEGATIVE NUMBERS.
R  INDICATES RECORD WAS SET OR TIED.
MM INDICATES DATA IS MISSING.
T  INDICATES TRACE AMOUNT.




$$
