000
CDUS41 KCAR 190535
CLIHUL


CLIMATE REPORT
NATIONAL WEATHER SERVICE CARIBOU, ME
1231 AM EST FRI JAN 19 2018


...................................

...THE HOULTON ME CLIMATE SUMMARY FOR JANUARY 18 2018...

CLIMATE NORMAL PERIOD 1981 TO 2010
CLIMATE RECORD PERIOD 1948 TO 2018


WEATHER ITEM   OBSERVED TIME   RECORD YEAR NORMAL DEPARTURE LAST
                VALUE   (LST)  VALUE       VALUE  FROM      YEAR
                                                  NORMAL
..................................................................
TEMPERATURE (F)
 YESTERDAY
  MAXIMUM         27    313 PM  51    2006  22      5       22
  MINIMUM          6   1159 PM -34    1971   0      6        0
  AVERAGE         17                        11      6       11

PRECIPITATION (IN)
  YESTERDAY        T             2.50 2006   0.10  -0.10     0.00
  MONTH TO DATE    2.04                      1.66   0.38     1.41
  SINCE DEC 1      5.28                      4.95   0.33     4.33
  SINCE JAN 1      2.04                      1.66   0.38     1.41

SNOWFALL (IN)
  YESTERDAY       MM             9.8  1978   0.8   MM       MM
  MONTH TO DATE   MM                        13.6   MM       MM
  SINCE DEC 1     MM                        30.0   MM       MM
  SINCE JUL 1     MM                        38.1   MM       MM
  SNOW DEPTH      MM

DEGREE DAYS
 HEATING
  YESTERDAY       48                        54     -6       54
  MONTH TO DATE  943                       954    -11      903
  SINCE DEC 1   2501                      2366    135     2347
  SINCE JUL 1   4207                      4474   -267     4090

 COOLING
  YESTERDAY        0                         0      0        0
  MONTH TO DATE    0                         0      0        0
  SINCE DEC 1      0                         0      0        0
  SINCE JAN 1      0                         0      0        0
..................................................................


WIND (MPH)
  HIGHEST WIND SPEED    14   HIGHEST WIND DIRECTION    NW (320)
  HIGHEST GUST SPEED    18   HIGHEST GUST DIRECTION     W (270)
  AVERAGE WIND SPEED     4.3


SKY COVER
  POSSIBLE SUNSHINE  MM
  AVERAGE SKY COVER 0.6


WEATHER CONDITIONS
 THE FOLLOWING WEATHER WAS RECORDED YESTERDAY.
  LIGHT SNOW
  FOG


RELATIVE HUMIDITY (PERCENT)
 HIGHEST   100           100 AM
 LOWEST     68           400 PM
 AVERAGE    84

..........................................................


THE HOULTON ME CLIMATE NORMALS FOR TODAY
                         NORMAL    RECORD    YEAR
 MAXIMUM TEMPERATURE (F)   22        53      1996
 MINIMUM TEMPERATURE (F)    0       -37      1971


SUNRISE AND SUNSET
JANUARY 19 2018.......SUNRISE   707 AM EST   SUNSET   418 PM EST
JANUARY 20 2018.......SUNRISE   706 AM EST   SUNSET   419 PM EST


-  INDICATES NEGATIVE NUMBERS.
R  INDICATES RECORD WAS SET OR TIED.
MM INDICATES DATA IS MISSING.
T  INDICATES TRACE AMOUNT.




$$
