000
CDUS41 KCAR 260527
CLIHUL


CLIMATE REPORT
NATIONAL WEATHER SERVICE CARIBOU, ME
126 AM EDT WED APR 26 2017


...................................

...THE HOULTON ME CLIMATE SUMMARY FOR APRIL 25 2017...

CLIMATE NORMAL PERIOD 1981 TO 2010
CLIMATE RECORD PERIOD 1948 TO 2017


WEATHER ITEM   OBSERVED TIME   RECORD YEAR NORMAL DEPARTURE LAST
                VALUE   (LST)  VALUE       VALUE  FROM      YEAR
                                                  NORMAL
..................................................................
TEMPERATURE (F)
 YESTERDAY
  MAXIMUM         57    258 PM  81    1942  55      2       47
  MINIMUM         24    440 AM  17    1965  32     -8       21
  AVERAGE         41                        44     -3       34

PRECIPITATION (IN)
  YESTERDAY        0.06          0.95 1983   0.13  -0.07     0.00
  MONTH TO DATE    3.08                      3.20  -0.12     2.76
  SINCE MAR 1      4.61                      5.79  -1.18     6.76
  SINCE JAN 1      9.06                     10.65  -1.59    11.72

SNOWFALL (IN)
  YESTERDAY       MM             2.0  1977   0.1   MM       MM
  MONTH TO DATE    0.0                       5.7   -5.7     MM
  SINCE MAR 1      0.0                      23.5  -23.5     MM
  SINCE JUL 1      0.0                      89.1  -89.1     MM
  SNOW DEPTH      MM

DEGREE DAYS
 HEATING
  YESTERDAY       24                        21      3       31
  MONTH TO DATE  631                       676    -45      694
  SINCE MAR 1   1959                      1899     60     1871
  SINCE JUL 1   7920                      8472   -552     7489

 COOLING
  YESTERDAY        0                         0      0        0
  MONTH TO DATE    0                         0      0        0
  SINCE MAR 1      0                         0      0        0
  SINCE JAN 1      0                         0      0        0
..................................................................


WIND (MPH)
  HIGHEST WIND SPEED    12   HIGHEST WIND DIRECTION    SE (140)
  HIGHEST GUST SPEED    17   HIGHEST GUST DIRECTION    SE (140)
  AVERAGE WIND SPEED     4.7


SKY COVER
  POSSIBLE SUNSHINE  MM
  AVERAGE SKY COVER 0.3


WEATHER CONDITIONS
 THE FOLLOWING WEATHER WAS RECORDED YESTERDAY.
  LIGHT RAIN


RELATIVE HUMIDITY (PERCENT)
 HIGHEST    89           800 PM
 LOWEST     28          1200 PM
 AVERAGE    59

..........................................................


THE HOULTON ME CLIMATE NORMALS FOR TODAY
                         NORMAL    RECORD    YEAR
 MAXIMUM TEMPERATURE (F)   56        76      1982
 MINIMUM TEMPERATURE (F)   32        17      2016
                                             1972


SUNRISE AND SUNSET
APRIL 26 2017.........SUNRISE   525 AM EDT   SUNSET   733 PM EDT
APRIL 27 2017.........SUNRISE   524 AM EDT   SUNSET   735 PM EDT


-  INDICATES NEGATIVE NUMBERS.
R  INDICATES RECORD WAS SET OR TIED.
MM INDICATES DATA IS MISSING.
T  INDICATES TRACE AMOUNT.




$$
