000
CDUS45 KTFX 301018
CLIHVR


CLIMATE REPORT
NATIONAL WEATHER SERVICE GREAT FALLS MT
315 AM MST FRI JAN 30 2015


...................................

...THE HAVRE MT CLIMATE SUMMARY FOR JANUARY 29 2015...

CLIMATE NORMAL PERIOD 1981 TO 2010
CLIMATE RECORD PERIOD 1880 TO 2015


WEATHER ITEM   OBSERVED TIME   RECORD YEAR NORMAL DEPARTURE LAST
                VALUE   (LST)  VALUE       VALUE  FROM      YEAR
                                                  NORMAL
..................................................................
TEMPERATURE (F)
 YESTERDAY
  MAXIMUM         44    400 PM  57    1931  30     14       32
  MINIMUM         20    842 AM -44    1969   9     11       15
  AVERAGE         32                        19     13       24

PRECIPITATION (IN)
  YESTERDAY        0.00          0.30 1881   0.00   0.00     0.19
  MONTH TO DATE    1.17                      0.31   0.86     0.37
  SINCE OCT 1      2.74                      1.72   1.02     2.38
  SINCE JAN 1      1.17                      0.31   0.86     0.37

SNOWFALL (IN)
  YESTERDAY        0.0           3.0  2011   0.1   -0.1      2.0
  MONTH TO DATE    5.7                       6.7   -1.0      4.2
  SINCE DEC 1      5.8                      14.1   -8.3     24.4
  SINCE JUL 1     10.4                      21.7  -11.3     30.2
  SNOW DEPTH       0

DEGREE DAYS
 HEATING
  YESTERDAY       33                        46    -13       41
  MONTH TO DATE 1279                      1366    -87     1108
  SINCE DEC 1   2532                      2789   -257     2725
  SINCE JUL 1   4469                      4832   -363     4651

 COOLING
  YESTERDAY        0                         0      0        0
  MONTH TO DATE    0                         0      0        0
  SINCE DEC 1      0                         0      0        0
  SINCE JAN 1      0                         0      0        0
..................................................................


WIND (MPH)
  HIGHEST WIND SPEED    12   HIGHEST WIND DIRECTION    SW (240)
  HIGHEST GUST SPEED    13   HIGHEST GUST DIRECTION    SW (240)
  AVERAGE WIND SPEED     3.4


SKY COVER
  AVERAGE SKY COVER 0.2


WEATHER CONDITIONS
 THE FOLLOWING WEATHER WAS RECORDED YESTERDAY.
  FOG
  FOG W/VISIBILITY <= 1/4 MILE


RELATIVE HUMIDITY (PERCENT)
 HIGHEST   100           200 AM
 LOWEST     58           400 PM
 AVERAGE    79

..........................................................


THE HAVRE MT CLIMATE NORMALS FOR TODAY
                         NORMAL    RECORD    YEAR
 MAXIMUM TEMPERATURE (F)   30        58      1989
 MINIMUM TEMPERATURE (F)    9       -43      1969


SUNRISE AND SUNSET
JANUARY 30 2015.......SUNRISE   751 AM MST   SUNSET   514 PM MST
JANUARY 31 2015.......SUNRISE   750 AM MST   SUNSET   516 PM MST


-  INDICATES NEGATIVE NUMBERS.
R  INDICATES RECORD WAS SET OR TIED.
MM INDICATES DATA IS MISSING.
T  INDICATES TRACE AMOUNT.




$$
