000
CDUS45 KTFX 182230
CLIHVR


CLIMATE REPORT
NATIONAL WEATHER SERVICE GREAT FALLS MT
430 PM MDT FRI AUG 18 2017


...................................

...THE HAVRE MT CLIMATE SUMMARY FOR AUGUST 18 2017...
VALID TODAY AS OF 0400 PM LOCAL TIME.

CLIMATE NORMAL PERIOD 1981 TO 2010
CLIMATE RECORD PERIOD 1880 TO 2017


WEATHER ITEM   OBSERVED TIME   RECORD YEAR NORMAL DEPARTURE LAST
                VALUE   (LST)  VALUE       VALUE  FROM      YEAR
                                                  NORMAL
..................................................................
TEMPERATURE (F)
 TODAY
  MAXIMUM         91    259 PM 105    2001  84      7       72
  MINIMUM         48    547 AM  38    1895  52     -4       51
  AVERAGE         70                        68      2       62

PRECIPITATION (IN)
  TODAY            0.00          1.18 1926   0.03  -0.03     0.11
  MONTH TO DATE    0.15                      0.63  -0.48     0.99
  SINCE OCT 1      7.58                      9.60  -2.02    15.17
  SINCE JAN 1      3.59                      8.19  -4.60    13.24

SNOWFALL (IN)
  TODAY            0.0           0.0  1999   0.0    0.0      0.0
                                      1998
  MONTH TO DATE    0.0                       0.0    0.0      0.0
  SINCE JUN 1      0.0                       0.0    0.0      0.0
  SINCE JUL 1      0.0                       0.0    0.0      0.0

DEGREE DAYS
 HEATING
  TODAY            0                         2     -2        3
  MONTH TO DATE   10                        17     -7        5
  SINCE JUN 1     94                       180    -86      109
  SINCE JUL 1     11                        47    -36       24

 COOLING
  TODAY            5                         4      1        0
  MONTH TO DATE   42                       108    -66       81
  SINCE JUN 1    412                       318     94      286
  SINCE JAN 1    423                       329     94      287
..................................................................


WIND (MPH)
  HIGHEST WIND SPEED    21   HIGHEST WIND DIRECTION    SW (220)
  HIGHEST GUST SPEED    27   HIGHEST GUST DIRECTION    SW (240)
  AVERAGE WIND SPEED     9.6


SKY COVER
  AVERAGE SKY COVER 0.0


WEATHER CONDITIONS
 THE FOLLOWING WEATHER WAS RECORDED TODAY.
  NO SIGNIFICANT WEATHER WAS OBSERVED.


RELATIVE HUMIDITY (PERCENT)
 HIGHEST    56           400 AM
 LOWEST     14           200 PM
 AVERAGE    35

..........................................................


THE HAVRE MT CLIMATE NORMALS FOR TOMORROW
                         NORMAL    RECORD    YEAR
 MAXIMUM TEMPERATURE (F)   84        98      2008
                                             1942
 MINIMUM TEMPERATURE (F)   52        33      1907


SUNRISE AND SUNSET
AUGUST 18 2017........SUNRISE   617 AM MDT   SUNSET   827 PM MDT
AUGUST 19 2017........SUNRISE   619 AM MDT   SUNSET   826 PM MDT


-  INDICATES NEGATIVE NUMBERS.
R  INDICATES RECORD WAS SET OR TIED.
MM INDICATES DATA IS MISSING.
T  INDICATES TRACE AMOUNT.




$$
