000
CDUS45 KTFX 211130
CLIHVR


CLIMATE REPORT
NATIONAL WEATHER SERVICE GREAT FALLS MT
428 AM MST FRI NOV 21 2014


...................................

...THE HAVRE MT CLIMATE SUMMARY FOR NOVEMBER 20 2014...

CLIMATE NORMAL PERIOD 1981 TO 2010
CLIMATE RECORD PERIOD 1880 TO 2014


WEATHER ITEM   OBSERVED TIME   RECORD YEAR NORMAL DEPARTURE LAST
                VALUE   (LST)  VALUE       VALUE  FROM      YEAR
                                                  NORMAL
..................................................................
TEMPERATURE (F)
 YESTERDAY
  MAXIMUM         37   1159 PM  65    2009  39     -2       13
                                      2002
                                      1968
  MINIMUM         20    929 AM -33    1896  17      3       -2
  AVERAGE         29                        28      1        6

PRECIPITATION (IN)
  YESTERDAY        0.00          0.33 1946   0.01  -0.01     0.01
                                      1897
  MONTH TO DATE    0.39                      0.30   0.09     0.35
  SINCE OCT 1      1.15                      0.88   0.27     0.67
  SINCE JAN 1     12.31                     10.67   1.64    17.82

SNOWFALL (IN)
  YESTERDAY        0.0           5.8  1946   0.2   -0.2       T
  MONTH TO DATE    4.3                       3.2    1.1      4.8
  SINCE SEP 1      4.3                       5.5   -1.2      5.8
  SINCE JUL 1      4.3                       5.5   -1.2      5.8
  SNOW DEPTH       4

DEGREE DAYS
 HEATING
  YESTERDAY       36                        37     -1       59
  MONTH TO DATE  819                       650    169      715
  SINCE SEP 1   1516                      1566    -50     1529
  SINCE JUL 1   1560                      1649    -89     1547

 COOLING
  YESTERDAY        0                         0      0        0
  MONTH TO DATE    0                         0      0        0
  SINCE SEP 1     12                        20     -8       70
  SINCE JAN 1    402                       387     15      445
..................................................................


WIND (MPH)
  HIGHEST WIND SPEED    24   HIGHEST WIND DIRECTION    SW (220)
  HIGHEST GUST SPEED    30   HIGHEST GUST DIRECTION    SW (220)
  AVERAGE WIND SPEED     7.8


SKY COVER
  AVERAGE SKY COVER 0.5


WEATHER CONDITIONS
 THE FOLLOWING WEATHER WAS RECORDED YESTERDAY.
  FOG
  FOG W/VISIBILITY <= 1/4 MILE


RELATIVE HUMIDITY (PERCENT)
 HIGHEST    92           200 AM
 LOWEST     64           300 PM
 AVERAGE    78

..........................................................


THE HAVRE MT CLIMATE NORMALS FOR TODAY
                         NORMAL    RECORD    YEAR
 MAXIMUM TEMPERATURE (F)   38        68      1974
 MINIMUM TEMPERATURE (F)   17       -27      1996
                                             1900
                                             1896


SUNRISE AND SUNSET
NOVEMBER 21 2014......SUNRISE   736 AM MST   SUNSET   433 PM MST
NOVEMBER 22 2014......SUNRISE   738 AM MST   SUNSET   432 PM MST


-  INDICATES NEGATIVE NUMBERS.
R  INDICATES RECORD WAS SET OR TIED.
MM INDICATES DATA IS MISSING.
T  INDICATES TRACE AMOUNT.




$$
