000
CDUS45 KTFX 230733
CLIHVR


CLIMATE REPORT
NATIONAL WEATHER SERVICE GREAT FALLS MT
1231 AM MST FRI FEB 23 2018


...................................

...THE HAVRE MT CLIMATE SUMMARY FOR FEBRUARY 22 2018...

CLIMATE NORMAL PERIOD 1981 TO 2010
CLIMATE RECORD PERIOD 1880 TO 2018


WEATHER ITEM   OBSERVED TIME   RECORD YEAR NORMAL DEPARTURE LAST
                VALUE   (LST)  VALUE       VALUE  FROM      YEAR
                                                  NORMAL
..................................................................
TEMPERATURE (F)
 YESTERDAY
  MAXIMUM          2    322 PM  64    2002  36    -34       37
  MINIMUM        -23    347 AM -33    1910  12    -35       30
  AVERAGE        -10                        24    -34       34

PRECIPITATION (IN)
  YESTERDAY        0.00          0.26 1889   0.01  -0.01     0.11
  MONTH TO DATE    1.66                      0.22   1.44     0.53
  SINCE OCT 1      5.66                      1.96   3.70     5.21
  SINCE JAN 1      2.14                      0.55   1.59     1.22

SNOWFALL (IN)
  YESTERDAY        0.0           4.3  1982   0.2   -0.2      1.1
  MONTH TO DATE   31.8                       4.6   27.2      6.1
  SINCE DEC 1     60.8                      19.1   41.7     23.3
  SINCE JUL 1     78.3                      26.7   51.6     28.8
  SNOW DEPTH      26

DEGREE DAYS
 HEATING
  YESTERDAY       75                        41     34       31
  MONTH TO DATE 1466                       956    510      863
  SINCE DEC 1   4430                      3836    594     3993
  SINCE JUL 1   6488                      5879    609     5740

 COOLING
  YESTERDAY        0                         0      0        0
  MONTH TO DATE    0                         0      0        0
  SINCE DEC 1      0                         0      0        0
  SINCE JAN 1      0                         0      0        0
..................................................................


WIND (MPH)
  HIGHEST WIND SPEED    16   HIGHEST WIND DIRECTION    SW (220)
  HIGHEST GUST SPEED    18   HIGHEST GUST DIRECTION    SW (230)
  AVERAGE WIND SPEED     8.6


SKY COVER
  AVERAGE SKY COVER 0.0


WEATHER CONDITIONS
 THE FOLLOWING WEATHER WAS RECORDED YESTERDAY.
  NO SIGNIFICANT WEATHER WAS OBSERVED.


RELATIVE HUMIDITY (PERCENT)
 HIGHEST    87           300 PM
 LOWEST     72           500 PM
 AVERAGE    80

..........................................................


THE HAVRE MT CLIMATE NORMALS FOR TODAY
                         NORMAL    RECORD    YEAR
 MAXIMUM TEMPERATURE (F)   36        63      1976
                                             1886
 MINIMUM TEMPERATURE (F)   13       -29      1979


SUNRISE AND SUNSET
FEBRUARY 23 2018......SUNRISE   712 AM MST   SUNSET   554 PM MST
FEBRUARY 24 2018......SUNRISE   710 AM MST   SUNSET   555 PM MST


-  INDICATES NEGATIVE NUMBERS.
R  INDICATES RECORD WAS SET OR TIED.
MM INDICATES DATA IS MISSING.
T  INDICATES TRACE AMOUNT.




$$
