000
CDUS45 KTFX 291015
CLIHVR


CLIMATE REPORT
NATIONAL WEATHER SERVICE GREAT FALLS MT
413 AM MDT FRI MAY 29 2015


...................................

...THE HAVRE MT CLIMATE SUMMARY FOR MAY 28 2015...

CLIMATE NORMAL PERIOD 1981 TO 2010
CLIMATE RECORD PERIOD 1880 TO 2015


WEATHER ITEM   OBSERVED TIME   RECORD YEAR NORMAL DEPARTURE LAST
                VALUE   (LST)  VALUE       VALUE  FROM      YEAR
                                                  NORMAL
..................................................................
TEMPERATURE (F)
 YESTERDAY
  MAXIMUM         72   1124 AM  97    1936  71      1       82
  MINIMUM         39   1159 PM  24    1947  45     -6       55
  AVERAGE         56                        58     -2       69

PRECIPITATION (IN)
  YESTERDAY        0.33          1.84 1982   0.07   0.26     0.07
  MONTH TO DATE    1.57                      1.53   0.04     0.87
  SINCE OCT 1      5.63                      4.93   0.70     5.60
  SINCE JAN 1      4.06                      3.52   0.54     3.59

SNOWFALL (IN)
  YESTERDAY        0.0          20.7  1982   0.1   -0.1      0.0
  MONTH TO DATE    0.0                       1.7   -1.7      0.0
  SINCE MAR 1      0.2                      11.0  -10.8      7.0
  SINCE JUL 1     20.8                      38.9  -18.1     44.4
  SNOW DEPTH       0

DEGREE DAYS
 HEATING
  YESTERDAY        9                         8      1        0
  MONTH TO DATE  374                       329     45      347
  SINCE MAR 1   1714                      1946   -232     2119
  SINCE JUL 1   7382                      8066   -684     8360

 COOLING
  YESTERDAY        0                         1     -1        4
  MONTH TO DATE    0                         3     -3        7
  SINCE MAR 1      0                         4     -4        7
  SINCE JAN 1      0                         4     -4        7
..................................................................


WIND (MPH)
  HIGHEST WIND SPEED    28   HIGHEST WIND DIRECTION     N (360)
  HIGHEST GUST SPEED    36   HIGHEST GUST DIRECTION     N (10)
  AVERAGE WIND SPEED     9.5


SKY COVER
  AVERAGE SKY COVER 0.6


WEATHER CONDITIONS
 THE FOLLOWING WEATHER WAS RECORDED YESTERDAY.
  THUNDERSTORM
  HEAVY RAIN
  FOG


RELATIVE HUMIDITY (PERCENT)
 HIGHEST   100           300 AM
 LOWEST     55          1100 AM
 AVERAGE    78

..........................................................


THE HAVRE MT CLIMATE NORMALS FOR TODAY
                         NORMAL    RECORD    YEAR
 MAXIMUM TEMPERATURE (F)   71        98      1936
 MINIMUM TEMPERATURE (F)   45        31      1895


SUNRISE AND SUNSET
MAY 29 2015...........SUNRISE   524 AM MDT   SUNSET   910 PM MDT
MAY 30 2015...........SUNRISE   523 AM MDT   SUNSET   911 PM MDT


-  INDICATES NEGATIVE NUMBERS.
R  INDICATES RECORD WAS SET OR TIED.
MM INDICATES DATA IS MISSING.
T  INDICATES TRACE AMOUNT.




$$
