000
CDUS41 KLWX 050535
CLIIAD


CLIMATE REPORT
NATIONAL WEATHER SERVICE BALTIMORE MD/WASHINGTON DC
1233 AM EST THU MAR 5 2015


...................................

...THE WASHINGTON DULLES DC CLIMATE SUMMARY FOR MARCH 4 2015...

CLIMATE NORMAL PERIOD 1981 TO 2010
CLIMATE RECORD PERIOD 1962 TO 2015


WEATHER ITEM   OBSERVED TIME   RECORD YEAR NORMAL DEPARTURE LAST
                VALUE   (LST)  VALUE       VALUE  FROM      YEAR
                                                  NORMAL
..................................................................
TEMPERATURE (F)
 YESTERDAY
  MAXIMUM         46    352 PM  79    1983  51     -5       29
                                      1974
  MINIMUM         36    458 AM  -1    2014  29      7       -1
  AVERAGE         41                        40      1       14

PRECIPITATION (IN)
  YESTERDAY        0.33          2.16 1993   0.09   0.24     0.00
  MONTH TO DATE    0.64                      0.37   0.27     0.88
  SINCE MAR 1      0.64                      0.37   0.27     0.88
  SINCE JAN 1      5.66                      5.79  -0.13     7.38

SNOWFALL (IN)
  YESTERDAY        0.0           0.6  1971   0.1   -0.1
  MONTH TO DATE    0.1                       0.6   -0.5
  SINCE JUL 1     26.5                      19.5    7.0
  SNOW DEPTH       2

DEGREE DAYS
 HEATING
  YESTERDAY       24                        25     -1       51
  MONTH TO DATE  129                       101     28      159
  SINCE MAR 1    129                       101     28      159
  SINCE JUL 1   4130                      3691    439     3990

 COOLING
  YESTERDAY        0                         0      0        0
  MONTH TO DATE    0                         0      0        0
  SINCE MAR 1      0                         0      0        0
  SINCE JAN 1      0                         0      0        0
..................................................................


WIND (MPH)
  HIGHEST WIND SPEED    20   HIGHEST WIND DIRECTION     S (190)
  HIGHEST GUST SPEED    28   HIGHEST GUST DIRECTION     S (190)
  AVERAGE WIND SPEED     5.0


SKY COVER
  POSSIBLE SUNSHINE  MM
  AVERAGE SKY COVER 1.0


WEATHER CONDITIONS
 THE FOLLOWING WEATHER WAS RECORDED YESTERDAY.
  RAIN
  LIGHT RAIN
  FOG


RELATIVE HUMIDITY (PERCENT)
 HIGHEST   100           900 PM
 LOWEST     82          1200 AM
 AVERAGE    91

..........................................................


THE WASHINGTON DULLES DC CLIMATE NORMALS FOR TODAY
                         NORMAL    RECORD    YEAR
 MAXIMUM TEMPERATURE (F)   52        79      1976
 MINIMUM TEMPERATURE (F)   30         7      1978


SUNRISE AND SUNSET
MARCH  5 2015.........SUNRISE   637 AM EST   SUNSET   606 PM EST
MARCH  6 2015.........SUNRISE   635 AM EST   SUNSET   607 PM EST


-  INDICATES NEGATIVE NUMBERS.
R  INDICATES RECORD WAS SET OR TIED.
MM INDICATES DATA IS MISSING.
T  INDICATES TRACE AMOUNT.




$$
