000
CDUS43 KUNR 230835
CLIICR


CLIMATE REPORT
NATIONAL WEATHER SERVICE RAPID CITY SD
234 AM MDT FRI JUN 23 2017


...................................

...THE WINNER REGIONAL AIRPORT SD CLIMATE SUMMARY FOR JUNE 22 2017...

CLIMATE NORMAL PERIOD 1981 TO 2010
CLIMATE RECORD PERIOD 9999 TO 9999


WEATHER ITEM   OBSERVED TIME   NORMAL DEPARTURE LAST
                VALUE   (LST)  VALUE  FROM      YEAR
                                      NORMAL
......................................................
TEMPERATURE (F)
 YESTERDAY
  MAXIMUM         81    607 PM  82     -1       88
  MINIMUM         56   1158 PM  58     -2       62
  AVERAGE         69            70     -1       75

PRECIPITATION (IN)
  YESTERDAY        0.00          0.12  -0.12     0.00
  MONTH TO DATE    0.22          2.97  -2.75     0.71
  SINCE JUN 1      0.22          2.97  -2.75     0.71
  SINCE JAN 1      7.31         11.04  -3.73    10.06

DEGREE DAYS
 HEATING
  YESTERDAY        0             1     -1        0
  MONTH TO DATE    0            49    -49        3
  SINCE JUN 1      0            49    -49        3
  SINCE JUL 1   5545          6694  -1149     5573

 COOLING
  YESTERDAY        4             6     -2       10
  MONTH TO DATE  195            86    109      213
  SINCE JUN 1    195            86    109      213
  SINCE JAN 1    223           116    107      260
......................................................


WIND (MPH)
  HIGHEST WIND SPEED    20   HIGHEST WIND DIRECTION     N (10)
  HIGHEST GUST SPEED    26   HIGHEST GUST DIRECTION     N (10)
  AVERAGE WIND SPEED    10.0


SKY COVER
  AVERAGE SKY COVER 0.4


WEATHER CONDITIONS
 THE FOLLOWING WEATHER WAS RECORDED YESTERDAY.
  NO SIGNIFICANT WEATHER WAS OBSERVED.


RELATIVE HUMIDITY (PERCENT)
 HIGHEST    73           100 AM
 LOWEST     30           500 PM
 AVERAGE    52

..........................................................




SUNRISE AND SUNSET
JUNE 23 2017..........SUNRISE   559 AM CDT   SUNSET   924 PM CDT
JUNE 24 2017..........SUNRISE   600 AM CDT   SUNSET   924 PM CDT


-  INDICATES NEGATIVE NUMBERS.
R  INDICATES RECORD WAS SET OR TIED.
MM INDICATES DATA IS MISSING.
T  INDICATES TRACE AMOUNT.




$$
