000
CDUS43 KUNR 270831
CLIICR


CLIMATE REPORT
NATIONAL WEATHER SERVICE RAPID CITY SD
131 AM MST SAT DEC 27 2014


...................................

...THE WINNER REGIONAL AIRPORT SD CLIMATE SUMMARY FOR DECEMBER 26 2014...

CLIMATE NORMAL PERIOD 1981 TO 2010
CLIMATE RECORD PERIOD 9999 TO 9999


WEATHER ITEM   OBSERVED TIME   NORMAL DEPARTURE LAST
                VALUE   (LST)  VALUE  FROM      YEAR
                                      NORMAL
......................................................
TEMPERATURE (F)
 YESTERDAY
  MAXIMUM         26    542 AM  34     -8       43
  MINIMUM         17   1159 PM  14      3       27
  AVERAGE         22            24     -2       35

PRECIPITATION (IN)
  YESTERDAY       MM             0.01  MM        0.00
  MONTH TO DATE    0.19          0.30  -0.11     0.04
  SINCE DEC 1      0.19          0.30  -0.11     0.04
  SINCE JAN 1     14.77         21.55  -6.78    20.89

DEGREE DAYS
 HEATING
  YESTERDAY       43            41      2       30
  MONTH TO DATE  746          1034   -288     1200
  SINCE DEC 1    746          1034   -288     1200
  SINCE JUL 1   2202          2505   -303     2637

 COOLING
  YESTERDAY        0             0      0        0
  MONTH TO DATE    0             0      0        0
  SINCE DEC 1      0             0      0        0
  SINCE JAN 1    863           916    -53     1014
......................................................


WIND (MPH)
  HIGHEST WIND SPEED    24   HIGHEST WIND DIRECTION     N (10)
  HIGHEST GUST SPEED    28   HIGHEST GUST DIRECTION     N (10)
  AVERAGE WIND SPEED    14.5


SKY COVER
  AVERAGE SKY COVER 1.0


WEATHER CONDITIONS
 THE FOLLOWING WEATHER WAS RECORDED YESTERDAY.
  FREEZING RAIN
  LT FREEZING RAIN
  LIGHT SNOW
  FOG


RELATIVE HUMIDITY (PERCENT)
 HIGHEST    88           600 AM
 LOWEST     73          1000 PM
 AVERAGE    81

..........................................................




SUNRISE AND SUNSET
DECEMBER 27 2014......SUNRISE   811 AM CST   SUNSET   510 PM CST
DECEMBER 28 2014......SUNRISE   811 AM CST   SUNSET   511 PM CST


-  INDICATES NEGATIVE NUMBERS.
R  INDICATES RECORD WAS SET OR TIED.
MM INDICATES DATA IS MISSING.
T  INDICATES TRACE AMOUNT.




$$
