718
CDUS43 KUNR 270831
CLIICR


CLIMATE REPORT
NATIONAL WEATHER SERVICE RAPID CITY SD
231 AM MDT THU APR 27 2017


...................................

...THE WINNER REGIONAL AIRPORT SD CLIMATE SUMMARY FOR APRIL 26 2017...

CLIMATE NORMAL PERIOD 1981 TO 2010
CLIMATE RECORD PERIOD 9999 TO 9999


WEATHER ITEM   OBSERVED TIME   NORMAL DEPARTURE LAST
                VALUE   (LST)  VALUE  FROM      YEAR
                                      NORMAL
......................................................
TEMPERATURE (F)
 YESTERDAY
  MAXIMUM         50    541 PM  63    -13       50
  MINIMUM         29   1156 PM  40    -11       37
  AVERAGE         40            52    -12       44

PRECIPITATION (IN)
  YESTERDAY        T             0.10  -0.10     0.36
  MONTH TO DATE    2.10          2.04   0.06     2.48
  SINCE MAR 1      2.42          3.42  -1.00     3.25
  SINCE JAN 1      4.06          4.18  -0.12     3.64

DEGREE DAYS
 HEATING
  YESTERDAY       25            14     11       21
  MONTH TO DATE  366           468   -102      370
  SINCE MAR 1   1100          1344   -244     1011
  SINCE JUL 1   5252          6353  -1101     5304

 COOLING
  YESTERDAY        0             0      0        0
  MONTH TO DATE    2             0      2        8
  SINCE MAR 1      2             0      2        9
  SINCE JAN 1      2             0      2        9
......................................................


WIND (MPH)
  HIGHEST WIND SPEED    28   HIGHEST WIND DIRECTION     N (340)
  HIGHEST GUST SPEED    33   HIGHEST GUST DIRECTION    NW (330)
  AVERAGE WIND SPEED    15.8


SKY COVER
  AVERAGE SKY COVER 0.8


WEATHER CONDITIONS
 THE FOLLOWING WEATHER WAS RECORDED YESTERDAY.
  NO SIGNIFICANT WEATHER WAS OBSERVED.


RELATIVE HUMIDITY (PERCENT)
 HIGHEST    92           400 AM
 LOWEST     49           600 PM
 AVERAGE    71

..........................................................




SUNRISE AND SUNSET
APRIL 27 2017.........SUNRISE   638 AM CDT   SUNSET   837 PM CDT
APRIL 28 2017.........SUNRISE   636 AM CDT   SUNSET   838 PM CDT


-  INDICATES NEGATIVE NUMBERS.
R  INDICATES RECORD WAS SET OR TIED.
MM INDICATES DATA IS MISSING.
T  INDICATES TRACE AMOUNT.




$$
