000
CDUS43 KUNR 210833
CLIICR


CLIMATE REPORT
NATIONAL WEATHER SERVICE RAPID CITY SD
231 AM MDT SUN SEP 21 2014


...................................

...THE WINNER REGIONAL AIRPORT SD CLIMATE SUMMARY FOR SEPTEMBER 20 2014...

CLIMATE NORMAL PERIOD 1981 TO 2010
CLIMATE RECORD PERIOD 9999 TO 9999


WEATHER ITEM   OBSERVED TIME   NORMAL DEPARTURE LAST
                VALUE   (LST)  VALUE  FROM      YEAR
                                      NORMAL
......................................................
TEMPERATURE (F)
 YESTERDAY
  MAXIMUM         85    200 PM  75     10       73
  MINIMUM         53   1159 PM  49      4       43
  AVERAGE         69            62      7       58

PRECIPITATION (IN)
  YESTERDAY        0.01          0.07  -0.06     0.00
  MONTH TO DATE    0.91          1.35  -0.44     0.38
  SINCE SEP 1      0.91          1.35  -0.44     0.38
  SINCE JAN 1     13.98         18.35  -4.37    16.37

DEGREE DAYS
 HEATING
  YESTERDAY        0             5     -5        7
  MONTH TO DATE   98            60     38       28
  SINCE SEP 1     98            60     38       28
  SINCE JUL 1    111            74     37       35

 COOLING
  YESTERDAY        4             2      2        0
  MONTH TO DATE   70            87    -17      183
  SINCE SEP 1     70            87    -17      183
  SINCE JAN 1    800           893    -93      974
......................................................


WIND (MPH)
  HIGHEST WIND SPEED    36   HIGHEST WIND DIRECTION    NW (320)
  HIGHEST GUST SPEED    45   HIGHEST GUST DIRECTION    NW (300)
  AVERAGE WIND SPEED    13.4


SKY COVER
  AVERAGE SKY COVER 0.2


WEATHER CONDITIONS
 THE FOLLOWING WEATHER WAS RECORDED YESTERDAY.
  LIGHT RAIN


RELATIVE HUMIDITY (PERCENT)
 HIGHEST    84          1200 AM
 LOWEST     24           300 PM
 AVERAGE    54

..........................................................




SUNRISE AND SUNSET
SEPTEMBER 21 2014.....SUNRISE   725 AM CDT   SUNSET   738 PM CDT
SEPTEMBER 22 2014.....SUNRISE   727 AM CDT   SUNSET   737 PM CDT


-  INDICATES NEGATIVE NUMBERS.
R  INDICATES RECORD WAS SET OR TIED.
MM INDICATES DATA IS MISSING.
T  INDICATES TRACE AMOUNT.




$$
