259
CDUS43 KUNR 200834
CLIICR


CLIMATE REPORT
NATIONAL WEATHER SERVICE RAPID CITY SD
233 AM MDT FRI OCT 20 2017


...................................

...THE WINNER REGIONAL AIRPORT SD CLIMATE SUMMARY FOR OCTOBER 19 2017...

CLIMATE NORMAL PERIOD 1981 TO 2010
CLIMATE RECORD PERIOD 9999 TO 9999


WEATHER ITEM   OBSERVED TIME   NORMAL DEPARTURE LAST
                VALUE   (LST)  VALUE  FROM      YEAR
                                      NORMAL
......................................................
TEMPERATURE (F)
 YESTERDAY
  MAXIMUM         84    357 PM  61     23       60
  MINIMUM         52    504 AM  38     14       43
  AVERAGE         68            49     19       52

PRECIPITATION (IN)
  YESTERDAY        0.00          0.05  -0.05     0.01
  MONTH TO DATE    0.56          1.09  -0.53     1.26
  SINCE SEP 1      3.35          3.08   0.27     3.29
  SINCE JAN 1     18.87         20.08  -1.21    18.15

DEGREE DAYS
 HEATING
  YESTERDAY        0            16    -16       13
  MONTH TO DATE  204           235    -31      160
  SINCE SEP 1    312           363    -51      225
  SINCE JUL 1    314           377    -63      233

 COOLING
  YESTERDAY        3             0      3        0
  MONTH TO DATE    3             9     -6       23
  SINCE SEP 1    134           109     25      139
  SINCE JAN 1   1110           915    195     1183
......................................................


WIND (MPH)
  HIGHEST WIND SPEED    28   HIGHEST WIND DIRECTION     S (200)
  HIGHEST GUST SPEED    36   HIGHEST GUST DIRECTION     S (190)
  AVERAGE WIND SPEED    20.5


SKY COVER
  AVERAGE SKY COVER 0.0


WEATHER CONDITIONS
 THE FOLLOWING WEATHER WAS RECORDED YESTERDAY.
  NO SIGNIFICANT WEATHER WAS OBSERVED.


RELATIVE HUMIDITY (PERCENT)
 HIGHEST    54           500 AM
 LOWEST     23           300 PM
 AVERAGE    39

..........................................................




SUNRISE AND SUNSET
OCTOBER 20 2017.......SUNRISE   800 AM CDT   SUNSET   648 PM CDT
OCTOBER 21 2017.......SUNRISE   801 AM CDT   SUNSET   646 PM CDT


-  INDICATES NEGATIVE NUMBERS.
R  INDICATES RECORD WAS SET OR TIED.
MM INDICATES DATA IS MISSING.
T  INDICATES TRACE AMOUNT.




$$
