000
CDUS43 KUNR 040831
CLIICR


CLIMATE REPORT
NATIONAL WEATHER SERVICE RAPID CITY SD
231 AM MDT WED MAY 4 2016


...................................

...THE WINNER REGIONAL AIRPORT SD CLIMATE SUMMARY FOR MAY 3 2016...

CLIMATE NORMAL PERIOD 1981 TO 2010
CLIMATE RECORD PERIOD 9999 TO 9999


WEATHER ITEM   OBSERVED TIME   NORMAL DEPARTURE LAST
                VALUE   (LST)  VALUE  FROM      YEAR
                                      NORMAL
......................................................
TEMPERATURE (F)
 YESTERDAY
  MAXIMUM         74    540 PM  66      8       76
  MINIMUM         39    511 AM  42     -3       47
  AVERAGE         57            54      3       62

PRECIPITATION (IN)
  YESTERDAY        0.00          0.12  -0.12      T
  MONTH TO DATE    T             0.37  -0.37     0.01
  SINCE MAR 1      6.14          4.24   1.90     0.86
  SINCE JAN 1      6.53          5.00   1.53     0.95

DEGREE DAYS
 HEATING
  YESTERDAY        8            11     -3        3
  MONTH TO DATE   38            35      3        8
  SINCE MAR 1   1137          1430   -293     1021
  SINCE JUL 1   5430          6439  -1009     5781

 COOLING
  YESTERDAY        0             0      0        0
  MONTH TO DATE    0             0      0        6
  SINCE MAR 1      9             2      7       18
  SINCE JAN 1      9             2      7       18
......................................................


WIND (MPH)
  HIGHEST WIND SPEED    23   HIGHEST WIND DIRECTION    NW (320)
  HIGHEST GUST SPEED    27   HIGHEST GUST DIRECTION    NW (310)
  AVERAGE WIND SPEED     9.2


SKY COVER
  AVERAGE SKY COVER 0.0


WEATHER CONDITIONS
 THE FOLLOWING WEATHER WAS RECORDED YESTERDAY.
  NO SIGNIFICANT WEATHER WAS OBSERVED.


RELATIVE HUMIDITY (PERCENT)
 HIGHEST    89           100 AM
 LOWEST     33           400 PM
 AVERAGE    61

..........................................................




SUNRISE AND SUNSET
MAY  4 2016...........SUNRISE   628 AM CDT   SUNSET   845 PM CDT
MAY  5 2016...........SUNRISE   626 AM CDT   SUNSET   846 PM CDT


-  INDICATES NEGATIVE NUMBERS.
R  INDICATES RECORD WAS SET OR TIED.
MM INDICATES DATA IS MISSING.
T  INDICATES TRACE AMOUNT.




$$
