000
CDUS43 KUNR 010834
CLIICR


CLIMATE REPORT
NATIONAL WEATHER SERVICE RAPID CITY SD
232 AM MDT SAT NOV 1 2014


...................................

...THE WINNER REGIONAL AIRPORT SD CLIMATE SUMMARY FOR OCTOBER 31 2014...

CLIMATE NORMAL PERIOD 1981 TO 2010
CLIMATE RECORD PERIOD 9999 TO 9999


WEATHER ITEM   OBSERVED TIME   NORMAL DEPARTURE LAST
                VALUE   (LST)  VALUE  FROM      YEAR
                                      NORMAL
......................................................
TEMPERATURE (F)
 YESTERDAY
  MAXIMUM         46    419 PM  55     -9       55
  MINIMUM         14    622 AM  33    -19       33
  AVERAGE         30            44    -14       44

PRECIPITATION (IN)
  YESTERDAY        0.00          0.03  -0.03      T
  MONTH TO DATE    0.29          1.64  -1.35     4.00
  SINCE SEP 1      1.33          3.63  -2.30     4.74
  SINCE JAN 1     14.40         20.63  -6.23    20.73

DEGREE DAYS
 HEATING
  YESTERDAY       35            21     14       21
  MONTH TO DATE  317           457   -140      542
  SINCE SEP 1    424           584   -160      590
  SINCE JUL 1    437           598   -161      597

 COOLING
  YESTERDAY        0             0      0        0
  MONTH TO DATE    9            10     -1        2
  SINCE SEP 1    133           110     23      223
  SINCE JAN 1    863           916    -53     1014
......................................................


WIND (MPH)
  HIGHEST WIND SPEED    25   HIGHEST WIND DIRECTION     S (170)
  HIGHEST GUST SPEED    32   HIGHEST GUST DIRECTION     S (170)
  AVERAGE WIND SPEED    12.1


SKY COVER
  AVERAGE SKY COVER 0.1


WEATHER CONDITIONS
 THE FOLLOWING WEATHER WAS RECORDED YESTERDAY.
  NO SIGNIFICANT WEATHER WAS OBSERVED.


RELATIVE HUMIDITY (PERCENT)
 HIGHEST    88           800 AM
 LOWEST     24           500 PM
 AVERAGE    56

..........................................................




SUNRISE AND SUNSET
NOVEMBER  1 2014......SUNRISE   815 AM CDT   SUNSET   631 PM CDT
NOVEMBER  2 2014......SUNRISE   716 AM CST   SUNSET   529 PM CST


-  INDICATES NEGATIVE NUMBERS.
R  INDICATES RECORD WAS SET OR TIED.
MM INDICATES DATA IS MISSING.
T  INDICATES TRACE AMOUNT.




$$
