000
CDUS43 KUNR 030831
CLIICR


CLIMATE REPORT
NATIONAL WEATHER SERVICE RAPID CITY SD
130 AM MST SAT DEC 3 2016


...................................

...THE WINNER REGIONAL AIRPORT SD CLIMATE SUMMARY FOR DECEMBER 2 2016...

CLIMATE NORMAL PERIOD 1981 TO 2010
CLIMATE RECORD PERIOD 9999 TO 9999


WEATHER ITEM   OBSERVED TIME   NORMAL DEPARTURE LAST
                VALUE   (LST)  VALUE  FROM      YEAR
                                      NORMAL
......................................................
TEMPERATURE (F)
 YESTERDAY
  MAXIMUM         35    459 PM  37     -2       35
  MINIMUM         23    951 PM  18      5       20
  AVERAGE         29            28      1       28

PRECIPITATION (IN)
  YESTERDAY        0.00          0.02  -0.02     0.00
  MONTH TO DATE    0.00          0.04  -0.04     0.53
  SINCE DEC 1      0.00          0.04  -0.04     0.53
  SINCE JAN 1     18.47         21.29  -2.82    17.93

DEGREE DAYS
 HEATING
  YESTERDAY       36            37     -1       37
  MONTH TO DATE   72            74     -2       73
  SINCE DEC 1     72            74     -2       73
  SINCE JUL 1    942          1545   -603     1168

 COOLING
  YESTERDAY        0             0      0        0
  MONTH TO DATE    0             0      0        0
  SINCE DEC 1      0             0      0        0
  SINCE JAN 1   1193           916    277     1145
......................................................


WIND (MPH)
  HIGHEST WIND SPEED     8   HIGHEST WIND DIRECTION     S (170)
  HIGHEST GUST SPEED    10   HIGHEST GUST DIRECTION     S (170)
  AVERAGE WIND SPEED     4.3


SKY COVER
  AVERAGE SKY COVER 0.8


WEATHER CONDITIONS
 THE FOLLOWING WEATHER WAS RECORDED YESTERDAY.
  NO SIGNIFICANT WEATHER WAS OBSERVED.


RELATIVE HUMIDITY (PERCENT)
 HIGHEST    92          1200 AM
 LOWEST     69           100 PM
 AVERAGE    81

..........................................................




SUNRISE AND SUNSET
DECEMBER  3 2016......SUNRISE   755 AM CST   SUNSET   504 PM CST
DECEMBER  4 2016......SUNRISE   756 AM CST   SUNSET   504 PM CST


-  INDICATES NEGATIVE NUMBERS.
R  INDICATES RECORD WAS SET OR TIED.
MM INDICATES DATA IS MISSING.
T  INDICATES TRACE AMOUNT.




$$
