000
CDUS45 KPIH 290744
CLIIDA


CLIMATE REPORT
NATIONAL WEATHER SERVICE POCATELLO ID
1234 AM MST THU JAN 29 2015


...................................

...THE IDAHO FALLS ID CLIMATE SUMMARY FOR JANUARY 28 2015...

CLIMATE NORMAL PERIOD 1981 TO 2010
CLIMATE RECORD PERIOD 1948 TO 2015


WEATHER ITEM   OBSERVED TIME   RECORD YEAR NORMAL DEPARTURE LAST
                VALUE   (LST)  VALUE       VALUE  FROM      YEAR
                                                  NORMAL
..................................................................
TEMPERATURE (F)
 YESTERDAY
  MAXIMUM         38    338 AM  46    1967  29      9       30
  MINIMUM         34   1150 PM -25    1949  12     22        3
  AVERAGE         36                        21     15       17

PRECIPITATION (IN)
  YESTERDAY        0.04          0.31 1987   0.02   0.02     0.00
  MONTH TO DATE    0.28                      0.63  -0.35     0.19
  SINCE OCT 1      1.74                      3.20  -1.46     1.49
  SINCE JAN 1      0.28                      0.63  -0.35     0.19

SNOWFALL (IN)
  YESTERDAY       MM
  MONTH TO DATE   MM
  SINCE DEC 1     MM
  SINCE JUL 1     MM
  SNOW DEPTH      MM

DEGREE DAYS
 HEATING
  YESTERDAY       29                        44    -15       48
  MONTH TO DATE 1130                      1257   -127     1153
  SINCE DEC 1   2251                      2627   -376     2694
  SINCE JUL 1   3940                      4530   -590     4418

 COOLING
  YESTERDAY        0                         0      0        0
  MONTH TO DATE    0                         0      0        0
  SINCE DEC 1      0                         0      0        0
  SINCE JAN 1      0                         0      0        0
..................................................................


WIND (MPH)
  HIGHEST WIND SPEED    17   HIGHEST WIND DIRECTION    SW (220)
  HIGHEST GUST SPEED    20   HIGHEST GUST DIRECTION    SW (210)
  AVERAGE WIND SPEED     9.6


SKY COVER
  POSSIBLE SUNSHINE  MM
  AVERAGE SKY COVER 1.0


WEATHER CONDITIONS
 THE FOLLOWING WEATHER WAS RECORDED YESTERDAY.
  LIGHT RAIN
  FOG
  FOG W/VISIBILITY <= 1/4 MILE


RELATIVE HUMIDITY (PERCENT)
 HIGHEST   100           500 AM
 LOWEST     85          1200 AM
 AVERAGE    93

..........................................................


THE IDAHO FALLS ID CLIMATE NORMALS FOR TODAY
                         NORMAL    RECORD    YEAR
 MAXIMUM TEMPERATURE (F)   30        47      1953
 MINIMUM TEMPERATURE (F)   12       -29      1979


SUNRISE AND SUNSET
JANUARY 29 2015.......SUNRISE   748 AM MST   SUNSET   535 PM MST
JANUARY 30 2015.......SUNRISE   747 AM MST   SUNSET   537 PM MST


-  INDICATES NEGATIVE NUMBERS.
R  INDICATES RECORD WAS SET OR TIED.
MM INDICATES DATA IS MISSING.
T  INDICATES TRACE AMOUNT.




$$
