000
CDUS45 KPIH 280731
CLIIDA


CLIMATE REPORT
NATIONAL WEATHER SERVICE POCATELLO ID
129 AM MDT WED JUN 28 2017


...................................

...THE IDAHO FALLS ID CLIMATE SUMMARY FOR JUNE 27 2017...

CLIMATE NORMAL PERIOD 1981 TO 2010
CLIMATE RECORD PERIOD 1948 TO 2017


WEATHER ITEM   OBSERVED TIME   RECORD YEAR NORMAL DEPARTURE LAST
                VALUE   (LST)  VALUE       VALUE  FROM      YEAR
                                                  NORMAL
..................................................................
TEMPERATURE (F)
 YESTERDAY
  MAXIMUM         81    527 PM  97    2015  81      0       92
  MINIMUM         51   1159 PM  34    1976  48      3       42
  AVERAGE         66                        64      2       67

PRECIPITATION (IN)
  YESTERDAY        T             0.71 1967   0.02  -0.02     0.00
  MONTH TO DATE    0.67                      1.04  -0.37     0.05
  SINCE OCT 1      8.96                      8.46   0.50     7.48
  SINCE JAN 1      4.68                      5.89  -1.21     5.16

SNOWFALL (IN)
  YESTERDAY       MM
  MONTH TO DATE   MM
  SINCE JUN 1     MM
  SINCE JUL 1     MM
  SNOW DEPTH      MM

DEGREE DAYS
 HEATING
  YESTERDAY        0                         3     -3        0
  MONTH TO DATE   92                       146    -54       74
  SINCE JUN 1     92                       146    -54       74
  SINCE JUL 1   7621                      7837   -216     7312

 COOLING
  YESTERDAY        1                         2     -1        2
  MONTH TO DATE   38                        22     16       44
  SINCE JUN 1     38                        22     16       44
  SINCE JAN 1     40                        24     16       44
..................................................................


WIND (MPH)
  HIGHEST WIND SPEED    24   HIGHEST WIND DIRECTION     S (200)
  HIGHEST GUST SPEED    32   HIGHEST GUST DIRECTION     S (190)
  AVERAGE WIND SPEED     9.4


SKY COVER
  POSSIBLE SUNSHINE  MM
  AVERAGE SKY COVER 0.4


WEATHER CONDITIONS
 THE FOLLOWING WEATHER WAS RECORDED YESTERDAY.
  THUNDERSTORM
  LIGHT RAIN


RELATIVE HUMIDITY (PERCENT)
 HIGHEST    93           600 AM
 LOWEST     26           400 PM
 AVERAGE    60

..........................................................


THE IDAHO FALLS ID CLIMATE NORMALS FOR TODAY
                         NORMAL    RECORD    YEAR
 MAXIMUM TEMPERATURE (F)   81        97      2015
                                             1966
 MINIMUM TEMPERATURE (F)   48        35      1965


SUNRISE AND SUNSET
JUNE 28 2017..........SUNRISE   550 AM MDT   SUNSET   913 PM MDT
JUNE 29 2017..........SUNRISE   550 AM MDT   SUNSET   913 PM MDT


-  INDICATES NEGATIVE NUMBERS.
R  INDICATES RECORD WAS SET OR TIED.
MM INDICATES DATA IS MISSING.
T  INDICATES TRACE AMOUNT.




$$
