386
CDUS45 KPIH 230737
CLIIDA


CLIMATE REPORT
NATIONAL WEATHER SERVICE POCATELLO ID
133 AM MDT WED AUG 23 2017


...................................

...THE IDAHO FALLS ID CLIMATE SUMMARY FOR AUGUST 22 2017...

CLIMATE NORMAL PERIOD 1981 TO 2010
CLIMATE RECORD PERIOD 1948 TO 2017


WEATHER ITEM   OBSERVED TIME   RECORD YEAR NORMAL DEPARTURE LAST
                VALUE   (LST)  VALUE       VALUE  FROM      YEAR
                                                  NORMAL
..................................................................
TEMPERATURE (F)
 YESTERDAY
  MAXIMUM         90    403 PM  98    1969  84      6       86
  MINIMUM         43    612 AM  36    1954  48     -5       48
  AVERAGE         67                        66      1       67

PRECIPITATION (IN)
  YESTERDAY        0.00          0.53 1960   0.02  -0.02     0.00
  MONTH TO DATE    0.03                      0.35  -0.32     0.09
  SINCE OCT 1     10.37                      9.36   1.01     7.76
  SINCE JAN 1      6.09                      6.79  -0.70     5.44

SNOWFALL (IN)
  YESTERDAY       MM
  MONTH TO DATE   MM
  SINCE JUN 1     MM
  SINCE JUL 1     MM
  SNOW DEPTH      MM

DEGREE DAYS
 HEATING
  YESTERDAY        0                         2     -2        0
  MONTH TO DATE    9                        15     -6       18
  SINCE JUN 1    117                       195    -78      125
  SINCE JUL 1      9                        42    -33       51

 COOLING
  YESTERDAY        2                         2      0        2
  MONTH TO DATE   58                        78    -20       56
  SINCE JUN 1    292                       231     61      232
  SINCE JAN 1    294                       233     61      232
..................................................................


WIND (MPH)
  HIGHEST WIND SPEED    15   HIGHEST WIND DIRECTION     S (200)
  HIGHEST GUST SPEED    20   HIGHEST GUST DIRECTION    SW (210)
  AVERAGE WIND SPEED     4.8


SKY COVER
  POSSIBLE SUNSHINE  MM
  AVERAGE SKY COVER 0.0


WEATHER CONDITIONS
 THE FOLLOWING WEATHER WAS RECORDED YESTERDAY.
  NO SIGNIFICANT WEATHER WAS OBSERVED.


RELATIVE HUMIDITY (PERCENT)
 HIGHEST    83           400 AM
 LOWEST     12           400 PM
 AVERAGE    48

..........................................................


THE IDAHO FALLS ID CLIMATE NORMALS FOR TODAY
                         NORMAL    RECORD    YEAR
 MAXIMUM TEMPERATURE (F)   84        97      1969
 MINIMUM TEMPERATURE (F)   47        36      1985


SUNRISE AND SUNSET
AUGUST 23 2017........SUNRISE   642 AM MDT   SUNSET   818 PM MDT
AUGUST 24 2017........SUNRISE   644 AM MDT   SUNSET   817 PM MDT


-  INDICATES NEGATIVE NUMBERS.
R  INDICATES RECORD WAS SET OR TIED.
MM INDICATES DATA IS MISSING.
T  INDICATES TRACE AMOUNT.




$$
