000
CDUS45 KPIH 192321
CLIIDA


CLIMATE REPORT
NATIONAL WEATHER SERVICE POCATELLO ID
520 PM MDT SAT APR 19 2014


...................................

...THE IDAHO FALLS ID CLIMATE SUMMARY FOR APRIL 19 2014...
VALID TODAY AS OF 0500 PM LOCAL TIME.

CLIMATE NORMAL PERIOD 1981 TO 2010
CLIMATE RECORD PERIOD 1948 TO 2014


WEATHER ITEM   OBSERVED TIME   RECORD YEAR NORMAL DEPARTURE LAST
                VALUE   (LST)  VALUE       VALUE  FROM      YEAR
                                                  NORMAL
..................................................................
TEMPERATURE (F)
 TODAY
  MAXIMUM         67    359 PM  84    1962  59      8       48
  MINIMUM         30    548 AM  15    1982  32     -2       33
  AVERAGE         49                        46      3       41

PRECIPITATION (IN)
  TODAY            0.00          0.59 1984   0.03  -0.03     0.07
  MONTH TO DATE    0.18                      0.64  -0.46     0.27
  SINCE OCT 1      3.77                      5.42  -1.65     3.80
  SINCE JAN 1      2.47                      2.85  -0.38     1.11

SNOWFALL (IN)
  TODAY           MM
  MONTH TO DATE   MM
  SINCE MAR 1     MM
  SINCE JUL 1     MM
  SNOW DEPTH      MM

DEGREE DAYS
 HEATING
  TODAY           16                        20     -4       24
  MONTH TO DATE  390                       413    -23      437
  SINCE MAR 1   1182                      1315   -133     1333
  SINCE JUL 1   6699                      7117   -418     6896

 COOLING
  TODAY            0                         0      0        0
  MONTH TO DATE    0                         0      0        0
  SINCE MAR 1      0                         0      0        0
  SINCE JAN 1      0                         0      0        0
..................................................................


WIND (MPH)
  HIGHEST WIND SPEED    21   HIGHEST WIND DIRECTION    SW (240)
  HIGHEST GUST SPEED    27   HIGHEST GUST DIRECTION    SW (220)
  AVERAGE WIND SPEED     9.2


SKY COVER
  POSSIBLE SUNSHINE  MM
  AVERAGE SKY COVER 0.2


WEATHER CONDITIONS
 THE FOLLOWING WEATHER WAS RECORDED TODAY.
  NO SIGNIFICANT WEATHER WAS OBSERVED.


RELATIVE HUMIDITY (PERCENT)
 HIGHEST    72           600 AM
 LOWEST     15          1200 PM
 AVERAGE    44

..........................................................


THE IDAHO FALLS ID CLIMATE NORMALS FOR TOMORROW
                         NORMAL    RECORD    YEAR
 MAXIMUM TEMPERATURE (F)   59        80      1989
 MINIMUM TEMPERATURE (F)   32        15      1982


SUNRISE AND SUNSET
APRIL 19 2014.........SUNRISE   639 AM MDT   SUNSET   816 PM MDT
APRIL 20 2014.........SUNRISE   637 AM MDT   SUNSET   818 PM MDT


-  INDICATES NEGATIVE NUMBERS.
R  INDICATES RECORD WAS SET OR TIED.
MM INDICATES DATA IS MISSING.
T  INDICATES TRACE AMOUNT.




$$
