000
CDUS45 KPIH 232324
CLIIDA


CLIMATE REPORT
NATIONAL WEATHER SERVICE POCATELLO ID
522 PM MDT MON OCT 23 2017


...................................

...THE IDAHO FALLS ID CLIMATE SUMMARY FOR OCTOBER 23 2017...
VALID TODAY AS OF 0500 PM LOCAL TIME.

CLIMATE NORMAL PERIOD 1981 TO 2010
CLIMATE RECORD PERIOD 1948 TO 2017


WEATHER ITEM   OBSERVED TIME   RECORD YEAR NORMAL DEPARTURE LAST
                VALUE   (LST)  VALUE       VALUE  FROM      YEAR
                                                  NORMAL
..................................................................
TEMPERATURE (F)
 TODAY
  MAXIMUM         55    359 PM  71    1952  56     -1       66
  MINIMUM         32    446 AM  16    1980  29      3       33
  AVERAGE         44                        43      1       50

PRECIPITATION (IN)
  TODAY            0.00          0.39 2004   0.02  -0.02     0.00
  MONTH TO DATE    0.88                      0.62   0.26     1.56
  SINCE OCT 1      0.88                      0.62   0.26     1.56
  SINCE JAN 1      9.87                      8.44   1.43     8.78

SNOWFALL (IN)
  TODAY           MM
  MONTH TO DATE   MM
  SINCE SEP 1     MM
  SINCE JUL 1     MM
  SNOW DEPTH      MM

DEGREE DAYS
 HEATING
  TODAY           21                        22     -1       15
  MONTH TO DATE  516                       422     94      419
  SINCE SEP 1    791                       665    126      659
  SINCE JUL 1    800                       730     70      736

 COOLING
  TODAY            0                         0      0        0
  MONTH TO DATE    0                         0      0        0
  SINCE SEP 1     40                        12     28       16
  SINCE JAN 1    362                       264     98      260
..................................................................


WIND (MPH)
  HIGHEST WIND SPEED    14   HIGHEST WIND DIRECTION    SW (220)
  HIGHEST GUST SPEED    16   HIGHEST GUST DIRECTION    SW (230)
  AVERAGE WIND SPEED     5.4


SKY COVER
  POSSIBLE SUNSHINE  MM
  AVERAGE SKY COVER 0.3


WEATHER CONDITIONS
 THE FOLLOWING WEATHER WAS RECORDED TODAY.
  FOG


RELATIVE HUMIDITY (PERCENT)
 HIGHEST   100           300 AM
 LOWEST     41           400 PM
 AVERAGE    71

..........................................................


THE IDAHO FALLS ID CLIMATE NORMALS FOR TOMORROW
                         NORMAL    RECORD    YEAR
 MAXIMUM TEMPERATURE (F)   56        74      1992
 MINIMUM TEMPERATURE (F)   29        16      1980


SUNRISE AND SUNSET
OCTOBER 23 2017.......SUNRISE   753 AM MDT   SUNSET   632 PM MDT
OCTOBER 24 2017.......SUNRISE   754 AM MDT   SUNSET   630 PM MDT


-  INDICATES NEGATIVE NUMBERS.
R  INDICATES RECORD WAS SET OR TIED.
MM INDICATES DATA IS MISSING.
T  INDICATES TRACE AMOUNT.




$$
