000
CDUS45 KPIH 222327
CLIIDA


CLIMATE REPORT
NATIONAL WEATHER SERVICE POCATELLO ID
424 PM MST MON JAN 22 2018


...................................

...THE IDAHO FALLS ID CLIMATE SUMMARY FOR JANUARY 22 2018...
VALID TODAY AS OF 0400 PM LOCAL TIME.

CLIMATE NORMAL PERIOD 1981 TO 2010
CLIMATE RECORD PERIOD 1948 TO 2018


WEATHER ITEM   OBSERVED TIME   RECORD YEAR NORMAL DEPARTURE LAST
                VALUE   (LST)  VALUE       VALUE  FROM      YEAR
                                                  NORMAL
..................................................................
TEMPERATURE (F)
 TODAY
  MAXIMUM         30   1244 PM  50    1981  29      1       35
  MINIMUM         19    425 AM -27    1962  12      7       17
  AVERAGE         25                        20      5       26

PRECIPITATION (IN)
  TODAY            0.01          0.14 2010   0.02  -0.01     0.08
  MONTH TO DATE    0.47                      0.52  -0.05     0.81
  SINCE OCT 1      2.40                      3.09  -0.69     5.09
  SINCE JAN 1      0.47                      0.52  -0.05     0.81

SNOWFALL (IN)
  TODAY           MM
  MONTH TO DATE   MM
  SINCE DEC 1     MM
  SINCE JUL 1     MM
  SNOW DEPTH      MM

DEGREE DAYS
 HEATING
  TODAY           40                        45     -5       39
  MONTH TO DATE  804                       990   -186     1173
  SINCE DEC 1   2170                      2360   -190     2702
  SINCE JUL 1   3994                      4263   -269     4320

 COOLING
  TODAY            0                         0      0        0
  MONTH TO DATE    0                         0      0        0
  SINCE DEC 1      0                         0      0        0
  SINCE JAN 1      0                         0      0        0
..................................................................


WIND (MPH)
  HIGHEST WIND SPEED    15   HIGHEST WIND DIRECTION     S (190)
  HIGHEST GUST SPEED    18   HIGHEST GUST DIRECTION     S (180)
  AVERAGE WIND SPEED     5.2


SKY COVER
  POSSIBLE SUNSHINE  MM
  AVERAGE SKY COVER 0.8


WEATHER CONDITIONS
 THE FOLLOWING WEATHER WAS RECORDED TODAY.
  LIGHT SNOW
  FOG
  HAZE


RELATIVE HUMIDITY (PERCENT)
 HIGHEST    92           200 AM
 LOWEST     74          1200 AM
 AVERAGE    83

..........................................................


THE IDAHO FALLS ID CLIMATE NORMALS FOR TOMORROW
                         NORMAL    RECORD    YEAR
 MAXIMUM TEMPERATURE (F)   29        52      1970
 MINIMUM TEMPERATURE (F)   12       -29      1962


SUNRISE AND SUNSET
JANUARY 22 2018.......SUNRISE   754 AM MST   SUNSET   527 PM MST
JANUARY 23 2018.......SUNRISE   753 AM MST   SUNSET   528 PM MST


-  INDICATES NEGATIVE NUMBERS.
R  INDICATES RECORD WAS SET OR TIED.
MM INDICATES DATA IS MISSING.
T  INDICATES TRACE AMOUNT.




$$
