000
CDUS45 KPIH 280736
CLIIDA


CLIMATE REPORT
NATIONAL WEATHER SERVICE POCATELLO ID
135 AM MDT THU AUG 28 2014


...................................

...THE IDAHO FALLS ID CLIMATE SUMMARY FOR AUGUST 27 2014...

CLIMATE NORMAL PERIOD 1981 TO 2010
CLIMATE RECORD PERIOD 1948 TO 2014


WEATHER ITEM   OBSERVED TIME   RECORD YEAR NORMAL DEPARTURE LAST
                VALUE   (LST)  VALUE       VALUE  FROM      YEAR
                                                  NORMAL
..................................................................
TEMPERATURE (F)
 YESTERDAY
  MAXIMUM         81    439 PM  93    1981  83     -2       84
  MINIMUM         43    531 AM  33    1993  46     -3       54
  AVERAGE         62                        65     -3       69

PRECIPITATION (IN)
  YESTERDAY        0.00          0.63 1991   0.02  -0.02     0.00
  MONTH TO DATE    2.29                      0.45   1.84     0.24
  SINCE OCT 1      7.54                      9.46  -1.92     5.36
  SINCE JAN 1      6.24                      6.89  -0.65     2.67

SNOWFALL (IN)
  YESTERDAY       MM
  MONTH TO DATE   MM
  SINCE JUN 1     MM
  SINCE JUL 1     MM
  SNOW DEPTH      MM

DEGREE DAYS
 HEATING
  YESTERDAY        3                         2      1        0
  MONTH TO DATE   46                        25     21        0
  SINCE JUN 1    176                       205    -29      100
  SINCE JUL 1     48                        52     -4        0

 COOLING
  YESTERDAY        0                         2     -2        4
  MONTH TO DATE   76                        88    -12      146
  SINCE JUN 1    278                       241     37      433
  SINCE JAN 1    279                       243     36      437
..................................................................


WIND (MPH)
  HIGHEST WIND SPEED    15   HIGHEST WIND DIRECTION     S (190)
  HIGHEST GUST SPEED    19   HIGHEST GUST DIRECTION    SW (210)
  AVERAGE WIND SPEED     6.1


SKY COVER
  POSSIBLE SUNSHINE  MM
  AVERAGE SKY COVER 0.2


WEATHER CONDITIONS
 THE FOLLOWING WEATHER WAS RECORDED YESTERDAY.
  FOG


RELATIVE HUMIDITY (PERCENT)
 HIGHEST   100           600 AM
 LOWEST     23           400 PM
 AVERAGE    62

..........................................................


THE IDAHO FALLS ID CLIMATE NORMALS FOR TODAY
                         NORMAL    RECORD    YEAR
 MAXIMUM TEMPERATURE (F)   82        94      2012
 MINIMUM TEMPERATURE (F)   46        33      1960


SUNRISE AND SUNSET
AUGUST 28 2014........SUNRISE   648 AM MDT   SUNSET   810 PM MDT
AUGUST 29 2014........SUNRISE   649 AM MDT   SUNSET   809 PM MDT


-  INDICATES NEGATIVE NUMBERS.
R  INDICATES RECORD WAS SET OR TIED.
MM INDICATES DATA IS MISSING.
T  INDICATES TRACE AMOUNT.




$$
