000
CDUS45 KPIH 300734
CLIIDA


CLIMATE REPORT
NATIONAL WEATHER SERVICE POCATELLO ID
134 AM MDT THU OCT 30 2014


...................................

...THE IDAHO FALLS ID CLIMATE SUMMARY FOR OCTOBER 29 2014...

CLIMATE NORMAL PERIOD 1981 TO 2010
CLIMATE RECORD PERIOD 1948 TO 2014


WEATHER ITEM   OBSERVED TIME   RECORD YEAR NORMAL DEPARTURE LAST
                VALUE   (LST)  VALUE       VALUE  FROM      YEAR
                                                  NORMAL
..................................................................
TEMPERATURE (F)
 YESTERDAY
  MAXIMUM         61    308 PM  72    1968  53      8       43
  MINIMUM         22    236 AM  12    1971  28     -6       32
  AVERAGE         42                        40      2       38

PRECIPITATION (IN)
  YESTERDAY        0.00          0.23 1992   0.03  -0.03      T
  MONTH TO DATE    0.05                      0.78  -0.73     0.86
  SINCE OCT 1      0.05                      0.78  -0.73     0.86
  SINCE JAN 1      8.88                      8.60   0.28     5.88

SNOWFALL (IN)
  YESTERDAY       MM
  MONTH TO DATE   MM
  SINCE SEP 1     MM
  SINCE JUL 1     MM
  SNOW DEPTH      MM

DEGREE DAYS
 HEATING
  YESTERDAY       23                        24     -1       27
  MONTH TO DATE  436                       563   -127      616
  SINCE SEP 1    593                       806   -213      775
  SINCE JUL 1    648                       871   -223      775

 COOLING
  YESTERDAY        0                         0      0        0
  MONTH TO DATE    0                         0      0        0
  SINCE SEP 1     21                        12      9       50
  SINCE JAN 1    303                       264     39      510
..................................................................


WIND (MPH)
  HIGHEST WIND SPEED    21   HIGHEST WIND DIRECTION    SW (220)
  HIGHEST GUST SPEED    25   HIGHEST GUST DIRECTION    SW (210)
  AVERAGE WIND SPEED     6.6


SKY COVER
  POSSIBLE SUNSHINE  MM
  AVERAGE SKY COVER 0.4


WEATHER CONDITIONS
 THE FOLLOWING WEATHER WAS RECORDED YESTERDAY.
  NO SIGNIFICANT WEATHER WAS OBSERVED.


RELATIVE HUMIDITY (PERCENT)
 HIGHEST    81           300 AM
 LOWEST     32           100 PM
 AVERAGE    57

..........................................................


THE IDAHO FALLS ID CLIMATE NORMALS FOR TODAY
                         NORMAL    RECORD    YEAR
 MAXIMUM TEMPERATURE (F)   53        68      2008
                                             1962
 MINIMUM TEMPERATURE (F)   28         8      1991


SUNRISE AND SUNSET
OCTOBER 30 2014.......SUNRISE   801 AM MDT   SUNSET   622 PM MDT
OCTOBER 31 2014.......SUNRISE   803 AM MDT   SUNSET   621 PM MDT


-  INDICATES NEGATIVE NUMBERS.
R  INDICATES RECORD WAS SET OR TIED.
MM INDICATES DATA IS MISSING.
T  INDICATES TRACE AMOUNT.




$$
