000
CDUS45 KPIH 070743
CLIIDA


CLIMATE REPORT
NATIONAL WEATHER SERVICE POCATELLO ID
1239 AM MST WED DEC 7 2016


...................................

...THE IDAHO FALLS ID CLIMATE SUMMARY FOR DECEMBER 6 2016...

CLIMATE NORMAL PERIOD 1981 TO 2010
CLIMATE RECORD PERIOD 1948 TO 2016


WEATHER ITEM   OBSERVED TIME   RECORD YEAR NORMAL DEPARTURE LAST
                VALUE   (LST)  VALUE       VALUE  FROM      YEAR
                                                  NORMAL
..................................................................
TEMPERATURE (F)
 YESTERDAY
  MAXIMUM         21    330 PM  55    1987  31    -10       39
  MINIMUM          4    700 AM -16    1972  14    -10       17
  AVERAGE         13                        23    -10       28

PRECIPITATION (IN)
  YESTERDAY        T             0.28 1953   0.03  -0.03     0.00
  MONTH TO DATE    0.03                      0.19  -0.16     0.00
  SINCE OCT 1      2.98                      1.89   1.09     1.93
  SINCE JAN 1     10.20                      9.71   0.49    10.01

SNOWFALL (IN)
  YESTERDAY       MM
  MONTH TO DATE   MM
  SINCE DEC 1     MM
  SINCE JUL 1     MM
  SNOW DEPTH      MM

DEGREE DAYS
 HEATING
  YESTERDAY       52                        42     10       37
  MONTH TO DATE  252                       248      4      259
  SINCE DEC 1    252                       248      4      259
  SINCE JUL 1   1870                      2151   -281     1959

 COOLING
  YESTERDAY        0                         0      0        0
  MONTH TO DATE    0                         0      0        0
  SINCE DEC 1      0                         0      0        0
  SINCE JAN 1    260                       264     -4      326
..................................................................


WIND (MPH)
  HIGHEST WIND SPEED    16   HIGHEST WIND DIRECTION    NW (320)
  HIGHEST GUST SPEED    21   HIGHEST GUST DIRECTION    NW (320)
  AVERAGE WIND SPEED     5.8


SKY COVER
  POSSIBLE SUNSHINE  MM
  AVERAGE SKY COVER 0.6


WEATHER CONDITIONS
 THE FOLLOWING WEATHER WAS RECORDED YESTERDAY.
  LIGHT SNOW
  HAZE


RELATIVE HUMIDITY (PERCENT)
 HIGHEST    86           500 AM
 LOWEST     54           100 PM
 AVERAGE    70

..........................................................


THE IDAHO FALLS ID CLIMATE NORMALS FOR TODAY
                         NORMAL    RECORD    YEAR
 MAXIMUM TEMPERATURE (F)   31        48      1981
 MINIMUM TEMPERATURE (F)   14       -14      1972


SUNRISE AND SUNSET
DECEMBER  7 2016......SUNRISE   748 AM MST   SUNSET   452 PM MST
DECEMBER  8 2016......SUNRISE   749 AM MST   SUNSET   452 PM MST


-  INDICATES NEGATIVE NUMBERS.
R  INDICATES RECORD WAS SET OR TIED.
MM INDICATES DATA IS MISSING.
T  INDICATES TRACE AMOUNT.




$$
