000
CDUS43 KUNR 250833
CLIIEN


CLIMATE REPORT
NATIONAL WEATHER SERVICE RAPID CITY SD
132 AM MST SUN JAN 25 2015


...................................

...THE PINE RIDGE SD CLIMATE SUMMARY FOR JANUARY 24 2015...

CLIMATE NORMAL PERIOD 1981 TO 2010
CLIMATE RECORD PERIOD 9999 TO 9999


WEATHER ITEM   OBSERVED TIME   NORMAL DEPARTURE LAST
                VALUE   (LST)  VALUE  FROM      YEAR
                                      NORMAL
......................................................
TEMPERATURE (F)
 YESTERDAY
  MAXIMUM         51    224 PM  37     14       53
  MINIMUM         29   1159 PM  10     19       25
  AVERAGE         40            24     16       39

PRECIPITATION (IN)
  YESTERDAY        0.10          0.01   0.09     0.00
  MONTH TO DATE    0.17          0.22  -0.05     0.06
  SINCE DEC 1      0.72          0.57   0.15     0.29
  SINCE JAN 1      0.17          0.22  -0.05     0.06

DEGREE DAYS
 HEATING
  YESTERDAY       25            41    -16       26
  MONTH TO DATE 1026           999     27      902
  SINCE DEC 1   2212          2299    -87     2178
  SINCE JUL 1   4011          3989     22     3893

 COOLING
  YESTERDAY        0             0      0        0
  MONTH TO DATE    0             0      0        0
  SINCE DEC 1      0             0      0        0
  SINCE JAN 1      0             0      0        0
......................................................


WIND (MPH)
  HIGHEST WIND SPEED    24   HIGHEST WIND DIRECTION     W (270)
  HIGHEST GUST SPEED    34   HIGHEST GUST DIRECTION     W (270)
  AVERAGE WIND SPEED    11.8


SKY COVER
  AVERAGE SKY COVER 0.5


WEATHER CONDITIONS
 THE FOLLOWING WEATHER WAS RECORDED YESTERDAY.
  THUNDERSTORM
  LIGHT RAIN


RELATIVE HUMIDITY (PERCENT)
 HIGHEST    82           700 PM
 LOWEST     49          1000 AM
 AVERAGE    66

..........................................................




SUNRISE AND SUNSET
JANUARY 25 2015.......SUNRISE   712 AM MST   SUNSET   453 PM MST
JANUARY 26 2015.......SUNRISE   711 AM MST   SUNSET   454 PM MST


-  INDICATES NEGATIVE NUMBERS.
R  INDICATES RECORD WAS SET OR TIED.
MM INDICATES DATA IS MISSING.
T  INDICATES TRACE AMOUNT.




$$
