000
CDUS43 KUNR 150841
CLIIEN


CLIMATE REPORT
NATIONAL WEATHER SERVICE RAPID CITY SD
238 AM MDT MON SEP 15 2014


...................................

...THE PINE RIDGE SD CLIMATE SUMMARY FOR SEPTEMBER 14 2014...

CLIMATE NORMAL PERIOD 1981 TO 2010
CLIMATE RECORD PERIOD 9999 TO 9999


WEATHER ITEM   OBSERVED TIME   NORMAL DEPARTURE LAST
                VALUE   (LST)  VALUE  FROM      YEAR
                                      NORMAL
......................................................
TEMPERATURE (F)
 YESTERDAY
  MAXIMUM         62    312 PM  79    -17       85
  MINIMUM         35   1159 PM  45    -10       60
  AVERAGE         49            62    -13       73

PRECIPITATION (IN)
  YESTERDAY        0.00          0.06  -0.06      T
  MONTH TO DATE    0.41          0.79  -0.38     0.05
  SINCE SEP 1      0.41          0.79  -0.38     0.05
  SINCE JAN 1     18.64         14.58   4.06    14.32

DEGREE DAYS
 HEATING
  YESTERDAY       16             5     11        0
  MONTH TO DATE  123            53     70        2
  SINCE SEP 1    123            53     70        2
  SINCE JUL 1    167            90     77        4

 COOLING
  YESTERDAY        0             2     -2        8
  MONTH TO DATE   19            49    -30      111
  SINCE SEP 1     19            49    -30      111
  SINCE JAN 1    437           697   -260      763
......................................................


WIND (MPH)
  HIGHEST WIND SPEED    18   HIGHEST WIND DIRECTION    NE (50)
  HIGHEST GUST SPEED    23   HIGHEST GUST DIRECTION    NE (60)
  AVERAGE WIND SPEED     8.1


SKY COVER
  AVERAGE SKY COVER 0.4


WEATHER CONDITIONS
 THE FOLLOWING WEATHER WAS RECORDED YESTERDAY.
  NO SIGNIFICANT WEATHER WAS OBSERVED.


RELATIVE HUMIDITY (PERCENT)
 HIGHEST   100          1100 PM
 LOWEST     55           100 PM
 AVERAGE    78

..........................................................




SUNRISE AND SUNSET
SEPTEMBER 15 2014.....SUNRISE   630 AM MDT   SUNSET   700 PM MDT
SEPTEMBER 16 2014.....SUNRISE   631 AM MDT   SUNSET   658 PM MDT


-  INDICATES NEGATIVE NUMBERS.
R  INDICATES RECORD WAS SET OR TIED.
MM INDICATES DATA IS MISSING.
T  INDICATES TRACE AMOUNT.




$$
