092
CDUS43 KUNR 230834
CLIIEN


CLIMATE REPORT
NATIONAL WEATHER SERVICE RAPID CITY SD
234 AM MDT SUN APR 23 2017


...................................

...THE PINE RIDGE SD CLIMATE SUMMARY FOR APRIL 22 2017...

CLIMATE NORMAL PERIOD 1981 TO 2010
CLIMATE RECORD PERIOD 9999 TO 9999


WEATHER ITEM   OBSERVED TIME   NORMAL DEPARTURE LAST
                VALUE   (LST)  VALUE  FROM      YEAR
                                      NORMAL
......................................................
TEMPERATURE (F)
 YESTERDAY
  MAXIMUM         66    329 PM  62      4       78
  MINIMUM         35    504 AM  33      2       41
  AVERAGE         51            47      4       60

PRECIPITATION (IN)
  YESTERDAY        0.00          0.07  -0.07     0.00
  MONTH TO DATE    1.48          1.33   0.15     2.26
  SINCE MAR 1      3.33          2.20   1.13     3.64
  SINCE JAN 1      4.47          2.99   1.48     4.14

DEGREE DAYS
 HEATING
  YESTERDAY       14            18     -4        5
  MONTH TO DATE  333           454   -121      363
  SINCE MAR 1   1024          1342   -318     1100
  SINCE JUL 1   6190          6692   -502     5969

 COOLING
  YESTERDAY        0             0      0        0
  MONTH TO DATE    1             0      1        0
  SINCE MAR 1      1             0      1        0
  SINCE JAN 1      1             0      1        0
......................................................


WIND (MPH)
  HIGHEST WIND SPEED    17   HIGHEST WIND DIRECTION     S (180)
  HIGHEST GUST SPEED    23   HIGHEST GUST DIRECTION     S (190)
  AVERAGE WIND SPEED     8.6


SKY COVER
  AVERAGE SKY COVER 0.0


WEATHER CONDITIONS
 THE FOLLOWING WEATHER WAS RECORDED YESTERDAY.
  NO SIGNIFICANT WEATHER WAS OBSERVED.


RELATIVE HUMIDITY (PERCENT)
 HIGHEST    85           600 AM
 LOWEST     28           400 PM
 AVERAGE    57

..........................................................




SUNRISE AND SUNSET
APRIL 23 2017.........SUNRISE   555 AM MDT   SUNSET   742 PM MDT
APRIL 24 2017.........SUNRISE   554 AM MDT   SUNSET   743 PM MDT


-  INDICATES NEGATIVE NUMBERS.
R  INDICATES RECORD WAS SET OR TIED.
MM INDICATES DATA IS MISSING.
T  INDICATES TRACE AMOUNT.




$$
