000
CDUS43 KUNR 230834
CLIIEN


CLIMATE REPORT
NATIONAL WEATHER SERVICE RAPID CITY SD
233 AM MDT SAT SEP 23 2017


...................................

...THE PINE RIDGE SD CLIMATE SUMMARY FOR SEPTEMBER 22 2017...

CLIMATE NORMAL PERIOD 1981 TO 2010
CLIMATE RECORD PERIOD 9999 TO 9999


WEATHER ITEM   OBSERVED TIME   NORMAL DEPARTURE LAST
                VALUE   (LST)  VALUE  FROM      YEAR
                                      NORMAL
......................................................
TEMPERATURE (F)
 YESTERDAY
  MAXIMUM         70    236 PM  75     -5       MM
  MINIMUM         44   1145 PM  42      2       MM
  AVERAGE         57            58     -1       MM

PRECIPITATION (IN)
  YESTERDAY        T             0.07  -0.07     0.00
  MONTH TO DATE    0.49          1.24  -0.75     0.67
  SINCE SEP 1      0.49          1.24  -0.75     0.67
  SINCE JAN 1     13.66         15.03  -1.37    13.59

DEGREE DAYS
 HEATING
  YESTERDAY        8             8      0       MM
  MONTH TO DATE   71           108    -37       86
  SINCE SEP 1     71           108    -37       86
  SINCE JUL 1     83           145    -62      119

 COOLING
  YESTERDAY        0             1     -1       MM
  MONTH TO DATE   98            61     37       49
  SINCE SEP 1     98            61     37       49
  SINCE JAN 1    771           709     62      761
......................................................


WIND (MPH)
  HIGHEST WIND SPEED    18   HIGHEST WIND DIRECTION     N (10)
  HIGHEST GUST SPEED    24   HIGHEST GUST DIRECTION    NW (310)
  AVERAGE WIND SPEED    10.0


SKY COVER
  AVERAGE SKY COVER 0.3


WEATHER CONDITIONS
 THE FOLLOWING WEATHER WAS RECORDED YESTERDAY.
  LIGHT RAIN


RELATIVE HUMIDITY (PERCENT)
 HIGHEST    80           500 AM
 LOWEST     37           300 PM
 AVERAGE    59

..........................................................




SUNRISE AND SUNSET
SEPTEMBER 23 2017.....SUNRISE   639 AM MDT   SUNSET   645 PM MDT
SEPTEMBER 24 2017.....SUNRISE   640 AM MDT   SUNSET   643 PM MDT


-  INDICATES NEGATIVE NUMBERS.
R  INDICATES RECORD WAS SET OR TIED.
MM INDICATES DATA IS MISSING.
T  INDICATES TRACE AMOUNT.




$$
