000
CDUS43 KUNR 260833
CLIIEN


CLIMATE REPORT
NATIONAL WEATHER SERVICE RAPID CITY SD
232 AM MDT FRI AUG 26 2016


...................................

...THE PINE RIDGE SD CLIMATE SUMMARY FOR AUGUST 25 2016...

CLIMATE NORMAL PERIOD 1981 TO 2010
CLIMATE RECORD PERIOD 9999 TO 9999


WEATHER ITEM   OBSERVED TIME   NORMAL DEPARTURE LAST
                VALUE   (LST)  VALUE  FROM      YEAR
                                      NORMAL
......................................................
TEMPERATURE (F)
 YESTERDAY
  MAXIMUM         67    412 PM  86    -19       93
  MINIMUM         50    433 AM  53     -3       45
  AVERAGE         59            70    -11       69

PRECIPITATION (IN)
  YESTERDAY        0.04          0.04   0.00     0.00
  MONTH TO DATE    2.23          1.56   0.67     0.22
  SINCE JUN 1      6.30          7.26  -0.96     6.63
  SINCE JAN 1     12.38         13.50  -1.12    16.31

DEGREE DAYS
 HEATING
  YESTERDAY        6             1      5        0
  MONTH TO DATE   28            13     15       41
  SINCE JUN 1     56           112    -56       59
  SINCE JUL 1     30            25      5       49

 COOLING
  YESTERDAY        0             6     -6        4
  MONTH TO DATE  164           209    -45      140
  SINCE JUN 1    673           600     73      457
  SINCE JAN 1    681           617     64      457
......................................................


WIND (MPH)
  HIGHEST WIND SPEED     9   HIGHEST WIND DIRECTION     E (70)
  HIGHEST GUST SPEED    12   HIGHEST GUST DIRECTION    NE (60)
  AVERAGE WIND SPEED     3.4


SKY COVER
  AVERAGE SKY COVER 0.8


WEATHER CONDITIONS
 THE FOLLOWING WEATHER WAS RECORDED YESTERDAY.
  LIGHT RAIN
  FOG


RELATIVE HUMIDITY (PERCENT)
 HIGHEST    93          1200 AM
 LOWEST     52           300 PM
 AVERAGE    73

..........................................................




SUNRISE AND SUNSET
AUGUST 26 2016........SUNRISE   609 AM MDT   SUNSET   734 PM MDT
AUGUST 27 2016........SUNRISE   610 AM MDT   SUNSET   732 PM MDT


-  INDICATES NEGATIVE NUMBERS.
R  INDICATES RECORD WAS SET OR TIED.
MM INDICATES DATA IS MISSING.
T  INDICATES TRACE AMOUNT.




$$
