869
CDUS43 KUNR 250831
CLIIEN


CLIMATE REPORT
NATIONAL WEATHER SERVICE RAPID CITY SD
231 AM MDT SUN SEP 25 2016


...................................

...THE PINE RIDGE SD CLIMATE SUMMARY FOR SEPTEMBER 24 2016...

CLIMATE NORMAL PERIOD 1981 TO 2010
CLIMATE RECORD PERIOD 9999 TO 9999


WEATHER ITEM   OBSERVED TIME   NORMAL DEPARTURE LAST
                VALUE   (LST)  VALUE  FROM      YEAR
                                      NORMAL
......................................................
TEMPERATURE (F)
 YESTERDAY
  MAXIMUM         71    103 PM  74     -3       77
  MINIMUM         47    608 AM  41      6       45
  AVERAGE         59            57      2       61

PRECIPITATION (IN)
  YESTERDAY        0.00          0.04  -0.04     0.00
  MONTH TO DATE    0.68          1.34  -0.66     0.37
  SINCE SEP 1      0.68          1.34  -0.66     0.37
  SINCE JAN 1     13.60         15.13  -1.53    16.68

DEGREE DAYS
 HEATING
  YESTERDAY        6             9     -3        4
  MONTH TO DATE   92           125    -33       72
  SINCE SEP 1     92           125    -33       72
  SINCE JUL 1    125           162    -37      122

 COOLING
  YESTERDAY        0             1     -1        0
  MONTH TO DATE   52            63    -11      100
  SINCE SEP 1     52            63    -11      100
  SINCE JAN 1    764           711     53      605
......................................................


WIND (MPH)
  HIGHEST WIND SPEED    32   HIGHEST WIND DIRECTION     W (280)
  HIGHEST GUST SPEED    43   HIGHEST GUST DIRECTION     W (280)
  AVERAGE WIND SPEED    17.4


SKY COVER
  AVERAGE SKY COVER 0.3


WEATHER CONDITIONS
 THE FOLLOWING WEATHER WAS RECORDED YESTERDAY.
  HAZE


RELATIVE HUMIDITY (PERCENT)
 HIGHEST    93           200 AM
 LOWEST     35           100 PM
 AVERAGE    64

..........................................................




SUNRISE AND SUNSET
SEPTEMBER 25 2016.....SUNRISE   641 AM MDT   SUNSET   641 PM MDT
SEPTEMBER 26 2016.....SUNRISE   642 AM MDT   SUNSET   639 PM MDT


-  INDICATES NEGATIVE NUMBERS.
R  INDICATES RECORD WAS SET OR TIED.
MM INDICATES DATA IS MISSING.
T  INDICATES TRACE AMOUNT.




$$
