000
CDUS43 KUNR 220836
CLIIEN


CLIMATE REPORT
NATIONAL WEATHER SERVICE RAPID CITY SD
235 AM MDT TUE APR 22 2014


...................................

...THE PINE RIDGE SD CLIMATE SUMMARY FOR APRIL 21 2014...

CLIMATE NORMAL PERIOD 1981 TO 2010
CLIMATE RECORD PERIOD 9999 TO 9999


WEATHER ITEM   OBSERVED TIME   NORMAL DEPARTURE LAST
                VALUE   (LST)  VALUE  FROM      YEAR
                                      NORMAL
......................................................
TEMPERATURE (F)
 YESTERDAY
  MAXIMUM         68    424 PM  62      6       55
  MINIMUM         30    521 AM  33     -3       33
  AVERAGE         49            47      2       44

PRECIPITATION (IN)
  YESTERDAY        0.00          0.07  -0.07     0.47
  MONTH TO DATE    0.78          1.26  -0.48     0.82
  SINCE MAR 1      1.12          2.13  -1.01     1.13
  SINCE JAN 1      1.39          2.92  -1.53     2.07

DEGREE DAYS
 HEATING
  YESTERDAY       16            18     -2       21
  MONTH TO DATE  475           436     39      604
  SINCE MAR 1   1408          1324     84     1505
  SINCE JUL 1   6890          6674    216     6606

 COOLING
  YESTERDAY        0             0      0        0
  MONTH TO DATE    0             0      0        0
  SINCE MAR 1      0             0      0        0
  SINCE JAN 1      0             0      0        0
......................................................


WIND (MPH)
  HIGHEST WIND SPEED    18   HIGHEST WIND DIRECTION    SE (150)
  HIGHEST GUST SPEED    27   HIGHEST GUST DIRECTION     S (160)
  AVERAGE WIND SPEED     4.4


SKY COVER
  AVERAGE SKY COVER 0.1


WEATHER CONDITIONS
 THE FOLLOWING WEATHER WAS RECORDED YESTERDAY.
  NO SIGNIFICANT WEATHER WAS OBSERVED.


RELATIVE HUMIDITY (PERCENT)
 HIGHEST    85           500 AM
 LOWEST     17           400 PM
 AVERAGE    51

..........................................................




SUNRISE AND SUNSET
APRIL 22 2014.........SUNRISE   557 AM MDT   SUNSET   741 PM MDT
APRIL 23 2014.........SUNRISE   556 AM MDT   SUNSET   742 PM MDT


-  INDICATES NEGATIVE NUMBERS.
R  INDICATES RECORD WAS SET OR TIED.
MM INDICATES DATA IS MISSING.
T  INDICATES TRACE AMOUNT.




$$
