000
CDUS43 KUNR 060831
CLIIEN


CLIMATE REPORT
NATIONAL WEATHER SERVICE RAPID CITY SD
231 AM MDT FRI MAY 6 2016


...................................

...THE PINE RIDGE SD CLIMATE SUMMARY FOR MAY 5 2016...

CLIMATE NORMAL PERIOD 1981 TO 2010
CLIMATE RECORD PERIOD 9999 TO 9999


WEATHER ITEM   OBSERVED TIME   NORMAL DEPARTURE LAST
                VALUE   (LST)  VALUE  FROM      YEAR
                                      NORMAL
......................................................
TEMPERATURE (F)
 YESTERDAY
  MAXIMUM         86    256 PM  66     20       63
  MINIMUM         49    429 AM  37     12       38
  AVERAGE         68            52     16       51

PRECIPITATION (IN)
  YESTERDAY        0.00          0.10  -0.10      T
  MONTH TO DATE    0.01          0.50  -0.49     0.01
  SINCE MAR 1      4.86          3.28   1.58     2.07
  SINCE JAN 1      5.36          4.07   1.29     2.53

DEGREE DAYS
 HEATING
  YESTERDAY        0            13    -13       14
  MONTH TO DATE   67            70     -3       53
  SINCE MAR 1   1330          1540   -210     1313
  SINCE JUL 1   6199          6890   -691     6523

 COOLING
  YESTERDAY        3             0      3        0
  MONTH TO DATE    3             0      3        0
  SINCE MAR 1      4             0      4        0
  SINCE JAN 1      4             0      4        0
......................................................


WIND (MPH)
  HIGHEST WIND SPEED    21   HIGHEST WIND DIRECTION     S (190)
  HIGHEST GUST SPEED    27   HIGHEST GUST DIRECTION     S (190)
  AVERAGE WIND SPEED     9.2


SKY COVER
  AVERAGE SKY COVER 0.0


WEATHER CONDITIONS
 THE FOLLOWING WEATHER WAS RECORDED YESTERDAY.
  NO SIGNIFICANT WEATHER WAS OBSERVED.


RELATIVE HUMIDITY (PERCENT)
 HIGHEST    66           500 AM
 LOWEST     15           300 PM
 AVERAGE    41

..........................................................




SUNRISE AND SUNSET
MAY  6 2016...........SUNRISE   537 AM MDT   SUNSET   757 PM MDT
MAY  7 2016...........SUNRISE   535 AM MDT   SUNSET   759 PM MDT


-  INDICATES NEGATIVE NUMBERS.
R  INDICATES RECORD WAS SET OR TIED.
MM INDICATES DATA IS MISSING.
T  INDICATES TRACE AMOUNT.




$$
