000
CDUS43 KUNR 200836
CLIIEN


CLIMATE REPORT
NATIONAL WEATHER SERVICE RAPID CITY SD
135 AM MST SAT JAN 20 2018


...................................

...THE PINE RIDGE SD CLIMATE SUMMARY FOR JANUARY 19 2018...

CLIMATE NORMAL PERIOD 1981 TO 2010
CLIMATE RECORD PERIOD 9999 TO 9999


WEATHER ITEM   OBSERVED TIME   NORMAL DEPARTURE LAST
                VALUE   (LST)  VALUE  FROM      YEAR
                                      NORMAL
......................................................
TEMPERATURE (F)
 YESTERDAY
  MAXIMUM         54   1108 AM  37     17       42
  MINIMUM         24   1149 PM  10     14       21
  AVERAGE         39            24     15       32

PRECIPITATION (IN)
  YESTERDAY        0.00          0.01  -0.01     0.00
  MONTH TO DATE    0.07          0.16  -0.09     0.05
  SINCE DEC 1      0.39          0.51  -0.12     0.88
  SINCE JAN 1      0.07          0.16  -0.09     0.05

DEGREE DAYS
 HEATING
  YESTERDAY       26            41    -15       33
  MONTH TO DATE  827           794     33      979
  SINCE DEC 1   2001          2094    -93     2552
  SINCE JUL 1   3498          3784   -286     3725

 COOLING
  YESTERDAY        0             0      0        0
  MONTH TO DATE    0             0      0        0
  SINCE DEC 1      0             0      0        0
  SINCE JAN 1      0             0      0        0
......................................................


WIND (MPH)
  HIGHEST WIND SPEED    13   HIGHEST WIND DIRECTION    NE (30)
  HIGHEST GUST SPEED    16   HIGHEST GUST DIRECTION     N (20)
  AVERAGE WIND SPEED     5.0


SKY COVER
  AVERAGE SKY COVER 0.0


WEATHER CONDITIONS
 THE FOLLOWING WEATHER WAS RECORDED YESTERDAY.
  NO SIGNIFICANT WEATHER WAS OBSERVED.


RELATIVE HUMIDITY (PERCENT)
 HIGHEST   100           900 PM
 LOWEST     35          1000 AM
 AVERAGE    68

..........................................................




SUNRISE AND SUNSET
JANUARY 20 2018.......SUNRISE   716 AM MST   SUNSET   447 PM MST
JANUARY 21 2018.......SUNRISE   715 AM MST   SUNSET   448 PM MST


-  INDICATES NEGATIVE NUMBERS.
R  INDICATES RECORD WAS SET OR TIED.
MM INDICATES DATA IS MISSING.
T  INDICATES TRACE AMOUNT.




$$
