000
CDUS43 KUNR 200833
CLIIEN


CLIMATE REPORT
NATIONAL WEATHER SERVICE RAPID CITY SD
232 AM MDT MON OCT 20 2014


...................................

...THE PINE RIDGE SD CLIMATE SUMMARY FOR OCTOBER 19 2014...

CLIMATE NORMAL PERIOD 1981 TO 2010
CLIMATE RECORD PERIOD 9999 TO 9999


WEATHER ITEM   OBSERVED TIME   NORMAL DEPARTURE LAST
                VALUE   (LST)  VALUE  FROM      YEAR
                                      NORMAL
......................................................
TEMPERATURE (F)
 YESTERDAY
  MAXIMUM         75    316 PM  62     13       61
  MINIMUM         34   1145 PM  31      3       36
  AVERAGE         55            47      8       49

PRECIPITATION (IN)
  YESTERDAY        0.00          0.04  -0.04     0.00
  MONTH TO DATE    0.52          0.78  -0.26     3.07
  SINCE SEP 1      3.13          2.39   0.74     4.63
  SINCE JAN 1     21.36         16.18   5.18    18.90

DEGREE DAYS
 HEATING
  YESTERDAY       10            18     -8       16
  MONTH TO DATE  267           281    -14      397
  SINCE SEP 1    445           466    -21      502
  SINCE JUL 1    489           503    -14      504

 COOLING
  YESTERDAY        0             0      0        0
  MONTH TO DATE    2             0      2        0
  SINCE SEP 1     63            66     -3      152
  SINCE JAN 1    481           714   -233      804
......................................................


WIND (MPH)
  HIGHEST WIND SPEED     8   HIGHEST WIND DIRECTION     E (90)
  HIGHEST GUST SPEED    11   HIGHEST GUST DIRECTION    NE (60)
  AVERAGE WIND SPEED     2.5


SKY COVER
  AVERAGE SKY COVER 0.0


WEATHER CONDITIONS
 THE FOLLOWING WEATHER WAS RECORDED YESTERDAY.
  NO SIGNIFICANT WEATHER WAS OBSERVED.


RELATIVE HUMIDITY (PERCENT)
 HIGHEST   100           600 AM
 LOWEST     25           400 PM
 AVERAGE    63

..........................................................




SUNRISE AND SUNSET
OCTOBER 20 2014.......SUNRISE   710 AM MDT   SUNSET   559 PM MDT
OCTOBER 21 2014.......SUNRISE   711 AM MDT   SUNSET   558 PM MDT


-  INDICATES NEGATIVE NUMBERS.
R  INDICATES RECORD WAS SET OR TIED.
MM INDICATES DATA IS MISSING.
T  INDICATES TRACE AMOUNT.




$$
