000
CDUS43 KUNR 210832
CLIIEN


CLIMATE REPORT
NATIONAL WEATHER SERVICE RAPID CITY SD
132 AM MST TUE FEB 21 2017


...................................

...THE PINE RIDGE SD CLIMATE SUMMARY FOR FEBRUARY 20 2017...

CLIMATE NORMAL PERIOD 1981 TO 2010
CLIMATE RECORD PERIOD 9999 TO 9999


WEATHER ITEM   OBSERVED TIME   NORMAL DEPARTURE LAST
                VALUE   (LST)  VALUE  FROM      YEAR
                                      NORMAL
......................................................
TEMPERATURE (F)
 YESTERDAY
  MAXIMUM         61    311 PM  41     20       56
  MINIMUM         39    753 AM  14     25       22
  AVERAGE         50            28     22       39

PRECIPITATION (IN)
  YESTERDAY        0.01          0.02  -0.01      T
  MONTH TO DATE    0.41          0.33   0.08     0.21
  SINCE DEC 1      1.65          1.00   0.65     1.44
  SINCE JAN 1      0.82          0.65   0.17     0.42

DEGREE DAYS
 HEATING
  YESTERDAY       15            37    -22       26
  MONTH TO DATE  664           787   -123      595
  SINCE DEC 1   3691          3374    317     3138
  SINCE JUL 1   4864          5064   -200     4626

 COOLING
  YESTERDAY        0             0      0        0
  MONTH TO DATE    0             0      0        0
  SINCE DEC 1      0             0      0        0
  SINCE JAN 1      0             0      0        0
......................................................


WIND (MPH)
  HIGHEST WIND SPEED    22   HIGHEST WIND DIRECTION     W (260)
  HIGHEST GUST SPEED    29   HIGHEST GUST DIRECTION     W (260)
  AVERAGE WIND SPEED     8.5


SKY COVER
  AVERAGE SKY COVER 0.3


WEATHER CONDITIONS
 THE FOLLOWING WEATHER WAS RECORDED YESTERDAY.
  LIGHT RAIN


RELATIVE HUMIDITY (PERCENT)
 HIGHEST    83           900 AM
 LOWEST     21           200 PM
 AVERAGE    52

..........................................................




SUNRISE AND SUNSET
FEBRUARY 21 2017......SUNRISE   638 AM MST   SUNSET   530 PM MST
FEBRUARY 22 2017......SUNRISE   637 AM MST   SUNSET   531 PM MST


-  INDICATES NEGATIVE NUMBERS.
R  INDICATES RECORD WAS SET OR TIED.
MM INDICATES DATA IS MISSING.
T  INDICATES TRACE AMOUNT.




$$
