000
CDUS43 KUNR 170831
CLIIEN


CLIMATE REPORT
NATIONAL WEATHER SERVICE RAPID CITY SD
131 AM MST FRI NOV 17 2017


...................................

...THE PINE RIDGE SD CLIMATE SUMMARY FOR NOVEMBER 16 2017...

CLIMATE NORMAL PERIOD 1981 TO 2010
CLIMATE RECORD PERIOD 9999 TO 9999


WEATHER ITEM   OBSERVED TIME   NORMAL DEPARTURE LAST
                VALUE   (LST)  VALUE  FROM      YEAR
                                      NORMAL
......................................................
TEMPERATURE (F)
 YESTERDAY
  MAXIMUM         77    214 PM  48     29       69
  MINIMUM         36   1158 PM  20     16       36
  AVERAGE         57            34     23       53

PRECIPITATION (IN)
  YESTERDAY        0.00          0.03  -0.03     0.00
  MONTH TO DATE    0.28          0.40  -0.12     0.03
  SINCE SEP 1      2.02          3.21  -1.19     1.25
  SINCE JAN 1     15.19         17.00  -1.81    14.17

DEGREE DAYS
 HEATING
  YESTERDAY        8            31    -23       12
  MONTH TO DATE  428           440    -12      251
  SINCE SEP 1   1146          1158    -12      697
  SINCE JUL 1   1158          1195    -37      730

 COOLING
  YESTERDAY        0             0      0        0
  MONTH TO DATE    0             0      0        0
  SINCE SEP 1    107            69     38       62
  SINCE JAN 1    780           717     63      774
......................................................


WIND (MPH)
  HIGHEST WIND SPEED    25   HIGHEST WIND DIRECTION     S (180)
  HIGHEST GUST SPEED    32   HIGHEST GUST DIRECTION     S (180)
  AVERAGE WIND SPEED    12.3


SKY COVER
  AVERAGE SKY COVER 0.1


WEATHER CONDITIONS
 THE FOLLOWING WEATHER WAS RECORDED YESTERDAY.
  NO SIGNIFICANT WEATHER WAS OBSERVED.


RELATIVE HUMIDITY (PERCENT)
 HIGHEST    64          1100 PM
 LOWEST     15           100 PM
 AVERAGE    40

..........................................................




SUNRISE AND SUNSET
NOVEMBER 17 2017......SUNRISE   645 AM MST   SUNSET   424 PM MST
NOVEMBER 18 2017......SUNRISE   647 AM MST   SUNSET   424 PM MST


-  INDICATES NEGATIVE NUMBERS.
R  INDICATES RECORD WAS SET OR TIED.
MM INDICATES DATA IS MISSING.
T  INDICATES TRACE AMOUNT.




$$
