000
CDUS43 KUNR 100934
CLIIEN


CLIMATE REPORT
NATIONAL WEATHER SERVICE RAPID CITY SD
233 AM MST WED FEB 10 2016


...................................

...THE PINE RIDGE SD CLIMATE SUMMARY FOR FEBRUARY 9 2016...

CLIMATE NORMAL PERIOD 1981 TO 2010
CLIMATE RECORD PERIOD 9999 TO 9999


WEATHER ITEM   OBSERVED TIME   NORMAL DEPARTURE LAST
                VALUE   (LST)  VALUE  FROM      YEAR
                                      NORMAL
......................................................
TEMPERATURE (F)
 YESTERDAY
  MAXIMUM         46    316 PM  38      8       68
  MINIMUM         20    532 AM  12      8       21
  AVERAGE         33            25      8       45

PRECIPITATION (IN)
  YESTERDAY        0.00          0.01  -0.01      T
  MONTH TO DATE    0.06          0.16  -0.10     0.04
  SINCE DEC 1      1.29          0.83   0.46     0.78
  SINCE JAN 1      0.27          0.48  -0.21     0.23

DEGREE DAYS
 HEATING
  YESTERDAY       32            40     -8       20
  MONTH TO DATE  333           363    -30      273
  SINCE DEC 1   2876          2950    -74     2670
  SINCE JUL 1   4364          4640   -276     4469

 COOLING
  YESTERDAY        0             0      0        0
  MONTH TO DATE    0             0      0        0
  SINCE DEC 1      0             0      0        0
  SINCE JAN 1      0             0      0        0
......................................................


WIND (MPH)
  HIGHEST WIND SPEED    10   HIGHEST WIND DIRECTION    NW (310)
  HIGHEST GUST SPEED    14   HIGHEST GUST DIRECTION     W (270)
  AVERAGE WIND SPEED     3.5


SKY COVER
  AVERAGE SKY COVER 0.6


WEATHER CONDITIONS
 THE FOLLOWING WEATHER WAS RECORDED YESTERDAY.
  NO SIGNIFICANT WEATHER WAS OBSERVED.


RELATIVE HUMIDITY (PERCENT)
 HIGHEST    84           600 AM
 LOWEST     53           100 PM
 AVERAGE    69

..........................................................




SUNRISE AND SUNSET
FEBRUARY 10 2016......SUNRISE   655 AM MST   SUNSET   514 PM MST
FEBRUARY 11 2016......SUNRISE   654 AM MST   SUNSET   515 PM MST


-  INDICATES NEGATIVE NUMBERS.
R  INDICATES RECORD WAS SET OR TIED.
MM INDICATES DATA IS MISSING.
T  INDICATES TRACE AMOUNT.




$$
