000
CDUS45 KVEF 290827
CLIIGM


CLIMATE REPORT
NATIONAL WEATHER SERVICE LAS VEGAS, NV
127 AM PDT FRI JUL 29 2016


...................................

...THE KINGMAN AZ CLIMATE SUMMARY FOR JULY 28 2016...

CLIMATE NORMAL PERIOD 1981 TO 2010
CLIMATE RECORD PERIOD 1901 TO 2016


WEATHER ITEM   OBSERVED TIME   RECORD YEAR NORMAL DEPARTURE LAST
                VALUE   (LST)  VALUE       VALUE  FROM      YEAR
                                                  NORMAL
..................................................................
TEMPERATURE (F)
 YESTERDAY
  MAXIMUM        108R   343 PM 107    1972  97     11       99
  MINIMUM         79    258 AM  54    1907  71      8       59
  AVERAGE         94                        84     10       79

PRECIPITATION (IN)
  YESTERDAY        0.01          1.48 1919   0.03  -0.02     0.00
  MONTH TO DATE    0.33                      0.67  -0.34     0.92
  SINCE OCT 1      5.49                      6.32  -0.83     7.53
  SINCE JAN 1      3.97                      4.22  -0.25     5.40

DEGREE DAYS
 HEATING
  YESTERDAY        0                         0      0        0
  MONTH TO DATE    0                         0      0        0
  SINCE JUN 1      0                         3     -3        0
  SINCE JUL 1      0                         0      0        0

 COOLING
  YESTERDAY       29                        19     10       14
  MONTH TO DATE  600                       518     82      453
  SINCE JUN 1   1162                       903    259      930
  SINCE JAN 1   1302                      1101    201     1036
..................................................................


WIND (MPH)
  RESULTANT WIND SPEED   4   RESULTANT WIND DIRECTION   S (180)
  HIGHEST WIND SPEED    43   HIGHEST WIND DIRECTION     E (80)
  HIGHEST GUST SPEED    48   HIGHEST GUST DIRECTION     E (80)
  AVERAGE WIND SPEED    10.7


SKY COVER
  POSSIBLE SUNSHINE  MM
  AVERAGE SKY COVER 0.0


WEATHER CONDITIONS
 THE FOLLOWING WEATHER WAS RECORDED YESTERDAY.
  THUNDERSTORM
  HAZE


RELATIVE HUMIDITY (PERCENT)
 HIGHEST    39           400 AM
 LOWEST     13           400 PM
 AVERAGE    26

..........................................................


THE KINGMAN AZ CLIMATE NORMALS FOR TODAY
                         NORMAL    RECORD    YEAR
 MAXIMUM TEMPERATURE (F)   97       106      2000
 MINIMUM TEMPERATURE (F)   71        55      1907


SUNRISE AND SUNSET
JULY 29 2016..........SUNRISE   543 AM MST   SUNSET   741 PM MST
JULY 30 2016..........SUNRISE   544 AM MST   SUNSET   740 PM MST


-  INDICATES NEGATIVE NUMBERS.
R  INDICATES RECORD WAS SET OR TIED.
MM INDICATES DATA IS MISSING.
T  INDICATES TRACE AMOUNT.




$$
