000
CDUS45 KVEF 210832
CLIIGM


CLIMATE REPORT
NATIONAL WEATHER SERVICE LAS VEGAS, NV
1231 AM PST SAT JAN 21 2017


...................................

...THE KINGMAN AZ CLIMATE SUMMARY FOR JANUARY 20 2017...

CLIMATE NORMAL PERIOD 1981 TO 2010
CLIMATE RECORD PERIOD 1901 TO 2017


WEATHER ITEM   OBSERVED TIME   RECORD YEAR NORMAL DEPARTURE LAST
                VALUE   (LST)  VALUE       VALUE  FROM      YEAR
                                                  NORMAL
..................................................................
TEMPERATURE (F)
 YESTERDAY
  MAXIMUM         46    238 PM  75    1971  57    -11       59
  MINIMUM         38    217 AM  12    1937  31      7       36
  AVERAGE         42                        44     -2       48

PRECIPITATION (IN)
  YESTERDAY        0.14          1.08 1954   0.03   0.11     0.00
  MONTH TO DATE    1.20                      0.63   0.57     0.67
  SINCE OCT 1      4.76                      2.73   2.03     2.19
  SINCE JAN 1      1.20                      0.63   0.57     0.67

DEGREE DAYS
 HEATING
  YESTERDAY       23                        21      2       17
  MONTH TO DATE  386                       433    -47      450
  SINCE DEC 1   1027                      1116    -89     1180
  SINCE JUL 1   1349                      1682   -333     1756

 COOLING
  YESTERDAY        0                         0      0        0
  MONTH TO DATE    0                         0      0        0
  SINCE DEC 1      0                         0      0        0
  SINCE JAN 1      0                         0      0        0
..................................................................


WIND (MPH)
  RESULTANT WIND SPEED   9   RESULTANT WIND DIRECTION   S (190)
  HIGHEST WIND SPEED    32   HIGHEST WIND DIRECTION    SW (210)
  HIGHEST GUST SPEED    40   HIGHEST GUST DIRECTION    SW (210)
  AVERAGE WIND SPEED    13.6


SKY COVER
  POSSIBLE SUNSHINE  MM
  AVERAGE SKY COVER 0.9


WEATHER CONDITIONS
 THE FOLLOWING WEATHER WAS RECORDED YESTERDAY.
  RAIN
  LIGHT RAIN
  FOG


RELATIVE HUMIDITY (PERCENT)
 HIGHEST    89          1000 PM
 LOWEST     62          1100 AM
 AVERAGE    76

..........................................................


THE KINGMAN AZ CLIMATE NORMALS FOR TODAY
                         NORMAL    RECORD    YEAR
 MAXIMUM TEMPERATURE (F)   57        72      1912
 MINIMUM TEMPERATURE (F)   32         8      1937


SUNRISE AND SUNSET
JANUARY 21 2017.......SUNRISE   742 AM MST   SUNSET   553 PM MST
JANUARY 22 2017.......SUNRISE   741 AM MST   SUNSET   554 PM MST


-  INDICATES NEGATIVE NUMBERS.
R  INDICATES RECORD WAS SET OR TIED.
MM INDICATES DATA IS MISSING.
T  INDICATES TRACE AMOUNT.




$$
