405
CDUS45 KVEF 220825
CLIIGM


CLIMATE REPORT
NATIONAL WEATHER SERVICE LAS VEGAS, NV
1225 AM PST WED FEB 22 2017


...................................

...THE KINGMAN AZ CLIMATE SUMMARY FOR FEBRUARY 21 2017...

CLIMATE NORMAL PERIOD 1981 TO 2010
CLIMATE RECORD PERIOD 1901 TO 2017


WEATHER ITEM   OBSERVED TIME   RECORD YEAR NORMAL DEPARTURE LAST
                VALUE   (LST)  VALUE       VALUE  FROM      YEAR
                                                  NORMAL
..................................................................
TEMPERATURE (F)
 YESTERDAY
  MAXIMUM         67    151 PM  75    1935  61      6       74
  MINIMUM         40    630 AM  16    1955  35      5       33
  AVERAGE         54                        48      6       54

PRECIPITATION (IN)
  YESTERDAY        0.02          0.70 1914   0.05  -0.03     0.00
  MONTH TO DATE    0.18                      0.90  -0.72      T
  SINCE OCT 1      5.52                      4.02   1.50     2.70
  SINCE JAN 1      1.96                      1.92   0.04     1.18

DEGREE DAYS
 HEATING
  YESTERDAY       11                        17     -6       11
  MONTH TO DATE  239                       392   -153      311
  SINCE DEC 1   1526                      1731   -205     1693
  SINCE JUL 1   1848                      2297   -449     2269

 COOLING
  YESTERDAY        0                         0      0        0
  MONTH TO DATE    0                         0      0        0
  SINCE DEC 1      0                         0      0        0
  SINCE JAN 1      0                         0      0        0
..................................................................


WIND (MPH)
  RESULTANT WIND SPEED   6   RESULTANT WIND DIRECTION   S (180)
  HIGHEST WIND SPEED    30   HIGHEST WIND DIRECTION    SW (240)
  HIGHEST GUST SPEED    35   HIGHEST GUST DIRECTION     W (250)
  AVERAGE WIND SPEED     8.7


SKY COVER
  POSSIBLE SUNSHINE  MM
  AVERAGE SKY COVER 0.2


WEATHER CONDITIONS
 THE FOLLOWING WEATHER WAS RECORDED YESTERDAY.
  LIGHT RAIN


RELATIVE HUMIDITY (PERCENT)
 HIGHEST    89           100 AM
 LOWEST     28           200 PM
 AVERAGE    59

..........................................................


THE KINGMAN AZ CLIMATE NORMALS FOR TODAY
                         NORMAL    RECORD    YEAR
 MAXIMUM TEMPERATURE (F)   61        80      2002
 MINIMUM TEMPERATURE (F)   35        21      2013
                                             1975


SUNRISE AND SUNSET
FEBRUARY 22 2017......SUNRISE   714 AM MST   SUNSET   625 PM MST
FEBRUARY 23 2017......SUNRISE   712 AM MST   SUNSET   626 PM MST


-  INDICATES NEGATIVE NUMBERS.
R  INDICATES RECORD WAS SET OR TIED.
MM INDICATES DATA IS MISSING.
T  INDICATES TRACE AMOUNT.




$$
