000
CDUS45 KVEF 300827
CLIIGM


CLIMATE REPORT
NATIONAL WEATHER SERVICE LAS VEGAS, NV
127 AM PDT MON MAY 30 2016


...................................

...THE KINGMAN AZ CLIMATE SUMMARY FOR MAY 29 2016...

CLIMATE NORMAL PERIOD 1981 TO 2010
CLIMATE RECORD PERIOD 1901 TO 2016


WEATHER ITEM   OBSERVED TIME   RECORD YEAR NORMAL DEPARTURE LAST
                VALUE   (LST)  VALUE       VALUE  FROM      YEAR
                                                  NORMAL
..................................................................
TEMPERATURE (F)
 YESTERDAY
  MAXIMUM         88    400 PM 102    2003  89     -1       94
  MINIMUM         56    524 AM  35    1918  56      0       60
  AVERAGE         72                        73     -1       77

PRECIPITATION (IN)
  YESTERDAY        0.00          1.36 1990   0.00   0.00     0.00
  MONTH TO DATE    0.38                      0.12   0.26     0.18
  SINCE OCT 1      4.61                      5.55  -0.94     5.12
  SINCE JAN 1      3.09                      3.45  -0.36     2.99

DEGREE DAYS
 HEATING
  YESTERDAY        0                         1     -1        0
  MONTH TO DATE   47                        54     -7       88
  SINCE MAR 1    476                       687   -211      550
  SINCE JUL 1   2828                      3100   -272     2530

 COOLING
  YESTERDAY        7                         8     -1       12
  MONTH TO DATE  102                       151    -49       60
  SINCE MAR 1    122                       182    -60       78
  SINCE JAN 1    122                       182    -60       78
..................................................................


WIND (MPH)
  RESULTANT WIND SPEED   9   RESULTANT WIND DIRECTION  SW (220)
  HIGHEST WIND SPEED    22   HIGHEST WIND DIRECTION    SW (220)
  HIGHEST GUST SPEED    27   HIGHEST GUST DIRECTION    SW (220)
  AVERAGE WIND SPEED    10.9


SKY COVER
  POSSIBLE SUNSHINE  MM
  AVERAGE SKY COVER 0.0


WEATHER CONDITIONS
 THE FOLLOWING WEATHER WAS RECORDED YESTERDAY.
  NO SIGNIFICANT WEATHER WAS OBSERVED.


RELATIVE HUMIDITY (PERCENT)
 HIGHEST    33           500 AM
 LOWEST      9           300 PM
 AVERAGE    21

..........................................................


THE KINGMAN AZ CLIMATE NORMALS FOR TODAY
                         NORMAL    RECORD    YEAR
 MAXIMUM TEMPERATURE (F)   89       101      2002
 MINIMUM TEMPERATURE (F)   57        38      1971


SUNRISE AND SUNSET
MAY 30 2016...........SUNRISE   523 AM MST   SUNSET   744 PM MST
MAY 31 2016...........SUNRISE   523 AM MST   SUNSET   745 PM MST


-  INDICATES NEGATIVE NUMBERS.
R  INDICATES RECORD WAS SET OR TIED.
MM INDICATES DATA IS MISSING.
T  INDICATES TRACE AMOUNT.




$$
