000
CDUS45 KVEF 260827
CLIIGM


CLIMATE REPORT
NATIONAL WEATHER SERVICE LAS VEGAS, NV
126 AM PDT FRI AUG 26 2016


...................................

...THE KINGMAN AZ CLIMATE SUMMARY FOR AUGUST 25 2016...

CLIMATE NORMAL PERIOD 1981 TO 2010
CLIMATE RECORD PERIOD 1901 TO 2016


WEATHER ITEM   OBSERVED TIME   RECORD YEAR NORMAL DEPARTURE LAST
                VALUE   (LST)  VALUE       VALUE  FROM      YEAR
                                                  NORMAL
..................................................................
TEMPERATURE (F)
 YESTERDAY
  MAXIMUM         93    242 PM 106    1924  95     -2       93
  MINIMUM         67    559 AM  53    1951  68     -1       68
  AVERAGE         80                        82     -2       81

PRECIPITATION (IN)
  YESTERDAY        0.00          0.42 1932   0.04  -0.04     0.09
  MONTH TO DATE    3.00                      0.66   2.34     1.08
  SINCE OCT 1      8.60                      7.06   1.54     8.61
  SINCE JAN 1      7.08                      4.96   2.12     6.48

DEGREE DAYS
 HEATING
  YESTERDAY        0                         0      0        0
  MONTH TO DATE    0                         0      0        0
  SINCE JUN 1      0                         3     -3        0
  SINCE JUL 1      0                         0      0        0

 COOLING
  YESTERDAY       15                        17     -2       16
  MONTH TO DATE  432                       448    -16      477
  SINCE JUN 1   1659                      1409    250     1467
  SINCE JAN 1   1799                      1607    192     1573
..................................................................


WIND (MPH)
  RESULTANT WIND SPEED   9   RESULTANT WIND DIRECTION   S (180)
  HIGHEST WIND SPEED    28   HIGHEST WIND DIRECTION    SW (210)
  HIGHEST GUST SPEED    37   HIGHEST GUST DIRECTION    SW (210)
  AVERAGE WIND SPEED    12.2


SKY COVER
  POSSIBLE SUNSHINE  MM
  AVERAGE SKY COVER 0.0


WEATHER CONDITIONS
 THE FOLLOWING WEATHER WAS RECORDED YESTERDAY.
  NO SIGNIFICANT WEATHER WAS OBSERVED.


RELATIVE HUMIDITY (PERCENT)
 HIGHEST    59           600 AM
 LOWEST     18           400 PM
 AVERAGE    39

..........................................................


THE KINGMAN AZ CLIMATE NORMALS FOR TODAY
                         NORMAL    RECORD    YEAR
 MAXIMUM TEMPERATURE (F)   95       107      1924
 MINIMUM TEMPERATURE (F)   68        49      1940


SUNRISE AND SUNSET
AUGUST 26 2016........SUNRISE   604 AM MST   SUNSET   710 PM MST
AUGUST 27 2016........SUNRISE   605 AM MST   SUNSET   709 PM MST


-  INDICATES NEGATIVE NUMBERS.
R  INDICATES RECORD WAS SET OR TIED.
MM INDICATES DATA IS MISSING.
T  INDICATES TRACE AMOUNT.




$$
