000
CDUS45 KIGM 220826
CLIIGM


CLIMATE REPORT
NATIONAL WEATHER SERVICE LAS VEGAS, NV
125 AM PDT MON SEP 22 2014


...................................

...THE KINGMAN AZ CLIMATE SUMMARY FOR SEPTEMBER 21 2014...

CLIMATE NORMAL PERIOD 1981 TO 2010
CLIMATE RECORD PERIOD 1901 TO 2014


WEATHER ITEM   OBSERVED TIME   RECORD YEAR NORMAL DEPARTURE LAST
                VALUE   (LST)  VALUE       VALUE  FROM      YEAR
                                                  NORMAL
..................................................................
TEMPERATURE (F)
 YESTERDAY
  MAXIMUM         90    127 PM  99    1949  88      2       90
  MINIMUM         62   1150 PM  42    1964  60      2       60
  AVERAGE         76                        74      2       75

PRECIPITATION (IN)
  YESTERDAY        0.00          0.40 1917   0.03  -0.03     0.00
  MONTH TO DATE    1.52                      0.87   0.65     1.80
  SINCE OCT 1      6.49                      8.24  -1.75     7.01
  SINCE JAN 1      5.61                      6.14  -0.53     5.84

DEGREE DAYS
 HEATING
  YESTERDAY        0                         0      0        0
  MONTH TO DATE    0                         0      0        0
  SINCE SEP 1      0                         0      0        0
  SINCE JUL 1      0                         0      0        0

 COOLING
  YESTERDAY       11                         9      2       10
  MONTH TO DATE  278                       261     17      215
  SINCE SEP 1    278                       261     17      215
  SINCE JAN 1   1960                      1962     -2     2089
..................................................................


WIND (MPH)
  RESULTANT WIND SPEED   7   RESULTANT WIND DIRECTION   S (200)
  HIGHEST WIND SPEED    23   HIGHEST WIND DIRECTION    SW (240)
  HIGHEST GUST SPEED    31   HIGHEST GUST DIRECTION    SW (220)
  AVERAGE WIND SPEED     9.8


SKY COVER
  POSSIBLE SUNSHINE  MM
  AVERAGE SKY COVER 0.3


WEATHER CONDITIONS
 THE FOLLOWING WEATHER WAS RECORDED YESTERDAY.
  NO SIGNIFICANT WEATHER WAS OBSERVED.


RELATIVE HUMIDITY (PERCENT)
 HIGHEST    57           800 AM
 LOWEST     16           500 PM
 AVERAGE    37

..........................................................


THE KINGMAN AZ CLIMATE NORMALS FOR TODAY
                         NORMAL    RECORD    YEAR
 MAXIMUM TEMPERATURE (F)   88       101      1949
 MINIMUM TEMPERATURE (F)   59        40      1923


SUNRISE AND SUNSET
SEPTEMBER 22 2014.....SUNRISE   624 AM MST   SUNSET   632 PM MST
SEPTEMBER 23 2014.....SUNRISE   625 AM MST   SUNSET   631 PM MST


-  INDICATES NEGATIVE NUMBERS.
R  INDICATES RECORD WAS SET OR TIED.
MM INDICATES DATA IS MISSING.
T  INDICATES TRACE AMOUNT.




$$
