000
CDUS45 KIGM 130825
CLIIGM


CLIMATE REPORT
NATIONAL WEATHER SERVICE LAS VEGAS, NV
125 AM PDT SUN JUL 13 2014


...................................

...THE KINGMAN AZ CLIMATE SUMMARY FOR JULY 12 2014...

CLIMATE NORMAL PERIOD 1981 TO 2010
CLIMATE RECORD PERIOD 1901 TO 2014


WEATHER ITEM   OBSERVED TIME   RECORD YEAR NORMAL DEPARTURE LAST
                VALUE   (LST)  VALUE       VALUE  FROM      YEAR
                                                  NORMAL
..................................................................
TEMPERATURE (F)
 YESTERDAY
  MAXIMUM        101    342 PM 110    1961  97      4       95
  MINIMUM         66    409 AM  56    1974  70     -4       66
  AVERAGE         84                        84      0       81

PRECIPITATION (IN)
  YESTERDAY        0.00          0.90 1919   0.02  -0.02     0.00
  MONTH TO DATE    1.08                      0.20   0.88      T
  SINCE OCT 1      2.75                      5.85  -3.10     2.36
  SINCE JAN 1      1.87                      3.75  -1.88     1.19

DEGREE DAYS
 HEATING
  YESTERDAY        0                         0      0        0
  MONTH TO DATE    0                         0      0        0
  SINCE JUN 1      0                         3     -3        0
  SINCE JUL 1      0                         0      0        0

 COOLING
  YESTERDAY       19                        19      0       16
  MONTH TO DATE  222                       214      8      268
  SINCE JUN 1    662                       599     63      768
  SINCE JAN 1    887                       797     90      990
..................................................................


WIND (MPH)
  RESULTANT WIND SPEED   3   RESULTANT WIND DIRECTION  SW (220)
  HIGHEST WIND SPEED    20   HIGHEST WIND DIRECTION     W (250)
  HIGHEST GUST SPEED    24   HIGHEST GUST DIRECTION     W (250)
  AVERAGE WIND SPEED     7.3


SKY COVER
  POSSIBLE SUNSHINE  MM
  AVERAGE SKY COVER 0.0


WEATHER CONDITIONS
 THE FOLLOWING WEATHER WAS RECORDED YESTERDAY.
  NO SIGNIFICANT WEATHER WAS OBSERVED.


RELATIVE HUMIDITY (PERCENT)
 HIGHEST    63           400 AM
 LOWEST     11           400 PM
 AVERAGE    37

..........................................................


THE KINGMAN AZ CLIMATE NORMALS FOR TODAY
                         NORMAL    RECORD    YEAR
 MAXIMUM TEMPERATURE (F)   97       110      2005
 MINIMUM TEMPERATURE (F)   70        51      1924


SUNRISE AND SUNSET
JULY 13 2014..........SUNRISE   531 AM MST   SUNSET   752 PM MST
JULY 14 2014..........SUNRISE   532 AM MST   SUNSET   751 PM MST


-  INDICATES NEGATIVE NUMBERS.
R  INDICATES RECORD WAS SET OR TIED.
MM INDICATES DATA IS MISSING.
T  INDICATES TRACE AMOUNT.




$$
