000
CDUS41 KPHI 190628
CLIILG


CLIMATE REPORT
NATIONAL WEATHER SERVICE MOUNT HOLLY NJ
128 AM EST FRI DEC 19 2014


...................................

...THE WILMINGTON DE CLIMATE SUMMARY FOR DECEMBER 18 2014...

CLIMATE NORMAL PERIOD 1981 TO 2010
CLIMATE RECORD PERIOD 1894 TO 2014


WEATHER ITEM   OBSERVED TIME   RECORD YEAR NORMAL DEPARTURE LAST
                VALUE   (LST)  VALUE       VALUE  FROM      YEAR
                                                  NORMAL
..................................................................
TEMPERATURE (F)
 YESTERDAY
  MAXIMUM         42    156 PM  71    2006  44     -2       39
  MINIMUM         35    716 PM   0    1919  28      7       22
  AVERAGE         39                        36      3       31

PRECIPITATION (IN)
  YESTERDAY        0.00          1.99 1977   0.11  -0.11     0.00
  MONTH TO DATE    1.84                      2.16  -0.32     3.22
  SINCE DEC 1      1.84                      2.16  -0.32     3.22
  SINCE JAN 1     49.74                     41.76   7.98    46.35

SNOWFALL (IN)
  YESTERDAY        0.0           0.3  1963   0.2   -0.2      0.0
  MONTH TO DATE    0.2                       1.9   -1.7     11.9
  SINCE DEC 1      0.2                       1.9   -1.7     11.9
  SINCE JUL 1      0.5                       2.3   -1.8     11.9
  SNOW DEPTH       0

DEGREE DAYS
 HEATING
  YESTERDAY       26                        29     -3       34
  MONTH TO DATE  441                       479    -38      524
  SINCE DEC 1    441                       479    -38      524
  SINCE JUL 1   1330                      1377    -47     1445

 COOLING
  YESTERDAY        0                         0      0        0
  MONTH TO DATE    0                         0      0        0
  SINCE DEC 1      0                         0      0        0
  SINCE JAN 1   1073                      1145    -72     1241
..................................................................


WIND (MPH)
  HIGHEST WIND SPEED    26   HIGHEST WIND DIRECTION    NW (310)
  HIGHEST GUST SPEED    36   HIGHEST GUST DIRECTION    NW (310)
  AVERAGE WIND SPEED    15.1


SKY COVER
  POSSIBLE SUNSHINE  MM
  AVERAGE SKY COVER 0.5


WEATHER CONDITIONS
 THE FOLLOWING WEATHER WAS RECORDED YESTERDAY.
  NO SIGNIFICANT WEATHER WAS OBSERVED.


RELATIVE HUMIDITY (PERCENT)
 HIGHEST    64           600 PM
 LOWEST     46           200 PM
 AVERAGE    55

..........................................................


THE WILMINGTON DE CLIMATE NORMALS FOR TODAY
                         NORMAL    RECORD    YEAR
 MAXIMUM TEMPERATURE (F)   43        62      1929
 MINIMUM TEMPERATURE (F)   28         8      1926
                                             1919


SUNRISE AND SUNSET
DECEMBER 19 2014......SUNRISE   719 AM EST   SUNSET   440 PM EST
DECEMBER 20 2014......SUNRISE   719 AM EST   SUNSET   441 PM EST


-  INDICATES NEGATIVE NUMBERS.
R  INDICATES RECORD WAS SET OR TIED.
MM INDICATES DATA IS MISSING.
T  INDICATES TRACE AMOUNT.




$$
