984
CDUS41 KPHI 130634
CLIILG


CLIMATE REPORT
NATIONAL WEATHER SERVICE MOUNT HOLLY NJ
128 AM EST SAT FEB 13 2016


...................................

...THE WILMINGTON DE CLIMATE SUMMARY FOR FEBRUARY 12 2016...

CLIMATE NORMAL PERIOD 1981 TO 2010
CLIMATE RECORD PERIOD 1894 TO 2016


WEATHER ITEM   OBSERVED TIME   RECORD YEAR NORMAL DEPARTURE LAST
                VALUE   (LST)  VALUE       VALUE  FROM      YEAR
                                                  NORMAL
..................................................................
TEMPERATURE (F)
 YESTERDAY
  MAXIMUM         25    426 PM  71    1999  43    -18       41
  MINIMUM         12    513 AM  -1    1979  26    -14       18
  AVERAGE         19                        34    -15       30

PRECIPITATION (IN)
  YESTERDAY        0.01          1.40 1993   0.10  -0.09     0.00
  MONTH TO DATE    1.78                      1.15   0.63     0.86
  SINCE DEC 1      9.29                      7.64   1.65     8.32
  SINCE JAN 1      4.08                      4.16  -0.08     5.31

SNOWFALL (IN)
  YESTERDAY        0.2          11.3  2006   0.3   -0.1      0.0
  MONTH TO DATE    4.7                       3.8    0.9      0.2
  SINCE DEC 1     21.6                      13.1    8.5      4.1
  SINCE JUL 1     21.6                      13.5    8.1      4.4
  SNOW DEPTH       1

DEGREE DAYS
 HEATING
  YESTERDAY       46                        31     15       35
  MONTH TO DATE  355                       377    -22      401
  SINCE DEC 1   1841                      2266   -425     2232
  SINCE JUL 1   2545                      3164   -619     3121

 COOLING
  YESTERDAY        0                         0      0        0
  MONTH TO DATE    0                         0      0        0
  SINCE DEC 1      1                         0      1        0
  SINCE JAN 1      0                         0      0        0
..................................................................


WIND (MPH)
  HIGHEST WIND SPEED    13   HIGHEST WIND DIRECTION     W (280)
  HIGHEST GUST SPEED    18   HIGHEST GUST DIRECTION     W (280)
  AVERAGE WIND SPEED     5.8


SKY COVER
  POSSIBLE SUNSHINE  MM
  AVERAGE SKY COVER 0.3


WEATHER CONDITIONS
 THE FOLLOWING WEATHER WAS RECORDED YESTERDAY.
  LIGHT SNOW


RELATIVE HUMIDITY (PERCENT)
 HIGHEST    77           900 PM
 LOWEST     42           100 PM
 AVERAGE    60

..........................................................


THE WILMINGTON DE CLIMATE NORMALS FOR TODAY
                         NORMAL    RECORD    YEAR
 MAXIMUM TEMPERATURE (F)   43        68      1951
 MINIMUM TEMPERATURE (F)   26        -2      1979


SUNRISE AND SUNSET
FEBRUARY 13 2016......SUNRISE   658 AM EST   SUNSET   536 PM EST
FEBRUARY 14 2016......SUNRISE   657 AM EST   SUNSET   537 PM EST


-  INDICATES NEGATIVE NUMBERS.
R  INDICATES RECORD WAS SET OR TIED.
MM INDICATES DATA IS MISSING.
T  INDICATES TRACE AMOUNT.




$$
