000
CDUS41 KPHI 290630
CLIILG


CLIMATE REPORT
NATIONAL WEATHER SERVICE MOUNT HOLLY NJ
227 AM EDT MON MAY 29 2017


...................................

...THE WILMINGTON DE CLIMATE SUMMARY FOR MAY 28 2017...

CLIMATE NORMAL PERIOD 1981 TO 2010
CLIMATE RECORD PERIOD 1894 TO 2017


WEATHER ITEM   OBSERVED TIME   RECORD YEAR NORMAL DEPARTURE LAST
                VALUE   (LST)  VALUE       VALUE  FROM      YEAR
                                                  NORMAL
..................................................................
TEMPERATURE (F)
 YESTERDAY
  MAXIMUM         74   1236 PM  93    1941  76     -2       87
  MINIMUM         59    526 AM  41    1997  57      2       67
  AVERAGE         67                        66      1       77

PRECIPITATION (IN)
  YESTERDAY        0.10          2.14 1982   0.13  -0.03     0.00
  MONTH TO DATE    5.80                      3.54   2.26     5.55
  SINCE MAR 1     13.10                     10.96   2.14     9.19
  SINCE JAN 1     17.12                     16.65   0.47    15.92

SNOWFALL (IN)
  YESTERDAY        0.0           0.0  1894   0.0    0.0      0.0
  MONTH TO DATE    0.0                       0.0    0.0      0.0
  SINCE MAR 1      3.4                       2.2    1.2      2.7
  SINCE JUL 1      9.0                      20.2  -11.2     25.4
  SNOW DEPTH       0

DEGREE DAYS
 HEATING
  YESTERDAY        0                         2     -2        0
  MONTH TO DATE  140                       128     12      171
  SINCE MAR 1   1067                      1174   -107     1052
  SINCE JUL 1   4069                      4797   -728     4060

 COOLING
  YESTERDAY        2                         4     -2       12
  MONTH TO DATE   55                        55      0       45
  SINCE MAR 1     85                        67     18       59
  SINCE JAN 1     85                        67     18       59
..................................................................


WIND (MPH)
  HIGHEST WIND SPEED    17   HIGHEST WIND DIRECTION     S (160)
  HIGHEST GUST SPEED    21   HIGHEST GUST DIRECTION     S (160)
  AVERAGE WIND SPEED     6.4


SKY COVER
  POSSIBLE SUNSHINE  MM
  AVERAGE SKY COVER 0.8


WEATHER CONDITIONS
 THE FOLLOWING WEATHER WAS RECORDED YESTERDAY.
  LIGHT RAIN
  FOG


RELATIVE HUMIDITY (PERCENT)
 HIGHEST   100           300 AM
 LOWEST     68          1200 PM
 AVERAGE    84

..........................................................


THE WILMINGTON DE CLIMATE NORMALS FOR TODAY
                         NORMAL    RECORD    YEAR
 MAXIMUM TEMPERATURE (F)   77        93      1991
                                             1955
                                             1941
 MINIMUM TEMPERATURE (F)   57        40      1936


SUNRISE AND SUNSET
MAY 29 2017...........SUNRISE   538 AM EDT   SUNSET   822 PM EDT
MAY 30 2017...........SUNRISE   537 AM EDT   SUNSET   823 PM EDT


-  INDICATES NEGATIVE NUMBERS.
R  INDICATES RECORD WAS SET OR TIED.
MM INDICATES DATA IS MISSING.
T  INDICATES TRACE AMOUNT.




$$
