000
CDUS41 KPHI 260629
CLIILG


CLIMATE REPORT
NATIONAL WEATHER SERVICE MOUNT HOLLY NJ
228 AM EDT WED APR 26 2017


...................................

...THE WILMINGTON DE CLIMATE SUMMARY FOR APRIL 25 2017...

CLIMATE NORMAL PERIOD 1981 TO 2010
CLIMATE RECORD PERIOD 1894 TO 2017


WEATHER ITEM   OBSERVED TIME   RECORD YEAR NORMAL DEPARTURE LAST
                VALUE   (LST)  VALUE       VALUE  FROM      YEAR
                                                  NORMAL
..................................................................
TEMPERATURE (F)
 YESTERDAY
  MAXIMUM         57    900 PM  92    1915  67    -10       75
  MINIMUM         52    330 AM  31    2015  46      6       47
                                      1936
                                      1919
  AVERAGE         55                        56     -1       61

PRECIPITATION (IN)
  YESTERDAY        0.44          1.92 1914   0.11   0.33      T
  MONTH TO DATE    2.22                      2.94  -0.72     1.60
  SINCE MAR 1      7.20                      6.86   0.34     3.40
  SINCE JAN 1     11.22                     12.55  -1.33    10.13

SNOWFALL (IN)
  YESTERDAY        0.0           0.0  1894   0.0    0.0      0.0
  MONTH TO DATE    0.0                       0.3   -0.3       T
  SINCE MAR 1      3.4                       2.2    1.2      2.7
  SINCE JUL 1      9.0                      20.2  -11.2     25.4
  SNOW DEPTH       0

DEGREE DAYS
 HEATING
  YESTERDAY       10                         9      1        4
  MONTH TO DATE  206                       321   -115      322
  SINCE MAR 1    923                      1004    -81      824
  SINCE JUL 1   3925                      4627   -702     3832

 COOLING
  YESTERDAY        0                         1     -1        0
  MONTH TO DATE   10                         5      5        7
  SINCE MAR 1     10                         6      4        9
  SINCE JAN 1     10                         6      4        9
..................................................................


WIND (MPH)
  HIGHEST WIND SPEED    30   HIGHEST WIND DIRECTION    NE (50)
  HIGHEST GUST SPEED    37   HIGHEST GUST DIRECTION    NE (40)
  AVERAGE WIND SPEED    18.3


SKY COVER
  POSSIBLE SUNSHINE  MM
  AVERAGE SKY COVER 1.0


WEATHER CONDITIONS
 THE FOLLOWING WEATHER WAS RECORDED YESTERDAY.
  HEAVY RAIN
  RAIN
  LIGHT RAIN
  FOG


RELATIVE HUMIDITY (PERCENT)
 HIGHEST   100           600 PM
 LOWEST     83          1200 AM
 AVERAGE    92

..........................................................


THE WILMINGTON DE CLIMATE NORMALS FOR TODAY
                         NORMAL    RECORD    YEAR
 MAXIMUM TEMPERATURE (F)   67        92      1990
 MINIMUM TEMPERATURE (F)   46        32      1919


SUNRISE AND SUNSET
APRIL 26 2017.........SUNRISE   609 AM EDT   SUNSET   752 PM EDT
APRIL 27 2017.........SUNRISE   608 AM EDT   SUNSET   753 PM EDT


-  INDICATES NEGATIVE NUMBERS.
R  INDICATES RECORD WAS SET OR TIED.
MM INDICATES DATA IS MISSING.
T  INDICATES TRACE AMOUNT.




$$
