000
CDUS41 KPHI 240544
CLIILG


CLIMATE REPORT
NATIONAL WEATHER SERVICE MOUNT HOLLY NJ
1243 AM EST FRI NOV 24 2017


...................................

...THE WILMINGTON DE CLIMATE SUMMARY FOR NOVEMBER 23 2017...

CLIMATE NORMAL PERIOD 1981 TO 2010
CLIMATE RECORD PERIOD 1894 TO 2017


WEATHER ITEM   OBSERVED TIME   RECORD YEAR NORMAL DEPARTURE LAST
                VALUE   (LST)  VALUE       VALUE  FROM      YEAR
                                                  NORMAL
..................................................................
TEMPERATURE (F)
 YESTERDAY
  MAXIMUM         43    250 PM  73    1979  53    -10       51
                                      1913
  MINIMUM         26    554 AM  17    1964  35     -9       26
  AVERAGE         35                        44     -9       39

PRECIPITATION (IN)
  YESTERDAY        0.00          1.08 1899   0.11  -0.11     0.00
  MONTH TO DATE    1.37                      2.31  -0.94     0.44
  SINCE SEP 1      6.51                     10.05  -3.54     7.46
  SINCE JAN 1     38.65                     38.81  -0.16    36.72

SNOWFALL (IN)
  YESTERDAY        0.0           3.7  1989   0.1   -0.1      0.0
  MONTH TO DATE    0.0                       0.1   -0.1      0.0
  SINCE SEP 1      0.0                       0.1   -0.1      0.0
  SINCE JUL 1      0.0                       0.1   -0.1      0.0
  SNOW DEPTH       0

DEGREE DAYS
 HEATING
  YESTERDAY       30                        21      9       26
  MONTH TO DATE  416                       399     17      369
  SINCE SEP 1    586                       741   -155      607
  SINCE JUL 1    586                       743   -157      607

 COOLING
  YESTERDAY        0                         0      0        0
  MONTH TO DATE    0                         0      0        0
  SINCE SEP 1    258                       152    106      268
  SINCE JAN 1   1304                      1145    159     1489
..................................................................


WIND (MPH)
  HIGHEST WIND SPEED    14   HIGHEST WIND DIRECTION    NW (320)
  HIGHEST GUST SPEED    17   HIGHEST GUST DIRECTION    NW (330)
  AVERAGE WIND SPEED     5.2


SKY COVER
  POSSIBLE SUNSHINE  MM
  AVERAGE SKY COVER 0.0


WEATHER CONDITIONS
 THE FOLLOWING WEATHER WAS RECORDED YESTERDAY.
  NO SIGNIFICANT WEATHER WAS OBSERVED.


RELATIVE HUMIDITY (PERCENT)
 HIGHEST    81           700 AM
 LOWEST     39           200 PM
 AVERAGE    60

..........................................................


THE WILMINGTON DE CLIMATE NORMALS FOR TODAY
                         NORMAL    RECORD    YEAR
 MAXIMUM TEMPERATURE (F)   52        73      1979
 MINIMUM TEMPERATURE (F)   35        16      1956


SUNRISE AND SUNSET
NOVEMBER 24 2017......SUNRISE   657 AM EST   SUNSET   441 PM EST
NOVEMBER 25 2017......SUNRISE   658 AM EST   SUNSET   441 PM EST


-  INDICATES NEGATIVE NUMBERS.
R  INDICATES RECORD WAS SET OR TIED.
MM INDICATES DATA IS MISSING.
T  INDICATES TRACE AMOUNT.




$$
