000
CDUS41 KPHI 250554
CLIILG


CLIMATE REPORT
NATIONAL WEATHER SERVICE MOUNT HOLLY NJ
1253 AM EST SUN FEB 25 2018


...................................

...THE WILMINGTON DE CLIMATE SUMMARY FOR FEBRUARY 24 2018...

CLIMATE NORMAL PERIOD 1981 TO 2010
CLIMATE RECORD PERIOD 1894 TO 2018


WEATHER ITEM   OBSERVED TIME   RECORD YEAR NORMAL DEPARTURE LAST
                VALUE   (LST)  VALUE       VALUE  FROM      YEAR
                                                  NORMAL
..................................................................
TEMPERATURE (F)
 YESTERDAY
  MAXIMUM         50    531 PM  78    1985  46      4       73
  MINIMUM         44    712 AM   6    2015  28     16       48
                                      1923
  AVERAGE         47                        37     10       61

PRECIPITATION (IN)
  YESTERDAY        0.03          2.17 1979   0.10  -0.07     0.00
  MONTH TO DATE    5.51                      2.29   3.22     0.86
  SINCE DEC 1      9.18                      8.78   0.40     6.12
  SINCE JAN 1      7.95                      5.30   2.65     3.53

SNOWFALL (IN)
  YESTERDAY        0.0           5.9  2005   0.3   -0.3      0.0
  MONTH TO DATE    2.5                       7.5   -5.0      1.1
  SINCE DEC 1     13.8                      16.8   -3.0      5.6
  SINCE JUL 1     13.8                      17.2   -3.4      5.6
  SNOW DEPTH       0

DEGREE DAYS
 HEATING
  YESTERDAY       18                        28    -10        4
  MONTH TO DATE  597                       727   -130      537
  SINCE DEC 1   2558                      2616    -58     2209
  SINCE JUL 1   3286                      3514   -228     2933

 COOLING
  YESTERDAY        0                         0      0        0
  MONTH TO DATE    0                         0      0        0
  SINCE DEC 1      0                         0      0        0
  SINCE JAN 1      0                         0      0        0
..................................................................


WIND (MPH)
  HIGHEST WIND SPEED    13   HIGHEST WIND DIRECTION     E (70)
  HIGHEST GUST SPEED    16   HIGHEST GUST DIRECTION     E (80)
  AVERAGE WIND SPEED     5.9


SKY COVER
  POSSIBLE SUNSHINE  MM
  AVERAGE SKY COVER 1.0


WEATHER CONDITIONS
 THE FOLLOWING WEATHER WAS RECORDED YESTERDAY.
  RAIN
  LIGHT RAIN
  FOG


RELATIVE HUMIDITY (PERCENT)
 HIGHEST   100          1200 AM
 LOWEST     86           400 PM
 AVERAGE    93

..........................................................


THE WILMINGTON DE CLIMATE NORMALS FOR TODAY
                         NORMAL    RECORD    YEAR
 MAXIMUM TEMPERATURE (F)   46        78      1930
 MINIMUM TEMPERATURE (F)   29         5      1914


SUNRISE AND SUNSET
FEBRUARY 25 2018......SUNRISE   641 AM EST   SUNSET   550 PM EST
FEBRUARY 26 2018......SUNRISE   640 AM EST   SUNSET   551 PM EST


-  INDICATES NEGATIVE NUMBERS.
R  INDICATES RECORD WAS SET OR TIED.
MM INDICATES DATA IS MISSING.
T  INDICATES TRACE AMOUNT.




$$
