000
CDUS41 KPHI 272139
CLIILG


CLIMATE REPORT
NATIONAL WEATHER SERVICE MOUNT HOLLY NJ
438 PM EST TUE JAN 27 2015


...................................

...THE WILMINGTON DE CLIMATE SUMMARY FOR JANUARY 27 2015...
VALID TODAY AS OF 0400 PM LOCAL TIME.

CLIMATE NORMAL PERIOD 1981 TO 2010
CLIMATE RECORD PERIOD 1894 TO 2015


WEATHER ITEM   OBSERVED TIME   RECORD YEAR NORMAL DEPARTURE LAST
                VALUE   (LST)  VALUE       VALUE  FROM      YEAR
                                                  NORMAL
..................................................................
TEMPERATURE (F)
 TODAY
  MAXIMUM         34    335 PM  68    1974  40     -6       45
  MINIMUM         27    338 AM   1    1987  25      2       20
  AVERAGE         31                        32     -1       33

PRECIPITATION (IN)
  TODAY            T             1.40 1918   0.09  -0.09     0.00
  MONTH TO DATE    4.45                      2.60   1.85     3.16
  SINCE DEC 1      7.46                      6.08   1.38     8.38
  SINCE JAN 1      4.45                      2.60   1.85     3.16

SNOWFALL (IN)
  TODAY            T             2.9  2004   0.3   -0.3      0.0
  MONTH TO DATE    3.7                       4.8   -1.1     16.5
  SINCE DEC 1      3.9                       8.2   -4.3     28.4
  SINCE JUL 1      4.2                       8.6   -4.4     28.4
  SNOW DEPTH       1

DEGREE DAYS
 HEATING
  TODAY           34                        32      2       32
  MONTH TO DATE  907                       884     23      973
  SINCE DEC 1   1672                      1763    -91     1816
  SINCE JUL 1   2561                      2661   -100     2737

 COOLING
  TODAY            0                         0      0        0
  MONTH TO DATE    0                         0      0        0
  SINCE DEC 1      0                         0      0        0
  SINCE JAN 1      0                         0      0        0
..................................................................


WIND (MPH)
  HIGHEST WIND SPEED    24   HIGHEST WIND DIRECTION    NW (320)
  HIGHEST GUST SPEED    30   HIGHEST GUST DIRECTION    NW (320)
  AVERAGE WIND SPEED    15.0


SKY COVER
  POSSIBLE SUNSHINE  MM
  AVERAGE SKY COVER 0.7


WEATHER CONDITIONS
 THE FOLLOWING WEATHER WAS RECORDED TODAY.
  LIGHT SNOW
  HAZE


RELATIVE HUMIDITY (PERCENT)
 HIGHEST    75           100 AM
 LOWEST     41           400 PM
 AVERAGE    58

..........................................................


THE WILMINGTON DE CLIMATE NORMALS FOR TOMORROW
                         NORMAL    RECORD    YEAR
 MAXIMUM TEMPERATURE (F)   40        63      1944
 MINIMUM TEMPERATURE (F)   25        -6      1935


SUNRISE AND SUNSET
JANUARY 27 2015.......SUNRISE   715 AM EST   SUNSET   516 PM EST
JANUARY 28 2015.......SUNRISE   714 AM EST   SUNSET   517 PM EST


-  INDICATES NEGATIVE NUMBERS.
R  INDICATES RECORD WAS SET OR TIED.
MM INDICATES DATA IS MISSING.
T  INDICATES TRACE AMOUNT.




$$
