000
CDUS42 KILM 220843
CLIILM


CLIMATE REPORT
NATIONAL WEATHER SERVICE WILMINGTON NC
443 AM EDT FRI SEP 22 2017


...................................

...THE WILMINGTON NC CLIMATE SUMMARY FOR SEPTEMBER 21 2017...

CLIMATE NORMAL PERIOD 1981 TO 2010
CLIMATE RECORD PERIOD 1871 TO 2017


WEATHER ITEM   OBSERVED TIME   RECORD YEAR NORMAL DEPARTURE LAST
                VALUE   (LST)  VALUE       VALUE  FROM      YEAR
                                                  NORMAL
..................................................................
TEMPERATURE (F)
 YESTERDAY
  MAXIMUM         91   1231 PM  95    1895  83      8       82
  MINIMUM         69   1159 PM  46    1962  64      5       71
  AVERAGE         80                        73      7       77

PRECIPITATION (IN)
  YESTERDAY        0.05          4.74 1885   0.24  -0.19     1.06
  MONTH TO DATE    3.82                      5.65  -1.83    11.35
  SINCE SEP 1      3.82                      5.65  -1.83    11.35
  SINCE JAN 1     51.20                     44.62   6.58    52.89

DEGREE DAYS
 HEATING
  YESTERDAY        0                         0      0        0
  MONTH TO DATE    0                         0      0        0
  SINCE SEP 1      0                         0      0        0
  SINCE JUL 1      0                         0      0        0

 COOLING
  YESTERDAY       15                         8      7       12
  MONTH TO DATE  233                       231      2      280
  SINCE SEP 1    233                       231      2      280
  SINCE JAN 1   2047                      1854    193     2150
..................................................................


WIND (MPH)
  HIGHEST WIND SPEED    22   HIGHEST WIND DIRECTION     N (20)
  HIGHEST GUST SPEED    26   HIGHEST GUST DIRECTION     N (20)
  AVERAGE WIND SPEED     4.7


SKY COVER
  POSSIBLE SUNSHINE  MM
  AVERAGE SKY COVER 0.1


WEATHER CONDITIONS
 THE FOLLOWING WEATHER WAS RECORDED YESTERDAY.
  THUNDERSTORM
  LIGHT RAIN
  FOG


RELATIVE HUMIDITY (PERCENT)
 HIGHEST   100           600 AM
 LOWEST     52          1200 PM
 AVERAGE    76

..........................................................


THE WILMINGTON NC CLIMATE NORMALS FOR TODAY
                         NORMAL    RECORD    YEAR
 MAXIMUM TEMPERATURE (F)   82        96      1895
 MINIMUM TEMPERATURE (F)   64        48      1918
                                             1889


SUNRISE AND SUNSET
SEPTEMBER 22 2017.....SUNRISE   700 AM EDT   SUNSET   708 PM EDT
SEPTEMBER 23 2017.....SUNRISE   701 AM EDT   SUNSET   707 PM EDT


-  INDICATES NEGATIVE NUMBERS.
R  INDICATES RECORD WAS SET OR TIED.
MM INDICATES DATA IS MISSING.
T  INDICATES TRACE AMOUNT.




$$
