000
CDUS42 KILM 030843
CLIILM


CLIMATE REPORT
NATIONAL WEATHER SERVICE WILMINGTON NC
443 AM EDT MON AUG 3 2015


...................................

...THE WILMINGTON NC CLIMATE SUMMARY FOR AUGUST 2 2015...

CLIMATE NORMAL PERIOD 1981 TO 2010
CLIMATE RECORD PERIOD 1871 TO 2015


WEATHER ITEM   OBSERVED TIME   RECORD YEAR NORMAL DEPARTURE LAST
                VALUE   (LST)  VALUE       VALUE  FROM      YEAR
                                                  NORMAL
..................................................................
TEMPERATURE (F)
 YESTERDAY
  MAXIMUM         92   1128 AM  99    1878  89      3       77
  MINIMUM         74    547 AM  62    1966  72      2       73
  AVERAGE         83                        81      2       75

PRECIPITATION (IN)
  YESTERDAY        0.00          1.97 1986   0.25  -0.25     0.55
  MONTH TO DATE    T                         0.49  -0.49     1.94
  SINCE JUN 1     10.42                     13.15  -2.73    16.42
  SINCE JAN 1     30.99                     32.05  -1.06    35.66

DEGREE DAYS
 HEATING
  YESTERDAY        0                         0      0        0
  MONTH TO DATE    0                         0      0        0
  SINCE JUN 1      0                         2     -2        0
  SINCE JUL 1      0                         0      0        0

 COOLING
  YESTERDAY       18                        16      2       10
  MONTH TO DATE   37                        32      5       22
  SINCE JUN 1   1082                       918    164      930
  SINCE JAN 1   1375                      1199    176     1337
..................................................................


WIND (MPH)
  HIGHEST WIND SPEED    16   HIGHEST WIND DIRECTION    SW (210)
  HIGHEST GUST SPEED    21   HIGHEST GUST DIRECTION     S (180)
  AVERAGE WIND SPEED     5.7


SKY COVER
  POSSIBLE SUNSHINE  MM
  AVERAGE SKY COVER 0.4


WEATHER CONDITIONS
 THE FOLLOWING WEATHER WAS RECORDED YESTERDAY.
  THUNDERSTORM


RELATIVE HUMIDITY (PERCENT)
 HIGHEST   100           400 AM
 LOWEST     52          1100 AM
 AVERAGE    76

..........................................................


THE WILMINGTON NC CLIMATE NORMALS FOR TODAY
                         NORMAL    RECORD    YEAR
 MAXIMUM TEMPERATURE (F)   89        99      1980
 MINIMUM TEMPERATURE (F)   72        64      1919
                                             1900


SUNRISE AND SUNSET
AUGUST  3 2015........SUNRISE   624 AM EDT   SUNSET   811 PM EDT
AUGUST  4 2015........SUNRISE   625 AM EDT   SUNSET   810 PM EDT


-  INDICATES NEGATIVE NUMBERS.
R  INDICATES RECORD WAS SET OR TIED.
MM INDICATES DATA IS MISSING.
T  INDICATES TRACE AMOUNT.




$$
