000
CDUS42 KILM 190940
CLIILM


CLIMATE REPORT
NATIONAL WEATHER SERVICE WILMINGTON NC
440 AM EST FRI DEC 19 2014


...................................

...THE WILMINGTON NC CLIMATE SUMMARY FOR DECEMBER 18 2014...

CLIMATE NORMAL PERIOD 1981 TO 2010
CLIMATE RECORD PERIOD 1871 TO 2014


WEATHER ITEM   OBSERVED TIME   RECORD YEAR NORMAL DEPARTURE LAST
                VALUE   (LST)  VALUE       VALUE  FROM      YEAR
                                                  NORMAL
..................................................................
TEMPERATURE (F)
 YESTERDAY
  MAXIMUM         58    303 PM  79    1984  59     -1       55
                                      1924
  MINIMUM         35    436 AM  18    1875  37     -2       33
  AVERAGE         47                        48     -1       44

PRECIPITATION (IN)
  YESTERDAY        0.00          1.94 2009   0.11  -0.11     0.00
  MONTH TO DATE    0.34                      2.10  -1.76     1.20
  SINCE DEC 1      0.34                      2.10  -1.76     1.20
  SINCE JAN 1     55.12                     56.09  -0.97    50.61

SNOWFALL (IN)
  YESTERDAY        0.0           T    1950   0.1   -0.1      0.0
  MONTH TO DATE    0.0                       0.4   -0.4      0.0
  SINCE DEC 1      0.0                       0.4   -0.4      0.0
  SINCE JUL 1      0.0                       0.4   -0.4       T
  SNOW DEPTH       0

DEGREE DAYS
 HEATING
  YESTERDAY       18                        17      1       21
  MONTH TO DATE  261                       274    -13      233
  SINCE DEC 1    261                       274    -13      233
  SINCE JUL 1    714                       643     71      635

 COOLING
  YESTERDAY        0                         0      0        0
  MONTH TO DATE    0                         0      0        9
  SINCE DEC 1      0                         0      0        9
  SINCE JAN 1   2190                      2037    153     1901
..................................................................


WIND (MPH)
  HIGHEST WIND SPEED    13   HIGHEST WIND DIRECTION    NE (30)
  HIGHEST GUST SPEED    16   HIGHEST GUST DIRECTION    NE (50)
  AVERAGE WIND SPEED     3.0


SKY COVER
  POSSIBLE SUNSHINE  MM
  AVERAGE SKY COVER 0.0


WEATHER CONDITIONS
 THE FOLLOWING WEATHER WAS RECORDED YESTERDAY.
  NO SIGNIFICANT WEATHER WAS OBSERVED.


RELATIVE HUMIDITY (PERCENT)
 HIGHEST   100           200 AM
 LOWEST     33           200 PM
 AVERAGE    67

..........................................................


THE WILMINGTON NC CLIMATE NORMALS FOR TODAY
                         NORMAL    RECORD    YEAR
 MAXIMUM TEMPERATURE (F)   58        81      1967
 MINIMUM TEMPERATURE (F)   37        19      1926
                                             1884
                                             1876


SUNRISE AND SUNSET
DECEMBER 19 2014......SUNRISE   713 AM EST   SUNSET   505 PM EST
DECEMBER 20 2014......SUNRISE   713 AM EST   SUNSET   505 PM EST


-  INDICATES NEGATIVE NUMBERS.
R  INDICATES RECORD WAS SET OR TIED.
MM INDICATES DATA IS MISSING.
T  INDICATES TRACE AMOUNT.




$$
