000
CDUS42 KILM 252040
CLIILM


CLIMATE REPORT
NATIONAL WEATHER SERVICE WILMINGTON NC
440 PM EDT MON JUL 25 2016


...................................

...THE WILMINGTON NC CLIMATE SUMMARY FOR JULY 25 2016...
VALID TODAY AS OF 0400 PM LOCAL TIME.

CLIMATE NORMAL PERIOD 1981 TO 2010
CLIMATE RECORD PERIOD 1871 TO 2016


WEATHER ITEM   OBSERVED TIME   RECORD YEAR NORMAL DEPARTURE LAST
                VALUE   (LST)  VALUE       VALUE  FROM      YEAR
                                                  NORMAL
..................................................................
TEMPERATURE (F)
 TODAY
  MAXIMUM         92    109 PM  99    1914  90      2       86
  MINIMUM         77    554 AM  63    1876  73      4       65
  AVERAGE         85                        81      4       76

PRECIPITATION (IN)
  TODAY            0.00          2.76 1962   0.27  -0.27     0.00
  MONTH TO DATE    4.60                      5.94  -1.34     3.00
  SINCE JUN 1     11.23                     11.12   0.11    10.11
  SINCE JAN 1     33.92                     30.02   3.90    30.68

DEGREE DAYS
 HEATING
  TODAY            0                         0      0        0
  MONTH TO DATE    0                         0      0        0
  SINCE JUN 1      0                         2     -2        0
  SINCE JUL 1      0                         0      0        0

 COOLING
  TODAY           20                        16      4       11
  MONTH TO DATE  451                       400     51      457
  SINCE JUN 1    869                       785     84      951
  SINCE JAN 1   1204                      1066    138     1244
..................................................................


WIND (MPH)
  HIGHEST WIND SPEED    17   HIGHEST WIND DIRECTION     S (190)
  HIGHEST GUST SPEED    22   HIGHEST GUST DIRECTION     S (200)
  AVERAGE WIND SPEED     7.0


SKY COVER
  POSSIBLE SUNSHINE  MM
  AVERAGE SKY COVER 0.1


WEATHER CONDITIONS
 THE FOLLOWING WEATHER WAS RECORDED TODAY.
  NO SIGNIFICANT WEATHER WAS OBSERVED.


RELATIVE HUMIDITY (PERCENT)
 HIGHEST    94           600 AM
 LOWEST     56           100 PM
 AVERAGE    75

..........................................................


THE WILMINGTON NC CLIMATE NORMALS FOR TOMORROW
                         NORMAL    RECORD    YEAR
 MAXIMUM TEMPERATURE (F)   90        98      2012
                                             1999
                                             1968
 MINIMUM TEMPERATURE (F)   73        63      1895


SUNRISE AND SUNSET
JULY 25 2016..........SUNRISE   618 AM EDT   SUNSET   818 PM EDT
JULY 26 2016..........SUNRISE   619 AM EDT   SUNSET   817 PM EDT


-  INDICATES NEGATIVE NUMBERS.
R  INDICATES RECORD WAS SET OR TIED.
MM INDICATES DATA IS MISSING.
T  INDICATES TRACE AMOUNT.




$$
