000
CDUS42 KILM 202146
CLIILM


CLIMATE REPORT
NATIONAL WEATHER SERVICE WILMINGTON NC
446 PM EST MON NOV 20 2017


...................................

...THE WILMINGTON NC CLIMATE SUMMARY FOR NOVEMBER 20 2017...
VALID TODAY AS OF 0400 PM LOCAL TIME.

CLIMATE NORMAL PERIOD 1981 TO 2010
CLIMATE RECORD PERIOD 1871 TO 2017


WEATHER ITEM   OBSERVED TIME   RECORD YEAR NORMAL DEPARTURE LAST
                VALUE   (LST)  VALUE       VALUE  FROM      YEAR
                                                  NORMAL
..................................................................
TEMPERATURE (F)
 TODAY
  MAXIMUM         61    317 PM  83    1985  67     -6       54
  MINIMUM         32    709 AM  22    1951  44    -12       35
  AVERAGE         47                        56     -9       45

PRECIPITATION (IN)
  TODAY            0.00          2.19 1952   0.11  -0.11     0.00
  MONTH TO DATE    0.85                      2.13  -1.28     1.96
  SINCE SEP 1     11.18                     13.86  -2.68    24.60
  SINCE JAN 1     58.56                     52.83   5.73    66.14

SNOWFALL (IN)
  TODAY            0.0           1.5  1879   0.0    0.0      0.0
  MONTH TO DATE    0.0                       0.0    0.0      0.0
  SINCE SEP 1      0.0                       0.0    0.0      0.0
  SINCE JUL 1      0.0                       0.0    0.0      0.0
  SNOW DEPTH       0

DEGREE DAYS
 HEATING
  TODAY           18                        10      8       20
  MONTH TO DATE  161                       157      4      196
  SINCE SEP 1    223                       254    -31      242
  SINCE JUL 1    223                       254    -31      242

 COOLING
  TODAY            0                         1     -1        0
  MONTH TO DATE   27                        20      7        7
  SINCE SEP 1    541                       411    130      511
  SINCE JAN 1   2355                      2034    321     2381
..................................................................


WIND (MPH)
  HIGHEST WIND SPEED    14   HIGHEST WIND DIRECTION     N (360)
  HIGHEST GUST SPEED    18   HIGHEST GUST DIRECTION     N (360)
  AVERAGE WIND SPEED     3.5


SKY COVER
  POSSIBLE SUNSHINE  MM
  AVERAGE SKY COVER 0.0


WEATHER CONDITIONS
 THE FOLLOWING WEATHER WAS RECORDED TODAY.
  NO SIGNIFICANT WEATHER WAS OBSERVED.


RELATIVE HUMIDITY (PERCENT)
 HIGHEST    96           500 AM
 LOWEST     29           200 PM
 AVERAGE    63

..........................................................


THE WILMINGTON NC CLIMATE NORMALS FOR TOMORROW
                         NORMAL    RECORD    YEAR
 MAXIMUM TEMPERATURE (F)   67        80      1985
                                             1975
                                             1942
 MINIMUM TEMPERATURE (F)   44        23      1951


SUNRISE AND SUNSET
NOVEMBER 20 2017......SUNRISE   650 AM EST   SUNSET   505 PM EST
NOVEMBER 21 2017......SUNRISE   651 AM EST   SUNSET   504 PM EST


-  INDICATES NEGATIVE NUMBERS.
R  INDICATES RECORD WAS SET OR TIED.
MM INDICATES DATA IS MISSING.
T  INDICATES TRACE AMOUNT.




$$
