000
CDUS43 KILX 010631
CLIILX


CLIMATE REPORT
NATIONAL WEATHER SERVICE LINCOLN IL
130 AM CDT MON SEP 1 2014


...................................

...THE LINCOLN IL CLIMATE SUMMARY FOR AUGUST 31 2014...

CLIMATE NORMAL PERIOD 1981 TO 2010
CLIMATE RECORD PERIOD 1905 TO 2014


WEATHER ITEM   OBSERVED TIME   RECORD YEAR NORMAL DEPARTURE LAST
                VALUE   (LST)  VALUE       VALUE  FROM      YEAR
                                                  NORMAL
..................................................................
TEMPERATURE (F)
 YESTERDAY
  MAXIMUM         85        MM 101    1953  83      2       94
  MINIMUM         70        MM  36    1915  60     10       68
  AVERAGE         78                        71      7       81

PRECIPITATION (IN)
  YESTERDAY        0.00          2.15 2003   0.11  -0.11     0.00
                                      1965
  MONTH TO DATE    6.13                      3.92   2.21     1.87
  SINCE JUN 1     17.33                     13.30   4.03     7.98
  SINCE JAN 1     28.65                     27.42   1.23    29.14

SNOWFALL (IN)
  YESTERDAY        0.0           0.0    MM   0.0    0.0      0.0
  MONTH TO DATE    0.0                       0.0    0.0      0.0
  SINCE JUN 1      0.0                       0.0    0.0       T
  SINCE JUL 1      0.0                       0.0    0.0       T
  SNOW DEPTH       0

DEGREE DAYS
 HEATING
  YESTERDAY        0                         1     -1        0
  MONTH TO DATE    1                         1      0       11
  SINCE JUN 1     17                        26     -9       39
  SINCE JUL 1     10                         9      1       22

 COOLING
  YESTERDAY       13                         7      6       16
  MONTH TO DATE  259                       255      4      207
  SINCE JUN 1    625                       798   -173      669
  SINCE JAN 1    754                       889   -135      771
..................................................................


WIND (MPH)
  HIGHEST WIND SPEED    MM   HIGHEST WIND DIRECTION    MM
  HIGHEST GUST SPEED    MM   HIGHEST GUST DIRECTION    MM
  AVERAGE WIND SPEED    MM


SKY COVER
  POSSIBLE SUNSHINE  MM


WEATHER CONDITIONS
 THE FOLLOWING WEATHER WAS RECORDED YESTERDAY.
  NO SIGNIFICANT WEATHER WAS OBSERVED.


..........................................................


THE LINCOLN IL CLIMATE NORMALS FOR TODAY
                         NORMAL    RECORD    YEAR
 MAXIMUM TEMPERATURE (F)   83       102      1953
 MINIMUM TEMPERATURE (F)   59        39      1915


SUNRISE AND SUNSET
SEPTEMBER  1 2014.....SUNRISE   625 AM CDT   SUNSET   729 PM CDT
SEPTEMBER  2 2014.....SUNRISE   626 AM CDT   SUNSET   727 PM CDT


-  INDICATES NEGATIVE NUMBERS.
R  INDICATES RECORD WAS SET OR TIED.
MM INDICATES DATA IS MISSING.
T  INDICATES TRACE AMOUNT.




$$
