000
CDUS43 KILX 240628
CLIILX


CLIMATE REPORT
NATIONAL WEATHER SERVICE LINCOLN IL
127 AM CDT FRI OCT 24 2014


...................................

...THE LINCOLN IL CLIMATE SUMMARY FOR OCTOBER 23 2014...

CLIMATE NORMAL PERIOD 1981 TO 2010
CLIMATE RECORD PERIOD 1905 TO 2014


WEATHER ITEM   OBSERVED TIME   RECORD YEAR NORMAL DEPARTURE LAST
                VALUE   (LST)  VALUE       VALUE  FROM      YEAR
                                                  NORMAL
..................................................................
TEMPERATURE (F)
 YESTERDAY
  MAXIMUM         61        MM  84    1963  63     -2       46
  MINIMUM         32        MM  21    1924  40     -8       34
  AVERAGE         47                        52     -5       40

PRECIPITATION (IN)
  YESTERDAY        0.01          1.38 1977   0.11  -0.10     0.00
  MONTH TO DATE    3.83                      2.27   1.56     1.76
  SINCE SEP 1     11.45                      5.48   5.97     2.69
  SINCE JAN 1     40.10                     32.90   7.20    31.83

SNOWFALL (IN)
  YESTERDAY        0.0           2.7  1929   0.0    0.0      0.0
  MONTH TO DATE    0.0                       0.0    0.0      0.0
  SINCE SEP 1      0.0                       0.0    0.0      0.0
  SINCE JUL 1      0.0                       0.0    0.0       T
  SNOW DEPTH       0

DEGREE DAYS
 HEATING
  YESTERDAY       18                        14      4       25
  MONTH TO DATE  256                       239     17      227
  SINCE SEP 1    369                       325     44      287
  SINCE JUL 1    379                       334     45      309

 COOLING
  YESTERDAY        0                         0      0        0
  MONTH TO DATE    4                        11     -7       39
  SINCE SEP 1     83                       125    -42      176
  SINCE JAN 1    837                      1014   -177      947
..................................................................


WIND (MPH)
  HIGHEST WIND SPEED    MM   HIGHEST WIND DIRECTION    MM
  HIGHEST GUST SPEED    MM   HIGHEST GUST DIRECTION    MM
  AVERAGE WIND SPEED    MM


SKY COVER
  POSSIBLE SUNSHINE  MM


WEATHER CONDITIONS
 THE FOLLOWING WEATHER WAS RECORDED YESTERDAY.
  LIGHT RAIN


..........................................................


THE LINCOLN IL CLIMATE NORMALS FOR TODAY
                         NORMAL    RECORD    YEAR
 MAXIMUM TEMPERATURE (F)   62        87      1992
 MINIMUM TEMPERATURE (F)   40        18      1988


SUNRISE AND SUNSET
OCTOBER 24 2014.......SUNRISE   718 AM CDT   SUNSET   605 PM CDT
OCTOBER 25 2014.......SUNRISE   719 AM CDT   SUNSET   603 PM CDT


-  INDICATES NEGATIVE NUMBERS.
R  INDICATES RECORD WAS SET OR TIED.
MM INDICATES DATA IS MISSING.
T  INDICATES TRACE AMOUNT.




$$
