323
CDUS43 KILX 260637
CLIILX


CLIMATE REPORT
NATIONAL WEATHER SERVICE LINCOLN IL
137 AM CDT WED APR 26 2017


...................................

...THE LINCOLN IL CLIMATE SUMMARY FOR APRIL 25 2017...

CLIMATE NORMAL PERIOD 1981 TO 2010
CLIMATE RECORD PERIOD 1905 TO 2017


WEATHER ITEM   OBSERVED TIME   RECORD YEAR NORMAL DEPARTURE LAST
                VALUE   (LST)  VALUE       VALUE  FROM      YEAR
                                                  NORMAL
..................................................................
TEMPERATURE (F)
 YESTERDAY
  MAXIMUM         81        MM  89    1954  68     13       83
  MINIMUM         44        MM  21    1934  44      0       58
  AVERAGE         63                        56      7       71

PRECIPITATION (IN)
  YESTERDAY        0.00          2.02 1957   0.12  -0.12     0.00
  MONTH TO DATE    2.73                      2.95  -0.22     1.49
  SINCE MAR 1      6.72                      5.55   1.17     5.36
  SINCE JAN 1      9.37                      9.30   0.07     7.60

SNOWFALL (IN)
  YESTERDAY        0.0           0.0    MM   0.0    0.0      0.0
  MONTH TO DATE    0.0                       0.3   -0.3       T
  SINCE MAR 1      3.7                       2.0    1.7       T
  SINCE JUL 1     10.9                      20.5   -9.6     12.3
  SNOW DEPTH       0

DEGREE DAYS
 HEATING
  YESTERDAY        2                        10     -8        0
  MONTH TO DATE  207                       348   -141      333
  SINCE MAR 1    904                      1089   -185      884
  SINCE JUL 1   4512                      5512  -1000     4679

 COOLING
  YESTERDAY        0                         1     -1        6
  MONTH TO DATE   14                         8      6        8
  SINCE MAR 1     14                        10      4        8
  SINCE JAN 1     14                        10      4        8
..................................................................


WIND (MPH)
  HIGHEST WIND SPEED    MM   HIGHEST WIND DIRECTION    MM
  HIGHEST GUST SPEED    MM   HIGHEST GUST DIRECTION    MM
  AVERAGE WIND SPEED    MM


SKY COVER
  POSSIBLE SUNSHINE  MM


WEATHER CONDITIONS
 THE FOLLOWING WEATHER WAS RECORDED YESTERDAY.
  NO SIGNIFICANT WEATHER WAS OBSERVED.


..........................................................


THE LINCOLN IL CLIMATE NORMALS FOR TODAY
                         NORMAL    RECORD    YEAR
 MAXIMUM TEMPERATURE (F)   68        91      1986
 MINIMUM TEMPERATURE (F)   45        24      1919


SUNRISE AND SUNSET
APRIL 26 2017.........SUNRISE   603 AM CDT   SUNSET   748 PM CDT
APRIL 27 2017.........SUNRISE   602 AM CDT   SUNSET   749 PM CDT


-  INDICATES NEGATIVE NUMBERS.
R  INDICATES RECORD WAS SET OR TIED.
MM INDICATES DATA IS MISSING.
T  INDICATES TRACE AMOUNT.




$$
