000
CDUS43 KILX 040639
CLIILX


CLIMATE REPORT
NATIONAL WEATHER SERVICE LINCOLN IL
1239 AM CST SUN DEC 4 2016


...................................

...THE LINCOLN IL CLIMATE SUMMARY FOR DECEMBER 3 2016...

CLIMATE NORMAL PERIOD 1981 TO 2010
CLIMATE RECORD PERIOD 1905 TO 2016


WEATHER ITEM   OBSERVED TIME   RECORD YEAR NORMAL DEPARTURE LAST
                VALUE   (LST)  VALUE       VALUE  FROM      YEAR
                                                  NORMAL
..................................................................
TEMPERATURE (F)
 YESTERDAY
  MAXIMUM         39        MM  72    1970  42     -3       36
  MINIMUM         30        MM  -8    1929  26      4       27
  AVERAGE         35                        34      1       32

PRECIPITATION (IN)
  YESTERDAY        0.00          5.18 1982   0.09  -0.09     0.00
  MONTH TO DATE    0.00                      0.29  -0.29     0.06
  SINCE DEC 1      0.00                      0.29  -0.29     0.06
  SINCE JAN 1     38.42                     37.25   1.17    41.87

SNOWFALL (IN)
  YESTERDAY        0.0           2.0  1964   0.1   -0.1      0.0
  MONTH TO DATE    0.0                       0.3   -0.3       T
  SINCE DEC 1      0.0                       0.3   -0.3       T
  SINCE JUL 1      0.0                       0.9   -0.9      1.0
  SNOW DEPTH       0

DEGREE DAYS
 HEATING
  YESTERDAY       30                        31     -1       33
  MONTH TO DATE   83                        92     -9       89
  SINCE DEC 1     83                        92     -9       89
  SINCE JUL 1    860                      1235   -375     1016

 COOLING
  YESTERDAY        0                         0      0        0
  MONTH TO DATE    0                         0      0        0
  SINCE DEC 1      0                         0      0        0
  SINCE JAN 1   1241                      1017    224      998
..................................................................


WIND (MPH)
  HIGHEST WIND SPEED    MM   HIGHEST WIND DIRECTION    MM
  HIGHEST GUST SPEED    MM   HIGHEST GUST DIRECTION    MM
  AVERAGE WIND SPEED    MM


SKY COVER
  POSSIBLE SUNSHINE  MM


WEATHER CONDITIONS
 THE FOLLOWING WEATHER WAS RECORDED YESTERDAY.
  NO SIGNIFICANT WEATHER WAS OBSERVED.


..........................................................


THE LINCOLN IL CLIMATE NORMALS FOR TODAY
                         NORMAL    RECORD    YEAR
 MAXIMUM TEMPERATURE (F)   41        69      1916
 MINIMUM TEMPERATURE (F)   25         1      1929


SUNRISE AND SUNSET
DECEMBER  4 2016......SUNRISE   704 AM CST   SUNSET   432 PM CST
DECEMBER  5 2016......SUNRISE   705 AM CST   SUNSET   432 PM CST


-  INDICATES NEGATIVE NUMBERS.
R  INDICATES RECORD WAS SET OR TIED.
MM INDICATES DATA IS MISSING.
T  INDICATES TRACE AMOUNT.




$$
