000
CDUS43 KILX 010638
CLIILX


CLIMATE REPORT
NATIONAL WEATHER SERVICE LINCOLN IL
137 AM CDT SAT OCT 1 2016


...................................

...THE LINCOLN IL CLIMATE SUMMARY FOR SEPTEMBER 30 2016...

CLIMATE NORMAL PERIOD 1981 TO 2010
CLIMATE RECORD PERIOD 1905 TO 2016


WEATHER ITEM   OBSERVED TIME   RECORD YEAR NORMAL DEPARTURE LAST
                VALUE   (LST)  VALUE       VALUE  FROM      YEAR
                                                  NORMAL
..................................................................
TEMPERATURE (F)
 YESTERDAY
  MAXIMUM         68        MM  93    1952  72     -4       70
  MINIMUM         57        MM  27    1912  47     10       47
  AVERAGE         63                        60      3       59

PRECIPITATION (IN)
  YESTERDAY        0.16          1.18 1955   0.10   0.06     0.00
  MONTH TO DATE    4.43                      3.21   1.22     4.68
  SINCE SEP 1      4.43                      3.21   1.22     4.68
  SINCE JAN 1     33.87                     30.63   3.24    35.75

SNOWFALL (IN)
  YESTERDAY        0.0           0.0    MM   0.0    0.0      0.0
  MONTH TO DATE    0.0                       0.0    0.0      0.0
  SINCE SEP 1      0.0                       0.0    0.0      0.0
  SINCE JUL 1      0.0                       0.0    0.0      0.0
  SNOW DEPTH       0

DEGREE DAYS
 HEATING
  YESTERDAY        2                         7     -5        6
  MONTH TO DATE   15                        85    -70       36
  SINCE SEP 1     15                        86    -71       36
  SINCE JUL 1     24                        95    -71       48

 COOLING
  YESTERDAY        0                         1     -1        0
  MONTH TO DATE  194                       114     80      186
  SINCE SEP 1    194                       114     80      186
  SINCE JAN 1   1185                      1003    182      990
..................................................................


WIND (MPH)
  HIGHEST WIND SPEED    MM   HIGHEST WIND DIRECTION    MM
  HIGHEST GUST SPEED    MM   HIGHEST GUST DIRECTION    MM
  AVERAGE WIND SPEED    MM


SKY COVER
  POSSIBLE SUNSHINE  MM


WEATHER CONDITIONS
 THE FOLLOWING WEATHER WAS RECORDED YESTERDAY.
  RAIN
  LIGHT RAIN
  FOG


..........................................................


THE LINCOLN IL CLIMATE NORMALS FOR TODAY
                         NORMAL    RECORD    YEAR
 MAXIMUM TEMPERATURE (F)   72        91      1922
 MINIMUM TEMPERATURE (F)   47        29      1912


SUNRISE AND SUNSET
OCTOBER  1 2016.......SUNRISE   654 AM CDT   SUNSET   639 PM CDT
OCTOBER  2 2016.......SUNRISE   655 AM CDT   SUNSET   637 PM CDT


-  INDICATES NEGATIVE NUMBERS.
R  INDICATES RECORD WAS SET OR TIED.
MM INDICATES DATA IS MISSING.
T  INDICATES TRACE AMOUNT.




$$
