000
CDUS43 KILX 010643
CLIILX


CLIMATE REPORT
NATIONAL WEATHER SERVICE LINCOLN IL
143 AM CDT TUE SEP 1 2015


...................................

...THE LINCOLN IL CLIMATE SUMMARY FOR AUGUST 31 2015...

CLIMATE NORMAL PERIOD 1981 TO 2010
CLIMATE RECORD PERIOD 1905 TO 2015


WEATHER ITEM   OBSERVED TIME   RECORD YEAR NORMAL DEPARTURE LAST
                VALUE   (LST)  VALUE       VALUE  FROM      YEAR
                                                  NORMAL
..................................................................
TEMPERATURE (F)
 YESTERDAY
  MAXIMUM         90        MM 101    1953  83      7       85
  MINIMUM         62        MM  36    1915  60      2       70
  AVERAGE         76                        71      5       78

PRECIPITATION (IN)
  YESTERDAY        0.00          2.15 2003   0.11  -0.11     0.00
                                      1965
  MONTH TO DATE    1.08                      3.92  -2.84     6.13
  SINCE JUN 1     16.68                     13.30   3.38    17.33
  SINCE JAN 1     31.07                     27.42   3.65    28.65

SNOWFALL (IN)
  YESTERDAY        0.0           0.0    MM   0.0    0.0      0.0
  MONTH TO DATE    0.0                       0.0    0.0      0.0
  SINCE JUN 1      0.0                       0.0    0.0      0.0
  SINCE JUL 1      0.0                       0.0    0.0      0.0
  SNOW DEPTH       0

DEGREE DAYS
 HEATING
  YESTERDAY        0                         1     -1        0
  MONTH TO DATE    3                         1      2        1
  SINCE JUN 1     17                        26     -9       17
  SINCE JUL 1      9                         9      0       10

 COOLING
  YESTERDAY       11                         7      4       13
  MONTH TO DATE  207                       255    -48      259
  SINCE JUN 1    693                       798   -105      625
  SINCE JAN 1    804                       889    -85      754
..................................................................


WIND (MPH)
  HIGHEST WIND SPEED    MM   HIGHEST WIND DIRECTION    MM
  HIGHEST GUST SPEED    MM   HIGHEST GUST DIRECTION    MM
  AVERAGE WIND SPEED    MM


SKY COVER
  POSSIBLE SUNSHINE  MM


WEATHER CONDITIONS
 THE FOLLOWING WEATHER WAS RECORDED YESTERDAY.
  FOG


..........................................................


THE LINCOLN IL CLIMATE NORMALS FOR TODAY
                         NORMAL    RECORD    YEAR
 MAXIMUM TEMPERATURE (F)   83       102      1953
 MINIMUM TEMPERATURE (F)   59        39      1915


SUNRISE AND SUNSET
SEPTEMBER  1 2015.....SUNRISE   625 AM CDT   SUNSET   729 PM CDT
SEPTEMBER  2 2015.....SUNRISE   626 AM CDT   SUNSET   728 PM CDT


-  INDICATES NEGATIVE NUMBERS.
R  INDICATES RECORD WAS SET OR TIED.
MM INDICATES DATA IS MISSING.
T  INDICATES TRACE AMOUNT.




$$
