000
CDUS43 KILX 290703
CLIILX


CLIMATE REPORT
NATIONAL WEATHER SERVICE LINCOLN IL
202 AM CDT TUE JUL 29 2014


...................................

...THE LINCOLN IL CLIMATE SUMMARY FOR JULY 28 2014...

CLIMATE NORMAL PERIOD 1981 TO 2010
CLIMATE RECORD PERIOD 1905 TO 2014


WEATHER ITEM   OBSERVED TIME   RECORD YEAR NORMAL DEPARTURE LAST
                VALUE   (LST)  VALUE       VALUE  FROM      YEAR
                                                  NORMAL
..................................................................
TEMPERATURE (F)
 YESTERDAY
  MAXIMUM         73        MM 106    1930  85    -12       74
  MINIMUM         54        MM  48    2013  64    -10       48
  AVERAGE         64                        74    -10       61

PRECIPITATION (IN)
  YESTERDAY        0.00          1.90 1958   0.15  -0.15     0.00
  MONTH TO DATE    4.78                      4.64   0.14     2.12
  SINCE JUN 1     11.20                      8.96   2.24     5.37
  SINCE JAN 1     22.52                     23.08  -0.56    26.53

SNOWFALL (IN)
  YESTERDAY        0.0           0.0    MM   0.0    0.0      0.0
  MONTH TO DATE    0.0                       0.0    0.0       T
  SINCE JUN 1      0.0                       0.0    0.0       T
  SINCE JUL 1      0.0                       0.0    0.0       T
  SNOW DEPTH       0

DEGREE DAYS
 HEATING
  YESTERDAY        1                         0      1        4
  MONTH TO DATE    9                         0      9        9
  SINCE JUN 1     16                        17     -1       26
  SINCE JUL 1      9                         0      9        9

 COOLING
  YESTERDAY        0                         9     -9        0
  MONTH TO DATE  122                       284   -162      232
  SINCE JUN 1    359                       516   -157      456
  SINCE JAN 1    488                       607   -119      558
..................................................................


WIND (MPH)
  HIGHEST WIND SPEED    MM   HIGHEST WIND DIRECTION    MM
  HIGHEST GUST SPEED     0   HIGHEST GUST DIRECTION     N (0)
  AVERAGE WIND SPEED    MM


SKY COVER
  POSSIBLE SUNSHINE   0 PERCENT


WEATHER CONDITIONS
 THE FOLLOWING WEATHER WAS RECORDED YESTERDAY.
  NO SIGNIFICANT WEATHER WAS OBSERVED.


..........................................................


THE LINCOLN IL CLIMATE NORMALS FOR TODAY
                         NORMAL    RECORD    YEAR
 MAXIMUM TEMPERATURE (F)   85       104      1916
 MINIMUM TEMPERATURE (F)   64        47      1925


SUNRISE AND SUNSET
JULY 29 2014..........SUNRISE   553 AM CDT   SUNSET   814 PM CDT
JULY 30 2014..........SUNRISE   554 AM CDT   SUNSET   813 PM CDT


-  INDICATES NEGATIVE NUMBERS.
R  INDICATES RECORD WAS SET OR TIED.
MM INDICATES DATA IS MISSING.
T  INDICATES TRACE AMOUNT.




$$
