000
CDUS43 KILX 220650
CLIILX


CLIMATE REPORT
NATIONAL WEATHER SERVICE LINCOLN IL
1250 AM CST WED FEB 22 2017


...................................

...THE LINCOLN IL CLIMATE SUMMARY FOR FEBRUARY 21 2017...

CLIMATE NORMAL PERIOD 1981 TO 2010
CLIMATE RECORD PERIOD 1905 TO 2017


WEATHER ITEM   OBSERVED TIME   RECORD YEAR NORMAL DEPARTURE LAST
                VALUE   (LST)  VALUE       VALUE  FROM      YEAR
                                                  NORMAL
..................................................................
TEMPERATURE (F)
 YESTERDAY
  MAXIMUM         65        MM  69    1930  41     24       52
  MINIMUM         51        MM  -6    1963  24     27       31
  AVERAGE         58                        32     26       42

PRECIPITATION (IN)
  YESTERDAY        0.12          1.22 1976   0.07   0.05     0.00
  MONTH TO DATE    0.45                      1.31  -0.86     1.12
  SINCE DEC 1      3.57                      5.88  -2.31     8.92
  SINCE JAN 1      2.21                      3.24  -1.03     2.11

SNOWFALL (IN)
  YESTERDAY        0.0           6.0  1912   0.2   -0.2      0.0
  MONTH TO DATE    3.4                       4.6   -1.2      4.8
  SINCE DEC 1      7.2                      16.7   -9.5     10.4
  SINCE JUL 1      7.2                      17.3  -10.1     11.4
  SNOW DEPTH       0

DEGREE DAYS
 HEATING
  YESTERDAY        7                        33    -26       23
  MONTH TO DATE  551                       750   -199      707
  SINCE DEC 1   2689                      3061   -372     2667
  SINCE JUL 1   3466                      4204   -738     3594

 COOLING
  YESTERDAY        0                         0      0        0
  MONTH TO DATE    0                         0      0        0
  SINCE DEC 1      0                         0      0        0
  SINCE JAN 1      0                         0      0        0
..................................................................


WIND (MPH)
  HIGHEST WIND SPEED    MM   HIGHEST WIND DIRECTION    MM
  HIGHEST GUST SPEED    MM   HIGHEST GUST DIRECTION    MM
  AVERAGE WIND SPEED    MM


SKY COVER
  POSSIBLE SUNSHINE  MM


WEATHER CONDITIONS
 THE FOLLOWING WEATHER WAS RECORDED YESTERDAY.
  RAIN
  LIGHT RAIN
  FOG


..........................................................


THE LINCOLN IL CLIMATE NORMALS FOR TODAY
                         NORMAL    RECORD    YEAR
 MAXIMUM TEMPERATURE (F)   41        71      1922
 MINIMUM TEMPERATURE (F)   24        -2      1978


SUNRISE AND SUNSET
FEBRUARY 22 2017......SUNRISE   641 AM CST   SUNSET   541 PM CST
FEBRUARY 23 2017......SUNRISE   639 AM CST   SUNSET   543 PM CST


-  INDICATES NEGATIVE NUMBERS.
R  INDICATES RECORD WAS SET OR TIED.
MM INDICATES DATA IS MISSING.
T  INDICATES TRACE AMOUNT.




$$
