000
CDUS43 KILX 262139
CLIILX


CLIMATE REPORT
NATIONAL WEATHER SERVICE LINCOLN IL
439 PM CDT SUN MAR 26 2017


...................................

...THE LINCOLN IL CLIMATE SUMMARY FOR MARCH 26 2017...
VALID TODAY AS OF 0400 PM LOCAL TIME.

CLIMATE NORMAL PERIOD 1981 TO 2010
CLIMATE RECORD PERIOD 1905 TO 2017


WEATHER ITEM   OBSERVED TIME   RECORD YEAR NORMAL DEPARTURE LAST
                VALUE   (LST)  VALUE       VALUE  FROM      YEAR
                                                  NORMAL
..................................................................
TEMPERATURE (F)
 TODAY
  MAXIMUM         58        MM  79    2007  56      2       62
  MINIMUM         52        MM   3    1955  34     18       31
  AVERAGE         55                        45     10       47

PRECIPITATION (IN)
  TODAY            0.09          1.17 2004   0.09   0.00     0.00
  MONTH TO DATE    2.00                      2.14  -0.14     1.92
  SINCE MAR 1      2.00                      2.14  -0.14     1.92
  SINCE JAN 1      4.65                      5.89  -1.24     4.16

SNOWFALL (IN)
  TODAY            0.0           4.0  1913   0.0    0.0      0.0
  MONTH TO DATE    3.7                       1.6    2.1       T
  SINCE MAR 1      3.7                       1.6    2.1       T
  SINCE JUL 1     10.9                      20.1   -9.2     12.3
  SNOW DEPTH       0

DEGREE DAYS
 HEATING
  TODAY           10                        20    -10       18
  MONTH TO DATE  603                       645    -42      473
  SINCE MAR 1    603                       645    -42      473
  SINCE JUL 1   4211                      5068   -857     4268

 COOLING
  TODAY            0                         0      0        0
  MONTH TO DATE    0                         0      0        0
  SINCE MAR 1      0                         0      0        0
  SINCE JAN 1      0                         0      0        0
..................................................................







THE LINCOLN IL CLIMATE NORMALS FOR TOMORROW
                         NORMAL    RECORD    YEAR
 MAXIMUM TEMPERATURE (F)   56        83      1991
 MINIMUM TEMPERATURE (F)   34        13      1955


SUNRISE AND SUNSET
MARCH 26 2017.........SUNRISE   651 AM CDT   SUNSET   716 PM CDT
MARCH 27 2017.........SUNRISE   649 AM CDT   SUNSET   717 PM CDT


-  INDICATES NEGATIVE NUMBERS.
R  INDICATES RECORD WAS SET OR TIED.
MM INDICATES DATA IS MISSING.
T  INDICATES TRACE AMOUNT.




$$
