000
CDUS43 KILX 180702
CLIILX


CLIMATE REPORT
NATIONAL WEATHER SERVICE LINCOLN IL
100 AM CST THU JAN 18 2018


...................................

...THE LINCOLN IL CLIMATE SUMMARY FOR JANUARY 17 2018...

CLIMATE NORMAL PERIOD 1981 TO 2010
CLIMATE RECORD PERIOD 1905 TO 2018


WEATHER ITEM   OBSERVED TIME   RECORD YEAR NORMAL DEPARTURE LAST
                VALUE   (LST)  VALUE       VALUE  FROM      YEAR
                                                  NORMAL
..................................................................
TEMPERATURE (F)
 YESTERDAY
  MAXIMUM         21        MM  67    1952  34    -13       53
  MINIMUM         -1        MM -21    1977  18    -19       36
  AVERAGE         10                        26    -16       45

PRECIPITATION (IN)
  YESTERDAY        0.00          1.35 1907   0.07  -0.07     0.03
  MONTH TO DATE    0.34                      1.18  -0.84     0.95
  SINCE DEC 1      0.80                      3.82  -3.02     2.31
  SINCE JAN 1      0.34                      1.18  -0.84     0.95

SNOWFALL (IN)
  YESTERDAY        0.0           5.5  1911   0.2   -0.2      0.0
  MONTH TO DATE    2.9                       3.3   -0.4      0.5
  SINCE DEC 1      7.1                       9.5   -2.4      3.7
  SINCE JUL 1      7.1                      10.1   -3.0      3.7
  SNOW DEPTH       2

DEGREE DAYS
 HEATING
  YESTERDAY       55                        39     16       20
  MONTH TO DATE  869                       663    206      639
  SINCE DEC 1   1999                      1762    237     1754
  SINCE JUL 1   3052                      2905    147     2531

 COOLING
  YESTERDAY        0                         0      0        0
  MONTH TO DATE    0                         0      0        0
  SINCE DEC 1      0                         0      0        0
  SINCE JAN 1      0                         0      0        0
..................................................................


WIND (MPH)
  HIGHEST WIND SPEED    MM   HIGHEST WIND DIRECTION    MM
  HIGHEST GUST SPEED    MM   HIGHEST GUST DIRECTION    MM
  AVERAGE WIND SPEED    MM


SKY COVER
  POSSIBLE SUNSHINE  MM


WEATHER CONDITIONS
 THE FOLLOWING WEATHER WAS RECORDED YESTERDAY.
  NO SIGNIFICANT WEATHER WAS OBSERVED.


..........................................................


THE LINCOLN IL CLIMATE NORMALS FOR TODAY
                         NORMAL    RECORD    YEAR
 MAXIMUM TEMPERATURE (F)   34        60      1951
 MINIMUM TEMPERATURE (F)   18       -19      1930


SUNRISE AND SUNSET
JANUARY 18 2018.......SUNRISE   716 AM CST   SUNSET   500 PM CST
JANUARY 19 2018.......SUNRISE   716 AM CST   SUNSET   501 PM CST


-  INDICATES NEGATIVE NUMBERS.
R  INDICATES RECORD WAS SET OR TIED.
MM INDICATES DATA IS MISSING.
T  INDICATES TRACE AMOUNT.




$$
