000
CDUS43 KILX 282134
CLIILX


CLIMATE REPORT
NATIONAL WEATHER SERVICE LINCOLN IL
433 PM CDT SUN AUG 28 2016


...................................

...THE LINCOLN IL CLIMATE SUMMARY FOR AUGUST 28 2016...
VALID TODAY AS OF 0400 PM LOCAL TIME.

CLIMATE NORMAL PERIOD 1981 TO 2010
CLIMATE RECORD PERIOD 1905 TO 2016


WEATHER ITEM   OBSERVED TIME   RECORD YEAR NORMAL DEPARTURE LAST
                VALUE   (LST)  VALUE       VALUE  FROM      YEAR
                                                  NORMAL
..................................................................
TEMPERATURE (F)
 TODAY
  MAXIMUM         89        MM  98    1953  84      5       80
  MINIMUM         70        MM  40    1916  61      9       55
  AVERAGE         80                        72      8       68

PRECIPITATION (IN)
  TODAY            0.13          3.22 1949   0.12   0.01     0.00
  MONTH TO DATE    5.95                      3.57   2.38     1.04
  SINCE JUN 1     17.00                     12.95   4.05    16.64
  SINCE JAN 1     28.95                     27.07   1.88    31.03

SNOWFALL (IN)
  TODAY            0.0           0.0    MM   0.0    0.0      0.0
  MONTH TO DATE    0.0                       0.0    0.0      0.0
  SINCE JUN 1      0.0                       0.0    0.0      0.0
  SINCE JUL 1      0.0                       0.0    0.0      0.0
  SNOW DEPTH       0

DEGREE DAYS
 HEATING
  TODAY            0                         0      0        0
  MONTH TO DATE    0                         0      0        6
  SINCE JUN 1     11                        19     -8       20
  SINCE JUL 1      9                         2      7       12

 COOLING
  TODAY           15                         7      8        3
  MONTH TO DATE  281                       235     46      179
  SINCE JUN 1    875                       778     97      665
  SINCE JAN 1    962                       869     93      776
..................................................................







THE LINCOLN IL CLIMATE NORMALS FOR TOMORROW
                         NORMAL    RECORD    YEAR
 MAXIMUM TEMPERATURE (F)   83        99      1953
 MINIMUM TEMPERATURE (F)   60        39      1986


SUNRISE AND SUNSET
AUGUST 28 2016........SUNRISE   622 AM CDT   SUNSET   734 PM CDT
AUGUST 29 2016........SUNRISE   623 AM CDT   SUNSET   733 PM CDT


-  INDICATES NEGATIVE NUMBERS.
R  INDICATES RECORD WAS SET OR TIED.
MM INDICATES DATA IS MISSING.
T  INDICATES TRACE AMOUNT.




$$
