000
CDUS43 KILX 270636
CLIILX

CLIMATE REPORT
NATIONAL WEATHER SERVICE LINCOLN IL
131 AM CDT SAT MAY 27 2017

...................................

...THE LINCOLN IL CLIMATE SUMMARY FOR MAY 26 2017...

CLIMATE NORMAL PERIOD 1981 TO 2010
CLIMATE RECORD PERIOD 1905 TO 2017


WEATHER ITEM   OBSERVED TIME   RECORD YEAR NORMAL DEPARTURE LAST
                VALUE   (LST)  VALUE       VALUE  FROM      YEAR
                                                  NORMAL
..................................................................
TEMPERATURE (F)
 YESTERDAY
  MAXIMUM         82        MM  94    1926  77      5       84
  MINIMUM         56        MM  29    1925  55      1       64
  AVERAGE         69                        66      3       74

PRECIPITATION (IN)
  YESTERDAY        0.02          1.45 1956   0.13  -0.11     0.51
  MONTH TO DATE    3.30                      3.49  -0.19     3.04
  SINCE MAR 1     13.31                      9.70   3.61     9.50
  SINCE JAN 1     15.96                     13.45   2.51    11.74

SNOWFALL (IN)
  YESTERDAY        0.0           0.0    MM   0.0    0.0      0.0
  MONTH TO DATE    0.0                       0.0    0.0      0.0
  SINCE MAR 1      3.7                       2.0    1.7       T
  SINCE JUL 1     10.9                      20.5   -9.6     12.3
  SNOW DEPTH       0

DEGREE DAYS
 HEATING
  YESTERDAY        0                         3     -3        0
  MONTH TO DATE  152                       127     25      155
  SINCE MAR 1   1105                      1259   -154     1078
  SINCE JUL 1   4713                      5682   -969     4873

 COOLING
  YESTERDAY        4                         4      0        9
  MONTH TO DATE   57                        54      3       35
  SINCE MAR 1     71                        69      2       43
  SINCE JAN 1     71                        69      2       43
..................................................................


WIND (MPH)
  HIGHEST WIND SPEED    MM   HIGHEST WIND DIRECTION    MM
  HIGHEST GUST SPEED    MM   HIGHEST GUST DIRECTION    MM
  AVERAGE WIND SPEED    MM


SKY COVER
  POSSIBLE SUNSHINE  MM


WEATHER CONDITIONS
 THE FOLLOWING WEATHER WAS RECORDED YESTERDAY.
  LIGHT RAIN
  FOG


..........................................................


THE LINCOLN IL CLIMATE NORMALS FOR TODAY
                         NORMAL    RECORD    YEAR
 MAXIMUM TEMPERATURE (F)   78        94      1985
 MINIMUM TEMPERATURE (F)   55        33      1961


SUNRISE AND SUNSET
MAY 27 2017...........SUNRISE   533 AM CDT   SUNSET   817 PM CDT
MAY 28 2017...........SUNRISE   532 AM CDT   SUNSET   818 PM CDT


-  INDICATES NEGATIVE NUMBERS.
R  INDICATES RECORD WAS SET OR TIED.
MM INDICATES DATA IS MISSING.
T  INDICATES TRACE AMOUNT.


$$
