783
CDUS43 KILX 302147
CLIILX


CLIMATE REPORT
NATIONAL WEATHER SERVICE LINCOLN IL
446 PM CDT SAT JUL 30 2016


...................................

...THE LINCOLN IL CLIMATE SUMMARY FOR JULY 30 2016...
VALID TODAY AS OF 0400 PM LOCAL TIME.

CLIMATE NORMAL PERIOD 1981 TO 2010
CLIMATE RECORD PERIOD 1905 TO 2016


WEATHER ITEM   OBSERVED TIME   RECORD YEAR NORMAL DEPARTURE LAST
                VALUE   (LST)  VALUE       VALUE  FROM      YEAR
                                                  NORMAL
..................................................................
TEMPERATURE (F)
 TODAY
  MAXIMUM         81        MM 104    1913  85     -4       88
  MINIMUM         62        MM  49    1928  64     -2       64
  AVERAGE         72                        74     -2       76

PRECIPITATION (IN)
  TODAY            0.01          2.70 1992   0.14  -0.13     0.00
  MONTH TO DATE    8.69                      4.92   3.77     5.93
  SINCE JUN 1     11.05                      9.24   1.81    15.60
  SINCE JAN 1     23.00                     23.36  -0.36    29.99

SNOWFALL (IN)
  TODAY            0.0           0.0    MM   0.0    0.0      0.0
  MONTH TO DATE    0.0                       0.0    0.0      0.0
  SINCE JUN 1      0.0                       0.0    0.0      0.0
  SINCE JUL 1      0.0                       0.0    0.0      0.0
  SNOW DEPTH       0

DEGREE DAYS
 HEATING
  TODAY            0                         0      0        0
  MONTH TO DATE    9                         0      9        6
  SINCE JUN 1     11                        17     -6       14
  SINCE JUL 1      9                         0      9        6

 COOLING
  TODAY            7                         9     -2       11
  MONTH TO DATE  303                       302      1      246
  SINCE JUN 1    585                       534     51      472
  SINCE JAN 1    672                       625     47      583
..................................................................







THE LINCOLN IL CLIMATE NORMALS FOR TOMORROW
                         NORMAL    RECORD    YEAR
 MAXIMUM TEMPERATURE (F)   84       102      1916
 MINIMUM TEMPERATURE (F)   64        46      1918


SUNRISE AND SUNSET
JULY 30 2016..........SUNRISE   554 AM CDT   SUNSET   813 PM CDT
JULY 31 2016..........SUNRISE   555 AM CDT   SUNSET   812 PM CDT


-  INDICATES NEGATIVE NUMBERS.
R  INDICATES RECORD WAS SET OR TIED.
MM INDICATES DATA IS MISSING.
T  INDICATES TRACE AMOUNT.




$$
