000
CDUS43 KILX 170630
CLIILX


CLIMATE REPORT
NATIONAL WEATHER SERVICE LINCOLN IL
1230 AM CST FRI NOV 17 2017


...................................

...THE LINCOLN IL CLIMATE SUMMARY FOR NOVEMBER 16 2017...

CLIMATE NORMAL PERIOD 1981 TO 2010
CLIMATE RECORD PERIOD 1905 TO 2017


WEATHER ITEM   OBSERVED TIME   RECORD YEAR NORMAL DEPARTURE LAST
                VALUE   (LST)  VALUE       VALUE  FROM      YEAR
                                                  NORMAL
..................................................................
TEMPERATURE (F)
 YESTERDAY
  MAXIMUM         38        MM  76    2001  51    -13       64
  MINIMUM         26        MM  14    1933  33     -7       37
  AVERAGE         32                        42    -10       51

PRECIPITATION (IN)
  YESTERDAY        0.00          1.32 1964   0.11  -0.11     0.00
  MONTH TO DATE    0.64                      1.68  -1.04     0.94
  SINCE SEP 1      6.03                      7.97  -1.94     7.01
  SINCE JAN 1     31.15                     35.39  -4.24    36.45

SNOWFALL (IN)
  YESTERDAY        0.0           1.0  1932   0.0    0.0      0.0
  MONTH TO DATE    0.0                       0.1   -0.1      0.0
  SINCE SEP 1      T                         0.1   -0.1      0.0
  SINCE JUL 1      T                         0.1   -0.1      0.0
  SNOW DEPTH       0

DEGREE DAYS
 HEATING
  YESTERDAY       33                        23     10       14
  MONTH TO DATE  373                       314     59      220
  SINCE SEP 1    711                       761    -50      441
  SINCE JUL 1    717                       770    -53      450

 COOLING
  YESTERDAY        0                         0      0        0
  MONTH TO DATE    0                         0      0        7
  SINCE SEP 1    185                       128     57      250
  SINCE JAN 1    984                      1017    -33     1241
..................................................................


WIND (MPH)
  HIGHEST WIND SPEED    MM   HIGHEST WIND DIRECTION    MM
  HIGHEST GUST SPEED    MM   HIGHEST GUST DIRECTION    MM
  AVERAGE WIND SPEED    MM


SKY COVER
  POSSIBLE SUNSHINE  MM


WEATHER CONDITIONS
 THE FOLLOWING WEATHER WAS RECORDED YESTERDAY.
  NO SIGNIFICANT WEATHER WAS OBSERVED.


..........................................................


THE LINCOLN IL CLIMATE NORMALS FOR TODAY
                         NORMAL    RECORD    YEAR
 MAXIMUM TEMPERATURE (F)   51        76      2001
 MINIMUM TEMPERATURE (F)   33         3      1959


SUNRISE AND SUNSET
NOVEMBER 17 2017......SUNRISE   645 AM CST   SUNSET   439 PM CST
NOVEMBER 18 2017......SUNRISE   647 AM CST   SUNSET   438 PM CST


-  INDICATES NEGATIVE NUMBERS.
R  INDICATES RECORD WAS SET OR TIED.
MM INDICATES DATA IS MISSING.
T  INDICATES TRACE AMOUNT.




$$
