000
CDUS43 KILX 250635
CLIILX


CLIMATE REPORT
NATIONAL WEATHER SERVICE LINCOLN IL
130 AM CDT TUE JUL 25 2017


...................................

...THE LINCOLN IL CLIMATE SUMMARY FOR JULY 24 2017...

CLIMATE NORMAL PERIOD 1981 TO 2010
CLIMATE RECORD PERIOD 1905 TO 2017


WEATHER ITEM   OBSERVED TIME   RECORD YEAR NORMAL DEPARTURE LAST
                VALUE   (LST)  VALUE       VALUE  FROM      YEAR
                                                  NORMAL
..................................................................
TEMPERATURE (F)
 YESTERDAY
  MAXIMUM         78        MM 104    1934  85     -7       91
  MINIMUM         63        MM  52    1925  64     -1       70
  AVERAGE         71                        74     -3       81

PRECIPITATION (IN)
  YESTERDAY        0.00          2.37 2016   0.16  -0.16     2.37
  MONTH TO DATE    4.39                      4.04   0.35     7.75
  SINCE JUN 1      5.37                      8.36  -2.99    10.11
  SINCE JAN 1     21.50                     22.48  -0.98    22.06

SNOWFALL (IN)
  YESTERDAY        0.0           0.0    MM   0.0    0.0      0.0
  MONTH TO DATE    T                         0.0    0.0      0.0
  SINCE JUN 1      T                         0.0    0.0      0.0
  SINCE JUL 1      T                         0.0    0.0      0.0
  SNOW DEPTH       0

DEGREE DAYS
 HEATING
  YESTERDAY        0                         0      0        0
  MONTH TO DATE    0                         0      0        9
  SINCE JUN 1      7                        17    -10       11
  SINCE JUL 1      0                         0      0        9

 COOLING
  YESTERDAY        6                        10     -4       16
  MONTH TO DATE  282                       247     35      242
  SINCE JUN 1    554                       479     75      524
  SINCE JAN 1    644                       570     74      611
..................................................................


WIND (MPH)
  HIGHEST WIND SPEED    MM   HIGHEST WIND DIRECTION    MM
  HIGHEST GUST SPEED    MM   HIGHEST GUST DIRECTION    MM
  AVERAGE WIND SPEED    MM


SKY COVER
  POSSIBLE SUNSHINE  MM


WEATHER CONDITIONS
 THE FOLLOWING WEATHER WAS RECORDED YESTERDAY.
  NO SIGNIFICANT WEATHER WAS OBSERVED.


..........................................................


THE LINCOLN IL CLIMATE NORMALS FOR TODAY
                         NORMAL    RECORD    YEAR
 MAXIMUM TEMPERATURE (F)   85       105      1934
 MINIMUM TEMPERATURE (F)   64        48      1913


SUNRISE AND SUNSET
JULY 25 2017..........SUNRISE   549 AM CDT   SUNSET   818 PM CDT
JULY 26 2017..........SUNRISE   550 AM CDT   SUNSET   817 PM CDT


-  INDICATES NEGATIVE NUMBERS.
R  INDICATES RECORD WAS SET OR TIED.
MM INDICATES DATA IS MISSING.
T  INDICATES TRACE AMOUNT.




$$
