000
CDUS43 KILX 270656
CLIILX


CLIMATE REPORT
NATIONAL WEATHER SERVICE LINCOLN IL
1247 AM CST TUE JAN 27 2015


...................................

...THE LINCOLN IL CLIMATE SUMMARY FOR JANUARY 26 2015...

CLIMATE NORMAL PERIOD 1981 TO 2010
CLIMATE RECORD PERIOD 1905 TO 2015


WEATHER ITEM   OBSERVED TIME   RECORD YEAR NORMAL DEPARTURE LAST
                VALUE   (LST)  VALUE       VALUE  FROM      YEAR
                                                  NORMAL
..................................................................
TEMPERATURE (F)
 YESTERDAY
  MAXIMUM         32        MM  59    1911  34     -2       46
  MINIMUM         20        MM -13    1936  18      2       13
  AVERAGE         26                        26      0       30

PRECIPITATION (IN)
  YESTERDAY        0.01          0.66 1962   0.05  -0.04      T
  MONTH TO DATE    1.22                      1.68  -0.46     1.64
  SINCE DEC 1      2.67                      4.32  -1.65     3.15
  SINCE JAN 1      1.22                      1.68  -0.46     1.64

SNOWFALL (IN)
  YESTERDAY        0.3           2.7  1926   0.2    0.1       T
  MONTH TO DATE    4.6                       4.9   -0.3     15.7
  SINCE DEC 1      5.0                      11.1   -6.1     22.1
  SINCE JUL 1      6.0                      11.7   -5.7     22.6
  SNOW DEPTH       0

DEGREE DAYS
 HEATING
  YESTERDAY       39                        39      0       35
  MONTH TO DATE 1072                      1014     58     1180
  SINCE DEC 1   2078                      2113    -35     2389
  SINCE JUL 1   3476                      3256    220     3667

 COOLING
  YESTERDAY        0                         0      0        0
  MONTH TO DATE    0                         0      0        0
  SINCE DEC 1      0                         0      0        0
  SINCE JAN 1      0                         0      0        0
..................................................................


WIND (MPH)
  HIGHEST WIND SPEED    MM   HIGHEST WIND DIRECTION    MM
  HIGHEST GUST SPEED    MM   HIGHEST GUST DIRECTION    MM
  AVERAGE WIND SPEED    MM


SKY COVER
  POSSIBLE SUNSHINE  MM


WEATHER CONDITIONS
 THE FOLLOWING WEATHER WAS RECORDED YESTERDAY.
  LT FREEZING RAIN
  LIGHT SNOW
  FOG


..........................................................


THE LINCOLN IL CLIMATE NORMALS FOR TODAY
                         NORMAL    RECORD    YEAR
 MAXIMUM TEMPERATURE (F)   34        66      1944
 MINIMUM TEMPERATURE (F)   18       -14      2003


SUNRISE AND SUNSET
JANUARY 27 2015.......SUNRISE   711 AM CST   SUNSET   510 PM CST
JANUARY 28 2015.......SUNRISE   710 AM CST   SUNSET   511 PM CST


-  INDICATES NEGATIVE NUMBERS.
R  INDICATES RECORD WAS SET OR TIED.
MM INDICATES DATA IS MISSING.
T  INDICATES TRACE AMOUNT.




$$
