000
CDUS43 KILX 030633
CLIILX


CLIMATE REPORT
NATIONAL WEATHER SERVICE LINCOLN IL
132 AM CDT MON AUG 3 2015


...................................

...THE LINCOLN IL CLIMATE SUMMARY FOR AUGUST 2 2015...

CLIMATE NORMAL PERIOD 1981 TO 2010
CLIMATE RECORD PERIOD 1905 TO 2015


WEATHER ITEM   OBSERVED TIME   RECORD YEAR NORMAL DEPARTURE LAST
                VALUE   (LST)  VALUE       VALUE  FROM      YEAR
                                                  NORMAL
..................................................................
TEMPERATURE (F)
 YESTERDAY
  MAXIMUM         91        MM 101    1964  84      7       82
  MINIMUM         63        MM  47    1920  63      0       54
  AVERAGE         77                        74      3       68

PRECIPITATION (IN)
  YESTERDAY        0.17          1.78 1921   0.15   0.02     0.00
  MONTH TO DATE    0.17                      0.28  -0.11     0.46
  SINCE JUN 1     15.77                      9.66   6.11    11.66
  SINCE JAN 1     30.16                     23.78   6.38    22.98

SNOWFALL (IN)
  YESTERDAY        0.0           0.0    MM   0.0    0.0      0.0
  MONTH TO DATE    0.0                       0.0    0.0      0.0
  SINCE JUN 1      0.0                       0.0    0.0      0.0
  SINCE JUL 1      0.0                       0.0    0.0      0.0
  SNOW DEPTH       0

DEGREE DAYS
 HEATING
  YESTERDAY        0                         0      0        0
  MONTH TO DATE    0                         0      0        0
  SINCE JUN 1     14                        19     -5       16
  SINCE JUL 1      6                         2      4        9

 COOLING
  YESTERDAY       12                         9      3        3
  MONTH TO DATE   20                        18      2        8
  SINCE JUN 1    506                       561    -55      374
  SINCE JAN 1    617                       652    -35      503
..................................................................


WIND (MPH)
  HIGHEST WIND SPEED    MM   HIGHEST WIND DIRECTION    MM
  HIGHEST GUST SPEED    MM   HIGHEST GUST DIRECTION    MM
  AVERAGE WIND SPEED    MM


SKY COVER
  POSSIBLE SUNSHINE  MM


WEATHER CONDITIONS
 THE FOLLOWING WEATHER WAS RECORDED YESTERDAY.
  THUNDERSTORM
  HEAVY RAIN


..........................................................


THE LINCOLN IL CLIMATE NORMALS FOR TODAY
                         NORMAL    RECORD    YEAR
 MAXIMUM TEMPERATURE (F)   84       103      1930
 MINIMUM TEMPERATURE (F)   63        43      1912


SUNRISE AND SUNSET
AUGUST  3 2015........SUNRISE   557 AM CDT   SUNSET   809 PM CDT
AUGUST  4 2015........SUNRISE   558 AM CDT   SUNSET   808 PM CDT


-  INDICATES NEGATIVE NUMBERS.
R  INDICATES RECORD WAS SET OR TIED.
MM INDICATES DATA IS MISSING.
T  INDICATES TRACE AMOUNT.




$$
