000
CDUS43 KIND 300532
CLIIND


CLIMATE REPORT
NATIONAL WEATHER SERVICE INDIANAPOLIS IN
131 AM EDT MON MAY 30 2016


...................................

...THE INDIANAPOLIS IN CLIMATE SUMMARY FOR MAY 29 2016...

CLIMATE NORMAL PERIOD 1981 TO 2010
CLIMATE RECORD PERIOD 1871 TO 2016


WEATHER ITEM   OBSERVED TIME   RECORD YEAR NORMAL DEPARTURE LAST
                VALUE   (LST)  VALUE       VALUE  FROM      YEAR
                                                  NORMAL
..................................................................
TEMPERATURE (F)
 YESTERDAY
  MAXIMUM         85    303 PM  93    1895  77      8       84
  MINIMUM         68    602 AM  36    1965  57     11       65
  AVERAGE         77                        67     10       75

PRECIPITATION (IN)
  YESTERDAY        T             2.19 1880   0.16  -0.16      T
  MONTH TO DATE    3.74                      4.74  -1.00     1.09
  SINCE MAR 1     13.80                     12.11   1.69     8.62
  SINCE JAN 1     17.51                     17.09   0.42    11.77

SNOWFALL (IN)
  YESTERDAY        0.0           0.0    MM   0.0    0.0      0.0
  MONTH TO DATE    T                         0.0    0.0      0.0
  SINCE MAR 1      1.2                       2.8   -1.6      5.9
  SINCE JUL 1     13.3                      25.9  -12.6     25.6
  SNOW DEPTH       0

DEGREE DAYS
 HEATING
  YESTERDAY        0                         2     -2        0
  MONTH TO DATE  159                       137     22       75
  SINCE MAR 1    991                      1216   -225     1178
  SINCE JUL 1   4444                      5359   -915     5904

 COOLING
  YESTERDAY       12                         4      8       10
  MONTH TO DATE   63                        61      2      132
  SINCE MAR 1     81                        76      5      138
  SINCE JAN 1     81                        76      5      138
..................................................................


WIND (MPH)
  HIGHEST WIND SPEED    17   HIGHEST WIND DIRECTION    SW (230)
  HIGHEST GUST SPEED    22   HIGHEST GUST DIRECTION    SW (230)
  AVERAGE WIND SPEED     8.5


SKY COVER
  AVERAGE SKY COVER 0.6


WEATHER CONDITIONS
 THE FOLLOWING WEATHER WAS RECORDED YESTERDAY.
  THUNDERSTORM
  LIGHT RAIN


RELATIVE HUMIDITY (PERCENT)
 HIGHEST    90           700 AM
 LOWEST     42           700 PM
 AVERAGE    66

..........................................................


THE INDIANAPOLIS IN CLIMATE NORMALS FOR TODAY
                         NORMAL    RECORD    YEAR
 MAXIMUM TEMPERATURE (F)   77        94      1895
 MINIMUM TEMPERATURE (F)   57        37      1947
                                             1889


SUNRISE AND SUNSET
MAY 30 2016...........SUNRISE   620 AM EDT   SUNSET   906 PM EDT
MAY 31 2016...........SUNRISE   619 AM EDT   SUNSET   907 PM EDT


-  INDICATES NEGATIVE NUMBERS.
R  INDICATES RECORD WAS SET OR TIED.
MM INDICATES DATA IS MISSING.
T  INDICATES TRACE AMOUNT.




$$
