000
CDUS43 KIND 310537
CLIIND


CLIMATE REPORT
NATIONAL WEATHER SERVICE INDIANAPOLIS IN
1237 AM EST SAT JAN 31 2015


...................................

...THE INDIANAPOLIS IN CLIMATE SUMMARY FOR JANUARY 30 2015...

CLIMATE NORMAL PERIOD 1981 TO 2010
CLIMATE RECORD PERIOD 1871 TO 2015


WEATHER ITEM   OBSERVED TIME   RECORD YEAR NORMAL DEPARTURE LAST
                VALUE   (LST)  VALUE       VALUE  FROM      YEAR
                                                  NORMAL
..................................................................
TEMPERATURE (F)
 YESTERDAY
  MAXIMUM         31    341 PM  65    2013  36     -5       33
  MINIMUM         20   1147 PM -11    1966  21     -1       14
  AVERAGE         26                        29     -3       24

PRECIPITATION (IN)
  YESTERDAY        0.01          1.47 1982   0.08  -0.07      T
  MONTH TO DATE    1.68                      2.58  -0.90     2.33
  SINCE DEC 1      4.23                      5.75  -1.52     6.77
  SINCE JAN 1      1.68                      2.58  -0.90     2.33

SNOWFALL (IN)
  YESTERDAY        0.1           3.4  1901   0.3   -0.2       T
  MONTH TO DATE    2.5                       8.3   -5.8     26.7
  SINCE DEC 1      2.6                      15.2  -12.6     35.5
  SINCE JUL 1      5.3                      16.3  -11.0     35.6
  SNOW DEPTH       0

DEGREE DAYS
 HEATING
  YESTERDAY       39                        36      3       41
  MONTH TO DATE 1185                      1109     76     1354
  SINCE DEC 1   2159                      2143     16     2433
  SINCE JUL 1   3438                      3185    253     3577

 COOLING
  YESTERDAY        0                         0      0        0
  MONTH TO DATE    0                         0      0        0
  SINCE DEC 1      0                         0      0        0
  SINCE JAN 1      0                         0      0        0
..................................................................


WIND (MPH)
  HIGHEST WIND SPEED    22   HIGHEST WIND DIRECTION     N (360)
  HIGHEST GUST SPEED    28   HIGHEST GUST DIRECTION     N (350)
  AVERAGE WIND SPEED     9.3


SKY COVER
  AVERAGE SKY COVER 0.6


WEATHER CONDITIONS
 THE FOLLOWING WEATHER WAS RECORDED YESTERDAY.
  LIGHT SNOW
  FOG


RELATIVE HUMIDITY (PERCENT)
 HIGHEST    85           500 AM
 LOWEST     53           300 PM
 AVERAGE    69

..........................................................


THE INDIANAPOLIS IN CLIMATE NORMALS FOR TODAY
                         NORMAL    RECORD    YEAR
 MAXIMUM TEMPERATURE (F)   37        66      1917
 MINIMUM TEMPERATURE (F)   21       -11      2004


SUNRISE AND SUNSET
JANUARY 31 2015.......SUNRISE   754 AM EST   SUNSET   603 PM EST
FEBRUARY  1 2015......SUNRISE   753 AM EST   SUNSET   605 PM EST


-  INDICATES NEGATIVE NUMBERS.
R  INDICATES RECORD WAS SET OR TIED.
MM INDICATES DATA IS MISSING.
T  INDICATES TRACE AMOUNT.




$$
