705
CDUS43 KIND 190535
CLIIND


CLIMATE REPORT
NATIONAL WEATHER SERVICE INDIANAPOLIS IN
1233 AM EST FRI JAN 19 2018


...................................

...THE INDIANAPOLIS IN CLIMATE SUMMARY FOR JANUARY 18 2018...

CLIMATE NORMAL PERIOD 1981 TO 2010
CLIMATE RECORD PERIOD 1871 TO 2018


WEATHER ITEM   OBSERVED TIME   RECORD YEAR NORMAL DEPARTURE LAST
                VALUE   (LST)  VALUE       VALUE  FROM      YEAR
                                                  NORMAL
..................................................................
TEMPERATURE (F)
 YESTERDAY
  MAXIMUM         31        MM  64    1929  35     -4       39
  MINIMUM          9        MM -22    1994  20    -11       36
  AVERAGE         20                        28     -8       38

PRECIPITATION (IN)
  YESTERDAY        0.00          1.96 1949   0.08  -0.08      T
  MONTH TO DATE    1.12                      1.63  -0.51     3.01
  SINCE DEC 1      2.24                      4.80  -2.56     4.53
  SINCE JAN 1      1.12                      1.63  -0.51     3.01

SNOWFALL (IN)
  YESTERDAY        0.0           5.3  1915   0.3   -0.3      0.0
  MONTH TO DATE    3.6                       4.9   -1.3      1.2
  SINCE DEC 1      7.5                      11.8   -4.3      6.1
  SINCE JUL 1      7.5                      12.9   -5.4      6.1
  SNOW DEPTH       3

DEGREE DAYS
 HEATING
  YESTERDAY       45                        37      8       27
  MONTH TO DATE  865                       666    199      597
  SINCE DEC 1   1934                      1700    234     1664
  SINCE JUL 1   2838                      2742     96     2357

 COOLING
  YESTERDAY        0                         0      0        0
  MONTH TO DATE    0                         0      0        0
  SINCE DEC 1      0                         0      0        0
  SINCE JAN 1      0                         0      0        0
..................................................................


WIND (MPH)
  HIGHEST WIND SPEED    20   HIGHEST WIND DIRECTION    SW (230)
  HIGHEST GUST SPEED    24   HIGHEST GUST DIRECTION    SW (230)
  AVERAGE WIND SPEED    14.3


SKY COVER
  AVERAGE SKY COVER 0.0


WEATHER CONDITIONS
 THE FOLLOWING WEATHER WAS RECORDED YESTERDAY.
  NO SIGNIFICANT WEATHER WAS OBSERVED.


RELATIVE HUMIDITY (PERCENT)
 HIGHEST    83           400 AM
 LOWEST     49           400 PM
 AVERAGE    66

..........................................................


THE INDIANAPOLIS IN CLIMATE NORMALS FOR TODAY
                         NORMAL    RECORD    YEAR
 MAXIMUM TEMPERATURE (F)   35        69      1907
 MINIMUM TEMPERATURE (F)   20       -27      1994


SUNRISE AND SUNSET
JANUARY 19 2018.......SUNRISE   803 AM EST   SUNSET   550 PM EST
JANUARY 20 2018.......SUNRISE   802 AM EST   SUNSET   551 PM EST


-  INDICATES NEGATIVE NUMBERS.
R  INDICATES RECORD WAS SET OR TIED.
MM INDICATES DATA IS MISSING.
T  INDICATES TRACE AMOUNT.




$$
