000
CDUS43 KIND 270530
CLIIND


CLIMATE REPORT
NATIONAL WEATHER SERVICE INDIANAPOLIS IN
1230 AM EST MON FEB 27 2017


...................................

...THE INDIANAPOLIS IN CLIMATE SUMMARY FOR FEBRUARY 26 2017...

CLIMATE NORMAL PERIOD 1981 TO 2010
CLIMATE RECORD PERIOD 1871 TO 2017


WEATHER ITEM   OBSERVED TIME   RECORD YEAR NORMAL DEPARTURE LAST
                VALUE   (LST)  VALUE       VALUE  FROM      YEAR
                                                  NORMAL
..................................................................
TEMPERATURE (F)
 YESTERDAY
  MAXIMUM         47    352 PM  68    1998  44      3       39
                                      1944
                                      1917
  MINIMUM         20    657 AM  -6    1963  27     -7       30
  AVERAGE         34                        36     -2       35

PRECIPITATION (IN)
  YESTERDAY        0.00          2.49 1977   0.09  -0.09      T
  MONTH TO DATE    0.51                      2.14  -1.63     2.16
  SINCE DEC 1      6.38                      7.97  -1.59     9.21
  SINCE JAN 1      4.86                      4.80   0.06     3.62

SNOWFALL (IN)
  YESTERDAY        0.0           6.8  1939   0.2   -0.2      0.0
  MONTH TO DATE    2.1                       6.2   -4.1      4.4
  SINCE DEC 1      8.7                      21.7  -13.0     10.8
  SINCE JUL 1      8.7                      22.8  -14.1     12.1
  SNOW DEPTH       0

DEGREE DAYS
 HEATING
  YESTERDAY       31                        29      2       30
  MONTH TO DATE  570                       864   -294      814
  SINCE DEC 1   2562                      3043   -481     2611
  SINCE JUL 1   3255                      4085   -830     3398

 COOLING
  YESTERDAY        0                         0      0        0
  MONTH TO DATE    0                         0      0        0
  SINCE DEC 1      0                         0      0        0
  SINCE JAN 1      0                         0      0        0
..................................................................


WIND (MPH)
  HIGHEST WIND SPEED    23   HIGHEST WIND DIRECTION    SW (220)
  HIGHEST GUST SPEED    28   HIGHEST GUST DIRECTION    SW (220)
  AVERAGE WIND SPEED    10.6


SKY COVER
  AVERAGE SKY COVER 0.5


WEATHER CONDITIONS
 THE FOLLOWING WEATHER WAS RECORDED YESTERDAY.
  NO SIGNIFICANT WEATHER WAS OBSERVED.


RELATIVE HUMIDITY (PERCENT)
 HIGHEST    84           700 AM
 LOWEST     25           400 PM
 AVERAGE    55

..........................................................


THE INDIANAPOLIS IN CLIMATE NORMALS FOR TODAY
                         NORMAL    RECORD    YEAR
 MAXIMUM TEMPERATURE (F)   45        73      1996
 MINIMUM TEMPERATURE (F)   27        -7      1963


SUNRISE AND SUNSET
FEBRUARY 27 2017......SUNRISE   721 AM EST   SUNSET   635 PM EST
FEBRUARY 28 2017......SUNRISE   719 AM EST   SUNSET   636 PM EST


-  INDICATES NEGATIVE NUMBERS.
R  INDICATES RECORD WAS SET OR TIED.
MM INDICATES DATA IS MISSING.
T  INDICATES TRACE AMOUNT.




$$
