000
CDUS43 KIND 030534
CLIIND


CLIMATE REPORT
NATIONAL WEATHER SERVICE INDIANAPOLIS IN
1233 AM EST TUE MAR 3 2015


...................................

...THE INDIANAPOLIS IN CLIMATE SUMMARY FOR MARCH 2 2015...

CLIMATE NORMAL PERIOD 1981 TO 2010
CLIMATE RECORD PERIOD 1871 TO 2015


WEATHER ITEM   OBSERVED TIME   RECORD YEAR NORMAL DEPARTURE LAST
                VALUE   (LST)  VALUE       VALUE  FROM      YEAR
                                                  NORMAL
..................................................................
TEMPERATURE (F)
 YESTERDAY
  MAXIMUM         34    333 PM  74    1992  46    -12       25
  MINIMUM         14    843 AM  -7    1980  28    -14       14
  AVERAGE         24                        37    -13       20

PRECIPITATION (IN)
  YESTERDAY        0.00          1.56 1945   0.09  -0.09     0.29
  MONTH TO DATE    0.53                      0.19   0.34     0.29
  SINCE MAR 1      0.53                      0.19   0.34     0.29
  SINCE JAN 1      3.68                      5.17  -1.49     5.08

SNOWFALL (IN)
  YESTERDAY        0.0           2.4  2014   0.2   -0.2      2.4
  MONTH TO DATE    5.9                       0.3    5.6      2.4
  SINCE MAR 1      5.9                       0.3    5.6      2.4
  SINCE JUL 1     25.6                      23.4    2.2     54.7
  SNOW DEPTH      11

DEGREE DAYS
 HEATING
  YESTERDAY       41                        28     13       45
  MONTH TO DATE   79                        56     23       73
  SINCE MAR 1     79                        56     23       73
  SINCE JUL 1   4805                      4199    606     4870

 COOLING
  YESTERDAY        0                         0      0        0
  MONTH TO DATE    0                         0      0        0
  SINCE MAR 1      0                         0      0        0
  SINCE JAN 1      0                         0      0        0
..................................................................


WIND (MPH)
  HIGHEST WIND SPEED    17   HIGHEST WIND DIRECTION    NW (330)
  HIGHEST GUST SPEED    23   HIGHEST GUST DIRECTION    NW (320)
  AVERAGE WIND SPEED     6.4


SKY COVER
  AVERAGE SKY COVER 0.8


WEATHER CONDITIONS
 THE FOLLOWING WEATHER WAS RECORDED YESTERDAY.
  NO SIGNIFICANT WEATHER WAS OBSERVED.


RELATIVE HUMIDITY (PERCENT)
 HIGHEST    84           200 AM
 LOWEST     45           300 PM
 AVERAGE    65

..........................................................


THE INDIANAPOLIS IN CLIMATE NORMALS FOR TODAY
                         NORMAL    RECORD    YEAR
 MAXIMUM TEMPERATURE (F)   46        77      1992
 MINIMUM TEMPERATURE (F)   29        -5      1943


SUNRISE AND SUNSET
MARCH  3 2015.........SUNRISE   716 AM EST   SUNSET   639 PM EST
MARCH  4 2015.........SUNRISE   714 AM EST   SUNSET   640 PM EST


-  INDICATES NEGATIVE NUMBERS.
R  INDICATES RECORD WAS SET OR TIED.
MM INDICATES DATA IS MISSING.
T  INDICATES TRACE AMOUNT.




$$
