000
CDUS43 KIND 290531
CLIIND


CLIMATE REPORT
NATIONAL WEATHER SERVICE INDIANAPOLIS IN
130 AM EDT TUE JUL 29 2014


...................................

...THE INDIANAPOLIS IN CLIMATE SUMMARY FOR JULY 28 2014...

CLIMATE NORMAL PERIOD 1981 TO 2010
CLIMATE RECORD PERIOD 1871 TO 2014


WEATHER ITEM   OBSERVED TIME   RECORD YEAR NORMAL DEPARTURE LAST
                VALUE   (LST)  VALUE       VALUE  FROM      YEAR
                                                  NORMAL
..................................................................
TEMPERATURE (F)
 YESTERDAY
  MAXIMUM         73    314 PM 101    1930  85    -12       73
  MINIMUM         57   1159 PM  51    2013  66     -9       51
  AVERAGE         65                        75    -10       62

PRECIPITATION (IN)
  YESTERDAY        0.00          2.95 1979   0.12  -0.12     0.00
  MONTH TO DATE    2.87                      4.17  -1.30     3.20
  SINCE JUN 1      9.91                      8.42   1.49     6.86
  SINCE JAN 1     27.34                     25.82   1.52    28.69

SNOWFALL (IN)
  YESTERDAY        0.0           0.0    MM   0.0    0.0      0.0
  MONTH TO DATE    0.0                       0.0    0.0      0.0
  SINCE JUN 1      0.0                       0.0    0.0      0.0
  SINCE JUL 1      0.0                       0.0    0.0      0.0
  SNOW DEPTH       0

DEGREE DAYS
 HEATING
  YESTERDAY        0                         0      0        3
  MONTH TO DATE    3                         0      3        3
  SINCE JUN 1      5                        16    -11       12
  SINCE JUL 1      3                         0      3        3

 COOLING
  YESTERDAY        0                        10    -10        0
  MONTH TO DATE  164                       295   -131      273
  SINCE JUN 1    402                       521   -119      499
  SINCE JAN 1    506                       605    -99      628
..................................................................


WIND (MPH)
  HIGHEST WIND SPEED    23   HIGHEST WIND DIRECTION     N (340)
  HIGHEST GUST SPEED    29   HIGHEST GUST DIRECTION    NW (330)
  AVERAGE WIND SPEED    13.3


SKY COVER
  AVERAGE SKY COVER 0.6


WEATHER CONDITIONS
 THE FOLLOWING WEATHER WAS RECORDED YESTERDAY.
  NO SIGNIFICANT WEATHER WAS OBSERVED.


RELATIVE HUMIDITY (PERCENT)
 HIGHEST    84           400 AM
 LOWEST     52           700 PM
 AVERAGE    68

..........................................................


THE INDIANAPOLIS IN CLIMATE NORMALS FOR TODAY
                         NORMAL    RECORD    YEAR
 MAXIMUM TEMPERATURE (F)   85       100      1941
 MINIMUM TEMPERATURE (F)   66        51      1881


SUNRISE AND SUNSET
JULY 29 2014..........SUNRISE   641 AM EDT   SUNSET   901 PM EDT
JULY 30 2014..........SUNRISE   642 AM EDT   SUNSET   900 PM EDT


-  INDICATES NEGATIVE NUMBERS.
R  INDICATES RECORD WAS SET OR TIED.
MM INDICATES DATA IS MISSING.
T  INDICATES TRACE AMOUNT.




$$
