000
CDUS43 KIND 200542
CLIIND


CLIMATE REPORT
NATIONAL WEATHER SERVICE INDIANAPOLIS IN
1242 AM EST FRI JAN 20 2017


...................................

...THE INDIANAPOLIS IN CLIMATE SUMMARY FOR JANUARY 19 2017...

CLIMATE NORMAL PERIOD 1981 TO 2010
CLIMATE RECORD PERIOD 1871 TO 2017


WEATHER ITEM   OBSERVED TIME   RECORD YEAR NORMAL DEPARTURE LAST
                VALUE   (LST)  VALUE       VALUE  FROM      YEAR
                                                  NORMAL
..................................................................
TEMPERATURE (F)
 YESTERDAY
  MAXIMUM         46    610 PM  69    1907  35     11       19
  MINIMUM         34    745 AM -27    1994  20     14        3
  AVERAGE         40                        28     12       11

PRECIPITATION (IN)
  YESTERDAY        0.70          0.94 1927   0.08   0.62      T
  MONTH TO DATE    3.71                      1.71   2.00     1.27
  SINCE DEC 1      5.23                      4.88   0.35     6.86
  SINCE JAN 1      3.71                      1.71   2.00     1.27

SNOWFALL (IN)
  YESTERDAY        0.0           4.2  2000   0.3   -0.3       T
  MONTH TO DATE    1.2                       5.2   -4.0      3.9
  SINCE DEC 1      6.1                      12.1   -6.0      4.5
  SINCE JUL 1      6.1                      13.2   -7.1      5.8
  SNOW DEPTH       0

DEGREE DAYS
 HEATING
  YESTERDAY       25                        37    -12       54
  MONTH TO DATE  622                       703    -81      721
  SINCE DEC 1   1689                      1737    -48     1406
  SINCE JUL 1   2382                      2779   -397     2193

 COOLING
  YESTERDAY        0                         0      0        0
  MONTH TO DATE    0                         0      0        0
  SINCE DEC 1      0                         0      0        0
  SINCE JAN 1      0                         0      0        0
..................................................................


WIND (MPH)
  HIGHEST WIND SPEED    15   HIGHEST WIND DIRECTION     E (80)
  HIGHEST GUST SPEED    17   HIGHEST GUST DIRECTION    SE (130)
  AVERAGE WIND SPEED     8.2


SKY COVER
  AVERAGE SKY COVER 1.0


WEATHER CONDITIONS
 THE FOLLOWING WEATHER WAS RECORDED YESTERDAY.
  HEAVY RAIN
  RAIN
  LIGHT RAIN
  FOG


RELATIVE HUMIDITY (PERCENT)
 HIGHEST    92           200 AM
 LOWEST     76          1200 PM
 AVERAGE    84

..........................................................


THE INDIANAPOLIS IN CLIMATE NORMALS FOR TODAY
                         NORMAL    RECORD    YEAR
 MAXIMUM TEMPERATURE (F)   36        70      1906
 MINIMUM TEMPERATURE (F)   20       -22      1985


SUNRISE AND SUNSET
JANUARY 20 2017.......SUNRISE   802 AM EST   SUNSET   551 PM EST
JANUARY 21 2017.......SUNRISE   801 AM EST   SUNSET   552 PM EST


-  INDICATES NEGATIVE NUMBERS.
R  INDICATES RECORD WAS SET OR TIED.
MM INDICATES DATA IS MISSING.
T  INDICATES TRACE AMOUNT.




$$
