000
CDUS43 KIND 130537
CLIIND


CLIMATE REPORT
NATIONAL WEATHER SERVICE INDIANAPOLIS IN
1237 AM EST SAT FEB 13 2016


...................................

...THE INDIANAPOLIS IN CLIMATE SUMMARY FOR FEBRUARY 12 2016...

CLIMATE NORMAL PERIOD 1981 TO 2010
CLIMATE RECORD PERIOD 1871 TO 2016


WEATHER ITEM   OBSERVED TIME   RECORD YEAR NORMAL DEPARTURE LAST
                VALUE   (LST)  VALUE       VALUE  FROM      YEAR
                                                  NORMAL
..................................................................
TEMPERATURE (F)
 YESTERDAY
  MAXIMUM         27    429 PM  66    1984  39    -12       27
  MINIMUM         17   1159 PM -10    1899  23     -6       13
  AVERAGE         22                        31     -9       20

PRECIPITATION (IN)
  YESTERDAY        T             2.67 1894   0.08  -0.08      T
  MONTH TO DATE    0.36                      0.98  -0.62     0.37
  SINCE DEC 1      7.41                      6.81   0.60     4.73
  SINCE JAN 1      1.82                      3.64  -1.82     2.18

SNOWFALL (IN)
  YESTERDAY        T             5.9  1971   0.3   -0.3      0.4
  MONTH TO DATE    1.4                       3.2   -1.8      3.0
  SINCE DEC 1      7.8                      18.7  -10.9      6.2
  SINCE JUL 1      9.1                      19.8  -10.7      8.9
  SNOW DEPTH       0

DEGREE DAYS
 HEATING
  YESTERDAY       43                        34      9       45
  MONTH TO DATE  407                       421    -14      436
  SINCE DEC 1   2204                      2600   -396     2634
  SINCE JUL 1   2991                      3642   -651     3913

 COOLING
  YESTERDAY        0                         0      0        0
  MONTH TO DATE    0                         0      0        0
  SINCE DEC 1      0                         0      0        0
  SINCE JAN 1      0                         0      0        0
..................................................................


WIND (MPH)
  HIGHEST WIND SPEED    28   HIGHEST WIND DIRECTION     W (290)
  HIGHEST GUST SPEED    35   HIGHEST GUST DIRECTION     W (280)
  AVERAGE WIND SPEED    11.6


SKY COVER
  AVERAGE SKY COVER 0.9


WEATHER CONDITIONS
 THE FOLLOWING WEATHER WAS RECORDED YESTERDAY.
  LIGHT SNOW


RELATIVE HUMIDITY (PERCENT)
 HIGHEST    81           400 PM
 LOWEST     54           700 PM
 AVERAGE    68

..........................................................


THE INDIANAPOLIS IN CLIMATE NORMALS FOR TODAY
                         NORMAL    RECORD    YEAR
 MAXIMUM TEMPERATURE (F)   39        67      1938
 MINIMUM TEMPERATURE (F)   23       -17      1899


SUNRISE AND SUNSET
FEBRUARY 13 2016......SUNRISE   741 AM EST   SUNSET   619 PM EST
FEBRUARY 14 2016......SUNRISE   739 AM EST   SUNSET   620 PM EST


-  INDICATES NEGATIVE NUMBERS.
R  INDICATES RECORD WAS SET OR TIED.
MM INDICATES DATA IS MISSING.
T  INDICATES TRACE AMOUNT.




$$
