000
CDUS43 KDLH 250631
CLIINL


CLIMATE REPORT
NATIONAL WEATHER SERVICE DULUTH MN
131 AM CDT TUE APR 25 2017


...................................

...THE INTERNATIONAL FALLS MN CLIMATE SUMMARY FOR APRIL 24 2017...

CLIMATE NORMAL PERIOD 1981 TO 2010
CLIMATE RECORD PERIOD 1895 TO 2017


WEATHER ITEM   OBSERVED TIME   RECORD YEAR NORMAL DEPARTURE LAST
                VALUE   (LST)  VALUE       VALUE  FROM      YEAR
                                                  NORMAL
..................................................................
TEMPERATURE (F)
 YESTERDAY
  MAXIMUM         40    124 PM  85    1990  56    -16       47
  MINIMUM         31    836 AM  10    1909  31      0       39
  AVERAGE         36                        44     -8       43

PRECIPITATION (IN)
  YESTERDAY        0.67          1.00 1925   0.06   0.61      T
  MONTH TO DATE    1.29                      1.14   0.15     1.31
  SINCE MAR 1      1.97                      2.09  -0.12     4.02
  SINCE JAN 1      4.72                      3.28   1.44     5.39

SNOWFALL (IN)
  YESTERDAY        0.9           2.8  2014   0.2    0.7      0.0
  MONTH TO DATE    0.9                       5.7   -4.8      4.9
  SINCE MAR 1      5.4                      13.3   -7.9     14.2
  SINCE JUL 1     68.7                      70.1   -1.4     47.7
  SNOW DEPTH       1

DEGREE DAYS
 HEATING
  YESTERDAY       29                        22      7       22
  MONTH TO DATE  556                       651    -95      691
  SINCE MAR 1   1813                      1934   -121     1794
  SINCE JUL 1   8287                      9517  -1230     8326

 COOLING
  YESTERDAY        0                         0      0        0
  MONTH TO DATE    0                         0      0        0
  SINCE MAR 1      0                         0      0        0
  SINCE JAN 1      0                         0      0        0
..................................................................


WIND (MPH)
  HIGHEST WIND SPEED    24   HIGHEST WIND DIRECTION     E (100)
  HIGHEST GUST SPEED    32   HIGHEST GUST DIRECTION     E (90)
  AVERAGE WIND SPEED    12.5


SKY COVER
  AVERAGE SKY COVER 1.0


WEATHER CONDITIONS
 THE FOLLOWING WEATHER WAS RECORDED YESTERDAY.
  RAIN
  LIGHT RAIN
  LIGHT SNOW
  FOG
  HAZE


RELATIVE HUMIDITY (PERCENT)
 HIGHEST    92           500 AM
 LOWEST     59           100 PM
 AVERAGE    76

..........................................................


THE INTERNATIONAL FALLS MN CLIMATE NORMALS FOR TODAY
                         NORMAL    RECORD    YEAR
 MAXIMUM TEMPERATURE (F)   57        82      1990
 MINIMUM TEMPERATURE (F)   31        13      1909


SUNRISE AND SUNSET
APRIL 25 2017.........SUNRISE   604 AM CDT   SUNSET   820 PM CDT
APRIL 26 2017.........SUNRISE   602 AM CDT   SUNSET   822 PM CDT


-  INDICATES NEGATIVE NUMBERS.
R  INDICATES RECORD WAS SET OR TIED.
MM INDICATES DATA IS MISSING.
T  INDICATES TRACE AMOUNT.




$$
