474
CDUS45 KFGZ 230104
CLIINW
CLIMATE REPORT
NATIONAL WEATHER SERVICE FLAGSTAFF, AZ
600 PM MST SAT JUL 22 2017


...................................

...THE WINSLOW AZ AIRPORT CLIMATE SUMMARY FOR JULY 22 2017...
VALID TODAY AS OF 0500 PM LOCAL TIME.

CLIMATE NORMAL PERIOD 1981 TO 2010
CLIMATE RECORD PERIOD 1915 TO 2017


WEATHER ITEM   OBSERVED TIME   RECORD YEAR NORMAL DEPARTURE LAST
                VALUE   (LST)  VALUE       VALUE  FROM      YEAR
                                                  NORMAL
..................................................................
TEMPERATURE (F)
 TODAY
  MAXIMUM         93    432 PM 104    1996  94     -1       99
  MINIMUM         66    554 AM  50    1973  63      3       63
                                      1924
  AVERAGE         80                        78      2       81

PRECIPITATION (IN)
  TODAY            0.01          1.12 1917   0.05  -0.04      T
  MONTH TO DATE    0.22                      0.67  -0.45     0.36
  SINCE SEP 1      5.44                      5.44   0.00     5.99
  SINCE JAN 1      2.36                      2.96  -0.60     1.97

DEGREE DAYS
 HEATING
  TODAY            0                         0      0        0
  MONTH TO DATE    0                         0      0        0
  SINCE JUL 1      0                         0      0        0

 COOLING
  TODAY           15                        14      1       16
  MONTH TO DATE  348                       293     55      294
  SINCE JAN 1    754                       601    153      700
..................................................................


WIND (MPH)
  HIGHEST WIND SPEED    17   HIGHEST WIND DIRECTION    NE (40)
  HIGHEST GUST SPEED    26   HIGHEST GUST DIRECTION    NW (330)
  AVERAGE WIND SPEED     8.9


SKY COVER
  POSSIBLE SUNSHINE  MM
  AVERAGE SKY COVER 0.3


WEATHER CONDITIONS
 THE FOLLOWING WEATHER WAS RECORDED TODAY.
  LIGHT RAIN


RELATIVE HUMIDITY (PERCENT)
 HIGHEST    93           500 AM
 LOWEST     26           400 PM
 AVERAGE    60

..........................................................


THE WINSLOW AZ AIRPORT CLIMATE NORMALS FOR TOMORROW
                         NORMAL    RECORD    YEAR
 MAXIMUM TEMPERATURE (F)   94       104      1996
 MINIMUM TEMPERATURE (F)   63        51      1995
                                             1973


SUNRISE AND SUNSET
JULY 22 2017..........SUNRISE   525 AM MST   SUNSET   733 PM MST
JULY 23 2017..........SUNRISE   526 AM MST   SUNSET   732 PM MST


-  INDICATES NEGATIVE NUMBERS.
R  INDICATES RECORD WAS SET OR TIED.
MM INDICATES DATA IS MISSING.
T  INDICATES TRACE AMOUNT.




$$
