000
CDUS45 KFGZ 280803
CLIINW
CLIMATE REPORT
NATIONAL WEATHER SERVICE FLAGSTAFF, AZ
102 AM MST THU APR 28 2016


...................................

...THE WINSLOW AZ AIRPORT CLIMATE SUMMARY FOR APRIL 27 2016...

CLIMATE NORMAL PERIOD 1981 TO 2010
CLIMATE RECORD PERIOD 1915 TO 2016


WEATHER ITEM   OBSERVED TIME   RECORD YEAR NORMAL DEPARTURE LAST
                VALUE   (LST)  VALUE       VALUE  FROM      YEAR
                                                  NORMAL
..................................................................
TEMPERATURE (F)
 YESTERDAY
  MAXIMUM         74    218 PM  91    2000  75     -1       71
  MINIMUM         42    523 AM  26    2008  40      2       38
                                      1971
  AVERAGE         58                        58      0       55

PRECIPITATION (IN)
  YESTERDAY        0.00          0.52 1917   0.01  -0.01     0.00
  MONTH TO DATE    0.22                      0.24  -0.02     0.30
  SINCE SEP 1      4.85                      4.24   0.61     5.44
  SINCE JAN 1      0.83                      1.76  -0.93     2.59

DEGREE DAYS
 HEATING
  YESTERDAY        7                         8     -1       10
  MONTH TO DATE  285                       306    -21      303
  SINCE JUL 1   4081                      4359   -278     3664

 COOLING
  YESTERDAY        0                         0      0        0
  MONTH TO DATE    0                         0      0        0
  SINCE JAN 1      0                         0      0        0
..................................................................


WIND (MPH)
  HIGHEST WIND SPEED    23   HIGHEST WIND DIRECTION    SW (210)
  HIGHEST GUST SPEED    32   HIGHEST GUST DIRECTION     S (190)
  AVERAGE WIND SPEED     9.8


SKY COVER
  POSSIBLE SUNSHINE  MM
  AVERAGE SKY COVER 0.2


WEATHER CONDITIONS
 THE FOLLOWING WEATHER WAS RECORDED YESTERDAY.
  NO SIGNIFICANT WEATHER WAS OBSERVED.


RELATIVE HUMIDITY (PERCENT)
 HIGHEST    49           600 AM
 LOWEST     16           200 PM
 AVERAGE    33

..........................................................


THE WINSLOW AZ AIRPORT CLIMATE NORMALS FOR TODAY
                         NORMAL    RECORD    YEAR
 MAXIMUM TEMPERATURE (F)   76        87      2000
                                             1949
 MINIMUM TEMPERATURE (F)   41        25      2008


SUNRISE AND SUNSET
APRIL 28 2016.........SUNRISE   535 AM MST   SUNSET   706 PM MST
APRIL 29 2016.........SUNRISE   534 AM MST   SUNSET   707 PM MST


-  INDICATES NEGATIVE NUMBERS.
R  INDICATES RECORD WAS SET OR TIED.
MM INDICATES DATA IS MISSING.
T  INDICATES TRACE AMOUNT.




$$
