000
CDUS45 KFGZ 240051
CLIINW
CLIMATE REPORT
NATIONAL WEATHER SERVICE FLAGSTAFF, AZ
551 PM MST THU OCT 23 2014


...................................

...THE WINSLOW AZ AIRPORT CLIMATE SUMMARY FOR OCTOBER 23 2014...
VALID TODAY AS OF 0500 PM LOCAL TIME.

CLIMATE NORMAL PERIOD 1981 TO 2010
CLIMATE RECORD PERIOD 1898 TO 2014


WEATHER ITEM   OBSERVED TIME   RECORD YEAR NORMAL DEPARTURE LAST
                VALUE   (LST)  VALUE       VALUE  FROM      YEAR
                                                  NORMAL
..................................................................
TEMPERATURE (F)
 TODAY
  MAXIMUM         79    204 PM  84    2003  71      8       76
  MINIMUM         39    620 AM  21    2008  36      3       30
                                      1995
  AVERAGE         59                        54      5       53

PRECIPITATION (IN)
  TODAY            0.00          0.22 1974   0.01  -0.01     0.00
  MONTH TO DATE    0.39                      0.40  -0.01     0.25
  SINCE SEP 1      1.73                      1.28   0.45     1.18
  SINCE JAN 1      5.91                      5.81   0.10     6.88

DEGREE DAYS
 HEATING
  TODAY            6                        11     -5       12
  MONTH TO DATE   99                       170    -71      272
  SINCE JUL 1    112                       201    -89      305

 COOLING
  TODAY            0                         0      0        0
  MONTH TO DATE    1                         6     -5        0
  SINCE JAN 1   1327                      1207    120     1380
..................................................................


WIND (MPH)
  HIGHEST WIND SPEED     8   HIGHEST WIND DIRECTION    NE (60)
  HIGHEST GUST SPEED    11   HIGHEST GUST DIRECTION     E (90)
  AVERAGE WIND SPEED     2.7


SKY COVER
  POSSIBLE SUNSHINE  MM
  AVERAGE SKY COVER 0.0


WEATHER CONDITIONS
 THE FOLLOWING WEATHER WAS RECORDED TODAY.
  NO SIGNIFICANT WEATHER WAS OBSERVED.


RELATIVE HUMIDITY (PERCENT)
 HIGHEST    82           700 AM
 LOWEST     22           200 PM
 AVERAGE    52

..........................................................


THE WINSLOW AZ AIRPORT CLIMATE NORMALS FOR TOMORROW
                         NORMAL    RECORD    YEAR
 MAXIMUM TEMPERATURE (F)   70        83      2011
                                             1915
 MINIMUM TEMPERATURE (F)   36        16      1980


SUNRISE AND SUNSET
OCTOBER 23 2014.......SUNRISE   636 AM MST   SUNSET   538 PM MST
OCTOBER 24 2014.......SUNRISE   637 AM MST   SUNSET   537 PM MST


-  INDICATES NEGATIVE NUMBERS.
R  INDICATES RECORD WAS SET OR TIED.
MM INDICATES DATA IS MISSING.
T  INDICATES TRACE AMOUNT.




$$
