000
CDUS45 KFGZ 020742
CLIINW
CLIMATE REPORT
NATIONAL WEATHER SERVICE FLAGSTAFF, AZ
1239 AM MST MON MAR 2 2015


...................................

...THE WINSLOW AZ AIRPORT CLIMATE SUMMARY FOR MARCH 1 2015...

CLIMATE NORMAL PERIOD 1981 TO 2010
CLIMATE RECORD PERIOD 1915 TO 2015


WEATHER ITEM   OBSERVED TIME   RECORD YEAR NORMAL DEPARTURE LAST
                VALUE   (LST)  VALUE       VALUE  FROM      YEAR
                                                  NORMAL
..................................................................
TEMPERATURE (F)
 YESTERDAY
  MAXIMUM         50    536 PM  73    2008  60    -10       54
                                      1986
  MINIMUM         34   1151 PM  10    1929  28      6       34
                                      1925
  AVERAGE         42                        44     -2       44

PRECIPITATION (IN)
  YESTERDAY        0.08          0.81 2014   0.02   0.06     0.81
  MONTH TO DATE    0.08                      0.02   0.06     0.81
  SINCE SEP 1      5.00                      3.48   1.52     4.64
  SINCE JAN 1      2.15                      1.00   1.15     0.83

DEGREE DAYS
 HEATING
  YESTERDAY       23                        21      2       21
  MONTH TO DATE   23                        21      2       21
  SINCE JUL 1   2962                      3516   -554     3388

 COOLING
  YESTERDAY        0                         0      0        0
  MONTH TO DATE    0                         0      0        0
  SINCE JAN 1      0                         0      0        0
..................................................................


WIND (MPH)
  HIGHEST WIND SPEED    16   HIGHEST WIND DIRECTION     N (360)
  HIGHEST GUST SPEED    20   HIGHEST GUST DIRECTION     N (360)
  AVERAGE WIND SPEED     6.0


SKY COVER
  POSSIBLE SUNSHINE  MM
  AVERAGE SKY COVER 0.8


WEATHER CONDITIONS
 THE FOLLOWING WEATHER WAS RECORDED YESTERDAY.
  LIGHT RAIN
  FOG
  FOG W/VISIBILITY <= 1/4 MILE


RELATIVE HUMIDITY (PERCENT)
 HIGHEST   100          1000 PM
 LOWEST     76          1200 AM
 AVERAGE    88

..........................................................


THE WINSLOW AZ AIRPORT CLIMATE NORMALS FOR TODAY
                         NORMAL    RECORD    YEAR
 MAXIMUM TEMPERATURE (F)   60        79      2009
 MINIMUM TEMPERATURE (F)   28         9      2002
                                             1930


SUNRISE AND SUNSET
MARCH  2 2015.........SUNRISE   651 AM MST   SUNSET   619 PM MST
MARCH  3 2015.........SUNRISE   650 AM MST   SUNSET   620 PM MST


-  INDICATES NEGATIVE NUMBERS.
R  INDICATES RECORD WAS SET OR TIED.
MM INDICATES DATA IS MISSING.
T  INDICATES TRACE AMOUNT.




$$
