000
CDUS45 KFGZ 280758
CLIINW
CLIMATE REPORT
NATIONAL WEATHER SERVICE FLAGSTAFF, AZ
1257 AM MST FRI APR 28 2017


...................................

...THE WINSLOW AZ AIRPORT CLIMATE SUMMARY FOR APRIL 27 2017...

CLIMATE NORMAL PERIOD 1981 TO 2010
CLIMATE RECORD PERIOD 1915 TO 2017


WEATHER ITEM   OBSERVED TIME   RECORD YEAR NORMAL DEPARTURE LAST
                VALUE   (LST)  VALUE       VALUE  FROM      YEAR
                                                  NORMAL
..................................................................
TEMPERATURE (F)
 YESTERDAY
  MAXIMUM         78    322 PM  91    2000  75      3       74
  MINIMUM         46   1159 PM  26    2008  40      6       42
                                      1971
  AVERAGE         62                        58      4       58

PRECIPITATION (IN)
  YESTERDAY        0.00          0.52 1917   0.01  -0.01     0.00
  MONTH TO DATE    0.11                      0.24  -0.13     0.22
  SINCE SEP 1      4.82                      4.24   0.58     4.85
  SINCE JAN 1      1.74                      1.76  -0.02     0.83

DEGREE DAYS
 HEATING
  YESTERDAY        3                         8     -5        7
  MONTH TO DATE  247                       306    -59      285
  SINCE JUL 1   3453                      4359   -906     4081

 COOLING
  YESTERDAY        0                         0      0        0
  MONTH TO DATE    0                         0      0        0
  SINCE JAN 1      0                         0      0        0
..................................................................


WIND (MPH)
  HIGHEST WIND SPEED    38   HIGHEST WIND DIRECTION     W (260)
  HIGHEST GUST SPEED    46   HIGHEST GUST DIRECTION     W (250)
  AVERAGE WIND SPEED    18.7


SKY COVER
  POSSIBLE SUNSHINE  MM
  AVERAGE SKY COVER 0.1


WEATHER CONDITIONS
 THE FOLLOWING WEATHER WAS RECORDED YESTERDAY.
  NO SIGNIFICANT WEATHER WAS OBSERVED.


RELATIVE HUMIDITY (PERCENT)
 HIGHEST    36           700 AM
 LOWEST     12           400 PM
 AVERAGE    24

..........................................................


THE WINSLOW AZ AIRPORT CLIMATE NORMALS FOR TODAY
                         NORMAL    RECORD    YEAR
 MAXIMUM TEMPERATURE (F)   76        87      2000
                                             1949
 MINIMUM TEMPERATURE (F)   41        25      2008


SUNRISE AND SUNSET
APRIL 28 2017.........SUNRISE   535 AM MST   SUNSET   706 PM MST
APRIL 29 2017.........SUNRISE   534 AM MST   SUNSET   707 PM MST


-  INDICATES NEGATIVE NUMBERS.
R  INDICATES RECORD WAS SET OR TIED.
MM INDICATES DATA IS MISSING.
T  INDICATES TRACE AMOUNT.




$$
