000
CDUS45 KFGZ 250733
CLIINW
CLIMATE REPORT
NATIONAL WEATHER SERVICE FLAGSTAFF, AZ
1231 AM MST MON MAY 25 2015


...................................

...THE WINSLOW AZ AIRPORT CLIMATE SUMMARY FOR MAY 24 2015...

CLIMATE NORMAL PERIOD 1981 TO 2010
CLIMATE RECORD PERIOD 1915 TO 2015


WEATHER ITEM   OBSERVED TIME   RECORD YEAR NORMAL DEPARTURE LAST
                VALUE   (LST)  VALUE       VALUE  FROM      YEAR
                                                  NORMAL
..................................................................
TEMPERATURE (F)
 YESTERDAY
  MAXIMUM         70    139 PM  96    2000  84    -14       74
  MINIMUM         46    353 AM  32    1930  47     -1       44
  AVERAGE         58                        66     -8       59

PRECIPITATION (IN)
  YESTERDAY        T             0.72 1979   0.01  -0.01      T
  MONTH TO DATE    0.72                      0.26   0.46      T
  SINCE SEP 1      6.16                      4.52   1.64     4.99
  SINCE JAN 1      3.31                      2.04   1.27     1.18

DEGREE DAYS
 HEATING
  YESTERDAY        7                         2      5        6
  MONTH TO DATE  149                        96     53      127
  SINCE JUL 1   3823                      4475   -652     4295

 COOLING
  YESTERDAY        0                         3     -3        0
  MONTH TO DATE    3                        39    -36       16
  SINCE JAN 1      3                        43    -40       17
..................................................................


WIND (MPH)
  HIGHEST WIND SPEED    25   HIGHEST WIND DIRECTION     W (280)
  HIGHEST GUST SPEED    31   HIGHEST GUST DIRECTION     W (270)
  AVERAGE WIND SPEED     7.9


SKY COVER
  POSSIBLE SUNSHINE  MM
  AVERAGE SKY COVER 0.6


WEATHER CONDITIONS
 THE FOLLOWING WEATHER WAS RECORDED YESTERDAY.
  THUNDERSTORM
  LIGHT RAIN


RELATIVE HUMIDITY (PERCENT)
 HIGHEST    61           600 AM
 LOWEST     30           100 PM
 AVERAGE    46

..........................................................


THE WINSLOW AZ AIRPORT CLIMATE NORMALS FOR TODAY
                         NORMAL    RECORD    YEAR
 MAXIMUM TEMPERATURE (F)   85        95      1958
 MINIMUM TEMPERATURE (F)   48        29      1980


SUNRISE AND SUNSET
MAY 25 2015...........SUNRISE   513 AM MST   SUNSET   727 PM MST
MAY 26 2015...........SUNRISE   513 AM MST   SUNSET   728 PM MST


-  INDICATES NEGATIVE NUMBERS.
R  INDICATES RECORD WAS SET OR TIED.
MM INDICATES DATA IS MISSING.
T  INDICATES TRACE AMOUNT.




$$
