000
CDUS45 KFGZ 190102
CLIINW
CLIMATE REPORT
NATIONAL WEATHER SERVICE FLAGSTAFF, AZ
557 PM MST THU DEC 18 2014


...................................

...THE WINSLOW AZ AIRPORT CLIMATE SUMMARY FOR DECEMBER 18 2014...
VALID TODAY AS OF 0500 PM LOCAL TIME.

CLIMATE NORMAL PERIOD 1981 TO 2010
CLIMATE RECORD PERIOD 1915 TO 2014


WEATHER ITEM   OBSERVED TIME   RECORD YEAR NORMAL DEPARTURE LAST
                VALUE   (LST)  VALUE       VALUE  FROM      YEAR
                                                  NORMAL
..................................................................
TEMPERATURE (F)
 TODAY
  MAXIMUM         46    329 PM  66    1980  48     -2       48
  MINIMUM         30    728 AM  -4    1968  20     10       21
                                      1967
  AVERAGE         38                        34      4       35

PRECIPITATION (IN)
  TODAY            0.00          0.31 1964   0.02  -0.02     0.00
  MONTH TO DATE    1.03                      0.33   0.70     0.05
  SINCE SEP 1      2.76                      2.25   0.51     3.81
  SINCE JAN 1      6.94                      6.78   0.16     9.51

DEGREE DAYS
 HEATING
  TODAY           27                        31     -4       30
  MONTH TO DATE  423                       533   -110      597
  SINCE JUL 1   1175                      1469   -294     1569

 COOLING
  TODAY            0                         0      0        0
  MONTH TO DATE    0                         0      0        0
  SINCE JAN 1   1327                      1208    119     1380
..................................................................


WIND (MPH)
  HIGHEST WIND SPEED     8   HIGHEST WIND DIRECTION    NW (320)
  HIGHEST GUST SPEED     9   HIGHEST GUST DIRECTION    NW (320)
  AVERAGE WIND SPEED     3.1


SKY COVER
  POSSIBLE SUNSHINE  MM
  AVERAGE SKY COVER 0.5


WEATHER CONDITIONS
 THE FOLLOWING WEATHER WAS RECORDED TODAY.
  NO SIGNIFICANT WEATHER WAS OBSERVED.


RELATIVE HUMIDITY (PERCENT)
 HIGHEST    92           300 AM
 LOWEST     58           300 PM
 AVERAGE    75

..........................................................


THE WINSLOW AZ AIRPORT CLIMATE NORMALS FOR TOMORROW
                         NORMAL    RECORD    YEAR
 MAXIMUM TEMPERATURE (F)   47        64      1955
 MINIMUM TEMPERATURE (F)   20         1      1931


SUNRISE AND SUNSET
DECEMBER 18 2014......SUNRISE   725 AM MST   SUNSET   514 PM MST
DECEMBER 19 2014......SUNRISE   726 AM MST   SUNSET   514 PM MST


-  INDICATES NEGATIVE NUMBERS.
R  INDICATES RECORD WAS SET OR TIED.
MM INDICATES DATA IS MISSING.
T  INDICATES TRACE AMOUNT.




$$
