000
CDUS45 KFGZ 220837
CLIINW
CLIMATE REPORT
NATIONAL WEATHER SERVICE FLAGSTAFF, AZ
137 AM MST FRI SEP 22 2017


...................................

...THE WINSLOW AZ AIRPORT CLIMATE SUMMARY FOR SEPTEMBER 21 2017...

CLIMATE NORMAL PERIOD 1981 TO 2010
CLIMATE RECORD PERIOD 1915 TO 2017


WEATHER ITEM   OBSERVED TIME   RECORD YEAR NORMAL DEPARTURE LAST
                VALUE   (LST)  VALUE       VALUE  FROM      YEAR
                                                  NORMAL
..................................................................
TEMPERATURE (F)
 YESTERDAY
  MAXIMUM         85    238 PM  94    1944  84      1       88
  MINIMUM         47    552 AM  33    1978  50     -3       57
  AVERAGE         66                        67     -1       73

PRECIPITATION (IN)
  YESTERDAY        0.00          0.71 1940   0.03  -0.03     0.03
  MONTH TO DATE    0.21                      0.66  -0.45     0.25
  SINCE SEP 1      0.21                      0.66  -0.45     0.25
  SINCE JAN 1      4.24                      5.19  -0.95     3.87

DEGREE DAYS
 HEATING
  YESTERDAY        0                         1     -1        0
  MONTH TO DATE    0                         8     -8        2
  SINCE JUL 1      0                         8     -8        2

 COOLING
  YESTERDAY        1                         3     -2        8
  MONTH TO DATE  179                       125     54      117
  SINCE JAN 1   1429                      1183    246     1263
..................................................................


WIND (MPH)
  HIGHEST WIND SPEED    33   HIGHEST WIND DIRECTION     S (200)
  HIGHEST GUST SPEED    42   HIGHEST GUST DIRECTION     S (200)
  AVERAGE WIND SPEED    13.8


SKY COVER
  POSSIBLE SUNSHINE  MM
  AVERAGE SKY COVER 0.0


WEATHER CONDITIONS
 THE FOLLOWING WEATHER WAS RECORDED YESTERDAY.
  NO SIGNIFICANT WEATHER WAS OBSERVED.


RELATIVE HUMIDITY (PERCENT)
 HIGHEST    36           100 AM
 LOWEST     10          1000 AM
 AVERAGE    23

..........................................................


THE WINSLOW AZ AIRPORT CLIMATE NORMALS FOR TODAY
                         NORMAL    RECORD    YEAR
 MAXIMUM TEMPERATURE (F)   83        93      1982
 MINIMUM TEMPERATURE (F)   50        32      1924


SUNRISE AND SUNSET
SEPTEMBER 22 2017.....SUNRISE   611 AM MST   SUNSET   619 PM MST
SEPTEMBER 23 2017.....SUNRISE   612 AM MST   SUNSET   618 PM MST


-  INDICATES NEGATIVE NUMBERS.
R  INDICATES RECORD WAS SET OR TIED.
MM INDICATES DATA IS MISSING.
T  INDICATES TRACE AMOUNT.




$$
