000
CDUS45 KFGZ 250805
CLIINW
CLIMATE REPORT
NATIONAL WEATHER SERVICE FLAGSTAFF, AZ
104 AM MST SAT NOV 25 2017


...................................

...THE WINSLOW AZ AIRPORT CLIMATE SUMMARY FOR NOVEMBER 24 2017...

CLIMATE NORMAL PERIOD 1981 TO 2010
CLIMATE RECORD PERIOD 1915 TO 2017


WEATHER ITEM   OBSERVED TIME   RECORD YEAR NORMAL DEPARTURE LAST
                VALUE   (LST)  VALUE       VALUE  FROM      YEAR
                                                  NORMAL
..................................................................
TEMPERATURE (F)
 YESTERDAY
  MAXIMUM         75    356 PM  77    1981  56     19       51
  MINIMUM         32    344 AM   2    1931  25      7       24
  AVERAGE         54                        40     14       38

PRECIPITATION (IN)
  YESTERDAY        0.00          0.74 1978   0.02  -0.02     0.00
  MONTH TO DATE    0.00                      0.41  -0.41     0.98
  SINCE SEP 1      0.22                      1.82  -1.60     1.96
  SINCE JAN 1      4.25                      6.35  -2.10     5.58

DEGREE DAYS
 HEATING
  YESTERDAY       11                        25    -14       27
  MONTH TO DATE  316                       474   -158      375
  SINCE JUL 1    594                       780   -186      514

 COOLING
  YESTERDAY        0                         0      0        0
  MONTH TO DATE    0                         0      0        0
  SINCE JAN 1   1443                      1208    235     1278
..................................................................


WIND (MPH)
  HIGHEST WIND SPEED    10   HIGHEST WIND DIRECTION    SW (220)
  HIGHEST GUST SPEED    13   HIGHEST GUST DIRECTION    SE (120)
  AVERAGE WIND SPEED     5.6


SKY COVER
  POSSIBLE SUNSHINE  MM
  AVERAGE SKY COVER 0.0


WEATHER CONDITIONS
 THE FOLLOWING WEATHER WAS RECORDED YESTERDAY.
  NO SIGNIFICANT WEATHER WAS OBSERVED.


RELATIVE HUMIDITY (PERCENT)
 HIGHEST    61           100 AM
 LOWEST     14           400 PM
 AVERAGE    38

..........................................................


THE WINSLOW AZ AIRPORT CLIMATE NORMALS FOR TODAY
                         NORMAL    RECORD    YEAR
 MAXIMUM TEMPERATURE (F)   55        70      1970
                                             1917
 MINIMUM TEMPERATURE (F)   25         0      1952


SUNRISE AND SUNSET
NOVEMBER 25 2017......SUNRISE   707 AM MST   SUNSET   512 PM MST
NOVEMBER 26 2017......SUNRISE   708 AM MST   SUNSET   512 PM MST


-  INDICATES NEGATIVE NUMBERS.
R  INDICATES RECORD WAS SET OR TIED.
MM INDICATES DATA IS MISSING.
T  INDICATES TRACE AMOUNT.




$$
