000
CDUS45 KFGZ 030800 RRA
CLIINW

CLIMATE REPORT
NATIONAL WEATHER SERVICE FLAGSTAFF, AZ
1258 AM MST MON AUG 3 2015


...................................

...THE WINSLOW AZ AIRPORT CLIMATE SUMMARY FOR AUGUST 2 2015...

CLIMATE NORMAL PERIOD 1981 TO 2010
CLIMATE RECORD PERIOD 1915 TO 2015


WEATHER ITEM   OBSERVED TIME   RECORD YEAR NORMAL DEPARTURE LAST
                VALUE   (LST)  VALUE       VALUE  FROM      YEAR
                                                  NORMAL
..................................................................
TEMPERATURE (F)
 YESTERDAY
  MAXIMUM         94    230 PM 103    1979  93      1       91
  MINIMUM         63   1156 PM  48    1921  63      0       65
  AVERAGE         79                        78      1       78

PRECIPITATION (IN)
  YESTERDAY        0.02          0.90 1920   0.04  -0.02     0.43
  MONTH TO DATE    0.02                      0.08  -0.06     0.46
  SINCE SEP 1      8.51                      5.89   2.62     5.77
  SINCE JAN 1      5.66                      3.41   2.25     1.96

DEGREE DAYS
 HEATING
  YESTERDAY        0                         0      0        0
  MONTH TO DATE    0                         0      0        0
  SINCE JUL 1      0                         0      0        0

 COOLING
  YESTERDAY       14                        13      1       13
  MONTH TO DATE   27                        26      1       27
  SINCE JAN 1    747                       743      4      846
..................................................................


WIND (MPH)
  HIGHEST WIND SPEED    32   HIGHEST WIND DIRECTION    NW (320)
  HIGHEST GUST SPEED    39   HIGHEST GUST DIRECTION    SW (240)
  AVERAGE WIND SPEED    11.4


SKY COVER
  POSSIBLE SUNSHINE  MM
  AVERAGE SKY COVER 0.4


WEATHER CONDITIONS
 THE FOLLOWING WEATHER WAS RECORDED YESTERDAY.
  THUNDERSTORM
  RAIN
  LIGHT RAIN


RELATIVE HUMIDITY (PERCENT)
 HIGHEST    78          1000 PM
 LOWEST     23           200 PM
 AVERAGE    51

..........................................................


THE WINSLOW AZ AIRPORT CLIMATE NORMALS FOR TODAY
                         NORMAL    RECORD    YEAR
 MAXIMUM TEMPERATURE (F)   93       103      1977
 MINIMUM TEMPERATURE (F)   63        47      1921


SUNRISE AND SUNSET
AUGUST  3 2015........SUNRISE   534 AM MST   SUNSET   724 PM MST
AUGUST  4 2015........SUNRISE   534 AM MST   SUNSET   723 PM MST


-  INDICATES NEGATIVE NUMBERS.
R  INDICATES RECORD WAS SET OR TIED.
MM INDICATES DATA IS MISSING.
T  INDICATES TRACE AMOUNT.




$$
