000
CDUS43 KDVN 280918
CLIIOW


CLIMATE REPORT
NATIONAL WEATHER SERVICE QUAD CITIES IA IL
417 AM CDT THU MAY 28 2015


...................................

...THE IOWA CITY IA CLIMATE SUMMARY FOR MAY 27 2015...

CLIMATE NORMAL PERIOD 1981 TO 2010
CLIMATE RECORD PERIOD 9999 TO 9999


WEATHER ITEM   OBSERVED TIME   RECORD YEAR NORMAL DEPARTURE LAST
                VALUE   (LST)  VALUE       VALUE  FROM      YEAR
                                                  NORMAL
..................................................................
TEMPERATURE (F)
 YESTERDAY
  MAXIMUM         79    506 PM  MM      MM  76      3       85
  MINIMUM         60    615 AM  MM      MM  55      5       63
  AVERAGE         70                        66      4       74

PRECIPITATION (IN)
  YESTERDAY        0.02         MM      MM   0.12  -0.10      T
  MONTH TO DATE    4.59                      3.73   0.86     2.77
  SINCE MAR 1      8.22                      9.45  -1.23     9.22
  SINCE JAN 1      9.80                     11.61  -1.81    11.05

DEGREE DAYS
 HEATING
  YESTERDAY        0                         3     -3        0
  MONTH TO DATE  117                       160    -43      170
  SINCE MAR 1   1345                      1403    -58     1689
  SINCE JUL 1   6710                      6353    357     7482

 COOLING
  YESTERDAY        5                         3      2        9
  MONTH TO DATE   52                        42     10       47
  SINCE MAR 1     52                        46      6       50
  SINCE JAN 1     52                        46      6       50
..................................................................


WIND (MPH)
  HIGHEST WIND SPEED    15   HIGHEST WIND DIRECTION     W (290)
  HIGHEST GUST SPEED    19   HIGHEST GUST DIRECTION    NW (300)
  AVERAGE WIND SPEED     5.5


SKY COVER
  POSSIBLE SUNSHINE  MM
  AVERAGE SKY COVER 0.3


WEATHER CONDITIONS
 THE FOLLOWING WEATHER WAS RECORDED YESTERDAY.
  FOG


RELATIVE HUMIDITY (PERCENT)
 HIGHEST   100           400 AM
 LOWEST     45           400 PM
 AVERAGE    73

..........................................................


THE IOWA CITY IA CLIMATE NORMALS FOR TODAY
                         NORMAL    RECORD    YEAR
 MAXIMUM TEMPERATURE (F)   76        MM        MM
 MINIMUM TEMPERATURE (F)   56        MM        MM


SUNRISE AND SUNSET
MAY 28 2015...........SUNRISE   537 AM CDT   SUNSET   831 PM CDT
MAY 29 2015...........SUNRISE   536 AM CDT   SUNSET   832 PM CDT


-  INDICATES NEGATIVE NUMBERS.
R  INDICATES RECORD WAS SET OR TIED.
MM INDICATES DATA IS MISSING.
T  INDICATES TRACE AMOUNT.




$$
