000
CDUS43 KDVN 112133
CLIIOW


CLIMATE REPORT
NATIONAL WEATHER SERVICE QUAD CITIES IA IL
432 PM CDT FRI JUL 11 2014


...................................

...THE IOWA CITY IA CLIMATE SUMMARY FOR JULY 11 2014...
VALID TODAY AS OF 0400 PM LOCAL TIME.

CLIMATE NORMAL PERIOD 1981 TO 2010
CLIMATE RECORD PERIOD 9999 TO 9999


WEATHER ITEM   OBSERVED TIME   RECORD YEAR NORMAL DEPARTURE LAST
                VALUE   (LST)  VALUE       VALUE  FROM      YEAR
                                                  NORMAL
..................................................................
TEMPERATURE (F)
 TODAY
  MAXIMUM         81   1255 PM  MM      MM  85     -4       82
  MINIMUM         60    351 AM  MM      MM  65     -5       60
  AVERAGE         71                        75     -4       71

PRECIPITATION (IN)
  TODAY            T            MM      MM   0.16  -0.16     0.00
  MONTH TO DATE    0.65                      1.98  -1.33     0.30
  SINCE JUN 1     10.45                      6.59   3.86     5.13
  SINCE JAN 1     21.50                     18.68   2.82    26.37

DEGREE DAYS
 HEATING
  TODAY            0                         0      0        0
  MONTH TO DATE    7                         0      7        0
  SINCE JUN 1     11                        17     -6       21
  SINCE JUL 1      7                         0      7        0

 COOLING
  TODAY            6                        10     -4        6
  MONTH TO DATE   53                       110    -57      103
  SINCE JUN 1    267                       321    -54      308
  SINCE JAN 1    356                       382    -26      395
..................................................................


WIND (MPH)
  HIGHEST WIND SPEED    21   HIGHEST WIND DIRECTION    SE (140)
  HIGHEST GUST SPEED    25   HIGHEST GUST DIRECTION    SE (150)
  AVERAGE WIND SPEED     7.8


SKY COVER
  POSSIBLE SUNSHINE  MM
  AVERAGE SKY COVER 0.1


WEATHER CONDITIONS
 THE FOLLOWING WEATHER WAS RECORDED TODAY.
  LIGHT RAIN


RELATIVE HUMIDITY (PERCENT)
 HIGHEST    90           200 AM
 LOWEST     62          1100 AM
 AVERAGE    76

..........................................................


THE IOWA CITY IA CLIMATE NORMALS FOR TOMORROW
                         NORMAL    RECORD    YEAR
 MAXIMUM TEMPERATURE (F)   85        MM        MM
 MINIMUM TEMPERATURE (F)   65        MM        MM


SUNRISE AND SUNSET
JULY 11 2014..........SUNRISE   542 AM CDT   SUNSET   841 PM CDT
JULY 12 2014..........SUNRISE   543 AM CDT   SUNSET   841 PM CDT


-  INDICATES NEGATIVE NUMBERS.
R  INDICATES RECORD WAS SET OR TIED.
MM INDICATES DATA IS MISSING.
T  INDICATES TRACE AMOUNT.




$$
