000
CDUS41 KCTP 160611
CLIIPT


CLIMATE REPORT
NATIONAL WEATHER SERVICE STATE COLLEGE PA
111 AM EST MON JAN 16 2017


...................................

...THE WILLIAMSPORT PA CLIMATE SUMMARY FOR JANUARY 15 2017...

CLIMATE NORMAL PERIOD 1981 TO 2010
CLIMATE RECORD PERIOD 1895 TO 2017


WEATHER ITEM   OBSERVED TIME   RECORD YEAR NORMAL DEPARTURE LAST
                VALUE   (LST)  VALUE       VALUE  FROM      YEAR
                                                  NORMAL
..................................................................
TEMPERATURE (F)
 YESTERDAY
  MAXIMUM         36    349 PM  65    1937  34      2       42
  MINIMUM         21    818 AM -11    1964  19      2       20
  AVERAGE         29                        26      3       31

PRECIPITATION (IN)
  YESTERDAY        0.00          1.93 1940   0.09  -0.09     0.01
  MONTH TO DATE    1.53                      1.28   0.25     1.84
  SINCE DEC 1      4.49                      4.21   0.28     5.20
  SINCE JAN 1      1.53                      1.28   0.25     1.84

SNOWFALL (IN)
  YESTERDAY        0.0           7.5  1918   0.3   -0.3      0.0
  MONTH TO DATE    1.0                       4.8   -3.8      0.6
  SINCE DEC 1      9.9                      11.7   -1.8      0.6
  SINCE JUL 1     10.0                      13.5   -3.5      0.6
  SNOW DEPTH       T

DEGREE DAYS
 HEATING
  YESTERDAY       36                        39     -3       34
  MONTH TO DATE  532                       574    -42      558
  SINCE DEC 1   1507                      1622   -115     1230
  SINCE JUL 1   2441                      2867   -426     2157

 COOLING
  YESTERDAY        0                         0      0        0
  MONTH TO DATE    0                         0      0        0
  SINCE DEC 1      0                         0      0        0
  SINCE JAN 1      0                         0      0        0
..................................................................


WIND (MPH)
  HIGHEST WIND SPEED     9   HIGHEST WIND DIRECTION     W (250)
  HIGHEST GUST SPEED    11   HIGHEST GUST DIRECTION    SW (240)
  AVERAGE WIND SPEED     2.7


SKY COVER
  POSSIBLE SUNSHINE  MM
  AVERAGE SKY COVER 0.3


WEATHER CONDITIONS
 THE FOLLOWING WEATHER WAS RECORDED YESTERDAY.
  FOG
  HAZE


RELATIVE HUMIDITY (PERCENT)
 HIGHEST    92           600 AM
 LOWEST     52           300 PM
 AVERAGE    72

..........................................................


THE WILLIAMSPORT PA CLIMATE NORMALS FOR TODAY
                         NORMAL    RECORD    YEAR
 MAXIMUM TEMPERATURE (F)   34        61      1995
 MINIMUM TEMPERATURE (F)   19        -6      2009


SUNRISE AND SUNSET
JANUARY 16 2017.......SUNRISE   730 AM EST   SUNSET   505 PM EST
JANUARY 17 2017.......SUNRISE   730 AM EST   SUNSET   506 PM EST


-  INDICATES NEGATIVE NUMBERS.
R  INDICATES RECORD WAS SET OR TIED.
MM INDICATES DATA IS MISSING.
T  INDICATES TRACE AMOUNT.




$$
