000
CDUS41 KCTP 170622
CLIIPT


CLIMATE REPORT
NATIONAL WEATHER SERVICE STATE COLLEGE PA
222 AM EDT THU APR 17 2014


...................................

...THE WILLIAMSPORT PA CLIMATE SUMMARY FOR APRIL 16 2014...

CLIMATE NORMAL PERIOD 1981 TO 2010
CLIMATE RECORD PERIOD 1895 TO 2014


WEATHER ITEM   OBSERVED TIME   RECORD YEAR NORMAL DEPARTURE LAST
                VALUE   (LST)  VALUE       VALUE  FROM      YEAR
                                                  NORMAL
..................................................................
TEMPERATURE (F)
 YESTERDAY
  MAXIMUM         46    446 PM  90    2002  61    -15       69
  MINIMUM         24    604 AM  20    1943  39    -15       53
  AVERAGE         35                        50    -15       61

PRECIPITATION (IN)
  YESTERDAY        0.00          2.55 2011   0.10  -0.10     0.20
  MONTH TO DATE    1.92                      1.77   0.15     1.90
  SINCE MAR 1      4.81                      4.74   0.07     3.64
  SINCE JAN 1      8.61                      9.78  -1.17     8.10

SNOWFALL (IN)
  YESTERDAY        0.0
  MONTH TO DATE    T
  SINCE MAR 1      0.1
  SINCE JUL 1     45.9
  SNOW DEPTH       0

DEGREE DAYS
 HEATING
  YESTERDAY       30                        15     15        4
  MONTH TO DATE  263                       283    -20      260
  SINCE MAR 1   1263                      1112    151     1130
  SINCE JUL 1   6095                      5579    516     5296

 COOLING
  YESTERDAY        0                         0      0        0
  MONTH TO DATE    9                         0      9        8
  SINCE MAR 1      9                         0      9        8
  SINCE JAN 1      9                         0      9        8
..................................................................


WIND (MPH)
  HIGHEST WIND SPEED    23   HIGHEST WIND DIRECTION    NW (310)
  HIGHEST GUST SPEED    34   HIGHEST GUST DIRECTION    NW (310)
  AVERAGE WIND SPEED     8.6


SKY COVER
  POSSIBLE SUNSHINE  MM
  AVERAGE SKY COVER 0.1


WEATHER CONDITIONS
 THE FOLLOWING WEATHER WAS RECORDED YESTERDAY.
  LIGHT RAIN


RELATIVE HUMIDITY (PERCENT)
 HIGHEST    50           200 AM
 LOWEST     25           500 PM
 AVERAGE    38

..........................................................


THE WILLIAMSPORT PA CLIMATE NORMALS FOR TODAY
                         NORMAL    RECORD    YEAR
 MAXIMUM TEMPERATURE (F)   62        91      2002
                                             1976
 MINIMUM TEMPERATURE (F)   40        25      1904


SUNRISE AND SUNSET
APRIL 17 2014.........SUNRISE   625 AM EDT   SUNSET   750 PM EDT
APRIL 18 2014.........SUNRISE   624 AM EDT   SUNSET   751 PM EDT


-  INDICATES NEGATIVE NUMBERS.
R  INDICATES RECORD WAS SET OR TIED.
MM INDICATES DATA IS MISSING.
T  INDICATES TRACE AMOUNT.




$$
