000
CDUS41 KCTP 090620
CLIIPT


CLIMATE REPORT
NATIONAL WEATHER SERVICE STATE COLLEGE PA
120 AM EST FRI DEC 9 2016


...................................

...THE WILLIAMSPORT PA CLIMATE SUMMARY FOR DECEMBER 8 2016...

CLIMATE NORMAL PERIOD 1981 TO 2010
CLIMATE RECORD PERIOD 1895 TO 2016


WEATHER ITEM   OBSERVED TIME   RECORD YEAR NORMAL DEPARTURE LAST
                VALUE   (LST)  VALUE       VALUE  FROM      YEAR
                                                  NORMAL
..................................................................
TEMPERATURE (F)
 YESTERDAY
  MAXIMUM         41   1220 PM  64    1980  40      1       42
  MINIMUM         29    750 AM   3    1901  27      2       29
  AVERAGE         35                        34      1       36

PRECIPITATION (IN)
  YESTERDAY        0.00          1.37 1914   0.11  -0.11     0.00
  MONTH TO DATE    0.76                      0.91  -0.15     1.13
  SINCE DEC 1      0.76                      0.91  -0.15     1.13
  SINCE JAN 1     32.29                     39.26  -6.97    38.33

SNOWFALL (IN)
  YESTERDAY        0.0           4.0  1914   0.2   -0.2      0.0
  MONTH TO DATE    0.4                       1.4   -1.0      0.0
  SINCE DEC 1      0.4                       1.4   -1.0      0.0
  SINCE JUL 1      0.5                       3.2   -2.7       T
  SNOW DEPTH       0

DEGREE DAYS
 HEATING
  YESTERDAY       30                        32     -2       29
  MONTH TO DATE  189                       242    -53      207
  SINCE DEC 1    189                       242    -53      207
  SINCE JUL 1   1123                      1487   -364     1134

 COOLING
  YESTERDAY        0                         0      0        0
  MONTH TO DATE    0                         0      0        0
  SINCE DEC 1      0                         0      0        0
  SINCE JAN 1   1148                       702    446      937
..................................................................


WIND (MPH)
  HIGHEST WIND SPEED    26   HIGHEST WIND DIRECTION     W (260)
  HIGHEST GUST SPEED    37   HIGHEST GUST DIRECTION     W (260)
  AVERAGE WIND SPEED    10.9


SKY COVER
  POSSIBLE SUNSHINE  MM
  AVERAGE SKY COVER 0.6


WEATHER CONDITIONS
 THE FOLLOWING WEATHER WAS RECORDED YESTERDAY.
  NO SIGNIFICANT WEATHER WAS OBSERVED.


RELATIVE HUMIDITY (PERCENT)
 HIGHEST    72           800 AM
 LOWEST     40           200 PM
 AVERAGE    56

..........................................................


THE WILLIAMSPORT PA CLIMATE NORMALS FOR TODAY
                         NORMAL    RECORD    YEAR
 MAXIMUM TEMPERATURE (F)   40        61      1966
                                             1918
 MINIMUM TEMPERATURE (F)   26         3      2002


SUNRISE AND SUNSET
DECEMBER  9 2016......SUNRISE   722 AM EST   SUNSET   439 PM EST
DECEMBER 10 2016......SUNRISE   723 AM EST   SUNSET   439 PM EST


-  INDICATES NEGATIVE NUMBERS.
R  INDICATES RECORD WAS SET OR TIED.
MM INDICATES DATA IS MISSING.
T  INDICATES TRACE AMOUNT.




$$
