000
CDUS41 KCTP 050614
CLIIPT


CLIMATE REPORT
NATIONAL WEATHER SERVICE STATE COLLEGE PA
113 AM EST THU MAR 5 2015


...................................

...THE WILLIAMSPORT PA CLIMATE SUMMARY FOR MARCH 4 2015...

CLIMATE NORMAL PERIOD 1981 TO 2010
CLIMATE RECORD PERIOD 1895 TO 2015


WEATHER ITEM   OBSERVED TIME   RECORD YEAR NORMAL DEPARTURE LAST
                VALUE   (LST)  VALUE       VALUE  FROM      YEAR
                                                  NORMAL
..................................................................
TEMPERATURE (F)
 YESTERDAY
  MAXIMUM         38    934 PM  70    1974  43     -5       27
                                      1946
  MINIMUM         29    106 AM   1    1943  25      4        3
  AVERAGE         34                        34      0       15

PRECIPITATION (IN)
  YESTERDAY        0.03          1.62 1977   0.08  -0.05     0.00
  MONTH TO DATE    0.65                      0.33   0.32      T
  SINCE MAR 1      0.65                      0.33   0.32      T
  SINCE JAN 1      3.44                      5.37  -1.93     3.80

SNOWFALL (IN)
  YESTERDAY        0.0           7.6  1999   0.3   -0.3      0.0
  MONTH TO DATE    3.3                       1.2    2.1      0.1
  SINCE MAR 1      3.3                       1.2    2.1      0.1
  SINCE JUL 1     36.3                      29.2    7.1     45.9
  SNOW DEPTH       6

DEGREE DAYS
 HEATING
  YESTERDAY       31                        31      0       50
  MONTH TO DATE  160                       126     34      180
  SINCE MAR 1    160                       126     34      180
  SINCE JUL 1   4797                      4593    204     5012

 COOLING
  YESTERDAY        0                         0      0        0
  MONTH TO DATE    0                         0      0        0
  SINCE MAR 1      0                         0      0        0
  SINCE JAN 1      0                         0      0        0
..................................................................


WIND (MPH)
  HIGHEST WIND SPEED    13   HIGHEST WIND DIRECTION     W (270)
  HIGHEST GUST SPEED    17   HIGHEST GUST DIRECTION     W (260)
  AVERAGE WIND SPEED     3.2


SKY COVER
  POSSIBLE SUNSHINE  MM
  AVERAGE SKY COVER 0.9


WEATHER CONDITIONS
 THE FOLLOWING WEATHER WAS RECORDED YESTERDAY.
  LIGHT RAIN
  LT FREEZING RAIN
  FOG
  HAZE


RELATIVE HUMIDITY (PERCENT)
 HIGHEST    92           500 AM
 LOWEST     70          1100 PM
 AVERAGE    81

..........................................................


THE WILLIAMSPORT PA CLIMATE NORMALS FOR TODAY
                         NORMAL    RECORD    YEAR
 MAXIMUM TEMPERATURE (F)   44        73      1976
 MINIMUM TEMPERATURE (F)   25         2      1978


SUNRISE AND SUNSET
MARCH  5 2015.........SUNRISE   636 AM EST   SUNSET   603 PM EST
MARCH  6 2015.........SUNRISE   635 AM EST   SUNSET   604 PM EST


-  INDICATES NEGATIVE NUMBERS.
R  INDICATES RECORD WAS SET OR TIED.
MM INDICATES DATA IS MISSING.
T  INDICATES TRACE AMOUNT.




$$
