000
CDUS41 KCTP 280609
CLIIPT


CLIMATE REPORT
NATIONAL WEATHER SERVICE STATE COLLEGE PA
208 AM EDT THU MAY 28 2015


...................................

...THE WILLIAMSPORT PA CLIMATE SUMMARY FOR MAY 27 2015...

CLIMATE NORMAL PERIOD 1981 TO 2010
CLIMATE RECORD PERIOD 1895 TO 2015


WEATHER ITEM   OBSERVED TIME   RECORD YEAR NORMAL DEPARTURE LAST
                VALUE   (LST)  VALUE       VALUE  FROM      YEAR
                                                  NORMAL
..................................................................
TEMPERATURE (F)
 YESTERDAY
  MAXIMUM         82    411 PM  94    1918  75      7       81
  MINIMUM         66   1149 PM  33    1969  52     14       59
  AVERAGE         74                        63     11       70

PRECIPITATION (IN)
  YESTERDAY        0.01          4.03 1946   0.12  -0.11     0.28
  MONTH TO DATE    1.99                      3.18  -1.19     5.18
  SINCE MAR 1      8.55                      9.39  -0.84    10.94
  SINCE JAN 1     11.34                     14.43  -3.09    14.74

SNOWFALL (IN)
  YESTERDAY        0.0           0.0  2002   0.0    0.0      0.0
                                      2001
  MONTH TO DATE    0.0                       0.0    0.0      0.0
  SINCE MAR 1     11.4                       8.0    3.4      0.1
  SINCE JUL 1     44.4                      36.0    8.4     45.9
  SNOW DEPTH       0

DEGREE DAYS
 HEATING
  YESTERDAY        0                         4     -4        0
  MONTH TO DATE   93                       189    -96      135
  SINCE MAR 1   1517                      1477     40     1618
  SINCE JUL 1   6154                      5944    210     6450

 COOLING
  YESTERDAY        9                         2      7        5
  MONTH TO DATE  100                        28     72       35
  SINCE MAR 1    100                        33     67       44
  SINCE JAN 1    100                        33     67       44
..................................................................


WIND (MPH)
  HIGHEST WIND SPEED    20   HIGHEST WIND DIRECTION     W (270)
  HIGHEST GUST SPEED    25   HIGHEST GUST DIRECTION     W (270)
  AVERAGE WIND SPEED     6.4


SKY COVER
  POSSIBLE SUNSHINE  MM
  AVERAGE SKY COVER 0.3


WEATHER CONDITIONS
 THE FOLLOWING WEATHER WAS RECORDED YESTERDAY.
  LIGHT RAIN
  FOG


RELATIVE HUMIDITY (PERCENT)
 HIGHEST    87           400 AM
 LOWEST     54           500 PM
 AVERAGE    71

..........................................................


THE WILLIAMSPORT PA CLIMATE NORMALS FOR TODAY
                         NORMAL    RECORD    YEAR
 MAXIMUM TEMPERATURE (F)   75        94      1941
 MINIMUM TEMPERATURE (F)   52        34      1983


SUNRISE AND SUNSET
MAY 28 2015...........SUNRISE   539 AM EDT   SUNSET   831 PM EDT
MAY 29 2015...........SUNRISE   539 AM EDT   SUNSET   832 PM EDT


-  INDICATES NEGATIVE NUMBERS.
R  INDICATES RECORD WAS SET OR TIED.
MM INDICATES DATA IS MISSING.
T  INDICATES TRACE AMOUNT.




$$
