327
CDUS41 KCTP 210638
CLIIPT


CLIMATE REPORT
NATIONAL WEATHER SERVICE STATE COLLEGE PA
238 AM EDT FRI JUL 21 2017


...................................

...THE WILLIAMSPORT PA CLIMATE SUMMARY FOR JULY 20 2017...

CLIMATE NORMAL PERIOD 1981 TO 2010
CLIMATE RECORD PERIOD 1895 TO 2017


WEATHER ITEM   OBSERVED TIME   RECORD YEAR NORMAL DEPARTURE LAST
                VALUE   (LST)  VALUE       VALUE  FROM      YEAR
                                                  NORMAL
..................................................................
TEMPERATURE (F)
 YESTERDAY
  MAXIMUM         93    354 PM 100    1991  84      9       86
  MINIMUM         71    609 AM  43    1965  62      9       56
                                      1929
  AVERAGE         82                        73      9       71

PRECIPITATION (IN)
  YESTERDAY        0.00          1.22 1981   0.15  -0.15     0.00
  MONTH TO DATE    3.73                      2.72   1.01     1.19
  SINCE JUN 1      7.43                      6.64   0.79     5.64
  SINCE JAN 1     26.55                     21.55   5.00    16.98

DEGREE DAYS
 HEATING
  YESTERDAY        0                         0      0        0
  MONTH TO DATE    0                         0      0        0
  SINCE JUN 1     21                        37    -16        9
  SINCE JUL 1      0                         0      0        0

 COOLING
  YESTERDAY       17                         8      9        6
  MONTH TO DATE  222                       157     65      215
  SINCE JUN 1    401                       303     98      387
  SINCE JAN 1    451                       346    105      460
..................................................................


WIND (MPH)
  HIGHEST WIND SPEED    18   HIGHEST WIND DIRECTION     N (360)
  HIGHEST GUST SPEED    24   HIGHEST GUST DIRECTION     N (360)
  AVERAGE WIND SPEED     4.3


SKY COVER
  POSSIBLE SUNSHINE  MM
  AVERAGE SKY COVER 0.4


WEATHER CONDITIONS
 THE FOLLOWING WEATHER WAS RECORDED YESTERDAY.
  THUNDERSTORM
  FOG
  HAZE


RELATIVE HUMIDITY (PERCENT)
 HIGHEST   100           400 AM
 LOWEST     49           200 PM
 AVERAGE    75

..........................................................


THE WILLIAMSPORT PA CLIMATE NORMALS FOR TODAY
                         NORMAL    RECORD    YEAR
 MAXIMUM TEMPERATURE (F)   84       101      1934
 MINIMUM TEMPERATURE (F)   62        44      1966


SUNRISE AND SUNSET
JULY 21 2017..........SUNRISE   553 AM EDT   SUNSET   835 PM EDT
JULY 22 2017..........SUNRISE   554 AM EDT   SUNSET   834 PM EDT


-  INDICATES NEGATIVE NUMBERS.
R  INDICATES RECORD WAS SET OR TIED.
MM INDICATES DATA IS MISSING.
T  INDICATES TRACE AMOUNT.




$$
