892
CDUS41 KCTP 290627
CLIIPT


CLIMATE REPORT
NATIONAL WEATHER SERVICE STATE COLLEGE PA
227 AM EDT MON MAY 29 2017


...................................

...THE WILLIAMSPORT PA CLIMATE SUMMARY FOR MAY 28 2017...

CLIMATE NORMAL PERIOD 1981 TO 2010
CLIMATE RECORD PERIOD 1895 TO 2017


WEATHER ITEM   OBSERVED TIME   RECORD YEAR NORMAL DEPARTURE LAST
                VALUE   (LST)  VALUE       VALUE  FROM      YEAR
                                                  NORMAL
..................................................................
TEMPERATURE (F)
 YESTERDAY
  MAXIMUM         75   1105 AM  94    1941  75      0       91
  MINIMUM         58    514 AM  34    1983  52      6       64
  AVERAGE         67                        63      4       78

PRECIPITATION (IN)
  YESTERDAY        0.78          1.22 1968   0.11   0.67     0.00
  MONTH TO DATE    5.03                      3.29   1.74     2.22
  SINCE MAR 1     12.68                      9.50   3.18     4.92
  SINCE JAN 1     17.98                     14.54   3.44    11.34

SNOWFALL (IN)
  YESTERDAY        0.0           0.0  2002   0.0    0.0      0.0
                                      2001
  MONTH TO DATE    0.0                       0.0    0.0       T
  SINCE MAR 1     22.6                       8.0   14.6      2.0
  SINCE JUL 1     41.1                      36.0    5.1      7.7
  SNOW DEPTH       0

DEGREE DAYS
 HEATING
  YESTERDAY        0                         4     -4        0
  MONTH TO DATE  182                       193    -11      207
  SINCE MAR 1   1290                      1481   -191     1264
  SINCE JUL 1   4926                      5948  -1022     4907

 COOLING
  YESTERDAY        2                         2      0       13
  MONTH TO DATE   31                        30      1       40
  SINCE MAR 1     46                        35     11       40
  SINCE JAN 1     46                        35     11       40
..................................................................


WIND (MPH)
  HIGHEST WIND SPEED    24   HIGHEST WIND DIRECTION    SE (140)
  HIGHEST GUST SPEED    30   HIGHEST GUST DIRECTION    SE (150)
  AVERAGE WIND SPEED     4.5


SKY COVER
  POSSIBLE SUNSHINE  MM
  AVERAGE SKY COVER 0.7


WEATHER CONDITIONS
 THE FOLLOWING WEATHER WAS RECORDED YESTERDAY.
  THUNDERSTORM
  HEAVY RAIN
  RAIN
  LIGHT RAIN
  FOG


RELATIVE HUMIDITY (PERCENT)
 HIGHEST   100           800 PM
 LOWEST     57          1200 PM
 AVERAGE    79

..........................................................


THE WILLIAMSPORT PA CLIMATE NORMALS FOR TODAY
                         NORMAL    RECORD    YEAR
 MAXIMUM TEMPERATURE (F)   75        95      1969
                                             1919
 MINIMUM TEMPERATURE (F)   52        35      1936


SUNRISE AND SUNSET
MAY 29 2017...........SUNRISE   538 AM EDT   SUNSET   832 PM EDT
MAY 30 2017...........SUNRISE   538 AM EDT   SUNSET   833 PM EDT


-  INDICATES NEGATIVE NUMBERS.
R  INDICATES RECORD WAS SET OR TIED.
MM INDICATES DATA IS MISSING.
T  INDICATES TRACE AMOUNT.




$$
