000
CDUS41 KCTP 070627
CLIIPT


CLIMATE REPORT
NATIONAL WEATHER SERVICE STATE COLLEGE PA
127 AM EST SUN FEB 7 2016


...................................

...THE WILLIAMSPORT PA CLIMATE SUMMARY FOR FEBRUARY 6 2016...

CLIMATE NORMAL PERIOD 1981 TO 2010
CLIMATE RECORD PERIOD 1895 TO 2016


WEATHER ITEM   OBSERVED TIME   RECORD YEAR NORMAL DEPARTURE LAST
                VALUE   (LST)  VALUE       VALUE  FROM      YEAR
                                                  NORMAL
..................................................................
TEMPERATURE (F)
 YESTERDAY
  MAXIMUM         46    356 PM  55    1990  36     10       26
  MINIMUM         21    712 AM  -4    2015  20      1       -4
  AVERAGE         34                        28      6       11

PRECIPITATION (IN)
  YESTERDAY        T             1.75 1896   0.08  -0.08      T
  MONTH TO DATE    0.96                      0.51   0.45     0.53
  SINCE DEC 1      6.38                      6.14   0.24     4.84
  SINCE JAN 1      3.02                      3.21  -0.19     2.24

SNOWFALL (IN)
  YESTERDAY        T             7.4  1978   0.3   -0.3       T
  MONTH TO DATE    T                         2.0   -2.0      4.7
  SINCE DEC 1      0.9                      19.4  -18.5     23.4
  SINCE JUL 1      0.9                      21.2  -20.3     28.5
  SNOW DEPTH       0

DEGREE DAYS
 HEATING
  YESTERDAY       31                        37     -6       54
  MONTH TO DATE  152                       223    -71      269
  SINCE DEC 1   1952                      2457   -505     2429
  SINCE JUL 1   2879                      3702   -823     3599

 COOLING
  YESTERDAY        0                         0      0        0
  MONTH TO DATE    0                         0      0        0
  SINCE DEC 1      0                         0      0        0
  SINCE JAN 1      0                         0      0        0
..................................................................


WIND (MPH)
  HIGHEST WIND SPEED    18   HIGHEST WIND DIRECTION     S (170)
  HIGHEST GUST SPEED    24   HIGHEST GUST DIRECTION     S (180)
  AVERAGE WIND SPEED     3.5


SKY COVER
  POSSIBLE SUNSHINE  MM
  AVERAGE SKY COVER 0.4


WEATHER CONDITIONS
 THE FOLLOWING WEATHER WAS RECORDED YESTERDAY.
  SNOW


RELATIVE HUMIDITY (PERCENT)
 HIGHEST    84           400 AM
 LOWEST     31           400 PM
 AVERAGE    58

..........................................................


THE WILLIAMSPORT PA CLIMATE NORMALS FOR TODAY
                         NORMAL    RECORD    YEAR
 MAXIMUM TEMPERATURE (F)   36        51      1990
 MINIMUM TEMPERATURE (F)   20        -6      1935


SUNRISE AND SUNSET
FEBRUARY  7 2016......SUNRISE   713 AM EST   SUNSET   531 PM EST
FEBRUARY  8 2016......SUNRISE   712 AM EST   SUNSET   532 PM EST


-  INDICATES NEGATIVE NUMBERS.
R  INDICATES RECORD WAS SET OR TIED.
MM INDICATES DATA IS MISSING.
T  INDICATES TRACE AMOUNT.




$$
