000
CDUS41 KCTP 310647
CLIIPT


CLIMATE REPORT
NATIONAL WEATHER SERVICE STATE COLLEGE PA
247 AM EDT FRI JUL 31 2015


...................................

...THE WILLIAMSPORT PA CLIMATE SUMMARY FOR JULY 30 2015...

CLIMATE NORMAL PERIOD 1981 TO 2010
CLIMATE RECORD PERIOD 1895 TO 2015


WEATHER ITEM   OBSERVED TIME   RECORD YEAR NORMAL DEPARTURE LAST
                VALUE   (LST)  VALUE       VALUE  FROM      YEAR
                                                  NORMAL
..................................................................
TEMPERATURE (F)
 YESTERDAY
  MAXIMUM         91    235 PM  98    1933  83      8       77
  MINIMUM         68   1159 PM  48    1997  62      6       54
  AVERAGE         80                        73      7       66

PRECIPITATION (IN)
  YESTERDAY        0.05          3.29 2000   0.15  -0.10     0.22
  MONTH TO DATE    3.93                      4.20  -0.27     3.99
  SINCE JUN 1     11.74                      8.12   3.62     7.45
  SINCE JAN 1     24.16                     23.03   1.13    22.20

DEGREE DAYS
 HEATING
  YESTERDAY        0                         0      0        0
  MONTH TO DATE    2                         0      2        0
  SINCE JUN 1     23                        37    -14        8
  SINCE JUL 1      2                         0      2        0

 COOLING
  YESTERDAY       15                         8      7        1
  MONTH TO DATE  247                       237     10      233
  SINCE JUN 1    419                       383     36      402
  SINCE JAN 1    547                       426    121      454
..................................................................


WIND (MPH)
  HIGHEST WIND SPEED    17   HIGHEST WIND DIRECTION    NW (310)
  HIGHEST GUST SPEED    20   HIGHEST GUST DIRECTION    NW (320)
  AVERAGE WIND SPEED     6.5


SKY COVER
  POSSIBLE SUNSHINE  MM
  AVERAGE SKY COVER 0.3


WEATHER CONDITIONS
 THE FOLLOWING WEATHER WAS RECORDED YESTERDAY.
  HEAVY RAIN
  LIGHT RAIN
  FOG
  HAZE


RELATIVE HUMIDITY (PERCENT)
 HIGHEST    90           200 AM
 LOWEST     32           500 PM
 AVERAGE    61

..........................................................


THE WILLIAMSPORT PA CLIMATE NORMALS FOR TODAY
                         NORMAL    RECORD    YEAR
 MAXIMUM TEMPERATURE (F)   83       100      1933
 MINIMUM TEMPERATURE (F)   62        47      1936


SUNRISE AND SUNSET
JULY 31 2015..........SUNRISE   602 AM EDT   SUNSET   826 PM EDT
AUGUST  1 2015........SUNRISE   603 AM EDT   SUNSET   825 PM EDT


-  INDICATES NEGATIVE NUMBERS.
R  INDICATES RECORD WAS SET OR TIED.
MM INDICATES DATA IS MISSING.
T  INDICATES TRACE AMOUNT.




$$
