000
CDUS43 KEAX 270038
CLIIRK


CLIMATE REPORT
NATIONAL WEATHER SERVICE KANSAS CITY/PLEASANT HILL MO
638 PM CST FRI DEC 26 2014


...................................

...THE KIRKSVILLE MO CLIMATE SUMMARY FOR DECEMBER 26 2014...
VALID TODAY AS OF 0600 PM LOCAL TIME.

CLIMATE NORMAL PERIOD 1981 TO 2010
CLIMATE RECORD PERIOD 9999 TO 9999


WEATHER ITEM   OBSERVED TIME   NORMAL DEPARTURE LAST
                VALUE   (LST)  VALUE  FROM      YEAR
                                      NORMAL
......................................................
TEMPERATURE (F)
 TODAY
  MAXIMUM         54    356 PM  35     19       44
  MINIMUM         31    334 AM  18     13       15
  AVERAGE         43            27     16       30

PRECIPITATION (IN)
  TODAY            0.00          0.05  -0.05     0.00
  MONTH TO DATE    0.89          1.55  -0.66     1.31
  SINCE DEC 1      0.89          1.55  -0.66     1.31
  SINCE JAN 1     44.52         39.11   5.41    38.22

DEGREE DAYS
 HEATING
  TODAY           22            38    -16       35
  MONTH TO DATE  765           929   -164     1045
  SINCE DEC 1    765           929   -164     1045
  SINCE JUL 1   2086          2150    -64     2312

 COOLING
  TODAY            0             0      0        0
  MONTH TO DATE    0             0      0        0
  SINCE DEC 1      0             0      0        0
  SINCE JAN 1    958           939     19     1028
......................................................


WIND (MPH)
  HIGHEST WIND SPEED    18   HIGHEST WIND DIRECTION    SW (220)
  HIGHEST GUST SPEED    25   HIGHEST GUST DIRECTION    SW (220)
  AVERAGE WIND SPEED     8.8


SKY COVER
  AVERAGE SKY COVER 0.2


WEATHER CONDITIONS
 THE FOLLOWING WEATHER WAS RECORDED TODAY.
  NO SIGNIFICANT WEATHER WAS OBSERVED.


RELATIVE HUMIDITY (PERCENT)
 HIGHEST    96           500 AM
 LOWEST     64           200 PM
 AVERAGE    80

..........................................................


THE KIRKSVILLE MO CLIMATE NORMALS FOR TOMORROW
                         NORMAL
 MAXIMUM TEMPERATURE (F)   35
 MINIMUM TEMPERATURE (F)   18


SUNRISE AND SUNSET
DECEMBER 26 2014......SUNRISE   731 AM CST   SUNSET   451 PM CST
DECEMBER 27 2014......SUNRISE   731 AM CST   SUNSET   451 PM CST


-  INDICATES NEGATIVE NUMBERS.
R  INDICATES RECORD WAS SET OR TIED.
MM INDICATES DATA IS MISSING.
T  INDICATES TRACE AMOUNT.




$$
