000
CDUS43 KEAX 200635
CLIIRK


CLIMATE REPORT
NATIONAL WEATHER SERVICE KANSAS CITY/PLEASANT HILL MO
135 AM CDT MON OCT 20 2014


...................................

...THE KIRKSVILLE MO CLIMATE SUMMARY FOR OCTOBER 19 2014...

CLIMATE NORMAL PERIOD 1981 TO 2010
CLIMATE RECORD PERIOD 9999 TO 9999


WEATHER ITEM   OBSERVED TIME   NORMAL DEPARTURE LAST
                VALUE   (LST)  VALUE  FROM      YEAR
                                      NORMAL
......................................................
TEMPERATURE (F)
 YESTERDAY
  MAXIMUM         64    313 PM  63      1       58
  MINIMUM         35    142 AM  41     -6       33
  AVERAGE         50            52     -2       46

PRECIPITATION (IN)
  YESTERDAY        0.00          0.12  -0.12     0.00
  MONTH TO DATE    4.02          2.12   1.90     0.65
  SINCE SEP 1     14.09          6.23   7.86     2.34
  SINCE JAN 1     42.18         33.64   8.54    32.23

DEGREE DAYS
 HEATING
  YESTERDAY       15            13      2       19
  MONTH TO DATE  206           197      9      159
  SINCE SEP 1    306           297      9      216
  SINCE JUL 1    312           304      8      229

 COOLING
  YESTERDAY        0             0      0        0
  MONTH TO DATE    0            10    -10       32
  SINCE SEP 1     89            93     -4      218
  SINCE JAN 1    955           937     18     1028
......................................................


WIND (MPH)
  HIGHEST WIND SPEED    16   HIGHEST WIND DIRECTION     S (200)
  HIGHEST GUST SPEED    22   HIGHEST GUST DIRECTION    SW (230)
  AVERAGE WIND SPEED     7.6


SKY COVER
  AVERAGE SKY COVER 0.1


WEATHER CONDITIONS
 THE FOLLOWING WEATHER WAS RECORDED YESTERDAY.
  FOG


RELATIVE HUMIDITY (PERCENT)
 HIGHEST   100          1200 AM
 LOWEST     48           200 PM
 AVERAGE    74

..........................................................


THE KIRKSVILLE MO CLIMATE NORMALS FOR TODAY
                         NORMAL
 MAXIMUM TEMPERATURE (F)   63
 MINIMUM TEMPERATURE (F)   41


SUNRISE AND SUNSET
OCTOBER 20 2014.......SUNRISE   726 AM CDT   SUNSET   623 PM CDT
OCTOBER 21 2014.......SUNRISE   727 AM CDT   SUNSET   622 PM CDT


-  INDICATES NEGATIVE NUMBERS.
R  INDICATES RECORD WAS SET OR TIED.
MM INDICATES DATA IS MISSING.
T  INDICATES TRACE AMOUNT.




$$
