000
CDUS43 KEAX 020039
CLIIRK


CLIMATE REPORT
NATIONAL WEATHER SERVICE KANSAS CITY/PLEASANT HILL MO
639 PM CST SUN MAR 1 2015


...................................

...THE KIRKSVILLE MO CLIMATE SUMMARY FOR MARCH 1 2015...
VALID TODAY AS OF 0600 PM LOCAL TIME.

CLIMATE NORMAL PERIOD 1981 TO 2010
CLIMATE RECORD PERIOD 9999 TO 9999


WEATHER ITEM   OBSERVED TIME   NORMAL DEPARTURE LAST
                VALUE   (LST)  VALUE  FROM      YEAR
                                      NORMAL
......................................................
TEMPERATURE (F)
 TODAY
  MAXIMUM         31    319 PM  44    -13       30
  MINIMUM         20    722 AM  25     -5        5
  AVERAGE         26            34     -8       18

PRECIPITATION (IN)
  TODAY            0.09          0.08   0.01     0.13
  MONTH TO DATE    0.09          0.08   0.01     0.13
  SINCE MAR 1      0.09          0.08   0.01     0.13
  SINCE JAN 1      2.14          2.88  -0.74     3.68

DEGREE DAYS
 HEATING
  TODAY           39            31      8       47
  MONTH TO DATE   39            31      8       47
  SINCE MAR 1     39            31      8       47
  SINCE JUL 1   4718          4564    154     5017

 COOLING
  TODAY            0             0      0        0
  MONTH TO DATE    0             0      0        0
  SINCE MAR 1      0             0      0        0
  SINCE JAN 1      0             0      0        0
......................................................


WIND (MPH)
  HIGHEST WIND SPEED    12   HIGHEST WIND DIRECTION     W (270)
  HIGHEST GUST SPEED    16   HIGHEST GUST DIRECTION     W (260)
  AVERAGE WIND SPEED     2.4


SKY COVER
  AVERAGE SKY COVER 0.9


WEATHER CONDITIONS
 THE FOLLOWING WEATHER WAS RECORDED TODAY.
  SNOW
  LIGHT SNOW
  FOG
  HAZE


RELATIVE HUMIDITY (PERCENT)
 HIGHEST   100           300 AM
 LOWEST     63           200 PM
 AVERAGE    82

..........................................................


THE KIRKSVILLE MO CLIMATE NORMALS FOR TOMORROW
                         NORMAL
 MAXIMUM TEMPERATURE (F)   44
 MINIMUM TEMPERATURE (F)   26


SUNRISE AND SUNSET
MARCH  1 2015.........SUNRISE   644 AM CST   SUNSET   602 PM CST
MARCH  2 2015.........SUNRISE   642 AM CST   SUNSET   603 PM CST


-  INDICATES NEGATIVE NUMBERS.
R  INDICATES RECORD WAS SET OR TIED.
MM INDICATES DATA IS MISSING.
T  INDICATES TRACE AMOUNT.




$$
