000
CDUS43 KEAX 250032
CLIIRK


CLIMATE REPORT
NATIONAL WEATHER SERVICE KANSAS CITY/PLEASANT HILL MO
732 PM CDT MON APR 24 2017


...................................

...THE KIRKSVILLE MO CLIMATE SUMMARY FOR APRIL 24 2017...
VALID TODAY AS OF 0700 PM LOCAL TIME.

CLIMATE NORMAL PERIOD 1981 TO 2010
CLIMATE RECORD PERIOD 9999 TO 9999


WEATHER ITEM   OBSERVED TIME   NORMAL DEPARTURE LAST
                VALUE   (LST)  VALUE  FROM      YEAR
                                      NORMAL
......................................................
TEMPERATURE (F)
 TODAY
  MAXIMUM         77    252 PM  65     12       80
  MINIMUM         42    514 AM  44     -2       51
  AVERAGE         60            54      6       66

PRECIPITATION (IN)
  TODAY            0.00          0.16  -0.16     0.00
  MONTH TO DATE    2.80          2.82  -0.02     1.88
  SINCE MAR 1      6.44          5.37   1.07     3.87
  SINCE JAN 1      8.30          8.17   0.13     6.46

DEGREE DAYS
 HEATING
  TODAY            5            11     -6        0
  MONTH TO DATE  202           345   -143      294
  SINCE MAR 1    844          1099   -255      820
  SINCE JUL 1   4373          5632  -1259     4527

 COOLING
  TODAY            0             0      0        1
  MONTH TO DATE   24             0     24        3
  SINCE MAR 1     24             0     24        3
  SINCE JAN 1     24             0     24        3
......................................................


WIND (MPH)
  HIGHEST WIND SPEED    25   HIGHEST WIND DIRECTION     S (160)
  HIGHEST GUST SPEED    36   HIGHEST GUST DIRECTION    SE (150)
  AVERAGE WIND SPEED    12.4


SKY COVER
  AVERAGE SKY COVER 0.0


WEATHER CONDITIONS
 THE FOLLOWING WEATHER WAS RECORDED TODAY.
  NO SIGNIFICANT WEATHER WAS OBSERVED.


RELATIVE HUMIDITY (PERCENT)
 HIGHEST    70           600 AM
 LOWEST     18           200 PM
 AVERAGE    44

..........................................................


THE KIRKSVILLE MO CLIMATE NORMALS FOR TOMORROW
                         NORMAL
 MAXIMUM TEMPERATURE (F)   66
 MINIMUM TEMPERATURE (F)   44


SUNRISE AND SUNSET
APRIL 24 2017.........SUNRISE   619 AM CDT   SUNSET   758 PM CDT
APRIL 25 2017.........SUNRISE   617 AM CDT   SUNSET   759 PM CDT


-  INDICATES NEGATIVE NUMBERS.
R  INDICATES RECORD WAS SET OR TIED.
MM INDICATES DATA IS MISSING.
T  INDICATES TRACE AMOUNT.




$$
