000
CDUS43 KEAX 030633
CLIIRK


CLIMATE REPORT
NATIONAL WEATHER SERVICE KANSAS CITY/PLEASANT HILL MO
132 AM CDT THU SEP 3 2015


...................................

...THE KIRKSVILLE MO CLIMATE SUMMARY FOR SEPTEMBER 2 2015...

CLIMATE NORMAL PERIOD 1981 TO 2010
CLIMATE RECORD PERIOD 9999 TO 9999


WEATHER ITEM   OBSERVED TIME   NORMAL DEPARTURE LAST
                VALUE   (LST)  VALUE  FROM      YEAR
                                      NORMAL
......................................................
TEMPERATURE (F)
 YESTERDAY
  MAXIMUM         87    430 PM  81      6       84
  MINIMUM         69    534 AM  59     10       61
  AVERAGE         78            70      8       73

PRECIPITATION (IN)
  YESTERDAY        0.02          0.15  -0.13     0.00
  MONTH TO DATE    0.02          0.31  -0.29     0.33
  SINCE SEP 1      0.02          0.31  -0.29     0.33
  SINCE JAN 1     31.25         27.72   3.53    28.42

DEGREE DAYS
 HEATING
  YESTERDAY        0             1     -1        0
  MONTH TO DATE    0             2     -2        0
  SINCE SEP 1      0             2     -2        0
  SINCE JUL 1     13             9      4        6

 COOLING
  YESTERDAY       13             6      7        8
  MONTH TO DATE   28            12     16       17
  SINCE SEP 1     28            12     16       17
  SINCE JAN 1    905           856     49      883
......................................................


WIND (MPH)
  HIGHEST WIND SPEED    18   HIGHEST WIND DIRECTION     S (190)
  HIGHEST GUST SPEED    26   HIGHEST GUST DIRECTION     S (190)
  AVERAGE WIND SPEED     7.8


SKY COVER
  AVERAGE SKY COVER 0.2


WEATHER CONDITIONS
 THE FOLLOWING WEATHER WAS RECORDED YESTERDAY.
  FOG
  HAZE


RELATIVE HUMIDITY (PERCENT)
 HIGHEST    90           400 AM
 LOWEST     50           400 PM
 AVERAGE    70

..........................................................


THE KIRKSVILLE MO CLIMATE NORMALS FOR TODAY
                         NORMAL
 MAXIMUM TEMPERATURE (F)   81
 MINIMUM TEMPERATURE (F)   58


SUNRISE AND SUNSET
SEPTEMBER  3 2015.....SUNRISE   639 AM CDT   SUNSET   739 PM CDT
SEPTEMBER  4 2015.....SUNRISE   640 AM CDT   SUNSET   737 PM CDT


-  INDICATES NEGATIVE NUMBERS.
R  INDICATES RECORD WAS SET OR TIED.
MM INDICATES DATA IS MISSING.
T  INDICATES TRACE AMOUNT.




$$
