000
CDUS43 KEAX 270646
CLIIRK


CLIMATE REPORT
NATIONAL WEATHER SERVICE KANSAS CITY/PLEASANT HILL MO
142 AM CDT SAT AUG 27 2016


...................................

...THE KIRKSVILLE MO CLIMATE SUMMARY FOR AUGUST 26 2016...

CLIMATE NORMAL PERIOD 1981 TO 2010
CLIMATE RECORD PERIOD 9999 TO 9999


WEATHER ITEM   OBSERVED TIME   NORMAL DEPARTURE LAST
                VALUE   (LST)  VALUE  FROM      YEAR
                                      NORMAL
......................................................
TEMPERATURE (F)
 YESTERDAY
  MAXIMUM         77    458 PM  83     -6       79
  MINIMUM         67    724 AM  61      6       48
  AVERAGE         72            72      0       64

PRECIPITATION (IN)
  YESTERDAY        1.26          0.13   1.13     0.00
  MONTH TO DATE    5.72          3.05   2.67     2.42
  SINCE JUN 1      9.43         12.49  -3.06    20.46
  SINCE JAN 1     21.72         26.64  -4.92    31.22

DEGREE DAYS
 HEATING
  YESTERDAY        0             0      0        1
  MONTH TO DATE    0             0      0        8
  SINCE JUN 1      6            17    -11       28
  SINCE JUL 1      6             1      5       13

 COOLING
  YESTERDAY        7             7      0        0
  MONTH TO DATE  269           242     27      202
  SINCE JUN 1    951           747    204      776
  SINCE JAN 1   1023           809    214      844
......................................................


WIND (MPH)
  HIGHEST WIND SPEED    14   HIGHEST WIND DIRECTION     E (80)
  HIGHEST GUST SPEED    24   HIGHEST GUST DIRECTION     E (110)
  AVERAGE WIND SPEED     6.3


SKY COVER
  AVERAGE SKY COVER 0.9


WEATHER CONDITIONS
 THE FOLLOWING WEATHER WAS RECORDED YESTERDAY.
  THUNDERSTORM
  HEAVY RAIN
  RAIN
  LIGHT RAIN
  FOG
  HAZE


RELATIVE HUMIDITY (PERCENT)
 HIGHEST    93           600 AM
 LOWEST     73          1100 AM
 AVERAGE    83

..........................................................


THE KIRKSVILLE MO CLIMATE NORMALS FOR TODAY
                         NORMAL
 MAXIMUM TEMPERATURE (F)   83
 MINIMUM TEMPERATURE (F)   61


SUNRISE AND SUNSET
AUGUST 27 2016........SUNRISE   634 AM CDT   SUNSET   749 PM CDT
AUGUST 28 2016........SUNRISE   635 AM CDT   SUNSET   747 PM CDT


-  INDICATES NEGATIVE NUMBERS.
R  INDICATES RECORD WAS SET OR TIED.
MM INDICATES DATA IS MISSING.
T  INDICATES TRACE AMOUNT.




$$
