000
CDUS43 KEAX 250031
CLIIRK


CLIMATE REPORT
NATIONAL WEATHER SERVICE KANSAS CITY/PLEASANT HILL MO
731 PM CDT WED MAY 24 2017


...................................

...THE KIRKSVILLE MO CLIMATE SUMMARY FOR MAY 24 2017...
VALID TODAY AS OF 0700 PM LOCAL TIME.

CLIMATE NORMAL PERIOD 1981 TO 2010
CLIMATE RECORD PERIOD 9999 TO 9999


WEATHER ITEM   OBSERVED TIME   NORMAL DEPARTURE LAST
                VALUE   (LST)  VALUE  FROM      YEAR
                                      NORMAL
......................................................
TEMPERATURE (F)
 TODAY
  MAXIMUM         64    329 PM  75    -11       77
  MINIMUM         44    503 AM  55    -11       58
  AVERAGE         54            65    -11       68

PRECIPITATION (IN)
  TODAY            0.19          0.17   0.02     0.00
  MONTH TO DATE    1.68          3.82  -2.14     3.04
  SINCE MAR 1     11.45         10.21   1.24     8.02
  SINCE JAN 1     13.31         13.01   0.30    10.61

DEGREE DAYS
 HEATING
  TODAY           11             3      8        0
  MONTH TO DATE  144           136      8      170
  SINCE MAR 1   1072          1293   -221     1031
  SINCE JUL 1   4601          5826  -1225     4738

 COOLING
  TODAY            0             2     -2        3
  MONTH TO DATE   56            34     22       14
  SINCE MAR 1     80            41     39       22
  SINCE JAN 1     80            41     39       22
......................................................


WIND (MPH)
  HIGHEST WIND SPEED    21   HIGHEST WIND DIRECTION     N (350)
  HIGHEST GUST SPEED    28   HIGHEST GUST DIRECTION     N (340)
  AVERAGE WIND SPEED     8.1


SKY COVER
  AVERAGE SKY COVER 0.6


WEATHER CONDITIONS
 THE FOLLOWING WEATHER WAS RECORDED TODAY.
  RAIN
  LIGHT RAIN
  FOG
  FOG W/VISIBILITY <= 1/4 MILE


RELATIVE HUMIDITY (PERCENT)
 HIGHEST   100           200 AM
 LOWEST     60          1200 PM
 AVERAGE    80

..........................................................


THE KIRKSVILLE MO CLIMATE NORMALS FOR TOMORROW
                         NORMAL
 MAXIMUM TEMPERATURE (F)   75
 MINIMUM TEMPERATURE (F)   55


SUNRISE AND SUNSET
MAY 24 2017...........SUNRISE   547 AM CDT   SUNSET   827 PM CDT
MAY 25 2017...........SUNRISE   547 AM CDT   SUNSET   828 PM CDT


-  INDICATES NEGATIVE NUMBERS.
R  INDICATES RECORD WAS SET OR TIED.
MM INDICATES DATA IS MISSING.
T  INDICATES TRACE AMOUNT.




$$
