000
CDUS43 KEAX 250031
CLIIRK


CLIMATE REPORT
NATIONAL WEATHER SERVICE KANSAS CITY/PLEASANT HILL MO
731 PM CDT SUN SEP 24 2017


...................................

...THE KIRKSVILLE MO CLIMATE SUMMARY FOR SEPTEMBER 24 2017...
VALID TODAY AS OF 0700 PM LOCAL TIME.

CLIMATE NORMAL PERIOD 1981 TO 2010
CLIMATE RECORD PERIOD 9999 TO 9999


WEATHER ITEM   OBSERVED TIME   NORMAL DEPARTURE LAST
                VALUE   (LST)  VALUE  FROM      YEAR
                                      NORMAL
......................................................
TEMPERATURE (F)
 TODAY
  MAXIMUM         91    340 PM  72     19       87
  MINIMUM         63    607 AM  50     13       62
  AVERAGE         77            61     16       75

PRECIPITATION (IN)
  TODAY            0.00          0.14  -0.14     0.00
  MONTH TO DATE    0.22          3.44  -3.22     2.12
  SINCE SEP 1      0.22          3.44  -3.22     2.12
  SINCE JAN 1     24.49         30.85  -6.36    25.26

DEGREE DAYS
 HEATING
  TODAY            0             5     -5        0
  MONTH TO DATE   21            59    -38        4
  SINCE SEP 1     21            59    -38        4
  SINCE JUL 1     22            66    -44       10

 COOLING
  TODAY           12             1     11       10
  MONTH TO DATE  140            75     65      173
  SINCE SEP 1    140            75     65      173
  SINCE JAN 1   1065           919    146     1251
......................................................


WIND (MPH)
  HIGHEST WIND SPEED    14   HIGHEST WIND DIRECTION    SW (210)
  HIGHEST GUST SPEED    20   HIGHEST GUST DIRECTION     S (180)
  AVERAGE WIND SPEED     7.2


SKY COVER
  AVERAGE SKY COVER 0.1


WEATHER CONDITIONS
 THE FOLLOWING WEATHER WAS RECORDED TODAY.
  NO SIGNIFICANT WEATHER WAS OBSERVED.


RELATIVE HUMIDITY (PERCENT)
 HIGHEST    87           400 AM
 LOWEST     41           100 PM
 AVERAGE    64

..........................................................


THE KIRKSVILLE MO CLIMATE NORMALS FOR TOMORROW
                         NORMAL
 MAXIMUM TEMPERATURE (F)   72
 MINIMUM TEMPERATURE (F)   49


SUNRISE AND SUNSET
SEPTEMBER 24 2017.....SUNRISE   700 AM CDT   SUNSET   703 PM CDT
SEPTEMBER 25 2017.....SUNRISE   701 AM CDT   SUNSET   702 PM CDT


-  INDICATES NEGATIVE NUMBERS.
R  INDICATES RECORD WAS SET OR TIED.
MM INDICATES DATA IS MISSING.
T  INDICATES TRACE AMOUNT.




$$
