000
CDUS43 KEAX 020639
CLIIRK


CLIMATE REPORT
NATIONAL WEATHER SERVICE KANSAS CITY/PLEASANT HILL MO
138 AM CDT TUE JUN 2 2015


...................................

...THE KIRKSVILLE MO CLIMATE SUMMARY FOR JUNE 1 2015...

CLIMATE NORMAL PERIOD 1981 TO 2010
CLIMATE RECORD PERIOD 9999 TO 9999


WEATHER ITEM   OBSERVED TIME   NORMAL DEPARTURE LAST
                VALUE   (LST)  VALUE  FROM      YEAR
                                      NORMAL
......................................................
TEMPERATURE (F)
 YESTERDAY
  MAXIMUM         64   1254 PM  77    -13       87
  MINIMUM         50   1150 PM  57     -7       67
  AVERAGE         57            67    -10       77

PRECIPITATION (IN)
  YESTERDAY        0.00          0.18  -0.18      T
  MONTH TO DATE    0.00          0.18  -0.18      T
  SINCE JUN 1      0.00          0.18  -0.18      T
  SINCE JAN 1     10.76         14.33  -3.57     9.10

DEGREE DAYS
 HEATING
  YESTERDAY        8             1      7        0
  MONTH TO DATE    8             1      7        0
  SINCE JUN 1      8             1      7        0
  SINCE JUL 1   5773          5841    -68     6428

 COOLING
  YESTERDAY        0             4     -4       12
  MONTH TO DATE    0             4     -4       12
  SINCE JUN 1      0             4     -4       12
  SINCE JAN 1     68            66      2      134
......................................................


WIND (MPH)
  HIGHEST WIND SPEED    13   HIGHEST WIND DIRECTION    NE (60)
  HIGHEST GUST SPEED    16   HIGHEST GUST DIRECTION    NE (50)
  AVERAGE WIND SPEED     5.6


SKY COVER
  AVERAGE SKY COVER 0.9


WEATHER CONDITIONS
 THE FOLLOWING WEATHER WAS RECORDED YESTERDAY.
  FOG


RELATIVE HUMIDITY (PERCENT)
 HIGHEST   100          1000 PM
 LOWEST     72          1100 AM
 AVERAGE    86

..........................................................


THE KIRKSVILLE MO CLIMATE NORMALS FOR TODAY
                         NORMAL
 MAXIMUM TEMPERATURE (F)   78
 MINIMUM TEMPERATURE (F)   57


SUNRISE AND SUNSET
JUNE  2 2015..........SUNRISE   543 AM CDT   SUNSET   834 PM CDT
JUNE  3 2015..........SUNRISE   542 AM CDT   SUNSET   835 PM CDT


-  INDICATES NEGATIVE NUMBERS.
R  INDICATES RECORD WAS SET OR TIED.
MM INDICATES DATA IS MISSING.
T  INDICATES TRACE AMOUNT.




$$
