000
CDUS43 KEAX 040644
CLIIRK


CLIMATE REPORT
NATIONAL WEATHER SERVICE KANSAS CITY/PLEASANT HILL MO
142 AM CDT WED MAY 4 2016


...................................

...THE KIRKSVILLE MO CLIMATE SUMMARY FOR MAY 3 2016...

CLIMATE NORMAL PERIOD 1981 TO 2010
CLIMATE RECORD PERIOD 9999 TO 9999


WEATHER ITEM   OBSERVED TIME   NORMAL DEPARTURE LAST
                VALUE   (LST)  VALUE  FROM      YEAR
                                      NORMAL
......................................................
TEMPERATURE (F)
 YESTERDAY
  MAXIMUM         69    424 PM  68      1       82
  MINIMUM         38   1211 AM  47     -9       53
  AVERAGE         54            58     -4       68

PRECIPITATION (IN)
  YESTERDAY        0.00          0.19  -0.19     0.00
  MONTH TO DATE    0.07          0.57  -0.50     0.18
  SINCE MAR 1      5.05          6.96  -1.91     4.71
  SINCE JAN 1      7.64          9.76  -2.12     6.76

DEGREE DAYS
 HEATING
  YESTERDAY       11             8      3        0
  MONTH TO DATE   41            25     16       14
  SINCE MAR 1    902          1182   -280      982
  SINCE JUL 1   4609          5715  -1106     5661

 COOLING
  YESTERDAY        0             1     -1        3
  MONTH TO DATE    0             2     -2        3
  SINCE MAR 1      8             9     -1        6
  SINCE JAN 1      8             9     -1        6
......................................................


WIND (MPH)
  HIGHEST WIND SPEED    15   HIGHEST WIND DIRECTION     W (280)
  HIGHEST GUST SPEED    21   HIGHEST GUST DIRECTION     W (280)
  AVERAGE WIND SPEED     6.6


SKY COVER
  AVERAGE SKY COVER 0.3


WEATHER CONDITIONS
 THE FOLLOWING WEATHER WAS RECORDED YESTERDAY.
  FOG


RELATIVE HUMIDITY (PERCENT)
 HIGHEST   100           600 AM
 LOWEST     31          1100 AM
 AVERAGE    66

..........................................................


THE KIRKSVILLE MO CLIMATE NORMALS FOR TODAY
                         NORMAL
 MAXIMUM TEMPERATURE (F)   68
 MINIMUM TEMPERATURE (F)   47


SUNRISE AND SUNSET
MAY  4 2016...........SUNRISE   606 AM CDT   SUNSET   809 PM CDT
MAY  5 2016...........SUNRISE   605 AM CDT   SUNSET   810 PM CDT


-  INDICATES NEGATIVE NUMBERS.
R  INDICATES RECORD WAS SET OR TIED.
MM INDICATES DATA IS MISSING.
T  INDICATES TRACE AMOUNT.




$$
