000
CDUS43 KBIS 100022
CLIISN


CLIMATE REPORT
NATIONAL WEATHER SERVICE BISMARCK ND
722 PM CDT WED JUL 9 2014


...................................

...THE WILLISTON ND CLIMATE SUMMARY FOR JULY 9 2014...
VALID TODAY AS OF 0700 PM LOCAL TIME.

CLIMATE NORMAL PERIOD 1981 TO 2010
CLIMATE RECORD PERIOD 1894 TO 2014


WEATHER ITEM   OBSERVED TIME   RECORD YEAR NORMAL DEPARTURE LAST
                VALUE   (LST)  VALUE       VALUE  FROM      YEAR
                                                  NORMAL
..................................................................
TEMPERATURE (F)
 TODAY
  MAXIMUM         86    347 PM 100    2005  83      3       74
  MINIMUM         50    528 AM  39    1996  55     -5       56
  AVERAGE         68                        69     -1       65

PRECIPITATION (IN)
  TODAY            0.00          0.93 1971   0.10  -0.10     0.00
  MONTH TO DATE    0.07                      0.87  -0.80     0.72
  SINCE JUN 1      1.51                      3.39  -1.88     4.88
  SINCE JAN 1      5.60                      8.00  -2.40    12.69

SNOWFALL (IN)
  TODAY           MM

DEGREE DAYS
 HEATING
  TODAY            0                         1     -1        0
  MONTH TO DATE    8                        11     -3        0
  SINCE JUN 1    118                       131    -13      128
  SINCE JUL 1      8                        11     -3        0

 COOLING
  TODAY            3                         5     -2        0
  MONTH TO DATE   47                        41      6       47
  SINCE JUN 1     75                       109    -34       74
  SINCE JAN 1     96                       122    -26       82
..................................................................


WIND (MPH)
  HIGHEST WIND SPEED    13   HIGHEST WIND DIRECTION    SE (140)
  HIGHEST GUST SPEED    16   HIGHEST GUST DIRECTION     S (180)
  AVERAGE WIND SPEED     4.6


SKY COVER
  POSSIBLE SUNSHINE  MM
  AVERAGE SKY COVER 0.4


WEATHER CONDITIONS
 THE FOLLOWING WEATHER WAS RECORDED TODAY.
  FOG
  HAZE


RELATIVE HUMIDITY (PERCENT)
 HIGHEST   100           500 AM
 LOWEST     31           200 PM
 AVERAGE    66

..........................................................


THE WILLISTON ND CLIMATE NORMALS FOR TOMORROW
                         NORMAL    RECORD    YEAR
 MAXIMUM TEMPERATURE (F)   84       109      1980
 MINIMUM TEMPERATURE (F)   55        41      1951


SUNRISE AND SUNSET
JULY  9 2014..........SUNRISE   604 AM CDT   SUNSET   955 PM CDT
JULY 10 2014..........SUNRISE   605 AM CDT   SUNSET   954 PM CDT


-  INDICATES NEGATIVE NUMBERS.
R  INDICATES RECORD WAS SET OR TIED.
MM INDICATES DATA IS MISSING.
T  INDICATES TRACE AMOUNT.




$$
