000
CDUS43 KBIS 020725
CLIISN


CLIMATE REPORT
NATIONAL WEATHER SERVICE BISMARCK ND
224 AM CDT TUE JUN 2 2015


...................................

...THE WILLISTON ND CLIMATE SUMMARY FOR JUNE 1 2015...

CLIMATE NORMAL PERIOD 1981 TO 2010
CLIMATE RECORD PERIOD 1894 TO 2015


WEATHER ITEM   OBSERVED TIME   RECORD YEAR NORMAL DEPARTURE LAST
                VALUE   (LST)  VALUE       VALUE  FROM      YEAR
                                                  NORMAL
..................................................................
TEMPERATURE (F)
 YESTERDAY
  MAXIMUM         91    403 PM  95    1948  72     19       70
  MINIMUM         53    501 AM  31    1951  46      7       54
                                      1910
  AVERAGE         72                        59     13       62

PRECIPITATION (IN)
  YESTERDAY        0.00          1.86 1923   0.08  -0.08     0.48
  MONTH TO DATE    0.00                      0.08  -0.08     0.48
  SINCE JUN 1      0.00                      0.08  -0.08     0.48
  SINCE JAN 1      3.50                      4.69  -1.19     4.57

SNOWFALL (IN)
  YESTERDAY       MM             T    1952   0.0   MM       MM
  MONTH TO DATE   MM                         0.0   MM       MM
  SINCE JUN 1     MM                         0.0   MM       MM
  SINCE JUL 1     MM                        45.3   MM       MM
  SNOW DEPTH      MM

DEGREE DAYS
 HEATING
  YESTERDAY        0                         7     -7        3
  MONTH TO DATE    0                         7     -7        3
  SINCE JUN 1      0                         7     -7        3
  SINCE JUL 1   8358                      8881   -523     9232

 COOLING
  YESTERDAY        7                         1      6        0
  MONTH TO DATE    7                         1      6        0
  SINCE JUN 1      7                         1      6        0
  SINCE JAN 1      8                        14     -6       21
..................................................................


WIND (MPH)
  HIGHEST WIND SPEED    22   HIGHEST WIND DIRECTION     N (340)
  HIGHEST GUST SPEED    28   HIGHEST GUST DIRECTION     N (340)
  AVERAGE WIND SPEED    10.0


SKY COVER
  POSSIBLE SUNSHINE  MM
  AVERAGE SKY COVER 0.1


WEATHER CONDITIONS
 THE FOLLOWING WEATHER WAS RECORDED YESTERDAY.
  THUNDERSTORM


RELATIVE HUMIDITY (PERCENT)
 HIGHEST    83           400 AM
 LOWEST     29           200 PM
 AVERAGE    56

..........................................................


THE WILLISTON ND CLIMATE NORMALS FOR TODAY
                         NORMAL    RECORD    YEAR
 MAXIMUM TEMPERATURE (F)   73        95      1968
 MINIMUM TEMPERATURE (F)   46        30      2009
                                             2000


SUNRISE AND SUNSET
JUNE  2 2015..........SUNRISE   558 AM CDT   SUNSET   948 PM CDT
JUNE  3 2015..........SUNRISE   557 AM CDT   SUNSET   948 PM CDT


-  INDICATES NEGATIVE NUMBERS.
R  INDICATES RECORD WAS SET OR TIED.
MM INDICATES DATA IS MISSING.
T  INDICATES TRACE AMOUNT.




$$
