062
CDUS43 KBIS 262214
CLIISN


CLIMATE REPORT
NATIONAL WEATHER SERVICE BISMARCK ND
513 PM CDT MON SEP 26 2016


...................................

...THE WILLISTON ND CLIMATE SUMMARY FOR SEPTEMBER 26 2016...
VALID TODAY AS OF 0500 PM LOCAL TIME.

CLIMATE NORMAL PERIOD 1981 TO 2010
CLIMATE RECORD PERIOD 1894 TO 2016


WEATHER ITEM   OBSERVED TIME   RECORD YEAR NORMAL DEPARTURE LAST
                VALUE   (LST)  VALUE       VALUE  FROM      YEAR
                                                  NORMAL
..................................................................
TEMPERATURE (F)
 TODAY
  MAXIMUM         71    358 PM  94    2014  66      5       88
  MINIMUM         37    456 AM  20    1910  37      0       61
  AVERAGE         54                        52      2       75

PRECIPITATION (IN)
  TODAY            0.00          0.42 1959   0.03  -0.03      T
  MONTH TO DATE    3.54                      0.92   2.62     2.20
  SINCE SEP 1      3.54                      0.92   2.62     2.20
  SINCE JAN 1     13.29                     12.04   1.25    10.04

SNOWFALL (IN)
  TODAY           MM

DEGREE DAYS
 HEATING
  TODAY           11                        13     -2        0
  MONTH TO DATE  175                       217    -42      130
  SINCE SEP 1    175                       217    -42      130
  SINCE JUL 1    185                       288   -103      169

 COOLING
  TODAY            0                         0      0       10
  MONTH TO DATE   31                        24      7       48
  SINCE SEP 1     31                        24      7       48
  SINCE JAN 1    521                       453     68      610
..................................................................


WIND (MPH)
  HIGHEST WIND SPEED    18   HIGHEST WIND DIRECTION     W (290)
  HIGHEST GUST SPEED    26   HIGHEST GUST DIRECTION     W (290)
  AVERAGE WIND SPEED     7.0


SKY COVER
  POSSIBLE SUNSHINE  MM
  AVERAGE SKY COVER 0.0


WEATHER CONDITIONS
 THE FOLLOWING WEATHER WAS RECORDED TODAY.
  NO SIGNIFICANT WEATHER WAS OBSERVED.


RELATIVE HUMIDITY (PERCENT)
 HIGHEST    85           700 AM
 LOWEST     28           400 PM
 AVERAGE    57

..........................................................


THE WILLISTON ND CLIMATE NORMALS FOR TOMORROW
                         NORMAL    RECORD    YEAR
 MAXIMUM TEMPERATURE (F)   66        95      1898
 MINIMUM TEMPERATURE (F)   37        21      1942


SUNRISE AND SUNSET
SEPTEMBER 26 2016.....SUNRISE   747 AM CDT   SUNSET   743 PM CDT
SEPTEMBER 27 2016.....SUNRISE   749 AM CDT   SUNSET   741 PM CDT


-  INDICATES NEGATIVE NUMBERS.
R  INDICATES RECORD WAS SET OR TIED.
MM INDICATES DATA IS MISSING.
T  INDICATES TRACE AMOUNT.




$$
