000
CDUS43 KBIS 210742
CLIISN


CLIMATE REPORT
NATIONAL WEATHER SERVICE BISMARCK ND
141 AM CST FRI NOV 21 2014


...................................

...THE WILLISTON ND CLIMATE SUMMARY FOR NOVEMBER 20 2014...

CLIMATE NORMAL PERIOD 1981 TO 2010
CLIMATE RECORD PERIOD 1894 TO 2014


WEATHER ITEM   OBSERVED TIME   RECORD YEAR NORMAL DEPARTURE LAST
                VALUE   (LST)  VALUE       VALUE  FROM      YEAR
                                                  NORMAL
..................................................................
TEMPERATURE (F)
 YESTERDAY
  MAXIMUM         24    345 PM  64    2006  35    -11       18
  MINIMUM         10    822 AM -22    1896  14     -4       -2
  AVERAGE         17                        24     -7        8

PRECIPITATION (IN)
  YESTERDAY        T             0.38 2010   0.02  -0.02     0.17
  MONTH TO DATE    0.20                      0.47  -0.27     0.34
  SINCE SEP 1      1.79                      2.45  -0.66     4.31
  SINCE JAN 1     10.22                     13.57  -3.35    20.20

SNOWFALL (IN)
  YESTERDAY       MM             6.6  2010   0.2   MM       MM
  MONTH TO DATE   MM                         3.9   MM       MM
  SINCE SEP 1     MM                         6.7   MM       MM
  SINCE JUL 1     MM                         6.7   MM       MM
  SNOW DEPTH       0

DEGREE DAYS
 HEATING
  YESTERDAY       48                        41      7       57
  MONTH TO DATE  847                       701    146      689
  SINCE SEP 1   1658                      1657      1     1552
  SINCE JUL 1   1715                      1728    -13     1598

 COOLING
  YESTERDAY        0                         0      0        0
  MONTH TO DATE    0                         0      0        0
  SINCE SEP 1     34                        27      7       78
  SINCE JAN 1    425                       456    -31      405
..................................................................


WIND (MPH)
  HIGHEST WIND SPEED    13   HIGHEST WIND DIRECTION     S (170)
  HIGHEST GUST SPEED    18   HIGHEST GUST DIRECTION     S (180)
  AVERAGE WIND SPEED     5.7


SKY COVER
  POSSIBLE SUNSHINE  MM
  AVERAGE SKY COVER 0.6


WEATHER CONDITIONS
 THE FOLLOWING WEATHER WAS RECORDED YESTERDAY.
  NO SIGNIFICANT WEATHER WAS OBSERVED.


RELATIVE HUMIDITY (PERCENT)
 HIGHEST    84          1000 PM
 LOWEST     65           500 PM
 AVERAGE    75

..........................................................


THE WILLISTON ND CLIMATE NORMALS FOR TODAY
                         NORMAL    RECORD    YEAR
 MAXIMUM TEMPERATURE (F)   34        58      1987
 MINIMUM TEMPERATURE (F)   14       -22      1978
                                             1900


SUNRISE AND SUNSET
NOVEMBER 21 2014......SUNRISE   810 AM CST   SUNSET   510 PM CST
NOVEMBER 22 2014......SUNRISE   812 AM CST   SUNSET   509 PM CST


-  INDICATES NEGATIVE NUMBERS.
R  INDICATES RECORD WAS SET OR TIED.
MM INDICATES DATA IS MISSING.
T  INDICATES TRACE AMOUNT.




$$
