148
CDUS43 KBIS 240841
CLIISN


CLIMATE REPORT
NATIONAL WEATHER SERVICE BISMARCK ND
241 AM CST FRI FEB 24 2017


...................................

...THE WILLISTON ND CLIMATE SUMMARY FOR FEBRUARY 23 2017...

CLIMATE NORMAL PERIOD 1981 TO 2010
CLIMATE RECORD PERIOD 1894 TO 2017


WEATHER ITEM   OBSERVED TIME   RECORD YEAR NORMAL DEPARTURE LAST
                VALUE   (LST)  VALUE       VALUE  FROM      YEAR
                                                  NORMAL
..................................................................
TEMPERATURE (F)
 YESTERDAY
  MAXIMUM         30    744 AM  58    1958  30      0       45
  MINIMUM         10   1118 PM -28    2003   9      1       25
  AVERAGE         20                        20      0       35

PRECIPITATION (IN)
  YESTERDAY        T             0.33 1948   0.02  -0.02     0.00
  MONTH TO DATE    0.55                      0.31   0.24     0.70
  SINCE DEC 1      1.95                      1.52   0.43     1.63
  SINCE JAN 1      0.99                      0.90   0.09     1.08

SNOWFALL (IN)
  YESTERDAY       MM
  SNOW DEPTH      MM

DEGREE DAYS
 HEATING
  YESTERDAY       45                        45      0       30
  MONTH TO DATE 1001                      1126   -125      842
  SINCE DEC 1   4187                      4385   -198     3671
  SINCE JUL 1   5766                      6547   -781     5421

 COOLING
  YESTERDAY        0                         0      0        0
  MONTH TO DATE    0                         0      0        0
  SINCE DEC 1      0                         0      0        0
  SINCE JAN 1      0                         0      0        0
..................................................................


WIND (MPH)
  HIGHEST WIND SPEED    21   HIGHEST WIND DIRECTION     N (10)
  HIGHEST GUST SPEED    25   HIGHEST GUST DIRECTION     N (10)
  AVERAGE WIND SPEED     6.9


SKY COVER
  POSSIBLE SUNSHINE  MM
  AVERAGE SKY COVER 0.8


WEATHER CONDITIONS
 THE FOLLOWING WEATHER WAS RECORDED YESTERDAY.
  LIGHT SNOW
  FOG
  HAZE


RELATIVE HUMIDITY (PERCENT)
 HIGHEST    92           100 AM
 LOWEST     57           500 PM
 AVERAGE    75

..........................................................


THE WILLISTON ND CLIMATE NORMALS FOR TODAY
                         NORMAL    RECORD    YEAR
 MAXIMUM TEMPERATURE (F)   31        58      1958
 MINIMUM TEMPERATURE (F)   10       -35      2003


SUNRISE AND SUNSET
FEBRUARY 24 2017......SUNRISE   745 AM CST   SUNSET   631 PM CST
FEBRUARY 25 2017......SUNRISE   743 AM CST   SUNSET   633 PM CST


-  INDICATES NEGATIVE NUMBERS.
R  INDICATES RECORD WAS SET OR TIED.
MM INDICATES DATA IS MISSING.
T  INDICATES TRACE AMOUNT.




$$
