000
CDUS43 KBIS 310734
CLIISN


CLIMATE REPORT
NATIONAL WEATHER SERVICE BISMARCK ND
233 AM CDT SUN AUG 31 2014


...................................

...THE WILLISTON ND CLIMATE SUMMARY FOR AUGUST 30 2014...

CLIMATE NORMAL PERIOD 1981 TO 2010
CLIMATE RECORD PERIOD 1894 TO 2014


WEATHER ITEM   OBSERVED TIME   RECORD YEAR NORMAL DEPARTURE LAST
                VALUE   (LST)  VALUE       VALUE  FROM      YEAR
                                                  NORMAL
..................................................................
TEMPERATURE (F)
 YESTERDAY
  MAXIMUM         75    205 PM  97    2008  79     -4       91
                                      1983
                                      1981
  MINIMUM         52   1207 AM  37    1935  50      2       62
  AVERAGE         64                        64      0       77

PRECIPITATION (IN)
  YESTERDAY        0.20          0.96 1952   0.05   0.15     0.00
  MONTH TO DATE    2.05                      1.41   0.64     2.17
  SINCE JUN 1      4.15                      6.47  -2.32     8.08
  SINCE JAN 1      8.24                     11.08  -2.84    15.89

SNOWFALL (IN)
  YESTERDAY       MM             T    1952   0.0   MM       MM
  MONTH TO DATE   MM                         0.0   MM       MM
  SINCE JUN 1     MM                         0.0   MM       MM
  SINCE JUL 1     MM                         0.0   MM       MM
  SNOW DEPTH      MM

DEGREE DAYS
 HEATING
  YESTERDAY        1                         3     -2        0
  MONTH TO DATE   39                        45     -6       21
  SINCE JUN 1    166                       189    -23      174
  SINCE JUL 1     56                        69    -13       46

 COOLING
  YESTERDAY        0                         3     -3       12
  MONTH TO DATE  178                       163     15      162
  SINCE JUN 1    370                       413    -43      315
  SINCE JAN 1    391                       426    -35      323
..................................................................


WIND (MPH)
  HIGHEST WIND SPEED    22   HIGHEST WIND DIRECTION    NW (300)
  HIGHEST GUST SPEED    26   HIGHEST GUST DIRECTION    NW (300)
  AVERAGE WIND SPEED     7.4


SKY COVER
  POSSIBLE SUNSHINE  MM
  AVERAGE SKY COVER 0.2


WEATHER CONDITIONS
 THE FOLLOWING WEATHER WAS RECORDED YESTERDAY.
  HEAVY RAIN
  LIGHT RAIN
  FOG


RELATIVE HUMIDITY (PERCENT)
 HIGHEST    97           900 PM
 LOWEST     54           200 PM
 AVERAGE    76

..........................................................


THE WILLISTON ND CLIMATE NORMALS FOR TODAY
                         NORMAL    RECORD    YEAR
 MAXIMUM TEMPERATURE (F)   79       103      1983
 MINIMUM TEMPERATURE (F)   49        34      1994
                                             1895


SUNRISE AND SUNSET
AUGUST 31 2014........SUNRISE   711 AM CDT   SUNSET   838 PM CDT
SEPTEMBER  1 2014.....SUNRISE   712 AM CDT   SUNSET   836 PM CDT


-  INDICATES NEGATIVE NUMBERS.
R  INDICATES RECORD WAS SET OR TIED.
MM INDICATES DATA IS MISSING.
T  INDICATES TRACE AMOUNT.




$$
