000
CDUS43 KBIS 180751
CLIISN


CLIMATE REPORT
NATIONAL WEATHER SERVICE BISMARCK ND
150 AM CST WED JAN 18 2017


...................................

...THE WILLISTON ND CLIMATE SUMMARY FOR JANUARY 17 2017...

CLIMATE NORMAL PERIOD 1981 TO 2010
CLIMATE RECORD PERIOD 1894 TO 2017


WEATHER ITEM   OBSERVED TIME   RECORD YEAR NORMAL DEPARTURE LAST
                VALUE   (LST)  VALUE       VALUE  FROM      YEAR
                                                  NORMAL
..................................................................
TEMPERATURE (F)
 YESTERDAY
  MAXIMUM         31   1054 PM  49    1923  22      9        2
  MINIMUM          5    518 AM -35    1943   0      5      -20
  AVERAGE         18                        11      7       -9

PRECIPITATION (IN)
  YESTERDAY        0.00          0.55 1953   0.02  -0.02      T
  MONTH TO DATE    0.40                      0.36   0.04     0.20
  SINCE DEC 1      1.36                      0.98   0.38     0.75
  SINCE JAN 1      0.40                      0.36   0.04     0.20

SNOWFALL (IN)
  YESTERDAY       MM
  SNOW DEPTH      MM

DEGREE DAYS
 HEATING
  YESTERDAY       47                        54     -7       74
  MONTH TO DATE 1116                       928    188      906
  SINCE DEC 1   2625                      2513    112     2250
  SINCE JUL 1   4204                      4675   -471     4000

 COOLING
  YESTERDAY        0                         0      0        0
  MONTH TO DATE    0                         0      0        0
  SINCE DEC 1      0                         0      0        0
  SINCE JAN 1      0                         0      0        0
..................................................................


WIND (MPH)
  HIGHEST WIND SPEED    22   HIGHEST WIND DIRECTION    SW (230)
  HIGHEST GUST SPEED    26   HIGHEST GUST DIRECTION    SW (230)
  AVERAGE WIND SPEED     8.5


SKY COVER
  POSSIBLE SUNSHINE  MM
  AVERAGE SKY COVER 0.0


WEATHER CONDITIONS
 THE FOLLOWING WEATHER WAS RECORDED YESTERDAY.
  NO SIGNIFICANT WEATHER WAS OBSERVED.


RELATIVE HUMIDITY (PERCENT)
 HIGHEST    91          1200 AM
 LOWEST     62           100 PM
 AVERAGE    77

..........................................................


THE WILLISTON ND CLIMATE NORMALS FOR TODAY
                         NORMAL    RECORD    YEAR
 MAXIMUM TEMPERATURE (F)   22        49      1900
 MINIMUM TEMPERATURE (F)    0       -37      1950


SUNRISE AND SUNSET
JANUARY 18 2017.......SUNRISE   838 AM CST   SUNSET   533 PM CST
JANUARY 19 2017.......SUNRISE   837 AM CST   SUNSET   534 PM CST


-  INDICATES NEGATIVE NUMBERS.
R  INDICATES RECORD WAS SET OR TIED.
MM INDICATES DATA IS MISSING.
T  INDICATES TRACE AMOUNT.




$$
