000
CDUS43 KBIS 170733
CLIISN


CLIMATE REPORT
NATIONAL WEATHER SERVICE BISMARCK ND
232 AM CDT THU AUG 17 2017


...................................

...THE WILLISTON ND CLIMATE SUMMARY FOR AUGUST 16 2017...

CLIMATE NORMAL PERIOD 1981 TO 2010
CLIMATE RECORD PERIOD 1894 TO 2017


WEATHER ITEM   OBSERVED TIME   RECORD YEAR NORMAL DEPARTURE LAST
                VALUE   (LST)  VALUE       VALUE  FROM      YEAR
                                                  NORMAL
..................................................................
TEMPERATURE (F)
 YESTERDAY
  MAXIMUM         84    359 PM 103    2003  85     -1       91
  MINIMUM         53    554 AM  40    2002  54     -1       54
                                      1926
  AVERAGE         69                        70     -1       73

PRECIPITATION (IN)
  YESTERDAY        0.00          0.94 1985   0.05  -0.05     0.00
  MONTH TO DATE    2.18                      0.77   1.41     0.27
  SINCE JUN 1      4.26                      5.83  -1.57     4.50
  SINCE JAN 1      7.73                     10.44  -2.71     9.57

DEGREE DAYS
 HEATING
  YESTERDAY        0                         1     -1        0
  MONTH TO DATE    8                        16     -8        0
  SINCE JUN 1     39                       160   -121       17
  SINCE JUL 1      8                        40    -32        1

 COOLING
  YESTERDAY        4                         6     -2        8
  MONTH TO DATE   27                       106    -79      108
  SINCE JUN 1    493                       356    137      413
  SINCE JAN 1    516                       369    147      423
..................................................................


WIND (MPH)
  HIGHEST WIND SPEED    13   HIGHEST WIND DIRECTION     S (160)
  HIGHEST GUST SPEED    17   HIGHEST GUST DIRECTION    SE (150)
  AVERAGE WIND SPEED     4.0


SKY COVER
  POSSIBLE SUNSHINE  MM
  AVERAGE SKY COVER 0.2


WEATHER CONDITIONS
 THE FOLLOWING WEATHER WAS RECORDED YESTERDAY.
  FOG
  FOG W/VISIBILITY <= 1/4 MILE


RELATIVE HUMIDITY (PERCENT)
 HIGHEST   100           700 AM
 LOWEST     34           600 PM
 AVERAGE    67

..........................................................


THE WILLISTON ND CLIMATE NORMALS FOR TODAY
                         NORMAL    RECORD    YEAR
 MAXIMUM TEMPERATURE (F)   84       102      1996
                                             1920
 MINIMUM TEMPERATURE (F)   54        37      1977


SUNRISE AND SUNSET
AUGUST 17 2017........SUNRISE   652 AM CDT   SUNSET   904 PM CDT
AUGUST 18 2017........SUNRISE   653 AM CDT   SUNSET   902 PM CDT


-  INDICATES NEGATIVE NUMBERS.
R  INDICATES RECORD WAS SET OR TIED.
MM INDICATES DATA IS MISSING.
T  INDICATES TRACE AMOUNT.




$$
