000
CDUS43 KBIS 160058
CLIISN


CLIMATE REPORT
NATIONAL WEATHER SERVICE BISMARCK ND
658 PM CST FRI DEC 15 2017


...................................

...THE WILLISTON ND CLIMATE SUMMARY FOR DECEMBER 15 2017...
VALID TODAY AS OF 0600 PM LOCAL TIME.

CLIMATE NORMAL PERIOD 1981 TO 2010
CLIMATE RECORD PERIOD 1894 TO 2017


WEATHER ITEM   OBSERVED TIME   RECORD YEAR NORMAL DEPARTURE LAST
                VALUE   (LST)  VALUE       VALUE  FROM      YEAR
                                                  NORMAL
..................................................................
TEMPERATURE (F)
 TODAY
  MAXIMUM         43    500 PM  55    1939  24     19        3
  MINIMUM         26        MM -29    1963   3     23      -12
  AVERAGE         35                        14     21       -4

PRECIPITATION (IN)
  TODAY            0.00          0.26 1915   0.02  -0.02     0.00
  MONTH TO DATE    0.13                      0.28  -0.15     0.40
  SINCE DEC 1      0.13                      0.28  -0.15     0.40
  SINCE JAN 1     11.93                     14.03  -2.10    14.99

SNOWFALL (IN)
  TODAY           MM

DEGREE DAYS
 HEATING
  TODAY           30                        51    -21       69
  MONTH TO DATE  525                       734   -209      732
  SINCE DEC 1    525                       734   -209      732
  SINCE JUL 1   2539                      2896   -357     2311

 COOLING
  TODAY            0                         0      0        0
  MONTH TO DATE    0                         0      0        0
  SINCE DEC 1      0                         0      0        0
  SINCE JAN 1    643                       456    187      521
..................................................................


WIND (MPH)
  HIGHEST WIND SPEED     8   HIGHEST WIND DIRECTION    SW (210)
  HIGHEST GUST SPEED    MM   HIGHEST GUST DIRECTION    MM
  AVERAGE WIND SPEED     4.4


SKY COVER
  POSSIBLE SUNSHINE   0 PERCENT
  AVERAGE SKY COVER 0.0


WEATHER CONDITIONS
 THE FOLLOWING WEATHER WAS RECORDED TODAY.
  NO SIGNIFICANT WEATHER WAS OBSERVED.


RELATIVE HUMIDITY (PERCENT)
 HIGHEST     0          1200 AM
 LOWEST      0          1200 AM
 AVERAGE     0

..........................................................


THE WILLISTON ND CLIMATE NORMALS FOR TOMORROW
                         NORMAL    RECORD    YEAR
 MAXIMUM TEMPERATURE (F)   24        54      1962
 MINIMUM TEMPERATURE (F)    3       -25      2008


SUNRISE AND SUNSET
DECEMBER 15 2017......SUNRISE   839 AM CST   SUNSET   501 PM CST
DECEMBER 16 2017......SUNRISE   839 AM CST   SUNSET   501 PM CST


-  INDICATES NEGATIVE NUMBERS.
R  INDICATES RECORD WAS SET OR TIED.
MM INDICATES DATA IS MISSING.
T  INDICATES TRACE AMOUNT.




$$
