000
CDUS43 KBIS 290022
CLIISN


CLIMATE REPORT
NATIONAL WEATHER SERVICE BISMARCK ND
621 PM CST SUN DEC 28 2014


...................................

...THE WILLISTON ND CLIMATE SUMMARY FOR DECEMBER 28 2014...
VALID TODAY AS OF 0600 PM LOCAL TIME.

CLIMATE NORMAL PERIOD 1981 TO 2010
CLIMATE RECORD PERIOD 1894 TO 2014


WEATHER ITEM   OBSERVED TIME   RECORD YEAR NORMAL DEPARTURE LAST
                VALUE   (LST)  VALUE       VALUE  FROM      YEAR
                                                  NORMAL
..................................................................
TEMPERATURE (F)
 TODAY
  MAXIMUM         17    255 AM  51    1999  22     -5       38
  MINIMUM          7    559 PM -30    1924   0      7       -6
  AVERAGE         12                        11      1       16

PRECIPITATION (IN)
  TODAY            T             0.37 1978   0.02  -0.02      T
  MONTH TO DATE    0.03                      0.56  -0.53     0.86
  SINCE DEC 1      0.03                      0.56  -0.53     0.86
  SINCE JAN 1     10.68                     14.31  -3.63    21.07

SNOWFALL (IN)
  TODAY           MM

DEGREE DAYS
 HEATING
  TODAY           53                        54     -1       49
  MONTH TO DATE 1205                      1423   -218     1588
  SINCE DEC 1   1205                      1423   -218     1588
  SINCE JUL 1   3398                      3585   -187     3662

 COOLING
  TODAY            0                         0      0        0
  MONTH TO DATE    0                         0      0        0
  SINCE DEC 1      0                         0      0        0
  SINCE JAN 1    425                       456    -31      405
..................................................................


WIND (MPH)
  HIGHEST WIND SPEED    16   HIGHEST WIND DIRECTION    NE (30)
  HIGHEST GUST SPEED    19   HIGHEST GUST DIRECTION    NE (30)
  AVERAGE WIND SPEED     9.5


SKY COVER
  POSSIBLE SUNSHINE  MM
  AVERAGE SKY COVER 1.0


WEATHER CONDITIONS
 THE FOLLOWING WEATHER WAS RECORDED TODAY.
  NO SIGNIFICANT WEATHER WAS OBSERVED.


RELATIVE HUMIDITY (PERCENT)
 HIGHEST    88           300 AM
 LOWEST     63           400 PM
 AVERAGE    76

..........................................................


THE WILLISTON ND CLIMATE NORMALS FOR TOMORROW
                         NORMAL    RECORD    YEAR
 MAXIMUM TEMPERATURE (F)   22        50      1999
 MINIMUM TEMPERATURE (F)    0       -31      1938


SUNRISE AND SUNSET
DECEMBER 28 2014......SUNRISE   845 AM CST   SUNSET   508 PM CST
DECEMBER 29 2014......SUNRISE   845 AM CST   SUNSET   508 PM CST


-  INDICATES NEGATIVE NUMBERS.
R  INDICATES RECORD WAS SET OR TIED.
MM INDICATES DATA IS MISSING.
T  INDICATES TRACE AMOUNT.




$$
