704
CDUS43 KBIS 240804
CLIISN


CLIMATE REPORT
NATIONAL WEATHER SERVICE BISMARCK ND
303 AM CDT WED AUG 24 2016


...................................

...THE WILLISTON ND CLIMATE SUMMARY FOR AUGUST 23 2016...

CLIMATE NORMAL PERIOD 1981 TO 2010
CLIMATE RECORD PERIOD 1894 TO 2016


WEATHER ITEM   OBSERVED TIME   RECORD YEAR NORMAL DEPARTURE LAST
                VALUE   (LST)  VALUE       VALUE  FROM      YEAR
                                                  NORMAL
..................................................................
TEMPERATURE (F)
 YESTERDAY
  MAXIMUM         81    259 PM 103    1937  82     -1       71
  MINIMUM         57    208 AM  35    1928  52      5       43
  AVERAGE         69                        67      2       57

PRECIPITATION (IN)
  YESTERDAY        0.00          1.33 1968   0.04  -0.04     0.00
  MONTH TO DATE    0.44                      1.09  -0.65     0.82
  SINCE JUN 1      4.67                      6.15  -1.48     4.27
  SINCE JAN 1      9.74                     10.76  -1.02     7.77

SNOWFALL (IN)
  YESTERDAY       MM
  SNOW DEPTH      MM

DEGREE DAYS
 HEATING
  YESTERDAY        0                         2     -2        8
  MONTH TO DATE    1                        27    -26       25
  SINCE JUN 1     18                       171   -153       87
  SINCE JUL 1      2                        51    -49       33

 COOLING
  YESTERDAY        4                         4      0        0
  MONTH TO DATE  145                       139      6      166
  SINCE JUN 1    450                       389     61      516
  SINCE JAN 1    460                       402     58      517
..................................................................


WIND (MPH)
  HIGHEST WIND SPEED    31   HIGHEST WIND DIRECTION     W (280)
  HIGHEST GUST SPEED    40   HIGHEST GUST DIRECTION     W (280)
  AVERAGE WIND SPEED    16.2


SKY COVER
  POSSIBLE SUNSHINE  MM
  AVERAGE SKY COVER 0.1


WEATHER CONDITIONS
 THE FOLLOWING WEATHER WAS RECORDED YESTERDAY.
  NO SIGNIFICANT WEATHER WAS OBSERVED.


RELATIVE HUMIDITY (PERCENT)
 HIGHEST    60          1100 PM
 LOWEST     21           100 PM
 AVERAGE    41

..........................................................


THE WILLISTON ND CLIMATE NORMALS FOR TODAY
                         NORMAL    RECORD    YEAR
 MAXIMUM TEMPERATURE (F)   82       100      1997
                                             1952
 MINIMUM TEMPERATURE (F)   52        35      1928


SUNRISE AND SUNSET
AUGUST 24 2016........SUNRISE   702 AM CDT   SUNSET   850 PM CDT
AUGUST 25 2016........SUNRISE   703 AM CDT   SUNSET   848 PM CDT


-  INDICATES NEGATIVE NUMBERS.
R  INDICATES RECORD WAS SET OR TIED.
MM INDICATES DATA IS MISSING.
T  INDICATES TRACE AMOUNT.




$$
