000
CDUS43 KBIS 290050
CLIISN


CLIMATE REPORT
NATIONAL WEATHER SERVICE BISMARCK ND
750 PM CDT THU APR 28 2016


...................................

...THE WILLISTON ND CLIMATE SUMMARY FOR APRIL 28 2016...
VALID TODAY AS OF 0700 PM LOCAL TIME.

CLIMATE NORMAL PERIOD 1981 TO 2010
CLIMATE RECORD PERIOD 1894 TO 2016


WEATHER ITEM   OBSERVED TIME   RECORD YEAR NORMAL DEPARTURE LAST
                VALUE   (LST)  VALUE       VALUE  FROM      YEAR
                                                  NORMAL
..................................................................
TEMPERATURE (F)
 TODAY
  MAXIMUM         58    508 PM  91    1952  62     -4       70
  MINIMUM         36    614 AM  15    1958  34      2       34
  AVERAGE         47                        48     -1       52

PRECIPITATION (IN)
  TODAY            0.00          1.02 1970   0.05  -0.05     0.00
  MONTH TO DATE    1.95                      0.91   1.04     0.27
  SINCE MAR 1      2.13                      1.62   0.51     0.74
  SINCE JAN 1      3.26                      2.60   0.66     1.68

SNOWFALL (IN)
  TODAY           MM

DEGREE DAYS
 HEATING
  TODAY           18                        17      1       13
  MONTH TO DATE  564                       618    -54      588
  SINCE MAR 1   1434                      1725   -291     1457
  SINCE JUL 1   7044                      8493  -1449     7973

 COOLING
  TODAY            0                         0      0        0
  MONTH TO DATE    0                         0      0        0
  SINCE MAR 1      0                         0      0        0
  SINCE JAN 1      0                         0      0        0
..................................................................


WIND (MPH)
  HIGHEST WIND SPEED    18   HIGHEST WIND DIRECTION     E (70)
  HIGHEST GUST SPEED    24   HIGHEST GUST DIRECTION    NE (60)
  AVERAGE WIND SPEED    10.7


SKY COVER
  POSSIBLE SUNSHINE  MM
  AVERAGE SKY COVER 0.1


WEATHER CONDITIONS
 THE FOLLOWING WEATHER WAS RECORDED TODAY.
  NO SIGNIFICANT WEATHER WAS OBSERVED.


RELATIVE HUMIDITY (PERCENT)
 HIGHEST    59           200 AM
 LOWEST     22           600 PM
 AVERAGE    41

..........................................................


THE WILLISTON ND CLIMATE NORMALS FOR TOMORROW
                         NORMAL    RECORD    YEAR
 MAXIMUM TEMPERATURE (F)   63        91      1949
 MINIMUM TEMPERATURE (F)   35        12      1903


SUNRISE AND SUNSET
APRIL 28 2016.........SUNRISE   640 AM CDT   SUNSET   905 PM CDT
APRIL 29 2016.........SUNRISE   638 AM CDT   SUNSET   906 PM CDT


-  INDICATES NEGATIVE NUMBERS.
R  INDICATES RECORD WAS SET OR TIED.
MM INDICATES DATA IS MISSING.
T  INDICATES TRACE AMOUNT.




$$
