000
CDCA42 TJSJ 230428
CLIIST


CLIMATE REPORT
NATIONAL WEATHER SERVICE SAN JUAN, PR
1228 AM AST WED JUL 23 2014


...................................

...THE CYRIL E. KING AIRPORT/USVI CLIMATE SUMMARY FOR JULY 22 2014...

CLIMATE NORMAL PERIOD 1981 TO 2010
CLIMATE RECORD PERIOD 1956 TO 2014


WEATHER ITEM   OBSERVED TIME   RECORD YEAR NORMAL DEPARTURE LAST
                VALUE   (LST)  VALUE       VALUE  FROM      YEAR
                                                  NORMAL
..................................................................
TEMPERATURE (F)
 YESTERDAY
  MAXIMUM         89   1117 AM  97    1994  90     -1       89
  MINIMUM         79    635 AM  66    1999  78      1       78
  AVERAGE         84                        84      0       84

PRECIPITATION (IN)
  YESTERDAY        0.02          0.36 2010   0.09  -0.07     0.22
  MONTH TO DATE    0.74                      2.00  -1.26     1.71
  SINCE JUN 1      0.88                      4.53  -3.65     6.09
  SINCE JAN 1     14.12                     15.56  -1.44    14.71

SNOWFALL (IN)
  YESTERDAY        0.0
  MONTH TO DATE    0.0
  SINCE JUN 1      0.0
  SINCE JUL 1      0.0

DEGREE DAYS
 HEATING
  YESTERDAY        0                         0      0        0
  MONTH TO DATE    0                         0      0        0
  SINCE JUN 1      0                         0      0        0
  SINCE JUL 1      0                         0      0        0

 COOLING
  YESTERDAY       19                        19      0       19
  MONTH TO DATE  423                       418      5      409
  SINCE JUN 1    998                       973     25      945
  SINCE JAN 1   3221                      3225     -4     3139
..................................................................


WIND (MPH)
  RESULTANT WIND SPEED  11   RESULTANT WIND DIRECTION  SE (120)
  HIGHEST WIND SPEED    20   HIGHEST WIND DIRECTION    SE (140)
  HIGHEST GUST SPEED    24   HIGHEST GUST DIRECTION    SE (140)
  AVERAGE WIND SPEED    12.1


SKY COVER
  POSSIBLE SUNSHINE  MM
  AVERAGE SKY COVER 0.3


WEATHER CONDITIONS
 THE FOLLOWING WEATHER WAS RECORDED YESTERDAY.
  LIGHT RAIN


RELATIVE HUMIDITY (PERCENT)
 HIGHEST    85
 LOWEST     59
 AVERAGE    72

..........................................................


THE CYRIL E. KING AIRPORT/USVI CLIMATE NORMALS FOR TODAY
                         NORMAL    RECORD    YEAR
 MAXIMUM TEMPERATURE (F)   90        96      1994
 MINIMUM TEMPERATURE (F)   78        72      1972


SUNRISE AND SUNSET
JULY 23 2014..........SUNRISE   555 AM AST   SUNSET   658 PM AST
JULY 24 2014..........SUNRISE   555 AM AST   SUNSET   657 PM AST


-  INDICATES NEGATIVE NUMBERS.
R  INDICATES RECORD WAS SET OR TIED.
MM INDICATES DATA IS MISSING.
T  INDICATES TRACE AMOUNT.




$$
