000
CDCA42 TJSJ 280500
CLIIST


CLIMATE REPORT
NATIONAL WEATHER SERVICE SAN JUAN, PR
1235 AM AST FRI JUL 28 2017


...................................

...THE CYRIL E. KING AP/ST THOMAS  CLIMATE SUMMARY FOR JULY 27 2017...

CLIMATE NORMAL PERIOD 1981 TO 2010
CLIMATE RECORD PERIOD 1953 TO 2017


WEATHER ITEM   OBSERVED TIME   RECORD YEAR NORMAL DEPARTURE LAST
                VALUE   (LST)  VALUE       VALUE  FROM      YEAR
                                                  NORMAL
..................................................................
TEMPERATURE (F)
 YESTERDAY
  MAXIMUM         89    251 PM  98    1994  90     -1       90
  MINIMUM         80    620 AM  73    1954  78      2       83
  AVERAGE         85                        84      1       87

PRECIPITATION (IN)
  YESTERDAY        0.00          1.45 1995   0.09  -0.09     0.00
  MONTH TO DATE    4.62                      2.46   2.16     1.91
  SINCE JUN 1      5.95                      4.99   0.96     4.23
  SINCE JAN 1     17.28                     16.02   1.26    13.84

SNOWFALL (IN)
  YESTERDAY        0.0                       0.0    0.0      0.0
  MONTH TO DATE    0.0                       0.0    0.0      0.0
  SINCE JUN 1      0.0                       0.0    0.0      0.0
  SINCE JUL 1      0.0                       0.0    0.0      0.0

DEGREE DAYS
 HEATING
  YESTERDAY        0                         0      0        0
  MONTH TO DATE    0                         0      0        0
  SINCE JUN 1      0                         0      0        0
  SINCE JUL 1      0                         0      0        0

 COOLING
  YESTERDAY       20                        19      1       22
  MONTH TO DATE  526                       513     13      575
  SINCE JUN 1    890                      1068   -178     1187
  SINCE JAN 1   3077                      3320   -243     3500
..................................................................


WIND (MPH)
  HIGHEST WIND SPEED    14   HIGHEST WIND DIRECTION    SE (140)
  HIGHEST GUST SPEED    17   HIGHEST GUST DIRECTION    SE (140)
  AVERAGE WIND SPEED     8.1


SKY COVER
  AVERAGE SKY COVER 0.2


WEATHER CONDITIONS
 THE FOLLOWING WEATHER WAS RECORDED YESTERDAY.
  NO SIGNIFICANT WEATHER WAS OBSERVED.


RELATIVE HUMIDITY (PERCENT)
 HIGHEST    94
 LOWEST     68
 AVERAGE    81

..........................................................


THE CYRIL E. KING AP/ST THOMAS  CLIMATE NORMALS FOR TODAY
                         NORMAL    RECORD    YEAR
 MAXIMUM TEMPERATURE (F)   90        96      1994
 MINIMUM TEMPERATURE (F)   78        70      1994


SUNRISE AND SUNSET
JULY 28 2017..........SUNRISE   557 AM AST   SUNSET   656 PM AST
JULY 29 2017..........SUNRISE   557 AM AST   SUNSET   656 PM AST


-  INDICATES NEGATIVE NUMBERS.
R  INDICATES RECORD WAS SET OR TIED.
MM INDICATES DATA IS MISSING.
T  INDICATES TRACE AMOUNT.




$$
