000
CDCA42 TJSJ 210444
CLIIST


CLIMATE REPORT
NATIONAL WEATHER SERVICE SAN JUAN, PR
1242 AM AST WED FEB 21 2018


...................................

...THE CYRIL E. KING AP/ST THOMAS  CLIMATE SUMMARY FOR FEBRUARY 20 2018...

CLIMATE NORMAL PERIOD 1981 TO 2010
CLIMATE RECORD PERIOD 1953 TO 2018


WEATHER ITEM   OBSERVED TIME   RECORD YEAR NORMAL DEPARTURE LAST
                VALUE   (LST)  VALUE       VALUE  FROM      YEAR
                                                  NORMAL
..................................................................
TEMPERATURE (F)
 YESTERDAY
  MAXIMUM         82    304 PM  89    1996  85     -3       82
  MINIMUM         73    819 AM  68    1982  73      0       71
  AVERAGE         78                        79     -1       77

PRECIPITATION (IN)
  YESTERDAY        0.11          0.43 2007   0.05   0.06      T
  MONTH TO DATE    1.77                      1.05   0.72     0.66
  SINCE DEC 1      6.32                      6.39  -0.07     4.39
  SINCE JAN 1      5.14                      3.43   1.71     1.83

SNOWFALL (IN)
  YESTERDAY        0.0                       0.0    0.0      0.0
  MONTH TO DATE    0.0                       0.0    0.0      0.0
  SINCE DEC 1      0.0                       0.0    0.0      0.0
  SINCE JUL 1      0.0                       0.0    0.0      0.0

DEGREE DAYS
 HEATING
  YESTERDAY        0                         0      0        0
  MONTH TO DATE    0                         0      0        0
  SINCE DEC 1      0                         0      0        0
  SINCE JUL 1      0                         0      0        0

 COOLING
  YESTERDAY       13                        14     -1       12
  MONTH TO DATE  268                       280    -12      274
  SINCE DEC 1   1005                      1159   -154     1152
  SINCE JAN 1    703                       708     -5      689
..................................................................


WIND (MPH)
  HIGHEST WIND SPEED    25   HIGHEST WIND DIRECTION    NE (50)
  HIGHEST GUST SPEED    34   HIGHEST GUST DIRECTION    NE (40)
  AVERAGE WIND SPEED    14.9


SKY COVER
  AVERAGE SKY COVER 0.4


WEATHER CONDITIONS
 THE FOLLOWING WEATHER WAS RECORDED YESTERDAY.
  LIGHT RAIN
  FOG


RELATIVE HUMIDITY (PERCENT)
 HIGHEST    93
 LOWEST     69
 AVERAGE    81

..........................................................


THE CYRIL E. KING AP/ST THOMAS  CLIMATE NORMALS FOR TODAY
                         NORMAL    RECORD    YEAR
 MAXIMUM TEMPERATURE (F)   85        90      1996
 MINIMUM TEMPERATURE (F)   73        67      1982


SUNRISE AND SUNSET
FEBRUARY 21 2018......SUNRISE   644 AM AST   SUNSET   623 PM AST
FEBRUARY 22 2018......SUNRISE   643 AM AST   SUNSET   624 PM AST


-  INDICATES NEGATIVE NUMBERS.
R  INDICATES RECORD WAS SET OR TIED.
MM INDICATES DATA IS MISSING.
T  INDICATES TRACE AMOUNT.




$$
