000
CDCA42 TJSJ 160508
CLIIST


CLIMATE REPORT
NATIONAL WEATHER SERVICE SAN JUAN, PR
108 AM AST MON JAN 16 2017


...................................

...THE CYRIL E. KING AP/ST THOMAS  CLIMATE SUMMARY FOR JANUARY 15 2017...

CLIMATE NORMAL PERIOD 1981 TO 2010
CLIMATE RECORD PERIOD 1953 TO 2017


WEATHER ITEM   OBSERVED TIME   RECORD YEAR NORMAL DEPARTURE LAST
                VALUE   (LST)  VALUE       VALUE  FROM      YEAR
                                                  NORMAL
..................................................................
TEMPERATURE (F)
 YESTERDAY
  MAXIMUM         84    247 PM  90    1980  85     -1       84
  MINIMUM         73    230 AM  67    1956  73      0       72
  AVERAGE         79                        79      0       78

PRECIPITATION (IN)
  YESTERDAY        0.02          0.91 2006   0.08  -0.06     0.00
  MONTH TO DATE    0.42                      1.27  -0.85     0.84
  SINCE DEC 1      2.98                      4.23  -1.25     4.68
  SINCE JAN 1      0.42                      1.27  -0.85     0.84

SNOWFALL (IN)
  YESTERDAY        0.0                       0.0    0.0      0.0
  MONTH TO DATE    0.0                       0.0    0.0      0.0
  SINCE DEC 1      0.0                       0.0    0.0      0.0
  SINCE JUL 1      0.0                       0.0    0.0      0.0

DEGREE DAYS
 HEATING
  YESTERDAY        0                         0      0        0
  MONTH TO DATE    0                         0      0        0
  SINCE DEC 1      0                         0      0        0
  SINCE JUL 1      0                         0      0        0

 COOLING
  YESTERDAY       14                        14      0       13
  MONTH TO DATE  211                       210      1      204
  SINCE DEC 1    674                       661     13      679
  SINCE JAN 1    211                       210      1      204
..................................................................


WIND (MPH)
  HIGHEST WIND SPEED    23   HIGHEST WIND DIRECTION     E (90)
  HIGHEST GUST SPEED    35   HIGHEST GUST DIRECTION    NE (50)
  AVERAGE WIND SPEED    15.3


SKY COVER
  AVERAGE SKY COVER 0.1


WEATHER CONDITIONS
 THE FOLLOWING WEATHER WAS RECORDED YESTERDAY.
  LIGHT RAIN
  FOG


RELATIVE HUMIDITY (PERCENT)
 HIGHEST    84
 LOWEST     51
 AVERAGE    68

..........................................................


THE CYRIL E. KING AP/ST THOMAS  CLIMATE NORMALS FOR TODAY
                         NORMAL    RECORD    YEAR
 MAXIMUM TEMPERATURE (F)   85        91      1984
 MINIMUM TEMPERATURE (F)   72        65      1980


SUNRISE AND SUNSET
JANUARY 16 2017.......SUNRISE   655 AM AST   SUNSET   605 PM AST
JANUARY 17 2017.......SUNRISE   655 AM AST   SUNSET   605 PM AST


-  INDICATES NEGATIVE NUMBERS.
R  INDICATES RECORD WAS SET OR TIED.
MM INDICATES DATA IS MISSING.
T  INDICATES TRACE AMOUNT.




$$
