000
CDCA42 TJSJ 290457
CLIISX


CLIMATE REPORT
NATIONAL WEATHER SERVICE SAN JUAN, PR
1256 AM AST SAT AUG 29 2015


...................................

...THE HENRY E. ROHLSEN AP/ST CROIX CLIMATE SUMMARY FOR AUGUST 28 2015...

CLIMATE NORMAL PERIOD 1981 TO 2010
CLIMATE RECORD PERIOD 1951 TO 2015


WEATHER ITEM   OBSERVED TIME   RECORD YEAR NORMAL DEPARTURE LAST
                VALUE   (LST)  VALUE       VALUE  FROM      YEAR
                                                  NORMAL
..................................................................
TEMPERATURE (F)
 YESTERDAY
  MAXIMUM         88   1134 AM  92    1992  89     -1       89
  MINIMUM         75    210 AM  73    1977  78     -3       75
  AVERAGE         82                        84     -2       82

PRECIPITATION (IN)
  YESTERDAY        0.18          1.27 1964   0.11   0.07     0.70
  MONTH TO DATE    2.87                      2.80   0.07     4.99
  SINCE JUN 1      4.20                      8.15  -3.95     6.36
  SINCE JAN 1      9.56                     19.78 -10.22    19.52

SNOWFALL (IN)
  YESTERDAY        0.0                       0.0    0.0      0.0
  MONTH TO DATE    0.0                       0.0    0.0      0.0
  SINCE JUN 1      0.0                       0.0    0.0      0.0
  SINCE JUL 1      0.0                       0.0    0.0      0.0

DEGREE DAYS
 HEATING
  YESTERDAY        0                         0      0        0
  MONTH TO DATE    0                         0      0        0
  SINCE JUN 1      0                         0      0        0
  SINCE JUL 1      0                         0      0        0

 COOLING
  YESTERDAY       17                        19     -2       17
  MONTH TO DATE  548                       532     16      530
  SINCE JUN 1   1724                      1649     75     1708
  SINCE JAN 1   3968                      3802    166     3960
..................................................................


WIND (MPH)
  HIGHEST WIND SPEED    30   HIGHEST WIND DIRECTION    SE (130)
  HIGHEST GUST SPEED    42   HIGHEST GUST DIRECTION    SE (120)
  AVERAGE WIND SPEED    16.6


SKY COVER
  AVERAGE SKY COVER 0.5


WEATHER CONDITIONS
 THE FOLLOWING WEATHER WAS RECORDED YESTERDAY.
  HEAVY RAIN
  LIGHT RAIN


RELATIVE HUMIDITY (PERCENT)
 HIGHEST    88
 LOWEST     70
 AVERAGE    79

..........................................................


THE HENRY E. ROHLSEN AP/ST CROIX CLIMATE NORMALS FOR TODAY
                         NORMAL    RECORD    YEAR
 MAXIMUM TEMPERATURE (F)   89        92      1992
 MINIMUM TEMPERATURE (F)   78        70      1954


SUNRISE AND SUNSET
AUGUST 29 2015........SUNRISE   605 AM AST   SUNSET   635 PM AST
AUGUST 30 2015........SUNRISE   605 AM AST   SUNSET   635 PM AST


-  INDICATES NEGATIVE NUMBERS.
R  INDICATES RECORD WAS SET OR TIED.
MM INDICATES DATA IS MISSING.
T  INDICATES TRACE AMOUNT.




$$
