000
CDHW43 PHFO 310253
CLIITO


CLIMATE REPORT
NATIONAL WEATHER SERVICE HONOLULU HI
443 PM HST THU JUL 30 2015


...................................

...THE HILO HI CLIMATE SUMMARY FOR JULY 30 2015...
VALID TODAY AS OF 0400 PM LOCAL TIME.

CLIMATE NORMAL PERIOD 1981 TO 2010
CLIMATE RECORD PERIOD 1946 TO 2015


WEATHER ITEM   OBSERVED TIME   RECORD YEAR NORMAL DEPARTURE LAST
                VALUE   (LST)  VALUE       VALUE  FROM      YEAR
                                                  NORMAL
..................................................................
TEMPERATURE (F)
 TODAY
  MAXIMUM         87    305 PM  89    1994  83      4       85
  MINIMUM         71    310 AM  64    1972  70      1       70
                                      1955
  AVERAGE         79                        76      3       78

PRECIPITATION (IN)
  TODAY            0.07          4.68 1997   0.37  -0.30     0.01
  MONTH TO DATE    7.86                     10.43  -2.57    15.99
  SINCE JUN 1     13.09                     17.80  -4.71    22.56
  SINCE JAN 1     52.16                     69.71 -17.55    70.30

SNOWFALL (IN)
  TODAY            0.0
  MONTH TO DATE    0.0
  SINCE JUN 1      0.0
  SINCE JUL 1      0.0
  SNOW DEPTH       0

DEGREE DAYS
 HEATING
  TODAY            0                         0      0        0
  MONTH TO DATE    0                         0      0        0
  SINCE JUN 1      0                         0      0        0
  SINCE JUL 1      0                         0      0        0

 COOLING
  TODAY           14                        11      3       13
  MONTH TO DATE  439                       330    109      332
  SINCE JUN 1    800                       636    164      598
  SINCE JAN 1   2127                      1704    423     1854
..................................................................


WIND (MPH)
  HIGHEST WIND SPEED    14   HIGHEST WIND DIRECTION     E (90)
  HIGHEST GUST SPEED    16   HIGHEST GUST DIRECTION     E (90)
  AVERAGE WIND SPEED     4.8


SKY COVER
  POSSIBLE SUNSHINE  MM
  AVERAGE SKY COVER 0.8


WEATHER CONDITIONS
 THE FOLLOWING WEATHER WAS RECORDED TODAY.
  RAIN
  LIGHT RAIN
  FOG
  HAZE


RELATIVE HUMIDITY (PERCENT)
 HIGHEST    93           200 AM
 LOWEST     70          1200 PM
 AVERAGE    82

..........................................................


THE HILO HI CLIMATE NORMALS FOR TOMORROW
                         NORMAL    RECORD    YEAR
 MAXIMUM TEMPERATURE (F)   83        89      1977
 MINIMUM TEMPERATURE (F)   70        64      1999


SUNRISE AND SUNSET
JULY 30 2015..........SUNRISE   555 AM HST   SUNSET   658 PM HST
JULY 31 2015..........SUNRISE   556 AM HST   SUNSET   657 PM HST


-  INDICATES NEGATIVE NUMBERS.
R  INDICATES RECORD WAS SET OR TIED.
MM INDICATES DATA IS MISSING.
T  INDICATES TRACE AMOUNT.




$$
