000
CDHW43 PHFO 180225
CLIITO


CLIMATE REPORT
NATIONAL WEATHER SERVICE HONOLULU HI
425 PM HST WED SEP 17 2014


...................................

...THE HILO HI CLIMATE SUMMARY FOR SEPTEMBER 17 2014...
VALID TODAY AS OF 0400 PM LOCAL TIME.

CLIMATE NORMAL PERIOD 1981 TO 2010
CLIMATE RECORD PERIOD 1946 TO 2014


WEATHER ITEM   OBSERVED TIME   RECORD YEAR NORMAL DEPARTURE LAST
                VALUE   (LST)  VALUE       VALUE  FROM      YEAR
                                                  NORMAL
..................................................................
TEMPERATURE (F)
 TODAY
  MAXIMUM         89R   225 PM  89    1995  83      6       86
  MINIMUM         70    627 AM  63    1964  69      1       72
                                      1955
  AVERAGE         80                        76      4       79

PRECIPITATION (IN)
  TODAY            0.00          2.73 1994   0.34  -0.34     0.30
  MONTH TO DATE    1.25                      5.45  -4.20     1.34
  SINCE SEP 1      1.25                      5.45  -4.20     1.34
  SINCE JAN 1     82.36                     85.39  -3.03    66.22

SNOWFALL (IN)
  TODAY            0.0
  MONTH TO DATE    0.0
  SINCE SEP 1      0.0
  SINCE JUL 1      0.0
  SNOW DEPTH       0

DEGREE DAYS
 HEATING
  TODAY            0                         0      0        0
  MONTH TO DATE    0                         0      0        0
  SINCE SEP 1      0                         0      0        0
  SINCE JUL 1      0                         0      0        0

 COOLING
  TODAY           15                        11      4       14
  MONTH TO DATE  239                       187     52      219
  SINCE SEP 1    239                       187     52      219
  SINCE JAN 1   2516                      2259    257     2432
..................................................................


WIND (MPH)
  HIGHEST WIND SPEED    13   HIGHEST WIND DIRECTION    NE (50)
  HIGHEST GUST SPEED    18   HIGHEST GUST DIRECTION    NE (50)
  AVERAGE WIND SPEED     6.8


SKY COVER
  POSSIBLE SUNSHINE  MM
  AVERAGE SKY COVER 0.2


WEATHER CONDITIONS
 THE FOLLOWING WEATHER WAS RECORDED TODAY.
  NO SIGNIFICANT WEATHER WAS OBSERVED.


RELATIVE HUMIDITY (PERCENT)
 HIGHEST    73          1200 AM
 LOWEST     55          1200 PM
 AVERAGE    64

..........................................................


THE HILO HI CLIMATE NORMALS FOR TOMORROW
                         NORMAL    RECORD    YEAR
 MAXIMUM TEMPERATURE (F)   83        89      1995
                                             1974
 MINIMUM TEMPERATURE (F)   69        62      1955


SUNRISE AND SUNSET
SEPTEMBER 17 2014.....SUNRISE   608 AM HST   SUNSET   621 PM HST
SEPTEMBER 18 2014.....SUNRISE   608 AM HST   SUNSET   620 PM HST


-  INDICATES NEGATIVE NUMBERS.
R  INDICATES RECORD WAS SET OR TIED.
MM INDICATES DATA IS MISSING.
T  INDICATES TRACE AMOUNT.




$$
