000
CDHW43 PHFO 031245
CLIITO


CLIMATE REPORT
NATIONAL WEATHER SERVICE HONOLULU HI
245 AM HST TUE MAY 3 2016


...................................

...THE HILO HI CLIMATE SUMMARY FOR MAY 2 2016...

CLIMATE NORMAL PERIOD 1981 TO 2010
CLIMATE RECORD PERIOD 1946 TO 2016


WEATHER ITEM   OBSERVED TIME   RECORD YEAR NORMAL DEPARTURE LAST
                VALUE   (LST)  VALUE       VALUE  FROM      YEAR
                                                  NORMAL
..................................................................
TEMPERATURE (F)
 YESTERDAY
  MAXIMUM         82    249 PM  85    2005  80      2       82
                                      2004
  MINIMUM         67    603 AM  61    1979  66      1       66
  AVERAGE         75                        73      2       74

PRECIPITATION (IN)
  YESTERDAY        0.14          3.43 1965   0.32  -0.18     0.23
  MONTH TO DATE    0.46                      0.65  -0.19     0.36
  SINCE MAR 1     14.99                     25.62 -10.63    23.59
  SINCE JAN 1     19.56                     44.44 -24.88    31.68

SNOWFALL (IN)
  YESTERDAY        0.0
  MONTH TO DATE    0.0
  SINCE MAR 1      0.0
  SINCE JUL 1      0.0
  SNOW DEPTH       0

DEGREE DAYS
 HEATING
  YESTERDAY        0                         0      0        0
  MONTH TO DATE    0                         0      0        0
  SINCE MAR 1      0                         0      0        0
  SINCE JUL 1      0                         0      0        0

 COOLING
  YESTERDAY       10                         8      2        9
  MONTH TO DATE   21                        16      5       15
  SINCE MAR 1    647                       443    204      543
  SINCE JAN 1   1211                       813    398     1069
..................................................................


WIND (MPH)
  HIGHEST WIND SPEED    13   HIGHEST WIND DIRECTION    NE (30)
  HIGHEST GUST SPEED    17   HIGHEST GUST DIRECTION    NE (40)
  AVERAGE WIND SPEED     6.6


SKY COVER
  POSSIBLE SUNSHINE  MM
  AVERAGE SKY COVER 0.5


WEATHER CONDITIONS
 THE FOLLOWING WEATHER WAS RECORDED YESTERDAY.
  RAIN
  LIGHT RAIN
  FOG


RELATIVE HUMIDITY (PERCENT)
 HIGHEST    90           200 AM
 LOWEST     62           300 PM
 AVERAGE    76

..........................................................


THE HILO HI CLIMATE NORMALS FOR TODAY
                         NORMAL    RECORD    YEAR
 MAXIMUM TEMPERATURE (F)   80        85      2005
                                             1978
                                             1977
 MINIMUM TEMPERATURE (F)   66        61      1977


SUNRISE AND SUNSET
MAY  3 2016...........SUNRISE   550 AM HST   SUNSET   644 PM HST
MAY  4 2016...........SUNRISE   549 AM HST   SUNSET   645 PM HST


-  INDICATES NEGATIVE NUMBERS.
R  INDICATES RECORD WAS SET OR TIED.
MM INDICATES DATA IS MISSING.
T  INDICATES TRACE AMOUNT.




$$
