000
CDHW43 PHFO 200239
CLIITO


CLIMATE REPORT
NATIONAL WEATHER SERVICE HONOLULU HI
429 PM HST SAT APR 19 2014


...................................

...THE HILO HI CLIMATE SUMMARY FOR APRIL 19 2014...
VALID TODAY AS OF 0400 PM LOCAL TIME.

CLIMATE NORMAL PERIOD 1981 TO 2010
CLIMATE RECORD PERIOD 1946 TO 2014


WEATHER ITEM   OBSERVED TIME   RECORD YEAR NORMAL DEPARTURE LAST
                VALUE   (LST)  VALUE       VALUE  FROM      YEAR
                                                  NORMAL
..................................................................
TEMPERATURE (F)
 TODAY
  MAXIMUM         80    119 PM  88    1978  79      1       76
  MINIMUM         65    511 AM  63    1988  66     -1       65
                                      1982
                                      1973
  AVERAGE         73                        72      1       71

PRECIPITATION (IN)
  TODAY            0.31          4.15 1974   0.36  -0.05     0.90
  MONTH TO DATE   10.18                      7.77   2.41     2.07
  SINCE MAR 1     28.91                     21.20   7.71     6.21
  SINCE JAN 1     37.14                     40.02  -2.88    37.71

SNOWFALL (IN)
  TODAY            0.0
  MONTH TO DATE    0.0
  SINCE MAR 1      0.0
  SINCE JUL 1      0.0
  SNOW DEPTH       0

DEGREE DAYS
 HEATING
  TODAY            0                         0      0        0
  MONTH TO DATE    0                         0      0        0
  SINCE MAR 1      0                         0      0        0
  SINCE JUL 1      0                         0      0        0

 COOLING
  TODAY            8                         7      1        6
  MONTH TO DATE  156                       133     23      157
  SINCE MAR 1    392                       344     48      359
  SINCE JAN 1    850                       714    136      731
..................................................................


WIND (MPH)
  HIGHEST WIND SPEED    21   HIGHEST WIND DIRECTION     E (80)
  HIGHEST GUST SPEED    24   HIGHEST GUST DIRECTION     E (80)
  AVERAGE WIND SPEED     5.0


SKY COVER
  POSSIBLE SUNSHINE  MM
  AVERAGE SKY COVER 0.8


WEATHER CONDITIONS
 THE FOLLOWING WEATHER WAS RECORDED TODAY.
  HEAVY RAIN
  RAIN
  LIGHT RAIN
  FOG


RELATIVE HUMIDITY (PERCENT)
 HIGHEST   100           400 AM
 LOWEST     62           100 PM
 AVERAGE    81

..........................................................


THE HILO HI CLIMATE NORMALS FOR TOMORROW
                         NORMAL    RECORD    YEAR
 MAXIMUM TEMPERATURE (F)   79        89      1978
 MINIMUM TEMPERATURE (F)   66        62      1991
                                             1955


SUNRISE AND SUNSET
APRIL 19 2014.........SUNRISE   559 AM HST   SUNSET   640 PM HST
APRIL 20 2014.........SUNRISE   559 AM HST   SUNSET   640 PM HST


-  INDICATES NEGATIVE NUMBERS.
R  INDICATES RECORD WAS SET OR TIED.
MM INDICATES DATA IS MISSING.
T  INDICATES TRACE AMOUNT.




$$
