000
CDHW43 PHFO 260226
CLIITO


CLIMATE REPORT
NATIONAL WEATHER SERVICE HONOLULU HI
426 PM HST MON MAY 25 2015


...................................

...THE HILO HI CLIMATE SUMMARY FOR MAY 25 2015...
VALID TODAY AS OF 0400 PM LOCAL TIME.

CLIMATE NORMAL PERIOD 1981 TO 2010
CLIMATE RECORD PERIOD 1946 TO 2015


WEATHER ITEM   OBSERVED TIME   RECORD YEAR NORMAL DEPARTURE LAST
                VALUE   (LST)  VALUE       VALUE  FROM      YEAR
                                                  NORMAL
..................................................................
TEMPERATURE (F)
 TODAY
  MAXIMUM         78   1159 AM  91    2003  81     -3       85
  MINIMUM         68    429 AM  60    2003  67      1       68
  AVERAGE         73                        74     -1       77

PRECIPITATION (IN)
  TODAY            0.00          5.90 1964   0.22  -0.22     0.00
  MONTH TO DATE    7.05                      6.87   0.18     4.77
  SINCE MAR 1     30.28                     31.84  -1.56    36.87
  SINCE JAN 1     38.37                     50.66 -12.29    45.10

SNOWFALL (IN)
  TODAY            0.0
  MONTH TO DATE    0.0
  SINCE MAR 1      0.0
  SINCE JUL 1      0.0
  SNOW DEPTH       0

DEGREE DAYS
 HEATING
  TODAY            0                         0      0        0
  MONTH TO DATE    0                         0      0        0
  SINCE MAR 1      0                         0      0        0
  SINCE JUL 1      0                         0      0        0

 COOLING
  TODAY            8                         9     -1       12
  MONTH TO DATE  222                       213      9      255
  SINCE MAR 1    750                       640    110      746
  SINCE JAN 1   1276                      1010    266     1204
..................................................................


WIND (MPH)
  HIGHEST WIND SPEED    10   HIGHEST WIND DIRECTION     N (10)
  HIGHEST GUST SPEED    15   HIGHEST GUST DIRECTION     N (360)
  AVERAGE WIND SPEED     6.7


SKY COVER
  POSSIBLE SUNSHINE  MM
  AVERAGE SKY COVER 0.9


WEATHER CONDITIONS
 THE FOLLOWING WEATHER WAS RECORDED TODAY.
  NO SIGNIFICANT WEATHER WAS OBSERVED.


RELATIVE HUMIDITY (PERCENT)
 HIGHEST    73           200 AM
 LOWEST     60           900 AM
 AVERAGE    67

..........................................................


THE HILO HI CLIMATE NORMALS FOR TOMORROW
                         NORMAL    RECORD    YEAR
 MAXIMUM TEMPERATURE (F)   81        88      2003
 MINIMUM TEMPERATURE (F)   68        60      2003


SUNRISE AND SUNSET
MAY 25 2015...........SUNRISE   542 AM HST   SUNSET   653 PM HST
MAY 26 2015...........SUNRISE   542 AM HST   SUNSET   653 PM HST


-  INDICATES NEGATIVE NUMBERS.
R  INDICATES RECORD WAS SET OR TIED.
MM INDICATES DATA IS MISSING.
T  INDICATES TRACE AMOUNT.




$$
