000
CDUS43 KGLD 300826
CLIITR

CLIMATE REPORT
NATIONAL WEATHER SERVICE GOODLAND
223 AM MDT SAT MAY 30 2015

...................................

...THE BURLINGTON CO CLIMATE SUMMARY FOR MAY 29 2015...

CLIMATE NORMAL PERIOD 1981 TO 2010
CLIMATE RECORD PERIOD 1896 TO 2015

WEATHER ITEM   OBSERVED TIME   RECORD YEAR NORMAL DEPARTURE LAST
                VALUE   (LST)  VALUE       VALUE  FROM      YEAR
                                                  NORMAL
..................................................................
TEMPERATURE (F)
 YESTERDAY
  MAXIMUM         72    153 PM 101    2000  78     -6       91
  MINIMUM         49   1159 PM  29    1947  49      0       56
  AVERAGE         61                        63     -2       74

PRECIPITATION (IN)
  YESTERDAY        0.10                      0.12  -0.02     0.00
  MONTH TO DATE    7.20                      2.35   4.85     0.74
  SINCE MAR 1      9.88                      4.70   5.18     1.38
  SINCE JAN 1     11.02                      5.50   5.52     2.08

..................................................................

THE BURLINGTON CO CLIMATE NORMALS FOR TODAY
                         NORMAL    RECORD    YEAR
 MAXIMUM TEMPERATURE (F)   78        97      1921
 MINIMUM TEMPERATURE (F)   49        36      2004

-  INDICATES NEGATIVE NUMBERS.
R  INDICATES RECORD WAS SET OR TIED.
MM INDICATES DATA IS MISSING.
T  INDICATES TRACE AMOUNT.

$$
