000
CDUS43 KGLD 200738
CLIITR

CLIMATE REPORT
NATIONAL WEATHER SERVICE GOODLAND
1236 AM MST MON NOV 20 2017
...................................

...THE BURLINGTON CO CLIMATE SUMMARY FOR NOVEMBER 19 2017...

CLIMATE NORMAL PERIOD 1981 TO 2010
CLIMATE RECORD PERIOD 1896 TO 2017

WEATHER ITEM   OBSERVED TIME   RECORD YEAR NORMAL DEPARTURE LAST
                VALUE   (LST)  VALUE       VALUE  FROM      YEAR
                                                  NORMAL
..................................................................
TEMPERATURE (F)
 YESTERDAY
  MAXIMUM         62    220 PM  81    2007  51     11       49
  MINIMUM         16   1251 AM   3    1937  22     -6       14
  AVERAGE         39                        37      2       32

PRECIPITATION (IN)
  YESTERDAY        0.00                      0.02  -0.02     0.00
  MONTH TO DATE    0.02                      0.46  -0.44     0.16
  SINCE SEP 1      1.77                      2.75  -0.98     3.94
  SINCE JAN 1     25.07                     16.90   8.17    18.87

..................................................................

THE BURLINGTON CO CLIMATE NORMALS FOR TODAY
                         NORMAL    RECORD    YEAR
 MAXIMUM TEMPERATURE (F)   50        75      1989
 MINIMUM TEMPERATURE (F)   22         3      1929

-  INDICATES NEGATIVE NUMBERS.
R  INDICATES RECORD WAS SET OR TIED.
MM INDICATES DATA IS MISSING.
T  INDICATES TRACE AMOUNT.

$$
