000
CDUS43 KGLD 200743
CLIITR

CLIMATE REPORT
NATIONAL WEATHER SERVICE GOODLAND
1239 AM MST SAT JAN 20 2018


...................................

...THE BURLINGTON CO CLIMATE SUMMARY FOR JANUARY 19 2018...

CLIMATE NORMAL PERIOD 1981 TO 2010
CLIMATE RECORD PERIOD 1896 TO 2018


WEATHER ITEM   OBSERVED TIME   RECORD YEAR NORMAL DEPARTURE LAST
                VALUE   (LST)  VALUE       VALUE  FROM      YEAR
                                                  NORMAL
..................................................................
TEMPERATURE (F)
 YESTERDAY
  MAXIMUM         74R  1246 PM  71    1986  42     32       50
  MINIMUM         31   1157 PM -16    1943  17     14       23
  AVERAGE         53                        30     23       37

PRECIPITATION (IN)
  YESTERDAY        0.00                      0.01  -0.01     0.00
  MONTH TO DATE    0.15                      0.17  -0.02     0.49
  SINCE DEC 1      0.32                      0.60  -0.28     0.83
  SINCE JAN 1      0.15                      0.17  -0.02     0.49

..................................................................


THE BURLINGTON CO CLIMATE NORMALS FOR TODAY
                         NORMAL    RECORD    YEAR
 MAXIMUM TEMPERATURE (F)   42        73      1971
 MINIMUM TEMPERATURE (F)   17       -14      1962



-  INDICATES NEGATIVE NUMBERS.
R  INDICATES RECORD WAS SET OR TIED.
MM INDICATES DATA IS MISSING.
T  INDICATES TRACE AMOUNT.

$$
