000
CDUS44 KJAN 222129
CLIJAN


CLIMATE REPORT
NATIONAL WEATHER SERVICE JACKSON MS
428 PM CDT TUE JUL 22 2014


...................................

...THE JACKSON CLIMATE SUMMARY FOR JULY 22 2014...
VALID TODAY AS OF 0400 PM LOCAL TIME.

CLIMATE NORMAL PERIOD 1981 TO 2010
CLIMATE RECORD PERIOD 1896 TO 2014


WEATHER ITEM   OBSERVED TIME   RECORD YEAR NORMAL DEPARTURE LAST
                VALUE   (LST)  VALUE       VALUE  FROM      YEAR
                                                  NORMAL
..................................................................
TEMPERATURE (F)
 TODAY
  MAXIMUM         89    319 PM 103    1924  92     -3       92
  MINIMUM         70    546 AM  59    1947  72     -2       74
  AVERAGE         80                        82     -2       83

PRECIPITATION (IN)
  TODAY            0.00          1.92 1953   0.16  -0.16     0.01
  MONTH TO DATE    2.13                      3.41  -1.28     1.79
  SINCE JUN 1      8.56                      7.53   1.03     6.77
  SINCE JAN 1     40.16                     31.64   8.52    39.83

SNOWFALL (IN)
  TODAY            0.0           0.0  2002   0.0    0.0      0.0
                                      2001
  MONTH TO DATE    0.0                       0.0    0.0      0.0
  SINCE JUN 1      0.0                       0.0    0.0      0.0
  SINCE JUL 1      0.0                       0.0    0.0      0.0

DEGREE DAYS
 HEATING
  TODAY            0                         0      0        0
  MONTH TO DATE    0                         0      0        0
  SINCE JUN 1      0                         0      0        0
  SINCE JUL 1      0                         0      0        0

 COOLING
  TODAY           15                        17     -2       18
  MONTH TO DATE  305                       367    -62      329
  SINCE JUN 1    748                       789    -41      776
  SINCE JAN 1   1079                      1147    -68     1094
..................................................................


WIND (MPH)
  HIGHEST WIND SPEED    10   HIGHEST WIND DIRECTION     E (90)
  HIGHEST GUST SPEED    14   HIGHEST GUST DIRECTION     E (80)
  AVERAGE WIND SPEED     3.2


SKY COVER
  POSSIBLE SUNSHINE  MM
  AVERAGE SKY COVER 0.3


WEATHER CONDITIONS
 THE FOLLOWING WEATHER WAS RECORDED TODAY.
  FOG


RELATIVE HUMIDITY (PERCENT)
 HIGHEST    97           500 AM
 LOWEST     59          1100 AM
 AVERAGE    78

..........................................................


THE JACKSON CLIMATE NORMALS FOR TOMORROW
                         NORMAL    RECORD    YEAR
 MAXIMUM TEMPERATURE (F)   92       103      1934
                                             1924
 MINIMUM TEMPERATURE (F)   72        57      1947


SUNRISE AND SUNSET
JULY 22 2014..........SUNRISE   609 AM CDT   SUNSET   805 PM CDT
JULY 23 2014..........SUNRISE   609 AM CDT   SUNSET   804 PM CDT


-  INDICATES NEGATIVE NUMBERS.
R  INDICATES RECORD WAS SET OR TIED.
MM INDICATES DATA IS MISSING.
T  INDICATES TRACE AMOUNT.

&&

AT 4 PM:

THE PEARL RIVER STAGE AT JACKSON WAS 3.9 FEET. THE RIVER HAS
FALLEN 0.1 FEET OVER THE PAST 24 HOURS.

THE MISSISSIPPI RIVER STAGE AT VICKSBURG WAS 28.3 FEET. THE RIVER
HAS FALLEN 0.1 FEET OVER THE PAST 24 HOURS.

THE AIR QUALITY INDEX AT JACKSON WAS 61...WHICH IS MODERATE.

$$
