000
CDUS44 KJAN 050712
CLIJAN

CLIMATE REPORT
NATIONAL WEATHER SERVICE JACKSON MS
210 AM CDT SAT SEP 5 2015

...................................

...THE JACKSON CLIMATE SUMMARY FOR SEPTEMBER 4 2015...

CLIMATE NORMAL PERIOD 1981 TO 2010
CLIMATE RECORD PERIOD 1896 TO 2015


WEATHER ITEM   OBSERVED TIME   RECORD YEAR NORMAL DEPARTURE LAST
                VALUE   (LST)  VALUE       VALUE  FROM      YEAR
                                                  NORMAL
..................................................................
TEMPERATURE (F)
 YESTERDAY
  MAXIMUM         97    356 PM 105    1899  90      7       94
  MINIMUM         72    603 AM  51    1952  69      3       72
  AVERAGE         85                        79      6       83

PRECIPITATION (IN)
  YESTERDAY        0.00          5.12 2011   0.11  -0.11     0.00
  MONTH TO DATE    0.35                      0.42  -0.07     1.49
  SINCE SEP 1      0.35                      0.42  -0.07     1.49
  SINCE JAN 1     36.96                     37.70  -0.74    45.17

SNOWFALL (IN)
  YESTERDAY        0.0           0.0  2002   0.0    0.0      0.0
                                      2001
  MONTH TO DATE    0.0                       0.0    0.0      0.0
  SINCE SEP 1      0.0                       0.0    0.0      0.0
  SINCE JUL 1      0.0                       0.0    0.0      0.0

DEGREE DAYS
 HEATING
  YESTERDAY        0                         0      0        0
  MONTH TO DATE    0                         0      0        0
  SINCE SEP 1      0                         0      0        0
  SINCE JUL 1      0                         0      0        0

 COOLING
  YESTERDAY       20                        14      6       18
  MONTH TO DATE   72                        58     14       69
  SINCE SEP 1     72                        58     14       69
  SINCE JAN 1   2201                      1857    344     1799
..................................................................


WIND (MPH)
  HIGHEST WIND SPEED    12   HIGHEST WIND DIRECTION     E (90)
  HIGHEST GUST SPEED    15   HIGHEST GUST DIRECTION     E (90)
  AVERAGE WIND SPEED     3.5


SKY COVER
  POSSIBLE SUNSHINE  MM
  AVERAGE SKY COVER 0.2


WEATHER CONDITIONS
 THE FOLLOWING WEATHER WAS RECORDED YESTERDAY.
  NO SIGNIFICANT WEATHER WAS OBSERVED.


RELATIVE HUMIDITY (PERCENT)
 HIGHEST    93           400 AM
 LOWEST     35           500 PM
 AVERAGE    64

..........................................................


THE JACKSON CLIMATE NORMALS FOR TODAY
                         NORMAL    RECORD    YEAR
 MAXIMUM TEMPERATURE (F)   90       105      1925
 MINIMUM TEMPERATURE (F)   68        51      1934


SUNRISE AND SUNSET
SEPTEMBER  5 2015.....SUNRISE   638 AM CDT   SUNSET   720 PM CDT
SEPTEMBER  6 2015.....SUNRISE   638 AM CDT   SUNSET   718 PM CDT


-  INDICATES NEGATIVE NUMBERS.
R  INDICATES RECORD WAS SET OR TIED.
MM INDICATES DATA IS MISSING.
T  INDICATES TRACE AMOUNT.

&&

AT 2 AM:

THE PEARL RIVER STAGE AT JACKSON WAS 3.4 FEET. THE RIVER HAS
REMAINED STEADY OVER THE PAST 24 HOURS.

THE MISSISSIPPI RIVER STAGE AT VICKSBURG WAS 14.9 FEET. THE RIVER
HAS FALLEN 0.8 FEET OVER THE PAST 24 HOURS.

$$
