000
CDUS44 KJAN 210656
CLIJAN


CLIMATE REPORT
NATIONAL WEATHER SERVICE JACKSON MS
1247 AM CST SAT JAN 21 2017


...................................

...THE JACKSON CLIMATE SUMMARY FOR JANUARY 20 2017...

CLIMATE NORMAL PERIOD 1981 TO 2010
CLIMATE RECORD PERIOD 1896 TO 2017


WEATHER ITEM   OBSERVED TIME   RECORD YEAR NORMAL DEPARTURE LAST
                VALUE   (LST)  VALUE       VALUE  FROM      YEAR
                                                  NORMAL
..................................................................
TEMPERATURE (F)
 YESTERDAY
  MAXIMUM         77    327 PM  81    1935  56     21       62
  MINIMUM         50    120 AM   2    1985  35     15       44
  AVERAGE         64                        46     18       53

PRECIPITATION (IN)
  YESTERDAY        0.00          2.86 1979   0.16  -0.16     0.10
  MONTH TO DATE    5.20                      3.06   2.14     1.26
  SINCE DEC 1     10.94                      8.21   2.73     7.13
  SINCE JAN 1      5.20                      3.06   2.14     1.26

SNOWFALL (IN)
  YESTERDAY        0.0           T    1985   0.0    0.0      0.0
                                      1983
                                      1978
  MONTH TO DATE    0.8                       0.2    0.6      0.0
  SINCE DEC 1      0.8                       0.5    0.3      0.0
  SINCE JUL 1      0.8                       0.5    0.3      0.0

DEGREE DAYS
 HEATING
  YESTERDAY        1                        19    -18       12
  MONTH TO DATE  196                       399   -203      390
  SINCE DEC 1    600                       941   -341      660
  SINCE JUL 1    804                      1349   -545      852

 COOLING
  YESTERDAY        0                         0      0        0
  MONTH TO DATE   22                         0     22        0
  SINCE DEC 1     52                         8     44       69
  SINCE JAN 1     22                         0     22        0
..................................................................


WIND (MPH)
  HIGHEST WIND SPEED    18   HIGHEST WIND DIRECTION     S (200)
  HIGHEST GUST SPEED    24   HIGHEST GUST DIRECTION     S (200)
  AVERAGE WIND SPEED     9.2


SKY COVER
  POSSIBLE SUNSHINE  MM
  AVERAGE SKY COVER 0.5


WEATHER CONDITIONS
 THE FOLLOWING WEATHER WAS RECORDED YESTERDAY.
  FOG


RELATIVE HUMIDITY (PERCENT)
 HIGHEST   100          1200 AM
 LOWEST     43           300 PM
 AVERAGE    72

..........................................................


THE JACKSON CLIMATE NORMALS FOR TODAY
                         NORMAL    RECORD    YEAR
 MAXIMUM TEMPERATURE (F)   56        80      1938
 MINIMUM TEMPERATURE (F)   35         2      1985


SUNRISE AND SUNSET
JANUARY 21 2017.......SUNRISE   700 AM CST   SUNSET   524 PM CST
JANUARY 22 2017.......SUNRISE   700 AM CST   SUNSET   525 PM CST


-  INDICATES NEGATIVE NUMBERS.
R  INDICATES RECORD WAS SET OR TIED.
MM INDICATES DATA IS MISSING.
T  INDICATES TRACE AMOUNT.

&&

AT 1 AM:

THE PEARL RIVER STAGE AT JACKSON WAS 11.9 FEET. THE RIVER HAS
FALLEN 1.6 FEET IN THE PAST PAST 24 HOURS.

THE MISSISSIPPI RIVER STAGE AT VICKSBURG WAS 22.0 FEET. THE RIVER
HAS RISEN 0.5 FEET IN THE PAST 24 HOURS.


$$
