000
CDUS44 KJAN 240630
CLIJAN


CLIMATE REPORT
NATIONAL WEATHER SERVICE JACKSON MS
127 AM CDT SUN SEP 24 2017


...................................

...THE JACKSON CLIMATE SUMMARY FOR SEPTEMBER 23 2017...

CLIMATE NORMAL PERIOD 1981 TO 2010
CLIMATE RECORD PERIOD 1896 TO 2017


WEATHER ITEM   OBSERVED TIME   RECORD YEAR NORMAL DEPARTURE LAST
                VALUE   (LST)  VALUE       VALUE  FROM      YEAR
                                                  NORMAL
..................................................................
TEMPERATURE (F)
 YESTERDAY
  MAXIMUM         92    300 PM 102    1925  85      7       94
  MINIMUM         68    601 AM  41    1982  62      6       69
  AVERAGE         80                        73      7       82

PRECIPITATION (IN)
  YESTERDAY        0.00          3.69 1914   0.11  -0.11     0.00
  MONTH TO DATE    1.16                      2.28  -1.12     0.28
  SINCE SEP 1      1.16                      2.28  -1.12     0.28
  SINCE JAN 1     55.05                     39.56  15.49    53.48

SNOWFALL (IN)
  YESTERDAY        0.0           0.0  2002   0.0    0.0      0.0
                                      2001
  MONTH TO DATE    0.0                       0.0    0.0      0.0
  SINCE SEP 1      0.0                       0.0    0.0      0.0
  SINCE JUL 1      0.0                       0.0    0.0      0.0

DEGREE DAYS
 HEATING
  YESTERDAY        0                         0      0        0
  MONTH TO DATE    2                         0      2        0
  SINCE SEP 1      2                         0      2        0
  SINCE JUL 1      2                         0      2        0

 COOLING
  YESTERDAY       15                         9      6       17
  MONTH TO DATE  251                       275    -24      396
  SINCE SEP 1    251                       275    -24      396
  SINCE JAN 1   2176                      2074    102     2470
..................................................................


WIND (MPH)
  HIGHEST WIND SPEED    10   HIGHEST WIND DIRECTION    SE (130)
  HIGHEST GUST SPEED    15   HIGHEST GUST DIRECTION     E (100)
  AVERAGE WIND SPEED     3.2


SKY COVER
  POSSIBLE SUNSHINE  MM
  AVERAGE SKY COVER 0.2


WEATHER CONDITIONS
 THE FOLLOWING WEATHER WAS RECORDED YESTERDAY.
  FOG


RELATIVE HUMIDITY (PERCENT)
 HIGHEST   100           400 AM
 LOWEST     44           300 PM
 AVERAGE    72

..........................................................


THE JACKSON CLIMATE NORMALS FOR TODAY
                         NORMAL    RECORD    YEAR
 MAXIMUM TEMPERATURE (F)   84       101      1921
 MINIMUM TEMPERATURE (F)   62        46      1982


SUNRISE AND SUNSET
SEPTEMBER 24 2017.....SUNRISE   650 AM CDT   SUNSET   654 PM CDT
SEPTEMBER 25 2017.....SUNRISE   651 AM CDT   SUNSET   653 PM CDT


-  INDICATES NEGATIVE NUMBERS.
R  INDICATES RECORD WAS SET OR TIED.
MM INDICATES DATA IS MISSING.
T  INDICATES TRACE AMOUNT.

&&

AT 2 AM:

THE PEARL RIVER STAGE AT JACKSON WAS 3.8 FEET. THE RIVER ROSE 0.1 FOOT
OVER THE PAST 24 HOURS.

THE MISSISSIPPI RIVER STAGE AT VICKSBURG WAS 10 FEET. THE RIVER FELL
0.9 FOOT OVER THE PAST 24 HOURS.

$$
