849
CDUS44 KJAN 270644
CLIJAN

CLIMATE REPORT
NATIONAL WEATHER SERVICE JACKSON MS
140 AM CDT SAT MAY 27 2017

...................................

...THE JACKSON CLIMATE SUMMARY FOR MAY 26 2017...

CLIMATE NORMAL PERIOD 1981 TO 2010
CLIMATE RECORD PERIOD 1896 TO 2017


WEATHER ITEM   OBSERVED TIME   RECORD YEAR NORMAL DEPARTURE LAST
                VALUE   (LST)  VALUE       VALUE  FROM      YEAR
                                                  NORMAL
..................................................................
TEMPERATURE (F)
 YESTERDAY
  MAXIMUM         88    300 PM  99    1964  86      2       89
  MINIMUM         60    500 AM  44    1979  65     -5       72
  AVERAGE         74                        75     -1       81

PRECIPITATION (IN)
  YESTERDAY        0.00          3.80 1909   0.14  -0.14     0.00
  MONTH TO DATE    4.31                      3.66   0.65     1.31
  SINCE MAR 1     19.29                     13.66   5.63    20.80
  SINCE JAN 1     29.50                     23.39   6.11    32.40

SNOWFALL (IN)
  YESTERDAY        0.0           0.0    MM   0.0    0.0      0.0
  MONTH TO DATE    0.0                       0.0    0.0      0.0
  SINCE MAR 1      T                         0.1   -0.1      0.0
  SINCE JUL 1      0.8                       0.8    0.0       T

DEGREE DAYS
 HEATING
  YESTERDAY        0                         0      0        0
  MONTH TO DATE   13                        10      3        7
  SINCE MAR 1    210                       397   -187      196
  SINCE JUL 1   1328                      2389  -1061     1587

 COOLING
  YESTERDAY        9                        10     -1       16
  MONTH TO DATE  160                       186    -26      161
  SINCE MAR 1    384                       294     90      311
  SINCE JAN 1    442                       304    138      320
..................................................................


WIND (MPH)
  HIGHEST WIND SPEED    21   HIGHEST WIND DIRECTION     S (200)
  HIGHEST GUST SPEED    27   HIGHEST GUST DIRECTION     S (190)
  AVERAGE WIND SPEED    11.6


SKY COVER
  POSSIBLE SUNSHINE  MM
  AVERAGE SKY COVER 0.0


WEATHER CONDITIONS
 THE FOLLOWING WEATHER WAS RECORDED YESTERDAY.
  NO SIGNIFICANT WEATHER WAS OBSERVED.


RELATIVE HUMIDITY (PERCENT)
 HIGHEST    93           600 AM
 LOWEST     40           100 PM
 AVERAGE    67

..........................................................


THE JACKSON CLIMATE NORMALS FOR TODAY
                         NORMAL    RECORD    YEAR
 MAXIMUM TEMPERATURE (F)   86        98      1953
                                             1911
 MINIMUM TEMPERATURE (F)   65        46      1961


SUNRISE AND SUNSET
MAY 27 2017...........SUNRISE   556 AM CDT   SUNSET   800 PM CDT
MAY 28 2017...........SUNRISE   555 AM CDT   SUNSET   800 PM CDT


-  INDICATES NEGATIVE NUMBERS.
R  INDICATES RECORD WAS SET OR TIED.
MM INDICATES DATA IS MISSING.
T  INDICATES TRACE AMOUNT.

&&

AT 1 AM:

THE PEARL RIVER STAGE AT JACKSON WAS 18.3 FEET. THE RIVER FELL 1.8 FEET
OVER THE PAST 24 HOURS.

THE MISSISSIPPI RIVER STAGE AT VICKSBURG WAS 48.4 FEET. THE RIVER
HAS REMAINED STEADY OVER THE PAST 24 HOURS.

$$
