000
CDUS44 KJAN 282241
CLIJAN


CLIMATE REPORT
NATIONAL WEATHER SERVICE JACKSON MS
541 PM CDT THU MAY 28 2015


...................................

...THE JACKSON CLIMATE SUMMARY FOR MAY 28 2015...
VALID TODAY AS OF 0500 PM LOCAL TIME.

CLIMATE NORMAL PERIOD 1981 TO 2010
CLIMATE RECORD PERIOD 1896 TO 2015


WEATHER ITEM   OBSERVED TIME   RECORD YEAR NORMAL DEPARTURE LAST
                VALUE   (LST)  VALUE       VALUE  FROM      YEAR
                                                  NORMAL
..................................................................
TEMPERATURE (F)
 TODAY
  MAXIMUM         89    337 PM 100    1911  86      3       76
  MINIMUM         67    449 AM  43    1961  65      2       67
  AVERAGE         78                        76      2       72

PRECIPITATION (IN)
  TODAY            0.00          2.56 2014   0.14  -0.14     2.56
  MONTH TO DATE    4.82                      3.95   0.87     5.59
  SINCE MAR 1     15.84                     13.95   1.89    23.76
  SINCE JAN 1     26.04                     23.68   2.36    30.81

SNOWFALL (IN)
  TODAY            0.0           0.0    MM   0.0    0.0      0.0
  MONTH TO DATE    0.0                       0.0    0.0      0.0
  SINCE MAR 1      0.3                       0.1    0.2       T
  SINCE JUL 1      0.3                       0.8   -0.5      0.8

DEGREE DAYS
 HEATING
  TODAY            0                         0      0        0
  MONTH TO DATE    2                        10     -8       20
  SINCE MAR 1    227                       397   -170      478
  SINCE JUL 1   2353                      2389    -36     2744

 COOLING
  TODAY           13                        11      2        7
  MONTH TO DATE  238                       207     31      208
  SINCE MAR 1    414                       315     99      291
  SINCE JAN 1    414                       325     89      297
..................................................................


WIND (MPH)
  HIGHEST WIND SPEED     8   HIGHEST WIND DIRECTION    NW (320)
  HIGHEST GUST SPEED    11   HIGHEST GUST DIRECTION    NW (330)
  AVERAGE WIND SPEED     2.7


SKY COVER
  POSSIBLE SUNSHINE  MM
  AVERAGE SKY COVER 0.6


WEATHER CONDITIONS
 THE FOLLOWING WEATHER WAS RECORDED TODAY.
  FOG


RELATIVE HUMIDITY (PERCENT)
 HIGHEST    97          1200 AM
 LOWEST     46           200 PM
 AVERAGE    72

..........................................................


THE JACKSON CLIMATE NORMALS FOR TOMORROW
                         NORMAL    RECORD    YEAR
 MAXIMUM TEMPERATURE (F)   86        99      1911
 MINIMUM TEMPERATURE (F)   65        51      1961


SUNRISE AND SUNSET
MAY 28 2015...........SUNRISE   556 AM CDT   SUNSET   800 PM CDT
MAY 29 2015...........SUNRISE   555 AM CDT   SUNSET   800 PM CDT


-  INDICATES NEGATIVE NUMBERS.
R  INDICATES RECORD WAS SET OR TIED.
MM INDICATES DATA IS MISSING.
T  INDICATES TRACE AMOUNT.




$$
