000
CDUS44 KJAN 210859
CLIJAN


CLIMATE REPORT
NATIONAL WEATHER SERVICE JACKSON MS
255 AM CST SUN DEC 21 2014


...................................

...THE JACKSON CLIMATE SUMMARY FOR DECEMBER 20 2014...

CLIMATE NORMAL PERIOD 1981 TO 2010
CLIMATE RECORD PERIOD 1896 TO 2014


WEATHER ITEM   OBSERVED TIME   RECORD YEAR NORMAL DEPARTURE LAST
                VALUE   (LST)  VALUE       VALUE  FROM      YEAR
                                                  NORMAL
..................................................................
TEMPERATURE (F)
 YESTERDAY
  MAXIMUM         57    351 PM  81    1978  57      0       76
  MINIMUM         38   1146 PM  13    1901  37      1       55
  AVERAGE         48                        47      1       66

PRECIPITATION (IN)
  YESTERDAY        T             2.16 1972   0.16  -0.16     0.00
  MONTH TO DATE    0.80                      3.43  -2.63     2.02
  SINCE DEC 1      0.80                      3.43  -2.63     2.02
  SINCE JAN 1     53.06                     52.42   0.64    61.78

SNOWFALL (IN)
  YESTERDAY        0.0           1.3  1963   0.0    0.0      0.0
  MONTH TO DATE    0.0                       0.2   -0.2      0.0
  SINCE DEC 1      0.0                       0.2   -0.2      0.0
  SINCE JUL 1      0.0                       0.2   -0.2      0.0

DEGREE DAYS
 HEATING
  YESTERDAY       17                        18     -1        0
  MONTH TO DATE  258                       331    -73      339
  SINCE DEC 1    258                       331    -73      339
  SINCE JUL 1    758                       739     19      801

 COOLING
  YESTERDAY        0                         0      0        1
  MONTH TO DATE    2                         0      2        9
  SINCE DEC 1      2                         0      2        9
  SINCE JAN 1   2285                      2253     32     2356
..................................................................


WIND (MPH)
  HIGHEST WIND SPEED    13   HIGHEST WIND DIRECTION     N (360)
  HIGHEST GUST SPEED    17   HIGHEST GUST DIRECTION     E (70)
  AVERAGE WIND SPEED     6.6


SKY COVER
  POSSIBLE SUNSHINE  MM
  AVERAGE SKY COVER 0.5


WEATHER CONDITIONS
 THE FOLLOWING WEATHER WAS RECORDED YESTERDAY.
  LIGHT RAIN


RELATIVE HUMIDITY (PERCENT)
 HIGHEST    96           700 AM
 LOWEST     57           300 PM
 AVERAGE    77

..........................................................


THE JACKSON CLIMATE NORMALS FOR TODAY
                         NORMAL    RECORD    YEAR
 MAXIMUM TEMPERATURE (F)   57        79      2013
                                             1970
                                             1967
 MINIMUM TEMPERATURE (F)   36        12      1901


SUNRISE AND SUNSET
DECEMBER 21 2014......SUNRISE   658 AM CST   SUNSET   459 PM CST
DECEMBER 22 2014......SUNRISE   658 AM CST   SUNSET   500 PM CST


-  INDICATES NEGATIVE NUMBERS.
R  INDICATES RECORD WAS SET OR TIED.
MM INDICATES DATA IS MISSING.
T  INDICATES TRACE AMOUNT.

&&

AT 3 AM:

THE PEARL RIVER STAGE AT JACKSON WAS 5.0 FEET. THE RIVER HAS FALLEN 1.7 FEET
OVER THE PAST 24 HOURS.

THE MISSISSIPPI RIVER STAGE AT VICKSBURG WAS 23.5 FEET. THE RIVER
HAS FALLEN 1.0 FEET OVER THE PAST 24 HOURS.

$$
