000
CDUS42 KJAX 230531
CLIJAX


CLIMATE REPORT
NATIONAL WEATHER SERVICE JACKSONVILLE
131 AM EDT WED APR 23 2014


...................................

...THE JACKSONVILLE CLIMATE SUMMARY FOR APRIL 22 2014...

CLIMATE NORMAL PERIOD 1981 TO 2010
CLIMATE RECORD PERIOD 1871 TO 2014


WEATHER ITEM   OBSERVED TIME   RECORD YEAR NORMAL DEPARTURE LAST
                VALUE   (LST)  VALUE       VALUE  FROM      YEAR
                                                  NORMAL
..................................................................
TEMPERATURE (F)
 YESTERDAY
  MAXIMUM         83    434 PM  93    1995  80      3       64
                                      1968
  MINIMUM         53    457 AM  42    1962  56     -3       56
  AVERAGE         68                        68      0       60

PRECIPITATION (IN)
  YESTERDAY        0.00          1.21 1938   0.08  -0.08     0.64
  MONTH TO DATE    5.61                      2.07   3.54     2.83
  SINCE MAR 1     10.26                      6.02   4.24     5.90
  SINCE JAN 1     19.97                     12.51   7.46    11.62

SNOWFALL (IN)
  YESTERDAY        0.0           0.0  2002   0.0    0.0      0.0
                                      2001
  MONTH TO DATE    0.0                       0.0    0.0      0.0
  SINCE MAR 1      0.0                       T      0.0      0.0
  SINCE JUL 1      0.0                       T      0.0      0.0
  SNOW DEPTH       0

DEGREE DAYS
 HEATING
  YESTERDAY        0                         1     -1        5
  MONTH TO DATE   27                        48    -21       38
  SINCE MAR 1    226                       204     22      342
  SINCE JUL 1   1303                      1337    -34     1235

 COOLING
  YESTERDAY        3                         4     -1        0
  MONTH TO DATE   61                        72    -11       89
  SINCE MAR 1     89                       126    -37      105
  SINCE JAN 1    119                       155    -36      181
..................................................................


WIND (MPH)
  HIGHEST WIND SPEED    15   HIGHEST WIND DIRECTION    SW (240)
  HIGHEST GUST SPEED    19   HIGHEST GUST DIRECTION    SW (240)
  AVERAGE WIND SPEED     6.0


SKY COVER
  POSSIBLE SUNSHINE  MM
  AVERAGE SKY COVER 0.3


WEATHER CONDITIONS
 THE FOLLOWING WEATHER WAS RECORDED YESTERDAY.
  NO SIGNIFICANT WEATHER WAS OBSERVED.


RELATIVE HUMIDITY (PERCENT)
 HIGHEST   100           100 AM
 LOWEST     37           400 PM
 AVERAGE    69

..........................................................


THE JACKSONVILLE CLIMATE NORMALS FOR TODAY
                         NORMAL    RECORD    YEAR
 MAXIMUM TEMPERATURE (F)   81        92      1970
                                             1967
 MINIMUM TEMPERATURE (F)   56        37      1993


SUNRISE AND SUNSET
APRIL 23 2014.........SUNRISE   651 AM EDT   SUNSET   800 PM EDT
APRIL 24 2014.........SUNRISE   650 AM EDT   SUNSET   800 PM EDT


-  INDICATES NEGATIVE NUMBERS.
R  INDICATES RECORD WAS SET OR TIED.
MM INDICATES DATA IS MISSING.
T  INDICATES TRACE AMOUNT.




$$
