000
CDUS42 KJAX 160626
CLIJAX


CLIMATE REPORT
NATIONAL WEATHER SERVICE JACKSONVILLE FL
125 AM EST TUE JAN 16 2018


...................................

...THE JACKSONVILLE CLIMATE SUMMARY FOR JANUARY 15 2018...

CLIMATE NORMAL PERIOD 1981 TO 2010
CLIMATE RECORD PERIOD 1871 TO 2018


WEATHER ITEM   OBSERVED TIME   RECORD YEAR NORMAL DEPARTURE LAST
                VALUE   (LST)  VALUE       VALUE  FROM      YEAR
                                                  NORMAL
..................................................................
TEMPERATURE (F)
 YESTERDAY
  MAXIMUM         54   1256 PM  83    1989  65    -11       76
  MINIMUM         34    745 AM  22    1979  41     -7       49
                                      1964
                                      1948
  AVERAGE         44                        53     -9       63

PRECIPITATION (IN)
  YESTERDAY        0.00          0.89 1970   0.11  -0.11     0.00
                                      1930
  MONTH TO DATE    1.43                      1.48  -0.05     2.52
  SINCE DEC 1      3.85                      4.28  -0.43     4.81
  SINCE JAN 1      1.43                      1.48  -0.05     2.52

SNOWFALL (IN)
  YESTERDAY        0.0           0.0  2002   0.0    0.0      0.0
  MONTH TO DATE    0.0                       0.0    0.0      0.0
  SINCE DEC 1      0.0                       T      0.0      0.0
  SINCE JUL 1      0.0                       T      0.0      0.0
  SNOW DEPTH       0

DEGREE DAYS
 HEATING
  YESTERDAY       21                        12      9        2
  MONTH TO DATE  252                       193     59      103
  SINCE DEC 1    502                       516    -14      283
  SINCE JUL 1    598                       689    -91      413

 COOLING
  YESTERDAY        0                         0      0        0
  MONTH TO DATE    9                         0      9       13
  SINCE DEC 1     53                        21     32       56
  SINCE JAN 1      9                         0      9       13
..................................................................


WIND (MPH)
  HIGHEST WIND SPEED    15   HIGHEST WIND DIRECTION    NE (50)
  HIGHEST GUST SPEED    20   HIGHEST GUST DIRECTION    NE (40)
  AVERAGE WIND SPEED     7.4


SKY COVER
  POSSIBLE SUNSHINE  MM
  AVERAGE SKY COVER 0.0


WEATHER CONDITIONS
 THE FOLLOWING WEATHER WAS RECORDED YESTERDAY.
  NO SIGNIFICANT WEATHER WAS OBSERVED.


RELATIVE HUMIDITY (PERCENT)
 HIGHEST    89           400 AM
 LOWEST     44           400 PM
 AVERAGE    67

..........................................................


THE JACKSONVILLE CLIMATE NORMALS FOR TODAY
                         NORMAL    RECORD    YEAR
 MAXIMUM TEMPERATURE (F)   65        84      1947
 MINIMUM TEMPERATURE (F)   41        22      1927


SUNRISE AND SUNSET
JANUARY 16 2018.......SUNRISE   724 AM EST   SUNSET   549 PM EST
JANUARY 17 2018.......SUNRISE   724 AM EST   SUNSET   550 PM EST


-  INDICATES NEGATIVE NUMBERS.
R  INDICATES RECORD WAS SET OR TIED.
MM INDICATES DATA IS MISSING.
T  INDICATES TRACE AMOUNT.




$$
