000
CDUS42 KJAX 180627
CLIJAX


CLIMATE REPORT
NATIONAL WEATHER SERVICE JACKSONVILLE FL
126 AM EST SAT NOV 18 2017


...................................

...THE JACKSONVILLE CLIMATE SUMMARY FOR NOVEMBER 17 2017...

CLIMATE NORMAL PERIOD 1981 TO 2010
CLIMATE RECORD PERIOD 1871 TO 2017


WEATHER ITEM   OBSERVED TIME   RECORD YEAR NORMAL DEPARTURE LAST
                VALUE   (LST)  VALUE       VALUE  FROM      YEAR
                                                  NORMAL
..................................................................
TEMPERATURE (F)
 YESTERDAY
  MAXIMUM         75    159 PM  85    1957  73      2       77
  MINIMUM         45    425 AM  29    1970  50     -5       43
  AVERAGE         60                        62     -2       60

PRECIPITATION (IN)
  YESTERDAY        0.00          1.28 1987   0.06  -0.06     0.00
  MONTH TO DATE    0.19                      1.23  -1.04     0.02
  SINCE SEP 1     17.53                     13.35   4.18    13.89
  SINCE JAN 1     65.27                     48.71  16.56    36.23

SNOWFALL (IN)
  YESTERDAY        0.0           0.0  2001   0.0    0.0      0.0
  MONTH TO DATE    0.0                       0.0    0.0      0.0
  SINCE SEP 1      0.0                       0.0    0.0      0.0
  SINCE JUL 1      0.0                       0.0    0.0      0.0
  SNOW DEPTH       0

DEGREE DAYS
 HEATING
  YESTERDAY        5                         5      0        5
  MONTH TO DATE   30                        63    -33       42
  SINCE SEP 1     62                        91    -29       57
  SINCE JUL 1     62                        91    -29       57

 COOLING
  YESTERDAY        0                         2     -2        0
  MONTH TO DATE   60                        42     18       33
  SINCE SEP 1    803                       635    168      690
  SINCE JAN 1   3004                      2625    379     2926
..................................................................


WIND (MPH)
  HIGHEST WIND SPEED    16   HIGHEST WIND DIRECTION    NE (40)
  HIGHEST GUST SPEED    20   HIGHEST GUST DIRECTION    NE (60)
  AVERAGE WIND SPEED     5.1


SKY COVER
  POSSIBLE SUNSHINE  MM
  AVERAGE SKY COVER 0.3


WEATHER CONDITIONS
 THE FOLLOWING WEATHER WAS RECORDED YESTERDAY.
  NO SIGNIFICANT WEATHER WAS OBSERVED.


RELATIVE HUMIDITY (PERCENT)
 HIGHEST    93          1200 AM
 LOWEST     46           100 PM
 AVERAGE    70

..........................................................


THE JACKSONVILLE CLIMATE NORMALS FOR TODAY
                         NORMAL    RECORD    YEAR
 MAXIMUM TEMPERATURE (F)   73        85      1938
 MINIMUM TEMPERATURE (F)   50        32      2008
                                             1983
                                             1951


SUNRISE AND SUNSET
NOVEMBER 18 2017......SUNRISE   655 AM EST   SUNSET   528 PM EST
NOVEMBER 19 2017......SUNRISE   656 AM EST   SUNSET   528 PM EST


-  INDICATES NEGATIVE NUMBERS.
R  INDICATES RECORD WAS SET OR TIED.
MM INDICATES DATA IS MISSING.
T  INDICATES TRACE AMOUNT.




$$
