000
CDUS42 KJAX 260532
CLIJAX


CLIMATE REPORT
NATIONAL WEATHER SERVICE JACKSONVILLE FL
1232 AM EST FRI DEC 26 2014


...................................

...THE JACKSONVILLE CLIMATE SUMMARY FOR DECEMBER 25 2014...

CLIMATE NORMAL PERIOD 1981 TO 2010
CLIMATE RECORD PERIOD 1871 TO 2014


WEATHER ITEM   OBSERVED TIME   RECORD YEAR NORMAL DEPARTURE LAST
                VALUE   (LST)  VALUE       VALUE  FROM      YEAR
                                                  NORMAL
..................................................................
TEMPERATURE (F)
 YESTERDAY
  MAXIMUM         64   1201 AM  81    2008  65     -1       59
                                      1984
  MINIMUM         42   1159 PM  11    1983  42      0       36
  AVERAGE         53                        54     -1       48

PRECIPITATION (IN)
  YESTERDAY        0.00          2.72 1897   0.09  -0.09     0.00
  MONTH TO DATE    3.72                      2.27   1.45     0.68
  SINCE DEC 1      3.72                      2.27   1.45     0.68
  SINCE JAN 1     55.44                     51.86   3.58    45.04

SNOWFALL (IN)
  YESTERDAY        0.0           T    1993   0.0    0.0      0.0
  MONTH TO DATE    0.0                       0.0    0.0      0.0
  SINCE DEC 1      0.0                       0.0    0.0      0.0
  SINCE JUL 1      0.0                       0.0    0.0      0.0
  SNOW DEPTH       0

DEGREE DAYS
 HEATING
  YESTERDAY       12                        12      0       17
  MONTH TO DATE  200                       250    -50      156
  SINCE DEC 1    200                       250    -50      156
  SINCE JUL 1    484                       423     61      312

 COOLING
  YESTERDAY        0                         0      0        0
  MONTH TO DATE   17                        23     -6       50
  SINCE DEC 1     17                        23     -6       50
  SINCE JAN 1   2596                      2667    -71     2649
..................................................................


WIND (MPH)
  HIGHEST WIND SPEED    21   HIGHEST WIND DIRECTION     W (290)
  HIGHEST GUST SPEED    26   HIGHEST GUST DIRECTION     W (280)
  AVERAGE WIND SPEED     5.8


SKY COVER
  POSSIBLE SUNSHINE  MM
  AVERAGE SKY COVER 0.7


WEATHER CONDITIONS
 THE FOLLOWING WEATHER WAS RECORDED YESTERDAY.
  FOG


RELATIVE HUMIDITY (PERCENT)
 HIGHEST   100           700 PM
 LOWEST     57           300 PM
 AVERAGE    79

..........................................................


THE JACKSONVILLE CLIMATE NORMALS FOR TODAY
                         NORMAL    RECORD    YEAR
 MAXIMUM TEMPERATURE (F)   65        83      1987
 MINIMUM TEMPERATURE (F)   42        13      1983


SUNRISE AND SUNSET
DECEMBER 26 2014......SUNRISE   722 AM EST   SUNSET   533 PM EST
DECEMBER 27 2014......SUNRISE   722 AM EST   SUNSET   534 PM EST


-  INDICATES NEGATIVE NUMBERS.
R  INDICATES RECORD WAS SET OR TIED.
MM INDICATES DATA IS MISSING.
T  INDICATES TRACE AMOUNT.




$$
