000
CDUS42 KJAX 200532
CLIJAX


CLIMATE REPORT
NATIONAL WEATHER SERVICE JACKSONVILLE
131 AM EDT SUN APR 20 2014


...................................

...THE JACKSONVILLE CLIMATE SUMMARY FOR APRIL 19 2014...

CLIMATE NORMAL PERIOD 1981 TO 2010
CLIMATE RECORD PERIOD 1871 TO 2014


WEATHER ITEM   OBSERVED TIME   RECORD YEAR NORMAL DEPARTURE LAST
                VALUE   (LST)  VALUE       VALUE  FROM      YEAR
                                                  NORMAL
..................................................................
TEMPERATURE (F)
 YESTERDAY
  MAXIMUM         75    117 PM  92    1995  80     -5       89
                                      1968
  MINIMUM         59   1159 PM  36    2001  55      4       61
  AVERAGE         67                        68     -1       75

PRECIPITATION (IN)
  YESTERDAY        0.68          4.53 1900   0.09   0.59     0.15
  MONTH TO DATE    5.61                      1.82   3.79     1.82
  SINCE MAR 1     10.26                      5.77   4.49     4.89
  SINCE JAN 1     19.97                     12.26   7.71    10.61

SNOWFALL (IN)
  YESTERDAY        0.0           0.0  2002   0.0    0.0      0.0
                                      2001
  MONTH TO DATE    0.0                       0.0    0.0      0.0
  SINCE MAR 1      0.0                       T      0.0      0.0
  SINCE JUL 1      0.0                       T      0.0      0.0
  SNOW DEPTH       0

DEGREE DAYS
 HEATING
  YESTERDAY        0                         1     -1        0
  MONTH TO DATE   20                        45    -25       19
  SINCE MAR 1    219                       201     18      323
  SINCE JUL 1   1296                      1334    -38     1216

 COOLING
  YESTERDAY        2                         4     -2       10
  MONTH TO DATE   58                        60     -2       89
  SINCE MAR 1     86                       114    -28      105
  SINCE JAN 1    116                       143    -27      181
..................................................................


WIND (MPH)
  HIGHEST WIND SPEED    20   HIGHEST WIND DIRECTION     W (280)
  HIGHEST GUST SPEED    24   HIGHEST GUST DIRECTION     W (280)
  AVERAGE WIND SPEED     7.1


SKY COVER
  POSSIBLE SUNSHINE  MM
  AVERAGE SKY COVER 0.9


WEATHER CONDITIONS
 THE FOLLOWING WEATHER WAS RECORDED YESTERDAY.
  THUNDERSTORM
  HEAVY RAIN
  RAIN
  LIGHT RAIN
  FOG


RELATIVE HUMIDITY (PERCENT)
 HIGHEST   100           100 AM
 LOWEST     64          1200 PM
 AVERAGE    82

..........................................................


THE JACKSONVILLE CLIMATE NORMALS FOR TODAY
                         NORMAL    RECORD    YEAR
 MAXIMUM TEMPERATURE (F)   80        92      1995
                                             1968
 MINIMUM TEMPERATURE (F)   55        40      1983


SUNRISE AND SUNSET
APRIL 20 2014.........SUNRISE   654 AM EDT   SUNSET   758 PM EDT
APRIL 21 2014.........SUNRISE   653 AM EDT   SUNSET   758 PM EDT


-  INDICATES NEGATIVE NUMBERS.
R  INDICATES RECORD WAS SET OR TIED.
MM INDICATES DATA IS MISSING.
T  INDICATES TRACE AMOUNT.




$$
