000
CDUS42 KJAX 242136
CLIJAX


CLIMATE REPORT
NATIONAL WEATHER SERVICE JACKSONVILLE FL
536 PM EDT FRI MAR 24 2017


...................................

...THE JACKSONVILLE CLIMATE SUMMARY FOR MARCH 24 2017...
VALID TODAY AS OF 0500 PM LOCAL TIME.

CLIMATE NORMAL PERIOD 1981 TO 2010
CLIMATE RECORD PERIOD 1871 TO 2017


WEATHER ITEM   OBSERVED TIME   RECORD YEAR NORMAL DEPARTURE LAST
                VALUE   (LST)  VALUE       VALUE  FROM      YEAR
                                                  NORMAL
..................................................................
TEMPERATURE (F)
 TODAY
  MAXIMUM         77    222 PM  91    1907  75      2       83
  MINIMUM         49    553 AM  35    1968  51     -2       51
  AVERAGE         63                        63      0       67

PRECIPITATION (IN)
  TODAY            0.00          3.31 1901   0.11  -0.11     0.28
  MONTH TO DATE    1.06                      3.10  -2.04     0.85
  SINCE MAR 1      1.06                      3.10  -2.04     0.85
  SINCE JAN 1      6.46                      9.59  -3.13     8.50

SNOWFALL (IN)
  TODAY            0.0           0.0  2002   0.0    0.0      0.0
                                      2001
  MONTH TO DATE    0.0                       0.0    0.0      0.0
  SINCE MAR 1      0.0                       0.0    0.0      0.0
  SINCE JUL 1      0.0                       T      0.0      0.0
  SNOW DEPTH       0

DEGREE DAYS
 HEATING
  TODAY            2                         4     -2        0
  MONTH TO DATE  158                       132     26       73
  SINCE MAR 1    158                       132     26       73
  SINCE JUL 1    761                      1265   -504      921

 COOLING
  TODAY            0                         2     -2        2
  MONTH TO DATE   31                        40     -9       78
  SINCE MAR 1     31                        40     -9       78
  SINCE JAN 1    103                        69     34      102
..................................................................


WIND (MPH)
  HIGHEST WIND SPEED    23   HIGHEST WIND DIRECTION    SE (120)
  HIGHEST GUST SPEED    35   HIGHEST GUST DIRECTION    SE (120)
  AVERAGE WIND SPEED     9.8


SKY COVER
  POSSIBLE SUNSHINE  MM
  AVERAGE SKY COVER 0.3


WEATHER CONDITIONS
 THE FOLLOWING WEATHER WAS RECORDED TODAY.
  FOG


RELATIVE HUMIDITY (PERCENT)
 HIGHEST   100          1200 AM
 LOWEST     41           300 PM
 AVERAGE    71

..........................................................


THE JACKSONVILLE CLIMATE NORMALS FOR TOMORROW
                         NORMAL    RECORD    YEAR
 MAXIMUM TEMPERATURE (F)   75        90      1954
 MINIMUM TEMPERATURE (F)   51        34      2008


SUNRISE AND SUNSET
MARCH 24 2017.........SUNRISE   725 AM EDT   SUNSET   741 PM EDT
MARCH 25 2017.........SUNRISE   724 AM EDT   SUNSET   742 PM EDT


-  INDICATES NEGATIVE NUMBERS.
R  INDICATES RECORD WAS SET OR TIED.
MM INDICATES DATA IS MISSING.
T  INDICATES TRACE AMOUNT.




$$
