000
CDUS42 KJAX 272233
CLIJAX


CLIMATE REPORT
NATIONAL WEATHER SERVICE JACKSONVILLE FL
532 PM EST TUE JAN 27 2015


...................................

...THE JACKSONVILLE CLIMATE SUMMARY FOR JANUARY 27 2015...
VALID TODAY AS OF 0500 PM LOCAL TIME.

CLIMATE NORMAL PERIOD 1981 TO 2010
CLIMATE RECORD PERIOD 1871 TO 2015


WEATHER ITEM   OBSERVED TIME   RECORD YEAR NORMAL DEPARTURE LAST
                VALUE   (LST)  VALUE       VALUE  FROM      YEAR
                                                  NORMAL
..................................................................
TEMPERATURE (F)
 TODAY
  MAXIMUM         63    348 PM  84    1962  66     -3       74
  MINIMUM         36    733 AM  17    1940  42     -6       42
  AVERAGE         50                        54     -4       58

PRECIPITATION (IN)
  TODAY            0.00          1.11 1873   0.11  -0.11     0.00
  MONTH TO DATE    3.08                      2.84   0.24     6.06
  SINCE DEC 1      6.82                      5.64   1.18     6.92
  SINCE JAN 1      3.08                      2.84   0.24     6.06

SNOWFALL (IN)
  TODAY            0.0           0.0  2002   0.0    0.0      0.0
  MONTH TO DATE    T                         0.0    0.0      0.0
  SINCE DEC 1      T                         T      0.0      0.0
  SINCE JUL 1      T                         T      0.0      0.0
  SNOW DEPTH       0

DEGREE DAYS
 HEATING
  TODAY           15                        12      3        7
  MONTH TO DATE  299                       337    -38      402
  SINCE DEC 1    527                       660   -133      604
  SINCE JUL 1    811                       833    -22      760

 COOLING
  TODAY            0                         0      0        0
  MONTH TO DATE   13                         0     13        9
  SINCE DEC 1     37                        21     16       59
  SINCE JAN 1     13                         0     13        9
..................................................................


WIND (MPH)
  HIGHEST WIND SPEED    22   HIGHEST WIND DIRECTION     W (280)
  HIGHEST GUST SPEED    32   HIGHEST GUST DIRECTION     W (280)
  AVERAGE WIND SPEED    11.2


SKY COVER
  POSSIBLE SUNSHINE  MM
  AVERAGE SKY COVER 0.1


WEATHER CONDITIONS
 THE FOLLOWING WEATHER WAS RECORDED TODAY.
  NO SIGNIFICANT WEATHER WAS OBSERVED.


RELATIVE HUMIDITY (PERCENT)
 HIGHEST   100           700 AM
 LOWEST     36           300 PM
 AVERAGE    68

..........................................................


THE JACKSONVILLE CLIMATE NORMALS FOR TOMORROW
                         NORMAL    RECORD    YEAR
 MAXIMUM TEMPERATURE (F)   66        83      1957
 MINIMUM TEMPERATURE (F)   42        16      1986


SUNRISE AND SUNSET
JANUARY 27 2015.......SUNRISE   721 AM EST   SUNSET   559 PM EST
JANUARY 28 2015.......SUNRISE   720 AM EST   SUNSET   600 PM EST


-  INDICATES NEGATIVE NUMBERS.
R  INDICATES RECORD WAS SET OR TIED.
MM INDICATES DATA IS MISSING.
T  INDICATES TRACE AMOUNT.




$$
